[INFO] cloning repository https://github.com/y-usuzumi/web-server-rs
[INFO] running `Command { std: "git" "-c" "credential.helper=" "-c" "credential.helper=/workspace/cargo-home/bin/git-credential-null" "clone" "--bare" "https://github.com/y-usuzumi/web-server-rs" "/workspace/cache/git-repos/https%3A%2F%2Fgithub.com%2Fy-usuzumi%2Fweb-server-rs", kill_on_drop: false }`
[INFO] [stderr] Cloning into bare repository '/workspace/cache/git-repos/https%3A%2F%2Fgithub.com%2Fy-usuzumi%2Fweb-server-rs'...
[INFO] running `Command { std: "git" "rev-parse" "HEAD", kill_on_drop: false }`
[INFO] [stdout] 72bb440407614db10dc5ff2f59ceec87d891dd07
[INFO] checking y-usuzumi/web-server-rs against beta-2021-10-15 for beta-1.56-3
[INFO] running `Command { std: "git" "clone" "/workspace/cache/git-repos/https%3A%2F%2Fgithub.com%2Fy-usuzumi%2Fweb-server-rs" "/workspace/builds/worker-8/source", kill_on_drop: false }`
[INFO] [stderr] Cloning into '/workspace/builds/worker-8/source'...
[INFO] [stderr] done.
[INFO] validating manifest of git repo https://github.com/y-usuzumi/web-server-rs on toolchain beta-2021-10-15
[INFO] running `Command { std: "/workspace/cargo-home/bin/cargo" "+beta-2021-10-15" "metadata" "--manifest-path" "Cargo.toml" "--no-deps", kill_on_drop: false }`
[INFO] started tweaking git repo https://github.com/y-usuzumi/web-server-rs
[INFO] finished tweaking git repo https://github.com/y-usuzumi/web-server-rs
[INFO] tweaked toml for git repo https://github.com/y-usuzumi/web-server-rs written to /workspace/builds/worker-8/source/Cargo.toml
[INFO] crate git repo https://github.com/y-usuzumi/web-server-rs already has a lockfile, it will not be regenerated
[INFO] running `Command { std: "/workspace/cargo-home/bin/cargo" "+beta-2021-10-15" "fetch" "--manifest-path" "Cargo.toml", kill_on_drop: false }`
[INFO] running `Command { std: "docker" "create" "-v" "/var/lib/crater-agent-workspace/builds/worker-8/target:/opt/rustwide/target:rw,Z" "-v" "/var/lib/crater-agent-workspace/builds/worker-8/source:/opt/rustwide/workdir:ro,Z" "-v" "/var/lib/crater-agent-workspace/cargo-home:/opt/rustwide/cargo-home:ro,Z" "-v" "/var/lib/crater-agent-workspace/rustup-home:/opt/rustwide/rustup-home:ro,Z" "-e" "SOURCE_DIR=/opt/rustwide/workdir" "-e" "CARGO_TARGET_DIR=/opt/rustwide/target" "-e" "CARGO_HOME=/opt/rustwide/cargo-home" "-e" "RUSTUP_HOME=/opt/rustwide/rustup-home" "-w" "/opt/rustwide/workdir" "-m" "1610612736" "--user" "0:0" "--network" "none" "ghcr.io/rust-lang/crates-build-env/linux@sha256:a89201d6b5b9fd45c15d5952ece0a0129e7e80cb26ec023fd59cf09bc26f1604" "/opt/rustwide/cargo-home/bin/cargo" "+beta-2021-10-15" "metadata" "--no-deps" "--format-version=1", kill_on_drop: false }`
[INFO] [stdout] 61674066b8f2496c8157941af583c56a6f6c6ae377b8332dbd70e26d9819faae
[INFO] [stderr] WARNING: Your kernel does not support swap limit capabilities or the cgroup is not mounted. Memory limited without swap.
[INFO] running `Command { std: "docker" "start" "-a" "61674066b8f2496c8157941af583c56a6f6c6ae377b8332dbd70e26d9819faae", kill_on_drop: false }`
[INFO] running `Command { std: "docker" "inspect" "61674066b8f2496c8157941af583c56a6f6c6ae377b8332dbd70e26d9819faae", kill_on_drop: false }`
[INFO] running `Command { std: "docker" "rm" "-f" "61674066b8f2496c8157941af583c56a6f6c6ae377b8332dbd70e26d9819faae", kill_on_drop: false }`
[INFO] [stdout] 61674066b8f2496c8157941af583c56a6f6c6ae377b8332dbd70e26d9819faae
[INFO] running `Command { std: "docker" "create" "-v" "/var/lib/crater-agent-workspace/builds/worker-8/target:/opt/rustwide/target:rw,Z" "-v" "/var/lib/crater-agent-workspace/builds/worker-8/source:/opt/rustwide/workdir:ro,Z" "-v" "/var/lib/crater-agent-workspace/cargo-home:/opt/rustwide/cargo-home:ro,Z" "-v" "/var/lib/crater-agent-workspace/rustup-home:/opt/rustwide/rustup-home:ro,Z" "-e" "SOURCE_DIR=/opt/rustwide/workdir" "-e" "CARGO_TARGET_DIR=/opt/rustwide/target" "-e" "CARGO_INCREMENTAL=0" "-e" "RUST_BACKTRACE=full" "-e" "RUSTFLAGS=--cap-lints=warn" "-e" "CARGO_HOME=/opt/rustwide/cargo-home" "-e" "RUSTUP_HOME=/opt/rustwide/rustup-home" "-w" "/opt/rustwide/workdir" "-m" "1610612736" "--user" "0:0" "--network" "none" "ghcr.io/rust-lang/crates-build-env/linux@sha256:a89201d6b5b9fd45c15d5952ece0a0129e7e80cb26ec023fd59cf09bc26f1604" "/opt/rustwide/cargo-home/bin/cargo" "+beta-2021-10-15" "check" "--frozen" "--all" "--all-targets" "--message-format=json", kill_on_drop: false }`
[INFO] [stderr] WARNING: Your kernel does not support swap limit capabilities or the cgroup is not mounted. Memory limited without swap.
[INFO] [stdout] 323e5abbd32b23c796d051bf8e978610fbe4c14d28730ce86647f7bfe286283d
[INFO] running `Command { std: "docker" "start" "-a" "323e5abbd32b23c796d051bf8e978610fbe4c14d28730ce86647f7bfe286283d", kill_on_drop: false }`
[INFO] [stderr]     Checking webserver v0.1.0 (/opt/rustwide/workdir)
[INFO] [stdout] error[E0554]: `#![feature]` may not be used on the beta release channel
[INFO] [stdout]  --> src/lib.rs:1:1
[INFO] [stdout]   |
[INFO] [stdout] 1 | #![feature(try_blocks, box_syntax, trait_alias)]
[INFO] [stdout]   | ^^^^^^^^^^^^^^^^^^^^^^^^^^^^^^^^^^^^^^^^^^^^^^^^
[INFO] [stdout] 
[INFO] [stdout] 
[INFO] [stdout] warning: trait objects without an explicit `dyn` are deprecated
[INFO] [stdout]   --> src/server.rs:15:45
[INFO] [stdout]    |
[INFO] [stdout] 15 |     handlers: HashMap<(String, String), Box<Handler>>
[INFO] [stdout]    |                                             ^^^^^^^ help: use `dyn`: `dyn Handler`
[INFO] [stdout]    |
[INFO] [stdout]    = note: `#[warn(bare_trait_objects)]` on by default
[INFO] [stdout]    = warning: this is accepted in the current edition (Rust 2018) but is a hard error in Rust 2021!
[INFO] [stdout]    = note: for more information, see <https://doc.rust-lang.org/nightly/edition-guide/rust-2021/warnings-promoted-to-error.html>
[INFO] [stdout] 
[INFO] [stdout] 
[INFO] [stdout] error[E0554]: `#![feature]` may not be used on the beta release channel
[INFO] [stdout]  --> src/lib.rs:1:1
[INFO] [stdout]   |
[INFO] [stdout] 1 | #![feature(try_blocks, box_syntax, trait_alias)]
[INFO] [stdout]   | ^^^^^^^^^^^^^^^^^^^^^^^^^^^^^^^^^^^^^^^^^^^^^^^^
[INFO] [stdout] 
[INFO] [stdout] 
[INFO] [stdout] warning: trait objects without an explicit `dyn` are deprecated
[INFO] [stdout]   --> src/server.rs:15:45
[INFO] [stdout]    |
[INFO] [stdout] 15 |     handlers: HashMap<(String, String), Box<Handler>>
[INFO] [stdout]    |                                             ^^^^^^^ help: use `dyn`: `dyn Handler`
[INFO] [stdout]    |
[INFO] [stdout]    = note: `#[warn(bare_trait_objects)]` on by default
[INFO] [stdout]    = warning: this is accepted in the current edition (Rust 2018) but is a hard error in Rust 2021!
[INFO] [stdout]    = note: for more information, see <https://doc.rust-lang.org/nightly/edition-guide/rust-2021/warnings-promoted-to-error.html>
[INFO] [stdout] 
[INFO] [stdout] 
[INFO] [stdout] error[E0759]: `self` has an anonymous lifetime `'_` but it needs to satisfy a `'static` lifetime requirement
[INFO] [stdout]   --> src/server.rs:41:26
[INFO] [stdout]    |
[INFO] [stdout] 33 |       pub fn run(&self) {
[INFO] [stdout]    |                  ----- this data with an anonymous lifetime `'_`...
[INFO] [stdout] ...
[INFO] [stdout] 41 |               pool.execute(|| {
[INFO] [stdout]    |  __________________________^
[INFO] [stdout] 42 | |                 self.handle_connection(&mut stream);
[INFO] [stdout] 43 | |             })
[INFO] [stdout]    | |_____________^ ...is captured here...
[INFO] [stdout]    |
[INFO] [stdout] note: ...and is required to live as long as `'static` here
[INFO] [stdout]   --> src/server.rs:41:18
[INFO] [stdout]    |
[INFO] [stdout] 41 |             pool.execute(|| {
[INFO] [stdout]    |                  ^^^^^^^
[INFO] [stdout] 
[INFO] [stdout] 
[INFO] [stdout] error: aborting due to 2 previous errors; 1 warning emitted
[INFO] [stdout] 
[INFO] [stdout] 
[INFO] [stdout] Some errors have detailed explanations: E0554, E0759.
[INFO] [stdout] 
[INFO] [stdout] For more information about an error, try `rustc --explain E0554`.
[INFO] [stdout] 
[INFO] [stdout] error[E0759]: `self` has an anonymous lifetime `'_` but it needs to satisfy a `'static` lifetime requirement
[INFO] [stdout]   --> src/server.rs:41:26
[INFO] [stdout]    |
[INFO] [stdout] 33 |       pub fn run(&self) {
[INFO] [stdout]    |                  ----- this data with an anonymous lifetime `'_`...
[INFO] [stdout] ...
[INFO] [stdout] 41 |               pool.execute(|| {
[INFO] [stdout]    |  __________________________^
[INFO] [stdout] 42 | |                 self.handle_connection(&mut stream);
[INFO] [stdout] 43 | |             })
[INFO] [stdout]    | |_____________^ ...is captured here...
[INFO] [stdout]    |
[INFO] [stdout] note: ...and is required to live as long as `'static` here
[INFO] [stdout]   --> src/server.rs:41:18
[INFO] [stdout]    |
[INFO] [stdout] 41 |             pool.execute(|| {
[INFO] [stdout]    |                  ^^^^^^^
[INFO] [stdout] 
[INFO] [stdout] 
[INFO] [stderr] error: could not compile `webserver` due to 3 previous errors; 1 warning emitted
[INFO] [stderr] warning: build failed, waiting for other jobs to finish...
[INFO] [stdout] error: aborting due to 2 previous errors; 1 warning emitted
[INFO] [stdout] 
[INFO] [stdout] 
[INFO] [stdout] Some errors have detailed explanations: E0554, E0759.
[INFO] [stdout] 
[INFO] [stdout] For more information about an error, try `rustc --explain E0554`.
[INFO] [stdout] 
[INFO] [stderr] error: build failed
[INFO] running `Command { std: "docker" "inspect" "323e5abbd32b23c796d051bf8e978610fbe4c14d28730ce86647f7bfe286283d", kill_on_drop: false }`
[INFO] running `Command { std: "docker" "rm" "-f" "323e5abbd32b23c796d051bf8e978610fbe4c14d28730ce86647f7bfe286283d", kill_on_drop: false }`
[INFO] [stdout] 323e5abbd32b23c796d051bf8e978610fbe4c14d28730ce86647f7bfe286283d
