[INFO] cloning repository https://github.com/xsoer/rust-examples
[INFO] running `Command { std: "git" "-c" "credential.helper=" "-c" "credential.helper=/workspace/cargo-home/bin/git-credential-null" "clone" "--bare" "https://github.com/xsoer/rust-examples" "/workspace/cache/git-repos/https%3A%2F%2Fgithub.com%2Fxsoer%2Frust-examples", kill_on_drop: false }`
[INFO] [stderr] Cloning into bare repository '/workspace/cache/git-repos/https%3A%2F%2Fgithub.com%2Fxsoer%2Frust-examples'...
[INFO] running `Command { std: "git" "rev-parse" "HEAD", kill_on_drop: false }`
[INFO] [stdout] bfc231c472eb7c392b91dca324cee79819cd3a7a
[INFO] checking xsoer/rust-examples against beta-2021-10-15 for beta-1.56-3
[INFO] running `Command { std: "git" "clone" "/workspace/cache/git-repos/https%3A%2F%2Fgithub.com%2Fxsoer%2Frust-examples" "/workspace/builds/worker-8/source", kill_on_drop: false }`
[INFO] [stderr] Cloning into '/workspace/builds/worker-8/source'...
[INFO] [stderr] done.
[INFO] validating manifest of git repo https://github.com/xsoer/rust-examples on toolchain beta-2021-10-15
[INFO] running `Command { std: "/workspace/cargo-home/bin/cargo" "+beta-2021-10-15" "metadata" "--manifest-path" "Cargo.toml" "--no-deps", kill_on_drop: false }`
[INFO] started tweaking git repo https://github.com/xsoer/rust-examples
[INFO] finished tweaking git repo https://github.com/xsoer/rust-examples
[INFO] tweaked toml for git repo https://github.com/xsoer/rust-examples written to /workspace/builds/worker-8/source/Cargo.toml
[INFO] running `Command { std: "/workspace/cargo-home/bin/cargo" "+beta-2021-10-15" "generate-lockfile" "--manifest-path" "Cargo.toml" "-Zno-index-update", kill_on_drop: false }`
[INFO] running `Command { std: "/workspace/cargo-home/bin/cargo" "+beta-2021-10-15" "fetch" "--manifest-path" "Cargo.toml", kill_on_drop: false }`
[INFO] [stderr]     Blocking waiting for file lock on package cache
[INFO] [stderr]     Blocking waiting for file lock on package cache
[INFO] [stderr]  Downloading crates ...
[INFO] [stderr]   Downloaded rdkafka v0.24.0
[INFO] [stderr]   Downloaded rdkafka-sys v2.1.0+1.5.0
[INFO] running `Command { std: "docker" "create" "-v" "/var/lib/crater-agent-workspace/builds/worker-8/target:/opt/rustwide/target:rw,Z" "-v" "/var/lib/crater-agent-workspace/builds/worker-8/source:/opt/rustwide/workdir:ro,Z" "-v" "/var/lib/crater-agent-workspace/cargo-home:/opt/rustwide/cargo-home:ro,Z" "-v" "/var/lib/crater-agent-workspace/rustup-home:/opt/rustwide/rustup-home:ro,Z" "-e" "SOURCE_DIR=/opt/rustwide/workdir" "-e" "CARGO_TARGET_DIR=/opt/rustwide/target" "-e" "CARGO_HOME=/opt/rustwide/cargo-home" "-e" "RUSTUP_HOME=/opt/rustwide/rustup-home" "-w" "/opt/rustwide/workdir" "-m" "1610612736" "--user" "0:0" "--network" "none" "ghcr.io/rust-lang/crates-build-env/linux@sha256:a89201d6b5b9fd45c15d5952ece0a0129e7e80cb26ec023fd59cf09bc26f1604" "/opt/rustwide/cargo-home/bin/cargo" "+beta-2021-10-15" "metadata" "--no-deps" "--format-version=1", kill_on_drop: false }`
[INFO] [stdout] 42326b8e4964ecc4b668a4a7094b2aba9a7d51c82635994e9f1647aa23bf5eea
[INFO] [stderr] WARNING: Your kernel does not support swap limit capabilities or the cgroup is not mounted. Memory limited without swap.
[INFO] running `Command { std: "docker" "start" "-a" "42326b8e4964ecc4b668a4a7094b2aba9a7d51c82635994e9f1647aa23bf5eea", kill_on_drop: false }`
[INFO] running `Command { std: "docker" "inspect" "42326b8e4964ecc4b668a4a7094b2aba9a7d51c82635994e9f1647aa23bf5eea", kill_on_drop: false }`
[INFO] running `Command { std: "docker" "rm" "-f" "42326b8e4964ecc4b668a4a7094b2aba9a7d51c82635994e9f1647aa23bf5eea", kill_on_drop: false }`
[INFO] [stdout] 42326b8e4964ecc4b668a4a7094b2aba9a7d51c82635994e9f1647aa23bf5eea
[INFO] running `Command { std: "docker" "create" "-v" "/var/lib/crater-agent-workspace/builds/worker-8/target:/opt/rustwide/target:rw,Z" "-v" "/var/lib/crater-agent-workspace/builds/worker-8/source:/opt/rustwide/workdir:ro,Z" "-v" "/var/lib/crater-agent-workspace/cargo-home:/opt/rustwide/cargo-home:ro,Z" "-v" "/var/lib/crater-agent-workspace/rustup-home:/opt/rustwide/rustup-home:ro,Z" "-e" "SOURCE_DIR=/opt/rustwide/workdir" "-e" "CARGO_TARGET_DIR=/opt/rustwide/target" "-e" "CARGO_INCREMENTAL=0" "-e" "RUST_BACKTRACE=full" "-e" "RUSTFLAGS=--cap-lints=warn" "-e" "CARGO_HOME=/opt/rustwide/cargo-home" "-e" "RUSTUP_HOME=/opt/rustwide/rustup-home" "-w" "/opt/rustwide/workdir" "-m" "1610612736" "--user" "0:0" "--network" "none" "ghcr.io/rust-lang/crates-build-env/linux@sha256:a89201d6b5b9fd45c15d5952ece0a0129e7e80cb26ec023fd59cf09bc26f1604" "/opt/rustwide/cargo-home/bin/cargo" "+beta-2021-10-15" "check" "--frozen" "--all" "--all-targets" "--message-format=json", kill_on_drop: false }`
[INFO] [stdout] 5bd2abb734e01597fa9e8675cbf57ab7e0b843299d6adb219b791f514ec672eb
[INFO] [stderr] WARNING: Your kernel does not support swap limit capabilities or the cgroup is not mounted. Memory limited without swap.
[INFO] running `Command { std: "docker" "start" "-a" "5bd2abb734e01597fa9e8675cbf57ab7e0b843299d6adb219b791f514ec672eb", kill_on_drop: false }`
[INFO] [stderr]    Compiling syn v1.0.80
[INFO] [stderr]    Compiling libc v0.2.104
[INFO] [stderr]    Compiling log v0.4.14
[INFO] [stderr]     Checking futures-io v0.3.17
[INFO] [stderr]    Compiling cc v1.0.71
[INFO] [stderr]    Compiling pkg-config v0.3.20
[INFO] [stderr]     Checking fastrand v1.5.0
[INFO] [stderr]    Compiling serde_json v1.0.68
[INFO] [stderr]     Checking unicode-width v0.1.9
[INFO] [stderr]     Checking unicode-bidi v0.3.7
[INFO] [stderr]     Checking eg_basic v0.1.0 (/opt/rustwide/workdir/ex-basic)
[INFO] [stderr]    Compiling num-complex v0.2.4
[INFO] [stderr]     Checking tinyvec v1.5.0
[INFO] [stderr]     Checking gif v0.11.3
[INFO] [stderr]     Checking aho-corasick v0.7.18
[INFO] [stdout] warning: unused variable: `i`
[INFO] [stdout]   --> ex-basic/src/thread/thread1.rs:24:9
[INFO] [stdout]    |
[INFO] [stdout] 24 |     for i in 0..10 {
[INFO] [stdout]    |         ^ help: if this is intentional, prefix it with an underscore: `_i`
[INFO] [stdout]    |
[INFO] [stdout]    = note: `#[warn(unused_variables)]` on by default
[INFO] [stdout] 
[INFO] [stdout] 
[INFO] [stdout] warning: unused variable: `i`
[INFO] [stdout]   --> ex-basic/src/thread/thread1.rs:23:8
[INFO] [stdout]    |
[INFO] [stdout] 23 | fn th4(i: u8) {
[INFO] [stdout]    |        ^ help: if this is intentional, prefix it with an underscore: `_i`
[INFO] [stdout] 
[INFO] [stdout] 
[INFO] [stdout] warning: function is never used: `th4`
[INFO] [stdout]   --> ex-basic/src/thread/thread1.rs:23:4
[INFO] [stdout]    |
[INFO] [stdout] 23 | fn th4(i: u8) {
[INFO] [stdout]    |    ^^^
[INFO] [stdout]    |
[INFO] [stdout]    = note: `#[warn(dead_code)]` on by default
[INFO] [stdout] 
[INFO] [stdout] 
[INFO] [stdout] warning: function is never used: `th5`
[INFO] [stdout]   --> ex-basic/src/thread/thread1.rs:28:4
[INFO] [stdout]    |
[INFO] [stdout] 28 | fn th5() -> bool {
[INFO] [stdout]    |    ^^^
[INFO] [stdout] 
[INFO] [stdout] 
[INFO] [stderr]     Checking async-channel v1.6.1
[INFO] [stdout] warning: unused `Result` that must be used
[INFO] [stdout]   --> ex-basic/src/thread/thread1.rs:40:5
[INFO] [stdout]    |
[INFO] [stdout] 40 |     handle.join();
[INFO] [stdout]    |     ^^^^^^^^^^^^^^
[INFO] [stdout]    |
[INFO] [stdout]    = note: `#[warn(unused_must_use)]` on by default
[INFO] [stdout]    = note: this `Result` may be an `Err` variant, which should be handled
[INFO] [stdout] 
[INFO] [stdout] 
[INFO] [stdout] warning: 5 warnings emitted
[INFO] [stdout] 
[INFO] [stdout] 
[INFO] [stderr]     Checking textwrap v0.11.0
[INFO] [stdout] warning: unused variable: `i`
[INFO] [stdout]   --> ex-basic/src/thread/thread1.rs:24:9
[INFO] [stdout]    |
[INFO] [stdout] 24 |     for i in 0..10 {
[INFO] [stdout]    |         ^ help: if this is intentional, prefix it with an underscore: `_i`
[INFO] [stdout]    |
[INFO] [stdout]    = note: `#[warn(unused_variables)]` on by default
[INFO] [stdout] 
[INFO] [stdout] 
[INFO] [stdout] warning: unused variable: `i`
[INFO] [stdout]   --> ex-basic/src/thread/thread1.rs:23:8
[INFO] [stdout]    |
[INFO] [stdout] 23 | fn th4(i: u8) {
[INFO] [stdout]    |        ^ help: if this is intentional, prefix it with an underscore: `_i`
[INFO] [stdout] 
[INFO] [stdout] 
[INFO] [stderr]     Checking crossbeam-deque v0.8.1
[INFO] [stdout] warning: function is never used: `th1`
[INFO] [stdout]  --> ex-basic/src/thread/thread1.rs:4:4
[INFO] [stdout]   |
[INFO] [stdout] 4 | fn th1() -> bool {
[INFO] [stdout]   |    ^^^
[INFO] [stdout]   |
[INFO] [stdout]   = note: `#[warn(dead_code)]` on by default
[INFO] [stdout] 
[INFO] [stdout] 
[INFO] [stdout] warning: function is never used: `th2`
[INFO] [stdout]   --> ex-basic/src/thread/thread1.rs:14:4
[INFO] [stdout]    |
[INFO] [stdout] 14 | fn th2(i: u8) -> u8 {
[INFO] [stdout]    |    ^^^
[INFO] [stdout] 
[INFO] [stdout] 
[INFO] [stdout] warning: function is never used: `th3`
[INFO] [stdout]   --> ex-basic/src/thread/thread1.rs:18:4
[INFO] [stdout]    |
[INFO] [stdout] 18 | fn th3(i: u8) -> bool {
[INFO] [stdout]    |    ^^^
[INFO] [stdout] 
[INFO] [stdout] 
[INFO] [stdout] warning: function is never used: `th4`
[INFO] [stdout]   --> ex-basic/src/thread/thread1.rs:23:4
[INFO] [stdout]    |
[INFO] [stdout] 23 | fn th4(i: u8) {
[INFO] [stdout]    |    ^^^
[INFO] [stdout] 
[INFO] [stdout] 
[INFO] [stdout] warning: function is never used: `th5`
[INFO] [stdout]   --> ex-basic/src/thread/thread1.rs:28:4
[INFO] [stdout]    |
[INFO] [stdout] 28 | fn th5() -> bool {
[INFO] [stdout]    |    ^^^
[INFO] [stdout] 
[INFO] [stdout] 
[INFO] [stdout] warning: function is never used: `lcs`
[INFO] [stdout]  --> ex-basic/src/algorithm/lcs.rs:4:4
[INFO] [stdout]   |
[INFO] [stdout] 4 | fn lcs(l: String, r: String) -> usize {
[INFO] [stdout]   |    ^^^
[INFO] [stdout] 
[INFO] [stdout] 
[INFO] [stdout] warning: function is never used: `test_lcs`
[INFO] [stdout]   --> ex-basic/src/algorithm/lcs.rs:16:4
[INFO] [stdout]    |
[INFO] [stdout] 16 | fn test_lcs() -> usize {
[INFO] [stdout]    |    ^^^^^^^^
[INFO] [stdout] 
[INFO] [stdout] 
[INFO] [stdout] warning: unused `Result` that must be used
[INFO] [stdout]   --> ex-basic/src/thread/thread1.rs:40:5
[INFO] [stdout]    |
[INFO] [stdout] 40 |     handle.join();
[INFO] [stdout]    |     ^^^^^^^^^^^^^^
[INFO] [stdout]    |
[INFO] [stdout]    = note: `#[warn(unused_must_use)]` on by default
[INFO] [stdout]    = note: this `Result` may be an `Err` variant, which should be handled
[INFO] [stdout] 
[INFO] [stdout] 
[INFO] [stdout] warning: 10 warnings emitted
[INFO] [stdout] 
[INFO] [stdout] 
[INFO] [stderr]     Checking futures-lite v1.12.0
[INFO] [stdout] error[E0425]: cannot find value `i` in this scope
[INFO] [stdout]   --> ex-basic/src/main.rs:47:20
[INFO] [stdout]    |
[INFO] [stdout] 47 |     println!("{}", i)
[INFO] [stdout]    |                    ^ help: a local variable with a similar name exists: `a`
[INFO] [stdout] 
[INFO] [stdout] 
[INFO] [stdout] error[E0425]: cannot find function `thread_rng` in this scope
[INFO] [stdout]   --> ex-basic/src/main.rs:98:19
[INFO] [stdout]    |
[INFO] [stdout] 98 |     let mut rng = thread_rng();
[INFO] [stdout]    |                   ^^^^^^^^^^ not found in this scope
[INFO] [stdout] 
[INFO] [stdout] 
[INFO] [stdout] error[E0425]: cannot find value `i` in this scope
[INFO] [stdout]   --> ex-basic/src/main.rs:47:20
[INFO] [stdout]    |
[INFO] [stdout] 47 |     println!("{}", i)
[INFO] [stdout]    |                    ^ help: a local variable with a similar name exists: `a`
[INFO] [stdout] 
[INFO] [stdout] 
[INFO] [stdout] error[E0425]: cannot find function `thread_rng` in this scope
[INFO] [stdout]   --> ex-basic/src/main.rs:98:19
[INFO] [stdout]    |
[INFO] [stdout] 98 |     let mut rng = thread_rng();
[INFO] [stdout]    |                   ^^^^^^^^^^ not found in this scope
[INFO] [stdout] 
[INFO] [stdout] 
[INFO] [stdout] error: aborting due to 2 previous errors
[INFO] [stdout] 
[INFO] [stdout] 
[INFO] [stdout] For more information about this error, try `rustc --explain E0425`.
[INFO] [stdout] 
[INFO] [stderr] error: could not compile `eg_basic` due to 3 previous errors
[INFO] [stderr] warning: build failed, waiting for other jobs to finish...
[INFO] [stdout] error: aborting due to 2 previous errors
[INFO] [stdout] 
[INFO] [stdout] 
[INFO] [stdout] For more information about this error, try `rustc --explain E0425`.
[INFO] [stdout] 
[INFO] [stderr] error: build failed
[INFO] running `Command { std: "docker" "inspect" "5bd2abb734e01597fa9e8675cbf57ab7e0b843299d6adb219b791f514ec672eb", kill_on_drop: false }`
[INFO] running `Command { std: "docker" "rm" "-f" "5bd2abb734e01597fa9e8675cbf57ab7e0b843299d6adb219b791f514ec672eb", kill_on_drop: false }`
[INFO] [stdout] 5bd2abb734e01597fa9e8675cbf57ab7e0b843299d6adb219b791f514ec672eb
