[INFO] cloning repository https://github.com/xiuxiu62/team-repl-interpreter
[INFO] running `Command { std: "git" "-c" "credential.helper=" "-c" "credential.helper=/workspace/cargo-home/bin/git-credential-null" "clone" "--bare" "https://github.com/xiuxiu62/team-repl-interpreter" "/workspace/cache/git-repos/https%3A%2F%2Fgithub.com%2Fxiuxiu62%2Fteam-repl-interpreter", kill_on_drop: false }`
[INFO] [stderr] Cloning into bare repository '/workspace/cache/git-repos/https%3A%2F%2Fgithub.com%2Fxiuxiu62%2Fteam-repl-interpreter'...
[INFO] running `Command { std: "git" "rev-parse" "HEAD", kill_on_drop: false }`
[INFO] [stdout] a001dc5313c68362eac24b47c33ea85b1e1b3c76
[INFO] checking xiuxiu62/team-repl-interpreter against 1.55.0 for beta-1.56-3
[INFO] running `Command { std: "git" "clone" "/workspace/cache/git-repos/https%3A%2F%2Fgithub.com%2Fxiuxiu62%2Fteam-repl-interpreter" "/workspace/builds/worker-41/source", kill_on_drop: false }`
[INFO] [stderr] Cloning into '/workspace/builds/worker-41/source'...
[INFO] [stderr] done.
[INFO] validating manifest of git repo https://github.com/xiuxiu62/team-repl-interpreter on toolchain 1.55.0
[INFO] running `Command { std: "/workspace/cargo-home/bin/cargo" "+1.55.0" "metadata" "--manifest-path" "Cargo.toml" "--no-deps", kill_on_drop: false }`
[INFO] started tweaking git repo https://github.com/xiuxiu62/team-repl-interpreter
[INFO] finished tweaking git repo https://github.com/xiuxiu62/team-repl-interpreter
[INFO] tweaked toml for git repo https://github.com/xiuxiu62/team-repl-interpreter written to /workspace/builds/worker-41/source/Cargo.toml
[INFO] crate git repo https://github.com/xiuxiu62/team-repl-interpreter already has a lockfile, it will not be regenerated
[INFO] running `Command { std: "/workspace/cargo-home/bin/cargo" "+1.55.0" "fetch" "--manifest-path" "Cargo.toml", kill_on_drop: false }`
[INFO] [stderr]     Blocking waiting for file lock on package cache
[INFO] [stderr]     Blocking waiting for file lock on package cache
[INFO] running `Command { std: "docker" "create" "-v" "/var/lib/crater-agent-workspace/builds/worker-41/target:/opt/rustwide/target:rw,Z" "-v" "/var/lib/crater-agent-workspace/builds/worker-41/source:/opt/rustwide/workdir:ro,Z" "-v" "/var/lib/crater-agent-workspace/cargo-home:/opt/rustwide/cargo-home:ro,Z" "-v" "/var/lib/crater-agent-workspace/rustup-home:/opt/rustwide/rustup-home:ro,Z" "-e" "SOURCE_DIR=/opt/rustwide/workdir" "-e" "CARGO_TARGET_DIR=/opt/rustwide/target" "-e" "CARGO_HOME=/opt/rustwide/cargo-home" "-e" "RUSTUP_HOME=/opt/rustwide/rustup-home" "-w" "/opt/rustwide/workdir" "-m" "1610612736" "--user" "0:0" "--network" "none" "ghcr.io/rust-lang/crates-build-env/linux@sha256:a89201d6b5b9fd45c15d5952ece0a0129e7e80cb26ec023fd59cf09bc26f1604" "/opt/rustwide/cargo-home/bin/cargo" "+1.55.0" "metadata" "--no-deps" "--format-version=1", kill_on_drop: false }`
[INFO] [stdout] 6481bec63a081bd7b26d4e90b1956ba820e2c703dfe23245de412fea2fa94d20
[INFO] running `Command { std: "docker" "start" "-a" "6481bec63a081bd7b26d4e90b1956ba820e2c703dfe23245de412fea2fa94d20", kill_on_drop: false }`
[INFO] running `Command { std: "docker" "inspect" "6481bec63a081bd7b26d4e90b1956ba820e2c703dfe23245de412fea2fa94d20", kill_on_drop: false }`
[INFO] running `Command { std: "docker" "rm" "-f" "6481bec63a081bd7b26d4e90b1956ba820e2c703dfe23245de412fea2fa94d20", kill_on_drop: false }`
[INFO] [stdout] 6481bec63a081bd7b26d4e90b1956ba820e2c703dfe23245de412fea2fa94d20
[INFO] running `Command { std: "docker" "create" "-v" "/var/lib/crater-agent-workspace/builds/worker-41/target:/opt/rustwide/target:rw,Z" "-v" "/var/lib/crater-agent-workspace/builds/worker-41/source:/opt/rustwide/workdir:ro,Z" "-v" "/var/lib/crater-agent-workspace/cargo-home:/opt/rustwide/cargo-home:ro,Z" "-v" "/var/lib/crater-agent-workspace/rustup-home:/opt/rustwide/rustup-home:ro,Z" "-e" "SOURCE_DIR=/opt/rustwide/workdir" "-e" "CARGO_TARGET_DIR=/opt/rustwide/target" "-e" "CARGO_INCREMENTAL=0" "-e" "RUST_BACKTRACE=full" "-e" "RUSTFLAGS=--cap-lints=warn" "-e" "CARGO_HOME=/opt/rustwide/cargo-home" "-e" "RUSTUP_HOME=/opt/rustwide/rustup-home" "-w" "/opt/rustwide/workdir" "-m" "1610612736" "--user" "0:0" "--network" "none" "ghcr.io/rust-lang/crates-build-env/linux@sha256:a89201d6b5b9fd45c15d5952ece0a0129e7e80cb26ec023fd59cf09bc26f1604" "/opt/rustwide/cargo-home/bin/cargo" "+1.55.0" "check" "--frozen" "--all" "--all-targets" "--message-format=json", kill_on_drop: false }`
[INFO] [stdout] ae36da78fcb6d603afda21f9e7a670ba15e158cfe924f38df126c538930d8a02
[INFO] running `Command { std: "docker" "start" "-a" "ae36da78fcb6d603afda21f9e7a670ba15e158cfe924f38df126c538930d8a02", kill_on_drop: false }`
[INFO] [stderr]     Blocking waiting for file lock on package cache
[INFO] [stderr]    Compiling proc-macro2 v1.0.28
[INFO] [stderr]    Compiling version_check v0.9.3
[INFO] [stderr]    Compiling syn v1.0.74
[INFO] [stderr]    Compiling libc v0.2.99
[INFO] [stderr]    Compiling unicode-segmentation v1.8.0
[INFO] [stderr]    Compiling regex-syntax v0.6.25
[INFO] [stderr]    Compiling beef v0.5.1
[INFO] [stderr]     Checking bitflags v1.3.2
[INFO] [stderr]    Compiling utf8-ranges v1.0.4
[INFO] [stderr]    Compiling proc-macro-error-attr v1.0.4
[INFO] [stderr]    Compiling proc-macro-error v1.0.4
[INFO] [stderr]    Compiling heck v0.3.3
[INFO] [stderr]    Compiling quote v1.0.9
[INFO] [stderr]     Checking atty v0.2.14
[INFO] [stderr]     Checking clap v2.33.3
[INFO] [stderr]    Compiling logos-derive v0.12.0
[INFO] [stderr]    Compiling structopt-derive v0.4.15
[INFO] [stderr]     Checking structopt v0.3.22
[INFO] [stderr]     Checking logos v0.12.0
[INFO] [stderr]     Checking interpreter v0.1.0 (/opt/rustwide/workdir)
[INFO] [stdout] error[E0554]: `#![feature]` may not be used on the stable release channel
[INFO] [stdout]  --> src/main.rs:2:1
[INFO] [stdout]   |
[INFO] [stdout] 2 | #![feature(format_args_capture)]
[INFO] [stdout]   | ^^^^^^^^^^^^^^^^^^^^^^^^^^^^^^^^
[INFO] [stdout] 
[INFO] [stdout] 
[INFO] [stdout] error[E0554]: `#![feature]` may not be used on the stable release channel
[INFO] [stdout]  --> src/main.rs:3:1
[INFO] [stdout]   |
[INFO] [stdout] 3 | #![feature(decl_macro)]
[INFO] [stdout]   | ^^^^^^^^^^^^^^^^^^^^^^^
[INFO] [stdout] 
[INFO] [stdout] 
[INFO] [stdout] error[E0554]: `#![feature]` may not be used on the stable release channel
[INFO] [stdout]  --> src/main.rs:2:1
[INFO] [stdout]   |
[INFO] [stdout] 2 | #![feature(format_args_capture)]
[INFO] [stdout]   | ^^^^^^^^^^^^^^^^^^^^^^^^^^^^^^^^
[INFO] [stdout] 
[INFO] [stdout] 
[INFO] [stdout] error[E0554]: `#![feature]` may not be used on the stable release channel
[INFO] [stdout]  --> src/main.rs:3:1
[INFO] [stdout]   |
[INFO] [stdout] 3 | #![feature(decl_macro)]
[INFO] [stdout]   | ^^^^^^^^^^^^^^^^^^^^^^^
[INFO] [stdout] 
[INFO] [stdout] 
[INFO] [stdout] warning: unused import: `super::*`
[INFO] [stdout]    --> src/lexer.rs:134:9
[INFO] [stdout]     |
[INFO] [stdout] 134 |     use super::*;
[INFO] [stdout]     |         ^^^^^^^^
[INFO] [stdout]     |
[INFO] [stdout]     = note: `#[warn(unused_imports)]` on by default
[INFO] [stdout] 
[INFO] [stdout] 
[INFO] [stdout] error[E0308]: mismatched types
[INFO] [stdout]   --> src/lexer.rs:48:10
[INFO] [stdout]    |
[INFO] [stdout] 48 | #[derive(Logos, Debug, Clone, PartialEq)]
[INFO] [stdout]    |          ^^^^^
[INFO] [stdout]    |          |
[INFO] [stdout]    |          expected struct `String`, found `&str`
[INFO] [stdout]    |          help: try using a conversion method: `Logos.to_string()`
[INFO] [stdout]    |
[INFO] [stdout]    = note: this error originates in the derive macro `Logos` (in Nightly builds, run with -Z macro-backtrace for more info)
[INFO] [stdout] 
[INFO] [stdout] 
[INFO] [stdout] error[E0308]: mismatched types
[INFO] [stdout]   --> src/lexer.rs:48:10
[INFO] [stdout]    |
[INFO] [stdout] 48 | #[derive(Logos, Debug, Clone, PartialEq)]
[INFO] [stdout]    |          ^^^^^
[INFO] [stdout]    |          |
[INFO] [stdout]    |          expected struct `String`, found `&str`
[INFO] [stdout]    |          help: try using a conversion method: `Logos.to_string()`
[INFO] [stdout]    |
[INFO] [stdout]    = note: this error originates in the derive macro `Logos` (in Nightly builds, run with -Z macro-backtrace for more info)
[INFO] [stdout] 
[INFO] [stdout] 
[INFO] [stdout] error: aborting due to 3 previous errors
[INFO] [stdout] 
[INFO] [stdout] 
[INFO] [stdout] Some errors have detailed explanations: E0308, E0554.
[INFO] [stdout] 
[INFO] [stdout] For more information about an error, try `rustc --explain E0308`.
[INFO] [stdout] 
[INFO] [stderr] error: could not compile `interpreter` due to 4 previous errors
[INFO] [stderr] warning: build failed, waiting for other jobs to finish...
[INFO] [stdout] error: aborting due to 3 previous errors; 1 warning emitted
[INFO] [stdout] 
[INFO] [stdout] 
[INFO] [stdout] Some errors have detailed explanations: E0308, E0554.
[INFO] [stdout] 
[INFO] [stdout] For more information about an error, try `rustc --explain E0308`.
[INFO] [stdout] 
[INFO] [stderr] error: build failed
[INFO] running `Command { std: "docker" "inspect" "ae36da78fcb6d603afda21f9e7a670ba15e158cfe924f38df126c538930d8a02", kill_on_drop: false }`
[INFO] running `Command { std: "docker" "rm" "-f" "ae36da78fcb6d603afda21f9e7a670ba15e158cfe924f38df126c538930d8a02", kill_on_drop: false }`
[INFO] [stdout] ae36da78fcb6d603afda21f9e7a670ba15e158cfe924f38df126c538930d8a02
