[INFO] cloning repository https://github.com/xeoneux/rusty-journal
[INFO] running `Command { std: "git" "-c" "credential.helper=" "-c" "credential.helper=/workspace/cargo-home/bin/git-credential-null" "clone" "--bare" "https://github.com/xeoneux/rusty-journal" "/workspace/cache/git-repos/https%3A%2F%2Fgithub.com%2Fxeoneux%2Frusty-journal", kill_on_drop: false }`
[INFO] [stderr] Cloning into bare repository '/workspace/cache/git-repos/https%3A%2F%2Fgithub.com%2Fxeoneux%2Frusty-journal'...
[INFO] running `Command { std: "git" "rev-parse" "HEAD", kill_on_drop: false }`
[INFO] [stdout] 4bbd0439d3682d94b88ae6aa3710c18d069b6a04
[INFO] checking xeoneux/rusty-journal against 1.55.0 for beta-1.56-3
[INFO] running `Command { std: "git" "clone" "/workspace/cache/git-repos/https%3A%2F%2Fgithub.com%2Fxeoneux%2Frusty-journal" "/workspace/builds/worker-44/source", kill_on_drop: false }`
[INFO] [stderr] Cloning into '/workspace/builds/worker-44/source'...
[INFO] [stderr] done.
[INFO] validating manifest of git repo https://github.com/xeoneux/rusty-journal on toolchain 1.55.0
[INFO] running `Command { std: "/workspace/cargo-home/bin/cargo" "+1.55.0" "metadata" "--manifest-path" "Cargo.toml" "--no-deps", kill_on_drop: false }`
[INFO] started tweaking git repo https://github.com/xeoneux/rusty-journal
[INFO] finished tweaking git repo https://github.com/xeoneux/rusty-journal
[INFO] tweaked toml for git repo https://github.com/xeoneux/rusty-journal written to /workspace/builds/worker-44/source/Cargo.toml
[INFO] crate git repo https://github.com/xeoneux/rusty-journal already has a lockfile, it will not be regenerated
[INFO] running `Command { std: "/workspace/cargo-home/bin/cargo" "+1.55.0" "fetch" "--manifest-path" "Cargo.toml", kill_on_drop: false }`
[INFO] [stderr]     Blocking waiting for file lock on package cache
[INFO] [stderr]     Blocking waiting for file lock on package cache
[INFO] [stderr]  Downloading crates ...
[INFO] [stderr]   Downloaded syn v1.0.71
[INFO] running `Command { std: "docker" "create" "-v" "/var/lib/crater-agent-workspace/builds/worker-44/target:/opt/rustwide/target:rw,Z" "-v" "/var/lib/crater-agent-workspace/builds/worker-44/source:/opt/rustwide/workdir:ro,Z" "-v" "/var/lib/crater-agent-workspace/cargo-home:/opt/rustwide/cargo-home:ro,Z" "-v" "/var/lib/crater-agent-workspace/rustup-home:/opt/rustwide/rustup-home:ro,Z" "-e" "SOURCE_DIR=/opt/rustwide/workdir" "-e" "CARGO_TARGET_DIR=/opt/rustwide/target" "-e" "CARGO_HOME=/opt/rustwide/cargo-home" "-e" "RUSTUP_HOME=/opt/rustwide/rustup-home" "-w" "/opt/rustwide/workdir" "-m" "1610612736" "--user" "0:0" "--network" "none" "ghcr.io/rust-lang/crates-build-env/linux@sha256:a89201d6b5b9fd45c15d5952ece0a0129e7e80cb26ec023fd59cf09bc26f1604" "/opt/rustwide/cargo-home/bin/cargo" "+1.55.0" "metadata" "--no-deps" "--format-version=1", kill_on_drop: false }`
[INFO] [stdout] 0f936bd3bc4f78a6cea6a7c403a28bd00bb52195b489ef187928b23da16dc6af
[INFO] running `Command { std: "docker" "start" "-a" "0f936bd3bc4f78a6cea6a7c403a28bd00bb52195b489ef187928b23da16dc6af", kill_on_drop: false }`
[INFO] running `Command { std: "docker" "inspect" "0f936bd3bc4f78a6cea6a7c403a28bd00bb52195b489ef187928b23da16dc6af", kill_on_drop: false }`
[INFO] running `Command { std: "docker" "rm" "-f" "0f936bd3bc4f78a6cea6a7c403a28bd00bb52195b489ef187928b23da16dc6af", kill_on_drop: false }`
[INFO] [stdout] 0f936bd3bc4f78a6cea6a7c403a28bd00bb52195b489ef187928b23da16dc6af
[INFO] running `Command { std: "docker" "create" "-v" "/var/lib/crater-agent-workspace/builds/worker-44/target:/opt/rustwide/target:rw,Z" "-v" "/var/lib/crater-agent-workspace/builds/worker-44/source:/opt/rustwide/workdir:ro,Z" "-v" "/var/lib/crater-agent-workspace/cargo-home:/opt/rustwide/cargo-home:ro,Z" "-v" "/var/lib/crater-agent-workspace/rustup-home:/opt/rustwide/rustup-home:ro,Z" "-e" "SOURCE_DIR=/opt/rustwide/workdir" "-e" "CARGO_TARGET_DIR=/opt/rustwide/target" "-e" "CARGO_INCREMENTAL=0" "-e" "RUST_BACKTRACE=full" "-e" "RUSTFLAGS=--cap-lints=warn" "-e" "CARGO_HOME=/opt/rustwide/cargo-home" "-e" "RUSTUP_HOME=/opt/rustwide/rustup-home" "-w" "/opt/rustwide/workdir" "-m" "1610612736" "--user" "0:0" "--network" "none" "ghcr.io/rust-lang/crates-build-env/linux@sha256:a89201d6b5b9fd45c15d5952ece0a0129e7e80cb26ec023fd59cf09bc26f1604" "/opt/rustwide/cargo-home/bin/cargo" "+1.55.0" "check" "--frozen" "--all" "--all-targets" "--message-format=json", kill_on_drop: false }`
[INFO] [stdout] 4d871d683494e1725a5976df6707373131433432f20c131ef1adfccc2807b135
[INFO] running `Command { std: "docker" "start" "-a" "4d871d683494e1725a5976df6707373131433432f20c131ef1adfccc2807b135", kill_on_drop: false }`
[INFO] [stderr]     Blocking waiting for file lock on package cache
[INFO] [stderr]    Compiling proc-macro2 v1.0.26
[INFO] [stderr]    Compiling unicode-xid v0.2.2
[INFO] [stderr]    Compiling syn v1.0.71
[INFO] [stderr]    Compiling version_check v0.9.3
[INFO] [stderr]    Compiling libc v0.2.94
[INFO] [stderr]    Compiling serde_derive v1.0.125
[INFO] [stderr]    Compiling serde v1.0.125
[INFO] [stderr]    Compiling unicode-segmentation v1.7.1
[INFO] [stderr]     Checking unicode-width v0.1.8
[INFO] [stderr]    Compiling serde_json v1.0.64
[INFO] [stderr]     Checking vec_map v0.8.2
[INFO] [stderr]     Checking itoa v0.4.7
[INFO] [stderr]     Checking textwrap v0.11.0
[INFO] [stderr]    Compiling heck v0.3.2
[INFO] [stderr]    Compiling proc-macro-error-attr v1.0.4
[INFO] [stderr]    Compiling proc-macro-error v1.0.4
[INFO] [stderr]    Compiling quote v1.0.9
[INFO] [stderr]     Checking atty v0.2.14
[INFO] [stderr]     Checking time v0.1.44
[INFO] [stderr]     Checking clap v2.33.3
[INFO] [stderr]    Compiling structopt-derive v0.4.14
[INFO] [stderr]     Checking structopt v0.3.21
[INFO] [stderr]     Checking chrono v0.4.19
[INFO] [stderr]     Checking rusty-journal v0.1.0 (/opt/rustwide/workdir)
[INFO] [stdout] error[E0107]: this enum takes 2 generic arguments but 1 generic argument was supplied
[INFO] [stdout]    --> src/tasks.rs:19:59
[INFO] [stdout]     |
[INFO] [stdout] 19  |     pub fn add_task(journal_path: PathBuf, task: Task) -> Result<()> {
[INFO] [stdout]     |                                                           ^^^^^^ -- supplied 1 generic argument
[INFO] [stdout]     |                                                           |
[INFO] [stdout]     |                                                           expected 2 generic arguments
[INFO] [stdout]     |
[INFO] [stdout] note: enum defined here, with 2 generic parameters: `T`, `E`
[INFO] [stdout] help: add missing generic argument
[INFO] [stdout]     |
[INFO] [stdout] 19  |     pub fn add_task(journal_path: PathBuf, task: Task) -> Result<(), E> {
[INFO] [stdout]     |                                                                    ^^^
[INFO] [stdout] 
[INFO] [stdout] 
[INFO] [stdout] error[E0107]: this enum takes 2 generic arguments but 1 generic argument was supplied
[INFO] [stdout]    --> src/tasks.rs:40:74
[INFO] [stdout]     |
[INFO] [stdout] 40  |     pub fn complete_task(journal_path: PathBuf, task_position: usize) -> Result<()> {}
[INFO] [stdout]     |                                                                          ^^^^^^ -- supplied 1 generic argument
[INFO] [stdout]     |                                                                          |
[INFO] [stdout]     |                                                                          expected 2 generic arguments
[INFO] [stdout]     |
[INFO] [stdout] note: enum defined here, with 2 generic parameters: `T`, `E`
[INFO] [stdout] help: add missing generic argument
[INFO] [stdout]     |
[INFO] [stdout] 40  |     pub fn complete_task(journal_path: PathBuf, task_position: usize) -> Result<(), E> {}
[INFO] [stdout]     |                                                                                   ^^^
[INFO] [stdout] 
[INFO] [stdout] 
[INFO] [stdout] error[E0107]: this enum takes 2 generic arguments but 1 generic argument was supplied
[INFO] [stdout]    --> src/tasks.rs:42:49
[INFO] [stdout]     |
[INFO] [stdout] 42  |     pub fn list_tasks(journal_path: PathBuf) -> Result<()> {}
[INFO] [stdout]     |                                                 ^^^^^^ -- supplied 1 generic argument
[INFO] [stdout]     |                                                 |
[INFO] [stdout]     |                                                 expected 2 generic arguments
[INFO] [stdout]     |
[INFO] [stdout] note: enum defined here, with 2 generic parameters: `T`, `E`
[INFO] [stdout] help: add missing generic argument
[INFO] [stdout]     |
[INFO] [stdout] 42  |     pub fn list_tasks(journal_path: PathBuf) -> Result<(), E> {}
[INFO] [stdout]     |                                                          ^^^
[INFO] [stdout] 
[INFO] [stdout] 
[INFO] [stdout] error: aborting due to 3 previous errors
[INFO] [stdout] 
[INFO] [stdout] 
[INFO] [stdout] error[E0107]: this enum takes 2 generic arguments but 1 generic argument was supplied
[INFO] [stdout]    --> src/tasks.rs:19:59
[INFO] [stdout]     |
[INFO] [stdout] 19  |     pub fn add_task(journal_path: PathBuf, task: Task) -> Result<()> {
[INFO] [stdout]     |                                                           ^^^^^^ -- supplied 1 generic argument
[INFO] [stdout]     |                                                           |
[INFO] [stdout]     |                                                           expected 2 generic arguments
[INFO] [stdout]     |
[INFO] [stdout] note: enum defined here, with 2 generic parameters: `T`, `E`
[INFO] [stdout] help: add missing generic argument
[INFO] [stdout]     |
[INFO] [stdout] 19  |     pub fn add_task(journal_path: PathBuf, task: Task) -> Result<(), E> {
[INFO] [stdout]     |                                                                    ^^^
[INFO] [stdout] 
[INFO] [stdout] 
[INFO] [stdout] For more information about this error, try `rustc --explain E0107`.
[INFO] [stdout] 
[INFO] [stdout] error[E0107]: this enum takes 2 generic arguments but 1 generic argument was supplied
[INFO] [stdout]    --> src/tasks.rs:40:74
[INFO] [stdout]     |
[INFO] [stdout] 40  |     pub fn complete_task(journal_path: PathBuf, task_position: usize) -> Result<()> {}
[INFO] [stdout]     |                                                                          ^^^^^^ -- supplied 1 generic argument
[INFO] [stdout]     |                                                                          |
[INFO] [stdout]     |                                                                          expected 2 generic arguments
[INFO] [stdout]     |
[INFO] [stdout] note: enum defined here, with 2 generic parameters: `T`, `E`
[INFO] [stdout] help: add missing generic argument
[INFO] [stdout]     |
[INFO] [stdout] 40  |     pub fn complete_task(journal_path: PathBuf, task_position: usize) -> Result<(), E> {}
[INFO] [stdout]     |                                                                                   ^^^
[INFO] [stdout] 
[INFO] [stdout] 
[INFO] [stdout] error[E0107]: this enum takes 2 generic arguments but 1 generic argument was supplied
[INFO] [stdout]    --> src/tasks.rs:42:49
[INFO] [stdout]     |
[INFO] [stdout] 42  |     pub fn list_tasks(journal_path: PathBuf) -> Result<()> {}
[INFO] [stdout]     |                                                 ^^^^^^ -- supplied 1 generic argument
[INFO] [stdout]     |                                                 |
[INFO] [stdout]     |                                                 expected 2 generic arguments
[INFO] [stdout]     |
[INFO] [stdout] note: enum defined here, with 2 generic parameters: `T`, `E`
[INFO] [stdout] help: add missing generic argument
[INFO] [stdout]     |
[INFO] [stdout] 42  |     pub fn list_tasks(journal_path: PathBuf) -> Result<(), E> {}
[INFO] [stdout]     |                                                          ^^^
[INFO] [stdout] 
[INFO] [stdout] 
[INFO] [stdout] error: aborting due to 3 previous errors
[INFO] [stdout] 
[INFO] [stdout] 
[INFO] [stdout] For more information about this error, try `rustc --explain E0107`.
[INFO] [stdout] 
[INFO] [stderr] error: could not compile `rusty-journal` due to 4 previous errors
[INFO] [stderr] warning: build failed, waiting for other jobs to finish...
[INFO] [stderr] error: build failed
[INFO] running `Command { std: "docker" "inspect" "4d871d683494e1725a5976df6707373131433432f20c131ef1adfccc2807b135", kill_on_drop: false }`
[INFO] running `Command { std: "docker" "rm" "-f" "4d871d683494e1725a5976df6707373131433432f20c131ef1adfccc2807b135", kill_on_drop: false }`
[INFO] [stdout] 4d871d683494e1725a5976df6707373131433432f20c131ef1adfccc2807b135
