[INFO] cloning repository https://github.com/xcshuan/sourly_cat
[INFO] running `Command { std: "git" "-c" "credential.helper=" "-c" "credential.helper=/workspace/cargo-home/bin/git-credential-null" "clone" "--bare" "https://github.com/xcshuan/sourly_cat" "/workspace/cache/git-repos/https%3A%2F%2Fgithub.com%2Fxcshuan%2Fsourly_cat", kill_on_drop: false }`
[INFO] [stderr] Cloning into bare repository '/workspace/cache/git-repos/https%3A%2F%2Fgithub.com%2Fxcshuan%2Fsourly_cat'...
[INFO] running `Command { std: "git" "rev-parse" "HEAD", kill_on_drop: false }`
[INFO] [stdout] 3f03c4c7af8955d12ec378cd738af55f82af0506
[INFO] checking xcshuan/sourly_cat against 1.55.0 for beta-1.56-3
[INFO] running `Command { std: "git" "clone" "/workspace/cache/git-repos/https%3A%2F%2Fgithub.com%2Fxcshuan%2Fsourly_cat" "/workspace/builds/worker-108/source", kill_on_drop: false }`
[INFO] [stderr] Cloning into '/workspace/builds/worker-108/source'...
[INFO] [stderr] done.
[INFO] validating manifest of git repo https://github.com/xcshuan/sourly_cat on toolchain 1.55.0
[INFO] running `Command { std: "/workspace/cargo-home/bin/cargo" "+1.55.0" "metadata" "--manifest-path" "Cargo.toml" "--no-deps", kill_on_drop: false }`
[INFO] removed /workspace/builds/worker-108/source/.cargo/config
[INFO] started tweaking git repo https://github.com/xcshuan/sourly_cat
[INFO] finished tweaking git repo https://github.com/xcshuan/sourly_cat
[INFO] tweaked toml for git repo https://github.com/xcshuan/sourly_cat written to /workspace/builds/worker-108/source/Cargo.toml
[INFO] crate git repo https://github.com/xcshuan/sourly_cat already has a lockfile, it will not be regenerated
[INFO] running `Command { std: "/workspace/cargo-home/bin/cargo" "+1.55.0" "fetch" "--manifest-path" "Cargo.toml", kill_on_drop: false }`
[INFO] [stderr]     Blocking waiting for file lock on package cache
[INFO] [stderr]     Blocking waiting for file lock on package cache
[INFO] [stderr]  Downloading crates ...
[INFO] [stderr]   Downloaded heapsize v0.4.2
[INFO] [stderr]   Downloaded backtrace v0.3.56
[INFO] [stderr]   Downloaded ckb-occupied-capacity v0.37.0
[INFO] [stderr]   Downloaded numext-fixed-uint-core v0.1.6
[INFO] [stderr]   Downloaded ckb-standalone-types v0.0.1-pre.1
[INFO] [stderr]   Downloaded lru v0.6.5
[INFO] [stderr]   Downloaded enum-display-derive v0.1.1
[INFO] [stderr]   Downloaded eaglesong v0.1.0
[INFO] [stderr]   Downloaded ckb-pow v0.37.0
[INFO] [stderr]   Downloaded ckb-jsonrpc-types v0.37.0
[INFO] [stderr]   Downloaded ckb-chain-spec v0.37.0
[INFO] [stderr]   Downloaded ckb-fixed-hash-core v0.37.0
[INFO] [stderr]   Downloaded ckb-occupied-capacity-core v0.37.0
[INFO] [stderr]   Downloaded uname v0.1.1
[INFO] [stderr]   Downloaded ckb-tool v0.2.2
[INFO] [stderr]   Downloaded dtoa v0.4.7
[INFO] [stderr]   Downloaded url_serde v0.2.0
[INFO] [stderr]   Downloaded faketime v0.2.1
[INFO] [stderr]   Downloaded ckb-verification v0.37.0
[INFO] [stderr]   Downloaded bech32 v0.7.3
[INFO] [stderr]   Downloaded cty v0.2.1
[INFO] [stderr]   Downloaded jsonrpc-core v10.1.0
[INFO] [stderr]   Downloaded ckb-reward-calculator v0.37.0
[INFO] [stderr]   Downloaded ckb-fee-estimator v0.37.0
[INFO] [stderr]   Downloaded ckb-build-info v0.37.0
[INFO] [stderr]   Downloaded merkle-cbt v0.2.2
[INFO] [stderr]   Downloaded ckb-always-success-script v0.0.1
[INFO] [stderr]   Downloaded ckb-traits v0.37.0
[INFO] [stderr]   Downloaded numext-fixed-uint-hack v0.1.6
[INFO] [stderr]   Downloaded numext-constructor v0.1.6
[INFO] [stderr]   Downloaded blake2b-rs v0.1.5
[INFO] [stderr]   Downloaded blake2b-rs v0.2.0
[INFO] [stderr]   Downloaded ckb-fixed-hash v0.37.0
[INFO] [stderr]   Downloaded pin-project v1.0.5
[INFO] [stderr]   Downloaded scroll_derive v0.10.5
[INFO] [stderr]   Downloaded sentry v0.16.0
[INFO] [stderr]   Downloaded path-clean v0.1.0
[INFO] [stderr]   Downloaded secp256k1-sys v0.1.2
[INFO] [stderr]   Downloaded tentacle-multiaddr v0.1.0
[INFO] [stderr]   Downloaded im v12.3.4
[INFO] [stderr]   Downloaded ckb-app-config v0.37.0
[INFO] [stderr]   Downloaded includedir v0.5.0
[INFO] [stderr]   Downloaded ckb-crypto v0.37.0
[INFO] [stderr]   Downloaded scroll_derive v0.9.5
[INFO] [stderr]   Downloaded ckb-db v0.37.0
[INFO] [stderr]   Downloaded faster-hex v0.4.1
[INFO] [stderr]   Downloaded sized-chunks v0.1.3
[INFO] [stderr]   Downloaded ckb-types v0.37.0
[INFO] [stderr]   Downloaded serde_plain v0.3.0
[INFO] [stderr]   Downloaded sentry v0.17.0
[INFO] [stderr]   Downloaded ckb-error v0.37.0
[INFO] [stderr]   Downloaded faster-hex v0.3.1
[INFO] [stderr]   Downloaded ckb-dao-utils v0.37.0
[INFO] [stderr]   Downloaded ckb-system-scripts v0.5.1
[INFO] [stderr]   Downloaded security-framework v2.1.2
[INFO] [stderr]   Downloaded ckb-script v0.37.0
[INFO] [stderr]   Downloaded secp256k1 v0.15.5
[INFO] [stderr]   Downloaded pin-project-internal v1.0.5
[INFO] [stderr]   Downloaded jsonrpc-core v14.2.0
[INFO] [stderr]   Downloaded includedir_codegen v0.5.0
[INFO] [stderr]   Downloaded molecule v0.6.0
[INFO] [stderr]   Downloaded ckb-store v0.37.0
[INFO] [stderr]   Downloaded scroll v0.10.2
[INFO] [stderr]   Downloaded security-framework-sys v2.1.1
[INFO] [stderr]   Downloaded ckb-channel v0.37.0
[INFO] [stderr]   Downloaded ckb-logger-config v0.37.0
[INFO] [stderr]   Downloaded sentry-types v0.11.0
[INFO] [stderr]   Downloaded ckb-resource v0.37.0
[INFO] [stderr]   Downloaded ckb-hash v0.37.0
[INFO] [stderr]   Downloaded ckb-rocksdb v0.14.1
[INFO] [stderr]   Downloaded ckb-vm-definitions v0.18.2
[INFO] [stderr]   Downloaded bit-vec v0.5.1
[INFO] [stderr]   Downloaded ckb-vm-definitions v0.19.3
[INFO] [stderr]   Downloaded ckb-occupied-capacity-macros v0.37.0
[INFO] [stderr]   Downloaded object v0.23.0
[INFO] [stderr]   Downloaded goblin v0.2.3
[INFO] [stderr]   Downloaded plain v0.2.3
[INFO] [stderr]   Downloaded crossbeam-epoch v0.9.3
[INFO] [stderr]   Downloaded merkle-cbt v0.3.0
[INFO] [stderr]   Downloaded ckb-rational v0.37.0
[INFO] [stderr]   Downloaded numext-fixed-uint v0.1.6
[INFO] [stderr]   Downloaded cc v1.0.41
[INFO] [stderr]   Downloaded ckb-async-runtime v0.37.0
[INFO] [stderr]   Downloaded ckb-dao v0.37.0
[INFO] [stderr]   Downloaded ripemd160 v0.8.0
[INFO] [stderr]   Downloaded secp256k1 v0.17.2
[INFO] [stderr]   Downloaded openssl v0.10.33
[INFO] [stderr]   Downloaded ckb-metrics-config v0.37.0
[INFO] [stderr]   Downloaded ckb-util v0.37.0
[INFO] [stderr]   Downloaded simple-jsonrpc-client v0.1.0
[INFO] [stderr]   Downloaded ckb-logger v0.37.0
[INFO] [stderr]   Downloaded buddy-alloc v0.4.1
[INFO] [stderr]   Downloaded ckb-vm v0.19.3
[INFO] [stderr]   Downloaded ckb-fixed-hash-macros v0.37.0
[INFO] [stderr]   Downloaded molecule v0.4.0
[INFO] [stderr]   Downloaded ckb-vm v0.18.2
[INFO] [stderr]   Downloaded debugid v0.4.0
[INFO] [stderr]   Downloaded goblin v0.0.24
[INFO] [stderr]   Downloaded ckb-standalone-debugger v0.3.0
[INFO] [stderr]   Downloaded mapr v0.8.0
[INFO] [stderr]   Downloaded ckb-x64-simulator v0.4.0
[INFO] [stderr]   Downloaded tentacle-secio v0.4.0
[INFO] [stderr]   Downloaded json v0.12.4
[INFO] [stderr]   Downloaded ckb-librocksdb-sys v6.7.4
[INFO] [stderr]   Downloaded ckb-system-scripts v0.4.0-alpha.10+witness-args
[INFO] [stderr]   Downloaded ckb-testtool v0.2.2
[INFO] [stderr]   Downloaded blake2b-ref v0.1.0
[INFO] [stderr]   Downloaded ckb-std v0.7.3
[INFO] [stderr]   Downloaded ring v0.16.12
[INFO] running `Command { std: "docker" "create" "-v" "/var/lib/crater-agent-workspace/builds/worker-108/target:/opt/rustwide/target:rw,Z" "-v" "/var/lib/crater-agent-workspace/builds/worker-108/source:/opt/rustwide/workdir:ro,Z" "-v" "/var/lib/crater-agent-workspace/cargo-home:/opt/rustwide/cargo-home:ro,Z" "-v" "/var/lib/crater-agent-workspace/rustup-home:/opt/rustwide/rustup-home:ro,Z" "-e" "SOURCE_DIR=/opt/rustwide/workdir" "-e" "CARGO_TARGET_DIR=/opt/rustwide/target" "-e" "CARGO_HOME=/opt/rustwide/cargo-home" "-e" "RUSTUP_HOME=/opt/rustwide/rustup-home" "-w" "/opt/rustwide/workdir" "-m" "1610612736" "--user" "0:0" "--network" "none" "ghcr.io/rust-lang/crates-build-env/linux@sha256:a89201d6b5b9fd45c15d5952ece0a0129e7e80cb26ec023fd59cf09bc26f1604" "/opt/rustwide/cargo-home/bin/cargo" "+1.55.0" "metadata" "--no-deps" "--format-version=1", kill_on_drop: false }`
[INFO] [stdout] 971fbee8b1eea32078b725739a7da4f968a7648ea2f26b6e8acb0db788a58216
[INFO] running `Command { std: "docker" "start" "-a" "971fbee8b1eea32078b725739a7da4f968a7648ea2f26b6e8acb0db788a58216", kill_on_drop: false }`
[INFO] running `Command { std: "docker" "inspect" "971fbee8b1eea32078b725739a7da4f968a7648ea2f26b6e8acb0db788a58216", kill_on_drop: false }`
[INFO] running `Command { std: "docker" "rm" "-f" "971fbee8b1eea32078b725739a7da4f968a7648ea2f26b6e8acb0db788a58216", kill_on_drop: false }`
[INFO] [stdout] 971fbee8b1eea32078b725739a7da4f968a7648ea2f26b6e8acb0db788a58216
[INFO] running `Command { std: "docker" "create" "-v" "/var/lib/crater-agent-workspace/builds/worker-108/target:/opt/rustwide/target:rw,Z" "-v" "/var/lib/crater-agent-workspace/builds/worker-108/source:/opt/rustwide/workdir:ro,Z" "-v" "/var/lib/crater-agent-workspace/cargo-home:/opt/rustwide/cargo-home:ro,Z" "-v" "/var/lib/crater-agent-workspace/rustup-home:/opt/rustwide/rustup-home:ro,Z" "-e" "SOURCE_DIR=/opt/rustwide/workdir" "-e" "CARGO_TARGET_DIR=/opt/rustwide/target" "-e" "CARGO_INCREMENTAL=0" "-e" "RUST_BACKTRACE=full" "-e" "RUSTFLAGS=--cap-lints=warn" "-e" "CARGO_HOME=/opt/rustwide/cargo-home" "-e" "RUSTUP_HOME=/opt/rustwide/rustup-home" "-w" "/opt/rustwide/workdir" "-m" "1610612736" "--user" "0:0" "--network" "none" "ghcr.io/rust-lang/crates-build-env/linux@sha256:a89201d6b5b9fd45c15d5952ece0a0129e7e80cb26ec023fd59cf09bc26f1604" "/opt/rustwide/cargo-home/bin/cargo" "+1.55.0" "check" "--frozen" "--all" "--all-targets" "--message-format=json", kill_on_drop: false }`
[INFO] [stdout] dd4fc6668b37b716a07dd0299e31aa3f841bdca20a19569a009f0ddc146f75c4
[INFO] running `Command { std: "docker" "start" "-a" "dd4fc6668b37b716a07dd0299e31aa3f841bdca20a19569a009f0ddc146f75c4", kill_on_drop: false }`
[INFO] [stderr]     Blocking waiting for file lock on package cache
[INFO] [stderr]    Compiling serde v1.0.125
[INFO] [stderr]    Compiling either v1.6.1
[INFO] [stderr]    Compiling adler v1.0.2
[INFO] [stderr]    Compiling autocfg v0.1.7
[INFO] [stderr]    Compiling syn v0.15.44
[INFO] [stderr]    Compiling gimli v0.23.0
[INFO] [stderr]    Compiling rustc-demangle v0.1.18
[INFO] [stderr]    Compiling object v0.23.0
[INFO] [stderr]    Compiling faster-hex v0.4.1
[INFO] [stderr]    Compiling heapsize v0.4.2
[INFO] [stderr]    Compiling ppv-lite86 v0.2.10
[INFO] [stderr]    Compiling rand_core v0.4.2
[INFO] [stderr]     Checking futures v0.1.31
[INFO] [stderr]    Compiling same-file v1.0.6
[INFO] [stderr]    Compiling cfg-if v0.1.10
[INFO] [stderr]    Compiling faster-hex v0.3.1
[INFO] [stderr]    Compiling pkg-config v0.3.19
[INFO] [stderr]     Checking bit-vec v0.5.1
[INFO] [stderr]     Checking unicode-xid v0.2.1
[INFO] [stderr]     Checking eaglesong v0.1.0
[INFO] [stderr]    Compiling once_cell v1.7.2
[INFO] [stderr]     Checking stable_deref_trait v1.2.0
[INFO] [stderr]    Compiling glob v0.2.11
[INFO] [stderr]     Checking plain v0.2.3
[INFO] [stderr]    Compiling tentacle-secio v0.4.0
[INFO] [stderr]     Checking unsigned-varint v0.3.3
[INFO] [stderr]     Checking bs58 v0.3.1
[INFO] [stderr]    Compiling wasm-bindgen-shared v0.2.72
[INFO] [stderr]     Checking bytes v1.0.1
[INFO] [stderr]    Compiling convert_case v0.4.0
[INFO] [stderr]     Checking path-clean v0.1.0
[INFO] [stderr]    Compiling byteorder v1.4.3
[INFO] [stderr]     Checking ckb-build-info v0.37.0
[INFO] [stderr]    Compiling bumpalo v3.6.1
[INFO] [stderr]    Compiling ckb-script v0.37.0
[INFO] [stderr]     Checking ckb-vm-definitions v0.19.3
[INFO] [stderr]    Compiling wasm-bindgen v0.2.72
[INFO] [stderr]     Checking base64 v0.13.0
[INFO] [stderr]    Compiling regex-syntax v0.6.23
[INFO] [stderr]     Checking ckb-vm-definitions v0.18.2
[INFO] [stderr]    Compiling ckb-script v0.24.0-pre (https://github.com/nervosnetwork/ckb.git?rev=d75e4c5#d75e4c56)
[INFO] [stderr]     Checking ansi_term v0.12.1
[INFO] [stderr]     Checking buddy-alloc v0.4.1
[INFO] [stderr]     Checking cty v0.2.1
[INFO] [stderr]     Checking ckb-always-success-script v0.0.1
[INFO] [stderr]     Checking data-encoding v2.3.2
[INFO] [stderr]     Checking json v0.12.4
[INFO] [stderr]     Checking blake2b-ref v0.1.0
[INFO] [stderr]     Checking bech32 v0.7.3
[INFO] [stderr]    Compiling libc v0.2.91
[INFO] [stderr]    Compiling serde_derive v1.0.125
[INFO] [stderr]    Compiling log v0.4.14
[INFO] [stderr]    Compiling failure_derive v0.1.8
[INFO] [stderr]     Checking merkle-cbt v0.3.0
[INFO] [stderr]    Compiling num-traits v0.2.14
[INFO] [stderr]    Compiling num-integer v0.1.44
[INFO] [stderr]     Checking merkle-cbt v0.2.2
[INFO] [stderr]    Compiling crossbeam-utils v0.8.3
[INFO] [stderr]     Checking addr2line v0.14.1
[INFO] [stderr]    Compiling phf_shared v0.7.24
[INFO] [stderr]    Compiling maybe-uninit v2.0.0
[INFO] [stderr]     Checking hashbrown v0.9.1
[INFO] [stderr]     Checking futures-channel v0.3.13
[INFO] [stderr]     Checking humantime v1.3.0
[INFO] [stderr]     Checking linked_hash_set v0.1.4
[INFO] [stderr]    Compiling quote v1.0.9
[INFO] [stderr]    Compiling memoffset v0.6.1
[INFO] [stderr]    Compiling miniz_oxide v0.4.4
[INFO] [stderr]     Checking memchr v2.3.4
[INFO] [stderr]    Compiling crc32fast v1.2.1
[INFO] [stderr]     Checking crossbeam-channel v0.3.9
[INFO] [stderr]    Compiling crossbeam-utils v0.7.2
[INFO] [stderr]     Checking unicode-normalization v0.1.17
[INFO] [stderr]    Compiling indexmap v1.6.2
[INFO] [stderr]    Compiling unicase v2.6.0
[INFO] [stderr]    Compiling memoffset v0.5.6
[INFO] [stderr]     Checking httparse v1.3.5
[INFO] [stderr]    Compiling crossbeam-epoch v0.8.2
[INFO] [stderr]     Checking phf v0.7.24
[INFO] [stderr]    Compiling im v12.3.4
[INFO] [stderr]     Checking generic-array v0.12.4
[INFO] [stderr]     Checking sized-chunks v0.1.3
[INFO] [stderr]    Compiling sentry v0.17.0
[INFO] [stderr]    Compiling scroll v0.9.2
[INFO] [stderr]    Compiling sentry v0.16.0
[INFO] [stderr]     Checking generic-array v0.14.4
[INFO] [stderr]    Compiling hyper v0.12.36
[INFO] [stderr]    Compiling crossbeam-utils v0.6.6
[INFO] [stdout] error[E0061]: this function takes 1 argument but 2 arguments were supplied
[INFO] [stdout]     --> /opt/rustwide/cargo-home/registry/src/github.com-1ecc6299db9ec823/blake2b-ref-0.1.0/src/blake2b_ref.rs:88:7
[INFO] [stdout]      |
[INFO] [stdout] 88   |     v.fill(0, n);
[INFO] [stdout]      |       ^^^^ -  - supplied 2 arguments
[INFO] [stdout]      |       |
[INFO] [stdout]      |       expected 1 argument
[INFO] [stdout]      |
[INFO] [stdout] note: associated function defined here
[INFO] [stdout] 
[INFO] [stdout] 
[INFO] [stdout] error[E0061]: this function takes 1 argument but 2 arguments were supplied
[INFO] [stdout]     --> /opt/rustwide/cargo-home/registry/src/github.com-1ecc6299db9ec823/blake2b-ref-0.1.0/src/blake2b_ref.rs:425:10
[INFO] [stdout]      |
[INFO] [stdout] 425  |         .fill(0, ::core::mem::size_of::<[uint8_t; 14]>());
[INFO] [stdout]      |          ^^^^ -  --------------------------------------- supplied 2 arguments
[INFO] [stdout]      |          |
[INFO] [stdout]      |          expected 1 argument
[INFO] [stdout]      |
[INFO] [stdout] note: associated function defined here
[INFO] [stdout] 
[INFO] [stdout] 
[INFO] [stdout] error[E0061]: this function takes 1 argument but 2 arguments were supplied
[INFO] [stdout]     --> /opt/rustwide/cargo-home/registry/src/github.com-1ecc6299db9ec823/blake2b-ref-0.1.0/src/blake2b_ref.rs:428:10
[INFO] [stdout]      |
[INFO] [stdout] 428  |         .fill(0, ::core::mem::size_of::<[uint8_t; 16]>());
[INFO] [stdout]      |          ^^^^ -  --------------------------------------- supplied 2 arguments
[INFO] [stdout]      |          |
[INFO] [stdout]      |          expected 1 argument
[INFO] [stdout]      |
[INFO] [stdout] note: associated function defined here
[INFO] [stdout] 
[INFO] [stdout] 
[INFO] [stdout] error[E0061]: this function takes 1 argument but 2 arguments were supplied
[INFO] [stdout]     --> /opt/rustwide/cargo-home/registry/src/github.com-1ecc6299db9ec823/blake2b-ref-0.1.0/src/blake2b_ref.rs:431:10
[INFO] [stdout]      |
[INFO] [stdout] 431  |         .fill(0, ::core::mem::size_of::<[uint8_t; 16]>());
[INFO] [stdout]      |          ^^^^ -  --------------------------------------- supplied 2 arguments
[INFO] [stdout]      |          |
[INFO] [stdout]      |          expected 1 argument
[INFO] [stdout]      |
[INFO] [stdout] note: associated function defined here
[INFO] [stdout] 
[INFO] [stdout] 
[INFO] [stdout] error[E0061]: this function takes 1 argument but 2 arguments were supplied
[INFO] [stdout]     --> /opt/rustwide/cargo-home/registry/src/github.com-1ecc6299db9ec823/blake2b-ref-0.1.0/src/blake2b_ref.rs:482:10
[INFO] [stdout]      |
[INFO] [stdout] 482  |         .fill(0, ::core::mem::size_of::<[uint8_t; 14]>());
[INFO] [stdout]      |          ^^^^ -  --------------------------------------- supplied 2 arguments
[INFO] [stdout]      |          |
[INFO] [stdout]      |          expected 1 argument
[INFO] [stdout]      |
[INFO] [stdout] note: associated function defined here
[INFO] [stdout] 
[INFO] [stdout] 
[INFO] [stdout] error[E0061]: this function takes 1 argument but 2 arguments were supplied
[INFO] [stdout]     --> /opt/rustwide/cargo-home/registry/src/github.com-1ecc6299db9ec823/blake2b-ref-0.1.0/src/blake2b_ref.rs:485:10
[INFO] [stdout]      |
[INFO] [stdout] 485  |         .fill(0, ::core::mem::size_of::<[uint8_t; 16]>());
[INFO] [stdout]      |          ^^^^ -  --------------------------------------- supplied 2 arguments
[INFO] [stdout]      |          |
[INFO] [stdout]      |          expected 1 argument
[INFO] [stdout]      |
[INFO] [stdout] note: associated function defined here
[INFO] [stdout] 
[INFO] [stdout] 
[INFO] [stdout] error[E0061]: this function takes 1 argument but 2 arguments were supplied
[INFO] [stdout]     --> /opt/rustwide/cargo-home/registry/src/github.com-1ecc6299db9ec823/blake2b-ref-0.1.0/src/blake2b_ref.rs:488:10
[INFO] [stdout]      |
[INFO] [stdout] 488  |         .fill(0, ::core::mem::size_of::<[uint8_t; 16]>());
[INFO] [stdout]      |          ^^^^ -  --------------------------------------- supplied 2 arguments
[INFO] [stdout]      |          |
[INFO] [stdout]      |          expected 1 argument
[INFO] [stdout]      |
[INFO] [stdout] note: associated function defined here
[INFO] [stdout] 
[INFO] [stdout] 
[INFO] [stderr] error: could not compile `futures`
[INFO] [stderr] 
[INFO] [stderr] Caused by:
[INFO] [stderr]   process didn't exit successfully: `rustc --crate-name futures /opt/rustwide/cargo-home/registry/src/github.com-1ecc6299db9ec823/futures-0.1.31/src/lib.rs --error-format=json --json=diagnostic-rendered-ansi --crate-type lib --emit=dep-info,metadata -C embed-bitcode=no -C debuginfo=2 --cfg 'feature="default"' --cfg 'feature="use_std"' --cfg 'feature="with-deprecated"' -C metadata=7b021a5f5b561a4d -C extra-filename=-7b021a5f5b561a4d --out-dir /opt/rustwide/target/debug/deps -L dependency=/opt/rustwide/target/debug/deps --cap-lints allow --cap-lints=warn` (signal: 9, SIGKILL: kill)
[INFO] [stderr] warning: build failed, waiting for other jobs to finish...
[INFO] [stdout] error[E0061]: this function takes 1 argument but 2 arguments were supplied
[INFO] [stdout]     --> /opt/rustwide/cargo-home/registry/src/github.com-1ecc6299db9ec823/blake2b-ref-0.1.0/src/blake2b_ref.rs:3950:38
[INFO] [stdout]      |
[INFO] [stdout] 3950 |     (*S).buf[(*S).buflen as usize..].fill(
[INFO] [stdout]      |                                      ^^^^ expected 1 argument
[INFO] [stdout] 3951 |         0,
[INFO] [stdout]      |         -
[INFO] [stdout] 3952 |         (BLAKE2B_BLOCKBYTES as libc::c_int as libc::c_ulong).wrapping_sub((*S).buflen) as usize,
[INFO] [stdout]      |         --------------------------------------------------------------------------------------- supplied 2 arguments
[INFO] [stdout]      |
[INFO] [stdout] note: associated function defined here
[INFO] [stdout] 
[INFO] [stdout] 
[INFO] [stdout] error: aborting due to 8 previous errors
[INFO] [stdout] 
[INFO] [stdout] 
[INFO] [stdout] For more information about this error, try `rustc --explain E0061`.
[INFO] [stdout] 
[INFO] [stderr] error: build failed
[INFO] running `Command { std: "docker" "inspect" "dd4fc6668b37b716a07dd0299e31aa3f841bdca20a19569a009f0ddc146f75c4", kill_on_drop: false }`
[INFO] running `Command { std: "docker" "rm" "-f" "dd4fc6668b37b716a07dd0299e31aa3f841bdca20a19569a009f0ddc146f75c4", kill_on_drop: false }`
[INFO] [stdout] dd4fc6668b37b716a07dd0299e31aa3f841bdca20a19569a009f0ddc146f75c4
