[INFO] cloning repository https://github.com/xTeKc/solanaEscrow
[INFO] running `Command { std: "git" "-c" "credential.helper=" "-c" "credential.helper=/workspace/cargo-home/bin/git-credential-null" "clone" "--bare" "https://github.com/xTeKc/solanaEscrow" "/workspace/cache/git-repos/https%3A%2F%2Fgithub.com%2FxTeKc%2FsolanaEscrow", kill_on_drop: false }`
[INFO] [stderr] Cloning into bare repository '/workspace/cache/git-repos/https%3A%2F%2Fgithub.com%2FxTeKc%2FsolanaEscrow'...
[INFO] running `Command { std: "git" "rev-parse" "HEAD", kill_on_drop: false }`
[INFO] [stdout] 4d593b272383ef7f1cbec844dc55f62fd3cc16e6
[INFO] checking xTeKc/solanaEscrow against 1.55.0 for beta-1.56-3
[INFO] running `Command { std: "git" "clone" "/workspace/cache/git-repos/https%3A%2F%2Fgithub.com%2FxTeKc%2FsolanaEscrow" "/workspace/builds/worker-61/source", kill_on_drop: false }`
[INFO] [stderr] Cloning into '/workspace/builds/worker-61/source'...
[INFO] [stderr] done.
[INFO] validating manifest of git repo https://github.com/xTeKc/solanaEscrow on toolchain 1.55.0
[INFO] running `Command { std: "/workspace/cargo-home/bin/cargo" "+1.55.0" "metadata" "--manifest-path" "Cargo.toml" "--no-deps", kill_on_drop: false }`
[INFO] started tweaking git repo https://github.com/xTeKc/solanaEscrow
[INFO] finished tweaking git repo https://github.com/xTeKc/solanaEscrow
[INFO] tweaked toml for git repo https://github.com/xTeKc/solanaEscrow written to /workspace/builds/worker-61/source/Cargo.toml
[INFO] crate git repo https://github.com/xTeKc/solanaEscrow already has a lockfile, it will not be regenerated
[INFO] running `Command { std: "/workspace/cargo-home/bin/cargo" "+1.55.0" "fetch" "--manifest-path" "Cargo.toml", kill_on_drop: false }`
[INFO] [stderr]     Blocking waiting for file lock on package cache
[INFO] [stderr]  Downloading crates ...
[INFO] [stderr]   Downloaded borsh-schema-derive-internal v0.9.1
[INFO] [stderr]   Downloaded solana-frozen-abi-macro v1.7.8
[INFO] [stderr]   Downloaded bincode v1.3.3
[INFO] [stderr]   Downloaded borsh-derive-internal v0.9.1
[INFO] [stderr]   Downloaded feature-probe v0.1.1
[INFO] [stderr]   Downloaded hmac v0.8.1
[INFO] [stderr]   Downloaded hmac-drbg v0.3.0
[INFO] [stderr]   Downloaded libsecp256k1-gen-ecmult v0.2.1
[INFO] [stderr]   Downloaded block-padding v0.2.1
[INFO] [stderr]   Downloaded borsh v0.9.1
[INFO] [stderr]   Downloaded blake3 v0.3.8
[INFO] [stderr]   Downloaded zeroize v1.4.1
[INFO] [stderr]   Downloaded curve25519-dalek v2.1.3
[INFO] [stderr]   Downloaded sha3 v0.9.1
[INFO] [stderr]   Downloaded libsecp256k1 v0.5.0
[INFO] [stderr]   Downloaded borsh-derive v0.9.1
[INFO] [stderr]   Downloaded libsecp256k1-core v0.2.2
[INFO] [stderr]   Downloaded libsecp256k1-gen-genmult v0.2.1
[INFO] [stderr]   Downloaded bv v0.11.1
[INFO] [stderr]   Downloaded solana-program v1.7.8
[INFO] [stderr]   Downloaded solana-frozen-abi v1.7.8
[INFO] [stderr]   Downloaded solana-logger v1.7.8
[INFO] [stderr]   Downloaded solana-sdk-macro v1.7.8
[INFO] running `Command { std: "docker" "create" "-v" "/var/lib/crater-agent-workspace/builds/worker-61/target:/opt/rustwide/target:rw,Z" "-v" "/var/lib/crater-agent-workspace/builds/worker-61/source:/opt/rustwide/workdir:ro,Z" "-v" "/var/lib/crater-agent-workspace/cargo-home:/opt/rustwide/cargo-home:ro,Z" "-v" "/var/lib/crater-agent-workspace/rustup-home:/opt/rustwide/rustup-home:ro,Z" "-e" "SOURCE_DIR=/opt/rustwide/workdir" "-e" "CARGO_TARGET_DIR=/opt/rustwide/target" "-e" "CARGO_HOME=/opt/rustwide/cargo-home" "-e" "RUSTUP_HOME=/opt/rustwide/rustup-home" "-w" "/opt/rustwide/workdir" "-m" "1610612736" "--user" "0:0" "--network" "none" "ghcr.io/rust-lang/crates-build-env/linux@sha256:a89201d6b5b9fd45c15d5952ece0a0129e7e80cb26ec023fd59cf09bc26f1604" "/opt/rustwide/cargo-home/bin/cargo" "+1.55.0" "metadata" "--no-deps" "--format-version=1", kill_on_drop: false }`
[INFO] [stdout] 17875b562fdeca5ff3d8f11a3607a6bf9a8d285e97982cd784d8fb1318d87850
[INFO] running `Command { std: "docker" "start" "-a" "17875b562fdeca5ff3d8f11a3607a6bf9a8d285e97982cd784d8fb1318d87850", kill_on_drop: false }`
[INFO] running `Command { std: "docker" "inspect" "17875b562fdeca5ff3d8f11a3607a6bf9a8d285e97982cd784d8fb1318d87850", kill_on_drop: false }`
[INFO] running `Command { std: "docker" "rm" "-f" "17875b562fdeca5ff3d8f11a3607a6bf9a8d285e97982cd784d8fb1318d87850", kill_on_drop: false }`
[INFO] [stdout] 17875b562fdeca5ff3d8f11a3607a6bf9a8d285e97982cd784d8fb1318d87850
[INFO] running `Command { std: "docker" "create" "-v" "/var/lib/crater-agent-workspace/builds/worker-61/target:/opt/rustwide/target:rw,Z" "-v" "/var/lib/crater-agent-workspace/builds/worker-61/source:/opt/rustwide/workdir:ro,Z" "-v" "/var/lib/crater-agent-workspace/cargo-home:/opt/rustwide/cargo-home:ro,Z" "-v" "/var/lib/crater-agent-workspace/rustup-home:/opt/rustwide/rustup-home:ro,Z" "-e" "SOURCE_DIR=/opt/rustwide/workdir" "-e" "CARGO_TARGET_DIR=/opt/rustwide/target" "-e" "CARGO_INCREMENTAL=0" "-e" "RUST_BACKTRACE=full" "-e" "RUSTFLAGS=--cap-lints=warn" "-e" "CARGO_HOME=/opt/rustwide/cargo-home" "-e" "RUSTUP_HOME=/opt/rustwide/rustup-home" "-w" "/opt/rustwide/workdir" "-m" "1610612736" "--user" "0:0" "--network" "none" "ghcr.io/rust-lang/crates-build-env/linux@sha256:a89201d6b5b9fd45c15d5952ece0a0129e7e80cb26ec023fd59cf09bc26f1604" "/opt/rustwide/cargo-home/bin/cargo" "+1.55.0" "check" "--frozen" "--all" "--all-targets" "--message-format=json", kill_on_drop: false }`
[INFO] [stdout] c3f85aafe70999b4977a01315e8d23968c26a1784b26ef9fb351283bccbafbef
[INFO] running `Command { std: "docker" "start" "-a" "c3f85aafe70999b4977a01315e8d23968c26a1784b26ef9fb351283bccbafbef", kill_on_drop: false }`
[INFO] [stderr]    Compiling syn v1.0.74
[INFO] [stderr]    Compiling serde v1.0.126
[INFO] [stderr]    Compiling typenum v1.13.0
[INFO] [stderr]    Compiling crunchy v0.2.2
[INFO] [stderr]    Compiling getrandom v0.1.16
[INFO] [stderr]    Compiling memchr v2.4.0
[INFO] [stderr]     Checking subtle v2.4.1
[INFO] [stderr]     Checking block-padding v0.2.1
[INFO] [stderr]     Checking opaque-debug v0.3.0
[INFO] [stderr]     Checking regex-syntax v0.6.25
[INFO] [stderr]    Compiling feature-probe v0.1.1
[INFO] [stderr]     Checking humantime v2.1.0
[INFO] [stderr]     Checking termcolor v1.1.2
[INFO] [stderr]    Compiling cc v1.0.69
[INFO] [stderr]     Checking cpufeatures v0.1.5
[INFO] [stderr]    Compiling rustversion v1.0.5
[INFO] [stderr]     Checking arrayref v0.3.6
[INFO] [stderr]     Checking zeroize v1.4.1
[INFO] [stderr]     Checking constant_time_eq v0.1.5
[INFO] [stderr]     Checking bs58 v0.3.1
[INFO] [stderr]     Checking base64 v0.12.3
[INFO] [stderr]     Checking keccak v0.1.0
[INFO] [stderr]     Checking arrayvec v0.5.2
[INFO] [stderr]     Checking byteorder v1.4.3
[INFO] [stderr]    Compiling proc-macro2 v1.0.28
[INFO] [stderr]    Compiling generic-array v0.14.4
[INFO] [stderr]    Compiling num-traits v0.2.14
[INFO] [stderr]     Checking hashbrown v0.9.1
[INFO] [stderr]     Checking itertools v0.9.0
[INFO] [stderr]    Compiling rustc_version v0.2.3
[INFO] [stderr]     Checking atty v0.2.14
[INFO] [stderr]     Checking memmap2 v0.1.0
[INFO] [stderr]    Compiling bv v0.11.1
[INFO] [stderr]    Compiling solana-frozen-abi-macro v1.7.8
[INFO] [stderr]    Compiling solana-frozen-abi v1.7.8
[INFO] [stderr]    Compiling solana-program v1.7.8
[INFO] [stderr]    Compiling quote v1.0.9
[INFO] [stderr]     Checking rand_core v0.5.1
[INFO] [stderr]     Checking aho-corasick v0.7.18
[INFO] [stderr]    Compiling blake3 v0.3.8
[INFO] [stderr]     Checking rand_chacha v0.2.2
[INFO] [stderr]     Checking generic-array v0.12.4
[INFO] [stderr]     Checking rand v0.7.3
[INFO] [stderr]     Checking regex v1.5.4
[INFO] [stderr]     Checking digest v0.8.1
[INFO] [stderr]     Checking curve25519-dalek v2.1.3
[INFO] [stderr]     Checking env_logger v0.8.4
[INFO] [stderr]     Checking solana-logger v1.7.8
[INFO] [stderr]    Compiling borsh-schema-derive-internal v0.9.1
[INFO] [stderr]    Compiling borsh-derive-internal v0.9.1
[INFO] [stderr]    Compiling serde_derive v1.0.126
[INFO] [stderr]    Compiling thiserror-impl v1.0.26
[INFO] [stderr]    Compiling solana-sdk-macro v1.7.8
[INFO] [stderr]    Compiling num-derive v0.3.3
[INFO] [stderr]     Checking thiserror v1.0.26
[INFO] [stderr]     Checking serde_bytes v0.11.5
[INFO] [stderr]     Checking bincode v1.3.3
[INFO] [stderr]    Compiling toml v0.5.8
[INFO] [stderr]     Checking digest v0.9.0
[INFO] [stderr]     Checking crypto-mac v0.8.0
[INFO] [stderr]     Checking block-buffer v0.9.0
[INFO] [stderr]     Checking hmac v0.8.1
[INFO] [stderr]     Checking libsecp256k1-core v0.2.2
[INFO] [stderr]     Checking sha2 v0.9.5
[INFO] [stderr]     Checking sha3 v0.9.1
[INFO] [stderr]     Checking hmac-drbg v0.3.0
[INFO] [stderr]    Compiling proc-macro-crate v0.1.5
[INFO] [stderr]    Compiling borsh-derive v0.9.1
[INFO] [stderr]    Compiling libsecp256k1-gen-ecmult v0.2.1
[INFO] [stderr]    Compiling libsecp256k1-gen-genmult v0.2.1
[INFO] [stderr]    Compiling libsecp256k1 v0.5.0
[INFO] [stderr]     Checking borsh v0.9.1
[INFO] [stderr]     Checking solanaEscrow v0.1.0 (/opt/rustwide/workdir)
[INFO] [stdout] error[E0433]: failed to resolve: unresolved import
[INFO] [stdout]  --> src/instruction.rs:6:12
[INFO] [stdout]   |
[INFO] [stdout] 6 | use crate::error::EscrowError::InvalidInstruction;
[INFO] [stdout]   |            ^^^^^
[INFO] [stdout]   |            |
[INFO] [stdout]   |            unresolved import
[INFO] [stdout]   |            help: a similar path exists: `std::error`
[INFO] [stdout] 
[INFO] [stdout] 
[INFO] [stdout] error[E0425]: cannot find value `InvalidInstruction` in this scope
[INFO] [stdout]   --> src/instruction.rs:30:53
[INFO] [stdout]    |
[INFO] [stdout] 30 |         let (tag, rest) = input.split_first().ok_or(InvalidInstruction)?;
[INFO] [stdout]    |                                                     ^^^^^^^^^^^^^^^^^^ not found in this scope
[INFO] [stdout] 
[INFO] [stdout] 
[INFO] [stdout] error[E0425]: cannot find value `InvalidInstruction` in this scope
[INFO] [stdout]   --> src/instruction.rs:36:29
[INFO] [stdout]    |
[INFO] [stdout] 36 |             _ => return Err(InvalidInstruction.into()),
[INFO] [stdout]    |                             ^^^^^^^^^^^^^^^^^^ not found in this scope
[INFO] [stdout] 
[INFO] [stdout] 
[INFO] [stdout] error[E0425]: cannot find value `InvalidInstruction` in this scope
[INFO] [stdout]   --> src/instruction.rs:45:20
[INFO] [stdout]    |
[INFO] [stdout] 45 |             .ok_or(InvalidInstruction)?;
[INFO] [stdout]    |                    ^^^^^^^^^^^^^^^^^^ not found in this scope
[INFO] [stdout] 
[INFO] [stdout] 
[INFO] [stdout] error: aborting due to 4 previous errors
[INFO] [stdout] 
[INFO] [stdout] 
[INFO] [stdout] Some errors have detailed explanations: E0425, E0433.
[INFO] [stdout] 
[INFO] [stdout] For more information about an error, try `rustc --explain E0425`.
[INFO] [stdout] 
[INFO] [stdout] error[E0433]: failed to resolve: unresolved import
[INFO] [stdout]  --> src/instruction.rs:6:12
[INFO] [stdout]   |
[INFO] [stdout] 6 | use crate::error::EscrowError::InvalidInstruction;
[INFO] [stdout]   |            ^^^^^
[INFO] [stdout]   |            |
[INFO] [stdout]   |            unresolved import
[INFO] [stdout]   |            help: a similar path exists: `std::error`
[INFO] [stdout] 
[INFO] [stdout] 
[INFO] [stderr] error: could not compile `solanaEscrow` due to 5 previous errors
[INFO] [stderr] warning: build failed, waiting for other jobs to finish...
[INFO] [stdout] error[E0425]: cannot find value `InvalidInstruction` in this scope
[INFO] [stdout]   --> src/instruction.rs:30:53
[INFO] [stdout]    |
[INFO] [stdout] 30 |         let (tag, rest) = input.split_first().ok_or(InvalidInstruction)?;
[INFO] [stdout]    |                                                     ^^^^^^^^^^^^^^^^^^ not found in this scope
[INFO] [stdout] 
[INFO] [stdout] 
[INFO] [stdout] error[E0425]: cannot find value `InvalidInstruction` in this scope
[INFO] [stdout]   --> src/instruction.rs:36:29
[INFO] [stdout]    |
[INFO] [stdout] 36 |             _ => return Err(InvalidInstruction.into()),
[INFO] [stdout]    |                             ^^^^^^^^^^^^^^^^^^ not found in this scope
[INFO] [stdout] 
[INFO] [stdout] 
[INFO] [stdout] error[E0425]: cannot find value `InvalidInstruction` in this scope
[INFO] [stdout]   --> src/instruction.rs:45:20
[INFO] [stdout]    |
[INFO] [stdout] 45 |             .ok_or(InvalidInstruction)?;
[INFO] [stdout]    |                    ^^^^^^^^^^^^^^^^^^ not found in this scope
[INFO] [stdout] 
[INFO] [stdout] 
[INFO] [stdout] error: aborting due to 4 previous errors
[INFO] [stdout] 
[INFO] [stdout] 
[INFO] [stdout] Some errors have detailed explanations: E0425, E0433.
[INFO] [stdout] 
[INFO] [stdout] For more information about an error, try `rustc --explain E0425`.
[INFO] [stdout] 
[INFO] [stderr] error: build failed
[INFO] running `Command { std: "docker" "inspect" "c3f85aafe70999b4977a01315e8d23968c26a1784b26ef9fb351283bccbafbef", kill_on_drop: false }`
[INFO] running `Command { std: "docker" "rm" "-f" "c3f85aafe70999b4977a01315e8d23968c26a1784b26ef9fb351283bccbafbef", kill_on_drop: false }`
[INFO] [stdout] c3f85aafe70999b4977a01315e8d23968c26a1784b26ef9fb351283bccbafbef
