[INFO] cloning repository https://github.com/wupeaking/pbft_impl_rust
[INFO] running `Command { std: "git" "-c" "credential.helper=" "-c" "credential.helper=/workspace/cargo-home/bin/git-credential-null" "clone" "--bare" "https://github.com/wupeaking/pbft_impl_rust" "/workspace/cache/git-repos/https%3A%2F%2Fgithub.com%2Fwupeaking%2Fpbft_impl_rust", kill_on_drop: false }`
[INFO] [stderr] Cloning into bare repository '/workspace/cache/git-repos/https%3A%2F%2Fgithub.com%2Fwupeaking%2Fpbft_impl_rust'...
[INFO] running `Command { std: "git" "rev-parse" "HEAD", kill_on_drop: false }`
[INFO] [stdout] 2c1f90304407e5208a2dca452713257c659e272c
[INFO] checking wupeaking/pbft_impl_rust against beta-2021-10-15 for beta-1.56-3
[INFO] running `Command { std: "git" "clone" "/workspace/cache/git-repos/https%3A%2F%2Fgithub.com%2Fwupeaking%2Fpbft_impl_rust" "/workspace/builds/worker-10/source", kill_on_drop: false }`
[INFO] [stderr] Cloning into '/workspace/builds/worker-10/source'...
[INFO] [stderr] done.
[INFO] validating manifest of git repo https://github.com/wupeaking/pbft_impl_rust on toolchain beta-2021-10-15
[INFO] running `Command { std: "/workspace/cargo-home/bin/cargo" "+beta-2021-10-15" "metadata" "--manifest-path" "Cargo.toml" "--no-deps", kill_on_drop: false }`
[INFO] started tweaking git repo https://github.com/wupeaking/pbft_impl_rust
[INFO] finished tweaking git repo https://github.com/wupeaking/pbft_impl_rust
[INFO] tweaked toml for git repo https://github.com/wupeaking/pbft_impl_rust written to /workspace/builds/worker-10/source/Cargo.toml
[INFO] crate git repo https://github.com/wupeaking/pbft_impl_rust already has a lockfile, it will not be regenerated
[INFO] running `Command { std: "/workspace/cargo-home/bin/cargo" "+beta-2021-10-15" "fetch" "--manifest-path" "Cargo.toml", kill_on_drop: false }`
[INFO] [stderr]     Blocking waiting for file lock on package cache
[INFO] [stderr]     Blocking waiting for file lock on package cache
[INFO] running `Command { std: "docker" "create" "-v" "/var/lib/crater-agent-workspace/builds/worker-10/target:/opt/rustwide/target:rw,Z" "-v" "/var/lib/crater-agent-workspace/builds/worker-10/source:/opt/rustwide/workdir:ro,Z" "-v" "/var/lib/crater-agent-workspace/cargo-home:/opt/rustwide/cargo-home:ro,Z" "-v" "/var/lib/crater-agent-workspace/rustup-home:/opt/rustwide/rustup-home:ro,Z" "-e" "SOURCE_DIR=/opt/rustwide/workdir" "-e" "CARGO_TARGET_DIR=/opt/rustwide/target" "-e" "CARGO_HOME=/opt/rustwide/cargo-home" "-e" "RUSTUP_HOME=/opt/rustwide/rustup-home" "-w" "/opt/rustwide/workdir" "-m" "1610612736" "--user" "0:0" "--network" "none" "ghcr.io/rust-lang/crates-build-env/linux@sha256:a89201d6b5b9fd45c15d5952ece0a0129e7e80cb26ec023fd59cf09bc26f1604" "/opt/rustwide/cargo-home/bin/cargo" "+beta-2021-10-15" "metadata" "--no-deps" "--format-version=1", kill_on_drop: false }`
[INFO] [stdout] 88b536ca88f6575255ca0c1a8f7ae52031e386f689e321cf769dc4a0bd845b6e
[INFO] running `Command { std: "docker" "start" "-a" "88b536ca88f6575255ca0c1a8f7ae52031e386f689e321cf769dc4a0bd845b6e", kill_on_drop: false }`
[INFO] running `Command { std: "docker" "inspect" "88b536ca88f6575255ca0c1a8f7ae52031e386f689e321cf769dc4a0bd845b6e", kill_on_drop: false }`
[INFO] running `Command { std: "docker" "rm" "-f" "88b536ca88f6575255ca0c1a8f7ae52031e386f689e321cf769dc4a0bd845b6e", kill_on_drop: false }`
[INFO] [stdout] 88b536ca88f6575255ca0c1a8f7ae52031e386f689e321cf769dc4a0bd845b6e
[INFO] running `Command { std: "docker" "create" "-v" "/var/lib/crater-agent-workspace/builds/worker-10/target:/opt/rustwide/target:rw,Z" "-v" "/var/lib/crater-agent-workspace/builds/worker-10/source:/opt/rustwide/workdir:ro,Z" "-v" "/var/lib/crater-agent-workspace/cargo-home:/opt/rustwide/cargo-home:ro,Z" "-v" "/var/lib/crater-agent-workspace/rustup-home:/opt/rustwide/rustup-home:ro,Z" "-e" "SOURCE_DIR=/opt/rustwide/workdir" "-e" "CARGO_TARGET_DIR=/opt/rustwide/target" "-e" "CARGO_INCREMENTAL=0" "-e" "RUST_BACKTRACE=full" "-e" "RUSTFLAGS=--cap-lints=warn" "-e" "CARGO_HOME=/opt/rustwide/cargo-home" "-e" "RUSTUP_HOME=/opt/rustwide/rustup-home" "-w" "/opt/rustwide/workdir" "-m" "1610612736" "--user" "0:0" "--network" "none" "ghcr.io/rust-lang/crates-build-env/linux@sha256:a89201d6b5b9fd45c15d5952ece0a0129e7e80cb26ec023fd59cf09bc26f1604" "/opt/rustwide/cargo-home/bin/cargo" "+beta-2021-10-15" "check" "--frozen" "--all" "--all-targets" "--message-format=json", kill_on_drop: false }`
[INFO] [stdout] 043230e11f7fd612574c83405ad0d871581cf5c5e3660ba2de57101e6d9b1455
[INFO] running `Command { std: "docker" "start" "-a" "043230e11f7fd612574c83405ad0d871581cf5c5e3660ba2de57101e6d9b1455", kill_on_drop: false }`
[INFO] [stderr]     Blocking waiting for file lock on package cache
[INFO] [stderr]     Blocking waiting for file lock on package cache
[INFO] [stderr]    Compiling libc v0.2.101
[INFO] [stderr]    Compiling version_check v0.9.3
[INFO] [stderr]    Compiling memchr v2.4.1
[INFO] [stderr]    Compiling typenum v1.14.0
[INFO] [stderr]    Compiling syn v1.0.76
[INFO] [stderr]     Checking bytes v1.1.0
[INFO] [stderr]     Checking pin-project-lite v0.2.7
[INFO] [stderr]    Compiling cc v1.0.70
[INFO] [stderr]    Compiling futures-core v0.3.17
[INFO] [stderr]     Checking itoa v0.4.8
[INFO] [stderr]    Compiling parking_lot_core v0.8.5
[INFO] [stderr]     Checking futures-sink v0.3.17
[INFO] [stderr]    Compiling futures-task v0.3.17
[INFO] [stderr]    Compiling httparse v1.5.1
[INFO] [stderr]     Checking subtle v2.4.1
[INFO] [stderr]     Checking matches v0.1.9
[INFO] [stderr]     Checking tinyvec_macros v0.1.0
[INFO] [stderr]     Checking opaque-debug v0.3.0
[INFO] [stderr]    Compiling futures-channel v0.3.17
[INFO] [stderr]     Checking cpufeatures v0.2.1
[INFO] [stderr]    Compiling ryu v1.0.5
[INFO] [stderr]    Compiling openssl v0.10.36
[INFO] [stderr]     Checking const-oid v0.6.0
[INFO] [stderr]     Checking unicode-bidi v0.3.6
[INFO] [stderr]     Checking try-lock v0.2.3
[INFO] [stderr]     Checking base64 v0.13.0
[INFO] [stderr]    Compiling native-tls v0.2.8
[INFO] [stderr]     Checking httpdate v1.0.1
[INFO] [stderr]    Compiling serde_json v1.0.67
[INFO] [stderr]     Checking tower-service v0.3.1
[INFO] [stderr]     Checking zeroize v1.4.1
[INFO] [stderr]     Checking openssl-probe v0.1.4
[INFO] [stderr]     Checking utf-8 v0.7.6
[INFO] [stderr]     Checking remove_dir_all v0.5.3
[INFO] [stderr]     Checking safemem v0.3.3
[INFO] [stderr]    Compiling encoding_rs v0.8.28
[INFO] [stderr]     Checking quick-error v1.2.3
[INFO] [stderr]    Compiling protobuf v2.25.1
[INFO] [stderr]     Checking regex-syntax v0.6.25
[INFO] [stderr]     Checking futures-io v0.3.17
[INFO] [stderr]     Checking untrusted v0.7.1
[INFO] [stderr]     Checking spin v0.5.2
[INFO] [stderr]     Checking ipnet v2.3.1
[INFO] [stderr]     Checking humantime v2.1.0
[INFO] [stderr]     Checking instant v0.1.10
[INFO] [stderr]    Compiling proc-macro2 v1.0.29
[INFO] [stderr]    Compiling tokio v1.11.0
[INFO] [stderr]    Compiling futures-util v0.3.17
[INFO] [stderr]    Compiling indexmap v1.7.0
[INFO] [stderr]     Checking tracing-core v0.1.20
[INFO] [stderr]    Compiling getrandom v0.1.16
[INFO] [stderr]    Compiling serde v1.0.130
[INFO] [stderr]     Checking form_urlencoded v1.0.1
[INFO] [stderr]     Checking tinyvec v1.4.0
[INFO] [stderr]     Checking want v0.3.0
[INFO] [stderr]     Checking der v0.4.1
[INFO] [stderr]     Checking http v0.2.4
[INFO] [stderr]     Checking input_buffer v0.4.0
[INFO] [stderr]    Compiling generic-array v0.14.4
[INFO] [stderr]    Compiling unicase v2.6.0
[INFO] [stderr]     Checking tracing v0.1.26
[INFO] [stderr]    Compiling quote v1.0.9
[INFO] [stderr]     Checking spki v0.4.0
[INFO] [stderr]     Checking unicode-normalization v0.1.19
[INFO] [stderr]     Checking buf_redux v0.8.4
[INFO] [stderr]     Checking twoway v0.1.8
[INFO] [stderr]     Checking aho-corasick v0.7.18
[INFO] [stderr]     Checking getrandom v0.2.3
[INFO] [stderr]     Checking num_cpus v1.13.0
[INFO] [stderr]     Checking signal-hook-registry v1.4.0
[INFO] [stderr]     Checking mio v0.7.13
[INFO] [stderr]     Checking socket2 v0.4.1
[INFO] [stderr]     Checking time v0.1.43
[INFO] [stderr]     Checking atty v0.2.14
[INFO] [stderr]    Compiling openssl-sys v0.9.66
[INFO] [stderr]    Compiling ring v0.16.20
[INFO] [stderr]     Checking serde_urlencoded v0.7.0
[INFO] [stderr]     Checking http-body v0.4.3
[INFO] [stderr]     Checking headers-core v0.2.0
[INFO] [stderr]     Checking pkcs8 v0.7.5
[INFO] [stderr]     Checking rand_core v0.6.3
[INFO] [stderr]     Checking rand_core v0.5.1
[INFO] [stderr]     Checking parking_lot v0.11.2
[INFO] [stderr]     Checking futures v0.3.17
[INFO] [stderr]     Checking regex v1.5.4
[INFO] [stderr]    Compiling mime_guess v2.0.3
[INFO] [stderr]     Checking rand_chacha v0.3.1
[INFO] [stderr]     Checking ff v0.10.1
[INFO] [stderr]     Checking rand_chacha v0.2.2
[INFO] [stderr]     Checking group v0.10.0
[INFO] [stderr]     Checking idna v0.2.3
[INFO] [stderr]     Checking rand v0.7.3
[INFO] [stderr]     Checking rand v0.8.4
[INFO] [stderr]     Checking digest v0.9.0
[INFO] [stderr]     Checking block-buffer v0.9.0
[INFO] [stderr]     Checking crypto-bigint v0.2.6
[INFO] [stderr]     Checking crypto-mac v0.11.1
[INFO] [stderr]     Checking sha-1 v0.9.8
[INFO] [stderr]     Checking signature v1.3.1
[INFO] [stderr]     Checking hmac v0.11.0
[INFO] [stderr]     Checking sha2 v0.9.8
[INFO] [stderr]     Checking url v2.2.2
[INFO] [stderr]     Checking env_logger v0.9.0
[INFO] [stderr]     Checking headers v0.3.4
[INFO] [stderr]     Checking elliptic-curve v0.10.6
[INFO] [stderr]     Checking tempfile v3.2.0
[INFO] [stderr]     Checking multipart v0.17.1
[INFO] [stderr]     Checking tungstenite v0.12.0
[INFO] [stderr]     Checking ecdsa v0.12.4
[INFO] [stderr]     Checking p256 v0.9.0
[INFO] [stderr]    Compiling tokio-macros v1.3.0
[INFO] [stderr]    Compiling pin-project-internal v1.0.8
[INFO] [stderr]    Compiling thiserror-impl v1.0.29
[INFO] [stderr]     Checking pin-project v1.0.8
[INFO] [stderr]     Checking thiserror v1.0.29
[INFO] [stderr]     Checking tokio-util v0.6.8
[INFO] [stderr]     Checking tokio-native-tls v0.3.0
[INFO] [stderr]     Checking tokio-stream v0.1.7
[INFO] [stderr]     Checking tokio-tungstenite v0.13.0
[INFO] [stderr]     Checking h2 v0.3.4
[INFO] [stderr]     Checking hyper v0.14.12
[INFO] [stderr]     Checking hyper-tls v0.5.0
[INFO] [stderr]     Checking warp v0.3.1
[INFO] [stderr]     Checking reqwest v0.11.4
[INFO] [stderr]     Checking pbft_impl_rust v0.1.0 (/opt/rustwide/workdir)
[INFO] [stdout] error[E0412]: cannot find type `Employee` in this scope
[INFO] [stdout]   --> src/network/http/http.rs:48:39
[INFO] [stdout]    |
[INFO] [stdout] 48 |             .map(|rate, mut employee: Employee| {
[INFO] [stdout]    |                                       ^^^^^^^^ not found in this scope
[INFO] [stdout] 
[INFO] [stdout] 
[INFO] [stdout] error[E0425]: cannot find value `hello` in this scope
[INFO] [stdout]   --> src/network/http/http.rs:53:21
[INFO] [stdout]    |
[INFO] [stdout] 53 |         warp::serve(hello).run(addr).await;
[INFO] [stdout]    |                     ^^^^^ not found in this scope
[INFO] [stdout] 
[INFO] [stdout] 
[INFO] [stdout] warning: unused import: `ring::error`
[INFO] [stdout]  --> src/error.rs:1:5
[INFO] [stdout]   |
[INFO] [stdout] 1 | use ring::error;
[INFO] [stdout]   |     ^^^^^^^^^^^
[INFO] [stdout]   |
[INFO] [stdout]   = note: `#[warn(unused_imports)]` on by default
[INFO] [stdout] 
[INFO] [stdout] 
[INFO] [stdout] warning: unused imports: `Level`, `debug`, `error`, `info`, `log_enabled`
[INFO] [stdout]  --> src/network/http/http.rs:5:11
[INFO] [stdout]   |
[INFO] [stdout] 5 | use log::{debug, error, info, log_enabled, Level};
[INFO] [stdout]   |           ^^^^^  ^^^^^  ^^^^  ^^^^^^^^^^^  ^^^^^
[INFO] [stdout] 
[INFO] [stdout] 
[INFO] [stdout] error[E0412]: cannot find type `Employee` in this scope
[INFO] [stdout]   --> src/network/http/http.rs:48:39
[INFO] [stdout]    |
[INFO] [stdout] 48 |             .map(|rate, mut employee: Employee| {
[INFO] [stdout]    |                                       ^^^^^^^^ not found in this scope
[INFO] [stdout] 
[INFO] [stdout] 
[INFO] [stdout] error[E0425]: cannot find value `hello` in this scope
[INFO] [stdout]   --> src/network/http/http.rs:53:21
[INFO] [stdout]    |
[INFO] [stdout] 53 |         warp::serve(hello).run(addr).await;
[INFO] [stdout]    |                     ^^^^^ not found in this scope
[INFO] [stdout] 
[INFO] [stdout] 
[INFO] [stdout] warning: unused import: `ring::error`
[INFO] [stdout]  --> src/error.rs:1:5
[INFO] [stdout]   |
[INFO] [stdout] 1 | use ring::error;
[INFO] [stdout]   |     ^^^^^^^^^^^
[INFO] [stdout]   |
[INFO] [stdout]   = note: `#[warn(unused_imports)]` on by default
[INFO] [stdout] 
[INFO] [stdout] 
[INFO] [stdout] warning: unused imports: `Level`, `debug`, `error`, `info`, `log_enabled`
[INFO] [stdout]  --> src/network/http/http.rs:5:11
[INFO] [stdout]   |
[INFO] [stdout] 5 | use log::{debug, error, info, log_enabled, Level};
[INFO] [stdout]   |           ^^^^^  ^^^^^  ^^^^  ^^^^^^^^^^^  ^^^^^
[INFO] [stdout] 
[INFO] [stdout] 
[INFO] [stdout] error: aborting due to 2 previous errors; 2 warnings emitted
[INFO] [stdout] 
[INFO] [stdout] 
[INFO] [stdout] Some errors have detailed explanations: E0412, E0425.
[INFO] [stdout] 
[INFO] [stdout] For more information about an error, try `rustc --explain E0412`.
[INFO] [stdout] 
[INFO] [stderr] error: could not compile `pbft_impl_rust` due to 3 previous errors; 2 warnings emitted
[INFO] [stderr] warning: build failed, waiting for other jobs to finish...
[INFO] [stdout] error: aborting due to 2 previous errors; 2 warnings emitted
[INFO] [stdout] 
[INFO] [stdout] 
[INFO] [stdout] Some errors have detailed explanations: E0412, E0425.
[INFO] [stdout] 
[INFO] [stdout] For more information about an error, try `rustc --explain E0412`.
[INFO] [stdout] 
[INFO] [stderr] error: build failed
[INFO] running `Command { std: "docker" "inspect" "043230e11f7fd612574c83405ad0d871581cf5c5e3660ba2de57101e6d9b1455", kill_on_drop: false }`
[INFO] running `Command { std: "docker" "rm" "-f" "043230e11f7fd612574c83405ad0d871581cf5c5e3660ba2de57101e6d9b1455", kill_on_drop: false }`
[INFO] [stdout] 043230e11f7fd612574c83405ad0d871581cf5c5e3660ba2de57101e6d9b1455
