[INFO] cloning repository https://github.com/winneratwin/cookie-stealer-rust
[INFO] running `Command { std: "git" "-c" "credential.helper=" "-c" "credential.helper=/workspace/cargo-home/bin/git-credential-null" "clone" "--bare" "https://github.com/winneratwin/cookie-stealer-rust" "/workspace/cache/git-repos/https%3A%2F%2Fgithub.com%2Fwinneratwin%2Fcookie-stealer-rust", kill_on_drop: false }`
[INFO] [stderr] Cloning into bare repository '/workspace/cache/git-repos/https%3A%2F%2Fgithub.com%2Fwinneratwin%2Fcookie-stealer-rust'...
[INFO] running `Command { std: "git" "rev-parse" "HEAD", kill_on_drop: false }`
[INFO] [stdout] f8a18810398fbf583eac59d4e52094241b70ae6a
[INFO] checking winneratwin/cookie-stealer-rust against beta-2021-10-15 for beta-1.56-3
[INFO] running `Command { std: "git" "clone" "/workspace/cache/git-repos/https%3A%2F%2Fgithub.com%2Fwinneratwin%2Fcookie-stealer-rust" "/workspace/builds/worker-68/source", kill_on_drop: false }`
[INFO] [stderr] Cloning into '/workspace/builds/worker-68/source'...
[INFO] [stderr] done.
[INFO] validating manifest of git repo https://github.com/winneratwin/cookie-stealer-rust on toolchain beta-2021-10-15
[INFO] running `Command { std: "/workspace/cargo-home/bin/cargo" "+beta-2021-10-15" "metadata" "--manifest-path" "Cargo.toml" "--no-deps", kill_on_drop: false }`
[INFO] started tweaking git repo https://github.com/winneratwin/cookie-stealer-rust
[INFO] finished tweaking git repo https://github.com/winneratwin/cookie-stealer-rust
[INFO] tweaked toml for git repo https://github.com/winneratwin/cookie-stealer-rust written to /workspace/builds/worker-68/source/Cargo.toml
[INFO] crate git repo https://github.com/winneratwin/cookie-stealer-rust already has a lockfile, it will not be regenerated
[INFO] running `Command { std: "/workspace/cargo-home/bin/cargo" "+beta-2021-10-15" "fetch" "--manifest-path" "Cargo.toml", kill_on_drop: false }`
[INFO] [stderr]     Blocking waiting for file lock on package cache
[INFO] running `Command { std: "docker" "create" "-v" "/var/lib/crater-agent-workspace/builds/worker-68/target:/opt/rustwide/target:rw,Z" "-v" "/var/lib/crater-agent-workspace/builds/worker-68/source:/opt/rustwide/workdir:ro,Z" "-v" "/var/lib/crater-agent-workspace/cargo-home:/opt/rustwide/cargo-home:ro,Z" "-v" "/var/lib/crater-agent-workspace/rustup-home:/opt/rustwide/rustup-home:ro,Z" "-e" "SOURCE_DIR=/opt/rustwide/workdir" "-e" "CARGO_TARGET_DIR=/opt/rustwide/target" "-e" "CARGO_HOME=/opt/rustwide/cargo-home" "-e" "RUSTUP_HOME=/opt/rustwide/rustup-home" "-w" "/opt/rustwide/workdir" "-m" "1610612736" "--user" "0:0" "--network" "none" "ghcr.io/rust-lang/crates-build-env/linux@sha256:a89201d6b5b9fd45c15d5952ece0a0129e7e80cb26ec023fd59cf09bc26f1604" "/opt/rustwide/cargo-home/bin/cargo" "+beta-2021-10-15" "metadata" "--no-deps" "--format-version=1", kill_on_drop: false }`
[INFO] [stdout] 77d2804e483b59ae6420d22e6a10a04fbca3784706f4d705aab024b6012a7407
[INFO] running `Command { std: "docker" "start" "-a" "77d2804e483b59ae6420d22e6a10a04fbca3784706f4d705aab024b6012a7407", kill_on_drop: false }`
[INFO] running `Command { std: "docker" "inspect" "77d2804e483b59ae6420d22e6a10a04fbca3784706f4d705aab024b6012a7407", kill_on_drop: false }`
[INFO] running `Command { std: "docker" "rm" "-f" "77d2804e483b59ae6420d22e6a10a04fbca3784706f4d705aab024b6012a7407", kill_on_drop: false }`
[INFO] [stdout] 77d2804e483b59ae6420d22e6a10a04fbca3784706f4d705aab024b6012a7407
[INFO] running `Command { std: "docker" "create" "-v" "/var/lib/crater-agent-workspace/builds/worker-68/target:/opt/rustwide/target:rw,Z" "-v" "/var/lib/crater-agent-workspace/builds/worker-68/source:/opt/rustwide/workdir:ro,Z" "-v" "/var/lib/crater-agent-workspace/cargo-home:/opt/rustwide/cargo-home:ro,Z" "-v" "/var/lib/crater-agent-workspace/rustup-home:/opt/rustwide/rustup-home:ro,Z" "-e" "SOURCE_DIR=/opt/rustwide/workdir" "-e" "CARGO_TARGET_DIR=/opt/rustwide/target" "-e" "CARGO_INCREMENTAL=0" "-e" "RUST_BACKTRACE=full" "-e" "RUSTFLAGS=--cap-lints=warn" "-e" "CARGO_HOME=/opt/rustwide/cargo-home" "-e" "RUSTUP_HOME=/opt/rustwide/rustup-home" "-w" "/opt/rustwide/workdir" "-m" "1610612736" "--user" "0:0" "--network" "none" "ghcr.io/rust-lang/crates-build-env/linux@sha256:a89201d6b5b9fd45c15d5952ece0a0129e7e80cb26ec023fd59cf09bc26f1604" "/opt/rustwide/cargo-home/bin/cargo" "+beta-2021-10-15" "check" "--frozen" "--all" "--all-targets" "--message-format=json", kill_on_drop: false }`
[INFO] [stdout] 28a3baef7f161dc0001c5a3199eff463b3a26014acb6c603672b647d2d14e686
[INFO] running `Command { std: "docker" "start" "-a" "28a3baef7f161dc0001c5a3199eff463b3a26014acb6c603672b647d2d14e686", kill_on_drop: false }`
[INFO] [stderr]     Blocking waiting for file lock on package cache
[INFO] [stderr]    Compiling libc v0.2.86
[INFO] [stderr]    Compiling proc-macro2 v1.0.24
[INFO] [stderr]    Compiling cc v1.0.67
[INFO] [stderr]    Compiling syn v1.0.60
[INFO] [stderr]     Checking opaque-debug v0.3.0
[INFO] [stderr]    Compiling pkg-config v0.3.19
[INFO] [stderr]    Compiling serde_derive v1.0.123
[INFO] [stderr]     Checking subtle v2.4.0
[INFO] [stderr]     Checking cpuid-bool v0.2.0
[INFO] [stderr]    Compiling serde v1.0.123
[INFO] [stderr]    Compiling winapi v0.3.9
[INFO] [stderr]     Checking cfg-if v1.0.0
[INFO] [stderr]    Compiling serde_json v1.0.62
[INFO] [stderr]     Checking itoa v0.4.7
[INFO] [stderr]     Checking base64 v0.13.0
[INFO] [stderr]    Compiling generic-array v0.14.4
[INFO] [stderr]    Compiling sqlite3-src v0.2.12
[INFO] [stderr]     Checking cipher v0.2.5
[INFO] [stderr]     Checking universal-hash v0.4.0
[INFO] [stderr]     Checking aead v0.3.2
[INFO] [stderr]     Checking polyval v0.4.5
[INFO] [stderr]     Checking aes-soft v0.6.4
[INFO] [stderr]     Checking ctr v0.6.0
[INFO] [stderr]    Compiling quote v1.0.9
[INFO] [stderr]     Checking dirs-sys-next v0.1.2
[INFO] [stderr]     Checking ghash v0.3.1
[INFO] [stderr]     Checking dirs-next v1.0.2
[INFO] [stderr]     Checking aes v0.6.0
[INFO] [stderr]     Checking sqlite3-sys v0.12.0
[INFO] [stderr]     Checking platform-dirs v0.3.0
[INFO] [stderr]     Checking aes-gcm v0.8.0
[INFO] [stderr]     Checking sqlite v0.25.3
[INFO] [stderr]     Checking cookie-stealer v0.1.0 (/opt/rustwide/workdir)
[INFO] [stdout] error[E0433]: failed to resolve: could not find `um` in `winapi`
[INFO] [stdout]   --> src/main.rs:10:13
[INFO] [stdout]    |
[INFO] [stdout] 10 | use winapi::um::dpapi::CryptUnprotectData;
[INFO] [stdout]    |             ^^ could not find `um` in `winapi`
[INFO] [stdout] 
[INFO] [stdout] 
[INFO] [stdout] error[E0433]: failed to resolve: could not find `um` in `winapi`
[INFO] [stdout]   --> src/main.rs:11:13
[INFO] [stdout]    |
[INFO] [stdout] 11 | use winapi::um::wincrypt::CRYPTOAPI_BLOB;
[INFO] [stdout]    |             ^^ could not find `um` in `winapi`
[INFO] [stdout] 
[INFO] [stdout] 
[INFO] [stdout] error[E0433]: failed to resolve: use of undeclared type `CRYPTOAPI_BLOB`
[INFO] [stdout]   --> src/main.rs:66:30
[INFO] [stdout]    |
[INFO] [stdout] 66 |     let mut p_password_out = CRYPTOAPI_BLOB::default();
[INFO] [stdout]    |                              ^^^^^^^^^^^^^^ use of undeclared type `CRYPTOAPI_BLOB`
[INFO] [stdout] 
[INFO] [stdout] 
[INFO] [stdout] error[E0422]: cannot find struct, variant or union type `CRYPTOAPI_BLOB` in this scope
[INFO] [stdout]   --> src/main.rs:62:29
[INFO] [stdout]    |
[INFO] [stdout] 62 |     let mut p_password_in = CRYPTOAPI_BLOB {
[INFO] [stdout]    |                             ^^^^^^^^^^^^^^ not found in this scope
[INFO] [stdout] 
[INFO] [stdout] 
[INFO] [stdout] error[E0425]: cannot find function, tuple struct or tuple variant `CryptUnprotectData` in this scope
[INFO] [stdout]   --> src/main.rs:71:22
[INFO] [stdout]    |
[INFO] [stdout] 71 |         let result = CryptUnprotectData(
[INFO] [stdout]    |                      ^^^^^^^^^^^^^^^^^^ not found in this scope
[INFO] [stdout] 
[INFO] [stdout] 
[INFO] [stdout] error[E0433]: failed to resolve: could not find `um` in `winapi`
[INFO] [stdout]   --> src/main.rs:10:13
[INFO] [stdout]    |
[INFO] [stdout] 10 | use winapi::um::dpapi::CryptUnprotectData;
[INFO] [stdout]    |             ^^ could not find `um` in `winapi`
[INFO] [stdout] 
[INFO] [stdout] 
[INFO] [stdout] error[E0433]: failed to resolve: could not find `um` in `winapi`
[INFO] [stdout]   --> src/main.rs:11:13
[INFO] [stdout]    |
[INFO] [stdout] 11 | use winapi::um::wincrypt::CRYPTOAPI_BLOB;
[INFO] [stdout]    |             ^^ could not find `um` in `winapi`
[INFO] [stdout] 
[INFO] [stdout] 
[INFO] [stdout] error: aborting due to 5 previous errors
[INFO] [stdout] 
[INFO] [stdout] 
[INFO] [stdout] Some errors have detailed explanations: E0422, E0425, E0433.
[INFO] [stdout] 
[INFO] [stdout] For more information about an error, try `rustc --explain E0422`.
[INFO] [stdout] 
[INFO] [stdout] error[E0433]: failed to resolve: use of undeclared type `CRYPTOAPI_BLOB`
[INFO] [stdout]   --> src/main.rs:66:30
[INFO] [stdout]    |
[INFO] [stdout] 66 |     let mut p_password_out = CRYPTOAPI_BLOB::default();
[INFO] [stdout]    |                              ^^^^^^^^^^^^^^ use of undeclared type `CRYPTOAPI_BLOB`
[INFO] [stdout] 
[INFO] [stdout] 
[INFO] [stdout] error[E0422]: cannot find struct, variant or union type `CRYPTOAPI_BLOB` in this scope
[INFO] [stdout]   --> src/main.rs:62:29
[INFO] [stdout]    |
[INFO] [stdout] 62 |     let mut p_password_in = CRYPTOAPI_BLOB {
[INFO] [stdout]    |                             ^^^^^^^^^^^^^^ not found in this scope
[INFO] [stdout] 
[INFO] [stdout] 
[INFO] [stdout] error[E0425]: cannot find function, tuple struct or tuple variant `CryptUnprotectData` in this scope
[INFO] [stdout]   --> src/main.rs:71:22
[INFO] [stdout]    |
[INFO] [stdout] 71 |         let result = CryptUnprotectData(
[INFO] [stdout]    |                      ^^^^^^^^^^^^^^^^^^ not found in this scope
[INFO] [stdout] 
[INFO] [stdout] 
[INFO] [stderr] error: could not compile `cookie-stealer` due to 6 previous errors
[INFO] [stderr] warning: build failed, waiting for other jobs to finish...
[INFO] [stdout] error: aborting due to 5 previous errors
[INFO] [stdout] 
[INFO] [stdout] 
[INFO] [stdout] Some errors have detailed explanations: E0422, E0425, E0433.
[INFO] [stdout] 
[INFO] [stdout] For more information about an error, try `rustc --explain E0422`.
[INFO] [stdout] 
[INFO] [stderr] error: build failed
[INFO] running `Command { std: "docker" "inspect" "28a3baef7f161dc0001c5a3199eff463b3a26014acb6c603672b647d2d14e686", kill_on_drop: false }`
[INFO] running `Command { std: "docker" "rm" "-f" "28a3baef7f161dc0001c5a3199eff463b3a26014acb6c603672b647d2d14e686", kill_on_drop: false }`
[INFO] [stdout] 28a3baef7f161dc0001c5a3199eff463b3a26014acb6c603672b647d2d14e686
