[INFO] cloning repository https://github.com/willox/peloader-rs
[INFO] running `Command { std: "git" "-c" "credential.helper=" "-c" "credential.helper=/workspace/cargo-home/bin/git-credential-null" "clone" "--bare" "https://github.com/willox/peloader-rs" "/workspace/cache/git-repos/https%3A%2F%2Fgithub.com%2Fwillox%2Fpeloader-rs", kill_on_drop: false }`
[INFO] [stderr] Cloning into bare repository '/workspace/cache/git-repos/https%3A%2F%2Fgithub.com%2Fwillox%2Fpeloader-rs'...
[INFO] running `Command { std: "git" "rev-parse" "HEAD", kill_on_drop: false }`
[INFO] [stdout] 535699384abcd5b782426a3c79549cc573f9ffff
[INFO] checking willox/peloader-rs against 1.55.0 for beta-1.56-3
[INFO] running `Command { std: "git" "clone" "/workspace/cache/git-repos/https%3A%2F%2Fgithub.com%2Fwillox%2Fpeloader-rs" "/workspace/builds/worker-12/source", kill_on_drop: false }`
[INFO] [stderr] Cloning into '/workspace/builds/worker-12/source'...
[INFO] [stderr] done.
[INFO] validating manifest of git repo https://github.com/willox/peloader-rs on toolchain 1.55.0
[INFO] running `Command { std: "/workspace/cargo-home/bin/cargo" "+1.55.0" "metadata" "--manifest-path" "Cargo.toml" "--no-deps", kill_on_drop: false }`
[INFO] started tweaking git repo https://github.com/willox/peloader-rs
[INFO] finished tweaking git repo https://github.com/willox/peloader-rs
[INFO] tweaked toml for git repo https://github.com/willox/peloader-rs written to /workspace/builds/worker-12/source/Cargo.toml
[INFO] crate git repo https://github.com/willox/peloader-rs already has a lockfile, it will not be regenerated
[INFO] running `Command { std: "/workspace/cargo-home/bin/cargo" "+1.55.0" "fetch" "--manifest-path" "Cargo.toml", kill_on_drop: false }`
[INFO] running `Command { std: "docker" "create" "-v" "/var/lib/crater-agent-workspace/builds/worker-12/target:/opt/rustwide/target:rw,Z" "-v" "/var/lib/crater-agent-workspace/builds/worker-12/source:/opt/rustwide/workdir:ro,Z" "-v" "/var/lib/crater-agent-workspace/cargo-home:/opt/rustwide/cargo-home:ro,Z" "-v" "/var/lib/crater-agent-workspace/rustup-home:/opt/rustwide/rustup-home:ro,Z" "-e" "SOURCE_DIR=/opt/rustwide/workdir" "-e" "CARGO_TARGET_DIR=/opt/rustwide/target" "-e" "CARGO_HOME=/opt/rustwide/cargo-home" "-e" "RUSTUP_HOME=/opt/rustwide/rustup-home" "-w" "/opt/rustwide/workdir" "-m" "1610612736" "--user" "0:0" "--network" "none" "ghcr.io/rust-lang/crates-build-env/linux@sha256:a89201d6b5b9fd45c15d5952ece0a0129e7e80cb26ec023fd59cf09bc26f1604" "/opt/rustwide/cargo-home/bin/cargo" "+1.55.0" "metadata" "--no-deps" "--format-version=1", kill_on_drop: false }`
[INFO] [stdout] 1aaff39295d786cebb2f487ffb27d18a45864561fe32cf3bcb39812fb55f052f
[INFO] running `Command { std: "docker" "start" "-a" "1aaff39295d786cebb2f487ffb27d18a45864561fe32cf3bcb39812fb55f052f", kill_on_drop: false }`
[INFO] running `Command { std: "docker" "inspect" "1aaff39295d786cebb2f487ffb27d18a45864561fe32cf3bcb39812fb55f052f", kill_on_drop: false }`
[INFO] running `Command { std: "docker" "rm" "-f" "1aaff39295d786cebb2f487ffb27d18a45864561fe32cf3bcb39812fb55f052f", kill_on_drop: false }`
[INFO] [stdout] 1aaff39295d786cebb2f487ffb27d18a45864561fe32cf3bcb39812fb55f052f
[INFO] running `Command { std: "docker" "create" "-v" "/var/lib/crater-agent-workspace/builds/worker-12/target:/opt/rustwide/target:rw,Z" "-v" "/var/lib/crater-agent-workspace/builds/worker-12/source:/opt/rustwide/workdir:ro,Z" "-v" "/var/lib/crater-agent-workspace/cargo-home:/opt/rustwide/cargo-home:ro,Z" "-v" "/var/lib/crater-agent-workspace/rustup-home:/opt/rustwide/rustup-home:ro,Z" "-e" "SOURCE_DIR=/opt/rustwide/workdir" "-e" "CARGO_TARGET_DIR=/opt/rustwide/target" "-e" "CARGO_INCREMENTAL=0" "-e" "RUST_BACKTRACE=full" "-e" "RUSTFLAGS=--cap-lints=warn" "-e" "CARGO_HOME=/opt/rustwide/cargo-home" "-e" "RUSTUP_HOME=/opt/rustwide/rustup-home" "-w" "/opt/rustwide/workdir" "-m" "1610612736" "--user" "0:0" "--network" "none" "ghcr.io/rust-lang/crates-build-env/linux@sha256:a89201d6b5b9fd45c15d5952ece0a0129e7e80cb26ec023fd59cf09bc26f1604" "/opt/rustwide/cargo-home/bin/cargo" "+1.55.0" "check" "--frozen" "--all" "--all-targets" "--message-format=json", kill_on_drop: false }`
[INFO] [stdout] 15c969321d763548b23fdd0c43a892163cf53d9acb45539804bae5b79d331d4c
[INFO] running `Command { std: "docker" "start" "-a" "15c969321d763548b23fdd0c43a892163cf53d9acb45539804bae5b79d331d4c", kill_on_drop: false }`
[INFO] [stderr]     Blocking waiting for file lock on package cache
[INFO] [stderr]    Compiling proc-macro2 v1.0.26
[INFO] [stderr]    Compiling syn v1.0.68
[INFO] [stderr]    Compiling libc v0.2.93
[INFO] [stderr]    Compiling squote v0.1.2
[INFO] [stderr]    Compiling crunchy v0.2.2
[INFO] [stderr]    Compiling tiny-keccak v2.0.2
[INFO] [stderr]    Compiling getrandom v0.2.2
[INFO] [stderr]    Compiling cc v1.0.67
[INFO] [stderr]    Compiling cfg-if v1.0.0
[INFO] [stderr]     Checking unicode-xid v0.2.1
[INFO] [stderr]    Compiling typenum v1.13.0
[INFO] [stderr]    Compiling lazy_static v1.4.0
[INFO] [stderr]    Compiling inventory v0.1.10
[INFO] [stderr]    Compiling const-sha1 v0.2.0
[INFO] [stderr]     Checking slice-pool v0.4.1
[INFO] [stderr]    Compiling hex v0.4.3
[INFO] [stderr]    Compiling derive_pod v0.1.0
[INFO] [stderr]     Checking once_cell v1.7.2
[INFO] [stderr]     Checking no-std-compat v0.4.1
[INFO] [stderr]    Compiling pelite-macros v0.1.1
[INFO] [stderr]    Compiling proc-macro-hack v0.5.19
[INFO] [stderr]    Compiling bitflags v1.2.1
[INFO] [stderr]     Checking dataview v0.1.1
[INFO] [stderr]     Checking generic-array v0.13.3
[INFO] [stderr]    Compiling libudis86-sys v0.2.1
[INFO] [stderr]    Compiling auxtools v0.1.0 (https://github.com/willox/auxtools#63043f58)
[INFO] [stderr]    Compiling quote v1.0.9
[INFO] [stderr]     Checking mmap-fixed v0.1.5
[INFO] [stderr]     Checking num_cpus v1.13.0
[INFO] [stderr]     Checking region v2.2.0
[INFO] [stderr]     Checking pelite v0.9.0
[INFO] [stderr]    Compiling const-random-macro v0.1.13
[INFO] [stderr]     Checking const-random v0.1.13
[INFO] [stderr]     Checking ahash v0.3.8
[INFO] [stderr]     Checking detour v0.7.1
[INFO] [stderr]     Checking dashmap v3.11.10
[INFO] [stderr]     Checking windows_gen v0.7.0
[INFO] [stderr]    Compiling ghost v0.1.2
[INFO] [stderr]    Compiling inventory-impl v0.1.10
[INFO] [stderr]    Compiling ctor v0.1.20
[INFO] [stderr]    Compiling auxtools-impl v0.1.0 (https://github.com/willox/auxtools#63043f58)
[INFO] [stdout] error[E0308]: mismatched types
[INFO] [stdout]   --> /opt/rustwide/cargo-home/git/checkouts/auxtools-4b5993c84b29485c/63043f5/auxtools/src/sigscan/linux.rs:30:39
[INFO] [stdout]    |
[INFO] [stdout] 30 |         unsafe { std::slice::from_raw_parts(info.dlpi_phdr, info.dlpi_phnum as usize) };
[INFO] [stdout]    |                                             ^^^^^^^^^^^^^^ expected struct `Elf32_Phdr`, found struct `Elf64_Phdr`
[INFO] [stdout]    |
[INFO] [stdout]    = note: expected raw pointer `*const Elf32_Phdr`
[INFO] [stdout]               found raw pointer `*const Elf64_Phdr`
[INFO] [stdout] 
[INFO] [stdout] 
[INFO] [stdout] error[E0308]: mismatched types
[INFO] [stdout]   --> /opt/rustwide/cargo-home/git/checkouts/auxtools-4b5993c84b29485c/63043f5/auxtools/src/sigscan/linux.rs:37:32
[INFO] [stdout]    |
[INFO] [stdout] 37 |     let start = (info.dlpi_addr + elf_header.p_vaddr) as usize;
[INFO] [stdout]    |                                   ^^^^^^^^^^^^^^^^^^ expected `u64`, found `u32`
[INFO] [stdout] 
[INFO] [stdout] 
[INFO] [stdout] error[E0277]: cannot add `u32` to `u64`
[INFO] [stdout]   --> /opt/rustwide/cargo-home/git/checkouts/auxtools-4b5993c84b29485c/63043f5/auxtools/src/sigscan/linux.rs:37:30
[INFO] [stdout]    |
[INFO] [stdout] 37 |     let start = (info.dlpi_addr + elf_header.p_vaddr) as usize;
[INFO] [stdout]    |                                 ^ no implementation for `u64 + u32`
[INFO] [stdout]    |
[INFO] [stdout]    = help: the trait `Add<u32>` is not implemented for `u64`
[INFO] [stdout] 
[INFO] [stdout] 
[INFO] [stdout] error: aborting due to 3 previous errors
[INFO] [stdout] 
[INFO] [stdout] 
[INFO] [stdout] Some errors have detailed explanations: E0277, E0308.
[INFO] [stdout] 
[INFO] [stdout] For more information about an error, try `rustc --explain E0277`.
[INFO] [stdout] 
[INFO] [stderr] error: could not compile `auxtools` due to 4 previous errors
[INFO] [stderr] warning: build failed, waiting for other jobs to finish...
[INFO] [stderr] error: build failed
[INFO] running `Command { std: "docker" "inspect" "15c969321d763548b23fdd0c43a892163cf53d9acb45539804bae5b79d331d4c", kill_on_drop: false }`
[INFO] running `Command { std: "docker" "rm" "-f" "15c969321d763548b23fdd0c43a892163cf53d9acb45539804bae5b79d331d4c", kill_on_drop: false }`
[INFO] [stdout] 15c969321d763548b23fdd0c43a892163cf53d9acb45539804bae5b79d331d4c
