[INFO] cloning repository https://github.com/wilem82/exewrapper
[INFO] running `Command { std: "git" "-c" "credential.helper=" "-c" "credential.helper=/workspace/cargo-home/bin/git-credential-null" "clone" "--bare" "https://github.com/wilem82/exewrapper" "/workspace/cache/git-repos/https%3A%2F%2Fgithub.com%2Fwilem82%2Fexewrapper", kill_on_drop: false }`
[INFO] [stderr] Cloning into bare repository '/workspace/cache/git-repos/https%3A%2F%2Fgithub.com%2Fwilem82%2Fexewrapper'...
[INFO] running `Command { std: "git" "rev-parse" "HEAD", kill_on_drop: false }`
[INFO] [stdout] 4ca97e042b8e77b425b71d642a1725083290dc2f
[INFO] checking wilem82/exewrapper against beta-2021-10-15 for beta-1.56-3
[INFO] running `Command { std: "git" "clone" "/workspace/cache/git-repos/https%3A%2F%2Fgithub.com%2Fwilem82%2Fexewrapper" "/workspace/builds/worker-35/source", kill_on_drop: false }`
[INFO] [stderr] Cloning into '/workspace/builds/worker-35/source'...
[INFO] [stderr] done.
[INFO] validating manifest of git repo https://github.com/wilem82/exewrapper on toolchain beta-2021-10-15
[INFO] running `Command { std: "/workspace/cargo-home/bin/cargo" "+beta-2021-10-15" "metadata" "--manifest-path" "Cargo.toml" "--no-deps", kill_on_drop: false }`
[INFO] started tweaking git repo https://github.com/wilem82/exewrapper
[INFO] finished tweaking git repo https://github.com/wilem82/exewrapper
[INFO] tweaked toml for git repo https://github.com/wilem82/exewrapper written to /workspace/builds/worker-35/source/Cargo.toml
[INFO] crate git repo https://github.com/wilem82/exewrapper already has a lockfile, it will not be regenerated
[INFO] running `Command { std: "/workspace/cargo-home/bin/cargo" "+beta-2021-10-15" "fetch" "--manifest-path" "Cargo.toml", kill_on_drop: false }`
[INFO] [stderr]     Blocking waiting for file lock on package cache
[INFO] running `Command { std: "docker" "create" "-v" "/var/lib/crater-agent-workspace/builds/worker-35/target:/opt/rustwide/target:rw,Z" "-v" "/var/lib/crater-agent-workspace/builds/worker-35/source:/opt/rustwide/workdir:ro,Z" "-v" "/var/lib/crater-agent-workspace/cargo-home:/opt/rustwide/cargo-home:ro,Z" "-v" "/var/lib/crater-agent-workspace/rustup-home:/opt/rustwide/rustup-home:ro,Z" "-e" "SOURCE_DIR=/opt/rustwide/workdir" "-e" "CARGO_TARGET_DIR=/opt/rustwide/target" "-e" "CARGO_HOME=/opt/rustwide/cargo-home" "-e" "RUSTUP_HOME=/opt/rustwide/rustup-home" "-w" "/opt/rustwide/workdir" "-m" "1610612736" "--user" "0:0" "--network" "none" "ghcr.io/rust-lang/crates-build-env/linux@sha256:a89201d6b5b9fd45c15d5952ece0a0129e7e80cb26ec023fd59cf09bc26f1604" "/opt/rustwide/cargo-home/bin/cargo" "+beta-2021-10-15" "metadata" "--no-deps" "--format-version=1", kill_on_drop: false }`
[INFO] [stdout] 96bf12a09147653266910b686a19db5b295113c8d408a7d6be9294602ccd3b05
[INFO] running `Command { std: "docker" "start" "-a" "96bf12a09147653266910b686a19db5b295113c8d408a7d6be9294602ccd3b05", kill_on_drop: false }`
[INFO] running `Command { std: "docker" "inspect" "96bf12a09147653266910b686a19db5b295113c8d408a7d6be9294602ccd3b05", kill_on_drop: false }`
[INFO] running `Command { std: "docker" "rm" "-f" "96bf12a09147653266910b686a19db5b295113c8d408a7d6be9294602ccd3b05", kill_on_drop: false }`
[INFO] [stdout] 96bf12a09147653266910b686a19db5b295113c8d408a7d6be9294602ccd3b05
[INFO] running `Command { std: "docker" "create" "-v" "/var/lib/crater-agent-workspace/builds/worker-35/target:/opt/rustwide/target:rw,Z" "-v" "/var/lib/crater-agent-workspace/builds/worker-35/source:/opt/rustwide/workdir:ro,Z" "-v" "/var/lib/crater-agent-workspace/cargo-home:/opt/rustwide/cargo-home:ro,Z" "-v" "/var/lib/crater-agent-workspace/rustup-home:/opt/rustwide/rustup-home:ro,Z" "-e" "SOURCE_DIR=/opt/rustwide/workdir" "-e" "CARGO_TARGET_DIR=/opt/rustwide/target" "-e" "CARGO_INCREMENTAL=0" "-e" "RUST_BACKTRACE=full" "-e" "RUSTFLAGS=--cap-lints=warn" "-e" "CARGO_HOME=/opt/rustwide/cargo-home" "-e" "RUSTUP_HOME=/opt/rustwide/rustup-home" "-w" "/opt/rustwide/workdir" "-m" "1610612736" "--user" "0:0" "--network" "none" "ghcr.io/rust-lang/crates-build-env/linux@sha256:a89201d6b5b9fd45c15d5952ece0a0129e7e80cb26ec023fd59cf09bc26f1604" "/opt/rustwide/cargo-home/bin/cargo" "+beta-2021-10-15" "check" "--frozen" "--all" "--all-targets" "--message-format=json", kill_on_drop: false }`
[INFO] [stdout] 5276691b75e9debcbd51ecd45a2a32da5271987c18e4233475eb1fad535f027c
[INFO] running `Command { std: "docker" "start" "-a" "5276691b75e9debcbd51ecd45a2a32da5271987c18e4233475eb1fad535f027c", kill_on_drop: false }`
[INFO] [stderr]    Compiling proc-macro2 v1.0.8
[INFO] [stderr]    Compiling syn v1.0.14
[INFO] [stderr]    Compiling serde v1.0.104
[INFO] [stderr]    Compiling winapi v0.3.8
[INFO] [stderr]     Checking either v1.5.3
[INFO] [stderr]     Checking itertools v0.8.2
[INFO] [stderr]    Compiling quote v1.0.2
[INFO] [stderr]    Compiling serde_derive v1.0.104
[INFO] [stderr]     Checking toml v0.5.6
[INFO] [stderr]     Checking exewrapper v0.1.0 (/opt/rustwide/workdir)
[INFO] [stdout] error[E0433]: failed to resolve: could not find `windows` in `os`
[INFO] [stdout]   --> src/main.rs:69:18
[INFO] [stdout]    |
[INFO] [stdout] 69 |     use std::os::windows::ffi::OsStringExt;
[INFO] [stdout]    |                  ^^^^^^^ could not find `windows` in `os`
[INFO] [stdout] 
[INFO] [stdout] 
[INFO] [stdout] error[E0433]: failed to resolve: could not find `windows` in `os`
[INFO] [stdout]   --> src/main.rs:69:18
[INFO] [stdout]    |
[INFO] [stdout] 69 |     use std::os::windows::ffi::OsStringExt;
[INFO] [stdout]    |                  ^^^^^^^ could not find `windows` in `os`
[INFO] [stdout] 
[INFO] [stdout] 
[INFO] [stdout] error[E0433]: failed to resolve: could not find `um` in `winapi`
[INFO] [stdout]   --> src/main.rs:74:40
[INFO] [stdout]    |
[INFO] [stdout] 74 |     let lp_cmd_line = unsafe { winapi::um::processenv::GetCommandLineW() as *const u16 };
[INFO] [stdout]    |                                        ^^ could not find `um` in `winapi`
[INFO] [stdout] 
[INFO] [stdout] 
[INFO] [stdout] error[E0433]: failed to resolve: could not find `um` in `winapi`
[INFO] [stdout]   --> src/main.rs:74:40
[INFO] [stdout]    |
[INFO] [stdout] 74 |     let lp_cmd_line = unsafe { winapi::um::processenv::GetCommandLineW() as *const u16 };
[INFO] [stdout]    |                                        ^^ could not find `um` in `winapi`
[INFO] [stdout] 
[INFO] [stdout] 
[INFO] [stdout] error[E0599]: no function or associated item named `from_wide` found for struct `OsString` in the current scope
[INFO] [stdout]   --> src/main.rs:93:54
[INFO] [stdout]    |
[INFO] [stdout] 93 |                     ret_val.push(std::ffi::OsString::from_wide(exe).into_string().unwrap());
[INFO] [stdout]    |                                                      ^^^^^^^^^ function or associated item not found in `OsString`
[INFO] [stdout] 
[INFO] [stdout] 
[INFO] [stdout] error[E0599]: no function or associated item named `from_wide` found for struct `OsString` in the current scope
[INFO] [stdout]    --> src/main.rs:111:54
[INFO] [stdout]     |
[INFO] [stdout] 111 |                     ret_val.push(std::ffi::OsString::from_wide(exe).into_string().unwrap());
[INFO] [stdout]     |                                                      ^^^^^^^^^ function or associated item not found in `OsString`
[INFO] [stdout] 
[INFO] [stdout] 
[INFO] [stdout] error[E0599]: no function or associated item named `from_wide` found for struct `OsString` in the current scope
[INFO] [stdout]    --> src/main.rs:123:38
[INFO] [stdout]     |
[INFO] [stdout] 123 |     ret_val.push(std::ffi::OsString::from_wide(cmd_line).into_string().unwrap());
[INFO] [stdout]     |                                      ^^^^^^^^^ function or associated item not found in `OsString`
[INFO] [stdout] 
[INFO] [stdout] 
[INFO] [stdout] error: aborting due to 5 previous errors
[INFO] [stdout] 
[INFO] [stdout] 
[INFO] [stdout] Some errors have detailed explanations: E0433, E0599.
[INFO] [stdout] 
[INFO] [stdout] For more information about an error, try `rustc --explain E0433`.
[INFO] [stdout] 
[INFO] [stdout] error[E0599]: no function or associated item named `from_wide` found for struct `OsString` in the current scope
[INFO] [stdout]   --> src/main.rs:93:54
[INFO] [stdout]    |
[INFO] [stdout] 93 |                     ret_val.push(std::ffi::OsString::from_wide(exe).into_string().unwrap());
[INFO] [stdout]    |                                                      ^^^^^^^^^ function or associated item not found in `OsString`
[INFO] [stdout] 
[INFO] [stdout] 
[INFO] [stdout] error[E0599]: no function or associated item named `from_wide` found for struct `OsString` in the current scope
[INFO] [stdout]    --> src/main.rs:111:54
[INFO] [stdout]     |
[INFO] [stdout] 111 |                     ret_val.push(std::ffi::OsString::from_wide(exe).into_string().unwrap());
[INFO] [stdout]     |                                                      ^^^^^^^^^ function or associated item not found in `OsString`
[INFO] [stdout] 
[INFO] [stdout] 
[INFO] [stdout] error[E0599]: no function or associated item named `from_wide` found for struct `OsString` in the current scope
[INFO] [stdout]    --> src/main.rs:123:38
[INFO] [stdout]     |
[INFO] [stdout] 123 |     ret_val.push(std::ffi::OsString::from_wide(cmd_line).into_string().unwrap());
[INFO] [stdout]     |                                      ^^^^^^^^^ function or associated item not found in `OsString`
[INFO] [stdout] 
[INFO] [stdout] 
[INFO] [stderr] error: could not compile `exewrapper` due to 6 previous errors
[INFO] [stderr] warning: build failed, waiting for other jobs to finish...
[INFO] [stdout] error: aborting due to 5 previous errors
[INFO] [stdout] 
[INFO] [stdout] 
[INFO] [stdout] Some errors have detailed explanations: E0433, E0599.
[INFO] [stdout] 
[INFO] [stdout] For more information about an error, try `rustc --explain E0433`.
[INFO] [stdout] 
[INFO] [stderr] error: build failed
[INFO] running `Command { std: "docker" "inspect" "5276691b75e9debcbd51ecd45a2a32da5271987c18e4233475eb1fad535f027c", kill_on_drop: false }`
[INFO] running `Command { std: "docker" "rm" "-f" "5276691b75e9debcbd51ecd45a2a32da5271987c18e4233475eb1fad535f027c", kill_on_drop: false }`
[INFO] [stdout] 5276691b75e9debcbd51ecd45a2a32da5271987c18e4233475eb1fad535f027c
