[INFO] cloning repository https://github.com/wheremyfoodat/Beeg-Advanced
[INFO] running `Command { std: "git" "-c" "credential.helper=" "-c" "credential.helper=/workspace/cargo-home/bin/git-credential-null" "clone" "--bare" "https://github.com/wheremyfoodat/Beeg-Advanced" "/workspace/cache/git-repos/https%3A%2F%2Fgithub.com%2Fwheremyfoodat%2FBeeg-Advanced", kill_on_drop: false }`
[INFO] [stderr] Cloning into bare repository '/workspace/cache/git-repos/https%3A%2F%2Fgithub.com%2Fwheremyfoodat%2FBeeg-Advanced'...
[INFO] running `Command { std: "git" "rev-parse" "HEAD", kill_on_drop: false }`
[INFO] [stdout] c104ef2173778bf2baad7a3b362be5205f340a65
[INFO] checking wheremyfoodat/Beeg-Advanced against beta-2021-10-15 for beta-1.56-3
[INFO] running `Command { std: "git" "clone" "/workspace/cache/git-repos/https%3A%2F%2Fgithub.com%2Fwheremyfoodat%2FBeeg-Advanced" "/workspace/builds/worker-105/source", kill_on_drop: false }`
[INFO] [stderr] Cloning into '/workspace/builds/worker-105/source'...
[INFO] [stderr] done.
[INFO] validating manifest of git repo https://github.com/wheremyfoodat/Beeg-Advanced on toolchain beta-2021-10-15
[INFO] running `Command { std: "/workspace/cargo-home/bin/cargo" "+beta-2021-10-15" "metadata" "--manifest-path" "Cargo.toml" "--no-deps", kill_on_drop: false }`
[INFO] started tweaking git repo https://github.com/wheremyfoodat/Beeg-Advanced
[INFO] finished tweaking git repo https://github.com/wheremyfoodat/Beeg-Advanced
[INFO] tweaked toml for git repo https://github.com/wheremyfoodat/Beeg-Advanced written to /workspace/builds/worker-105/source/Cargo.toml
[INFO] crate git repo https://github.com/wheremyfoodat/Beeg-Advanced already has a lockfile, it will not be regenerated
[INFO] running `Command { std: "/workspace/cargo-home/bin/cargo" "+beta-2021-10-15" "fetch" "--manifest-path" "Cargo.toml", kill_on_drop: false }`
[INFO] [stderr]     Blocking waiting for file lock on package cache
[INFO] running `Command { std: "docker" "create" "-v" "/var/lib/crater-agent-workspace/builds/worker-105/target:/opt/rustwide/target:rw,Z" "-v" "/var/lib/crater-agent-workspace/builds/worker-105/source:/opt/rustwide/workdir:ro,Z" "-v" "/var/lib/crater-agent-workspace/cargo-home:/opt/rustwide/cargo-home:ro,Z" "-v" "/var/lib/crater-agent-workspace/rustup-home:/opt/rustwide/rustup-home:ro,Z" "-e" "SOURCE_DIR=/opt/rustwide/workdir" "-e" "CARGO_TARGET_DIR=/opt/rustwide/target" "-e" "CARGO_HOME=/opt/rustwide/cargo-home" "-e" "RUSTUP_HOME=/opt/rustwide/rustup-home" "-w" "/opt/rustwide/workdir" "-m" "1610612736" "--user" "0:0" "--network" "none" "ghcr.io/rust-lang/crates-build-env/linux@sha256:a89201d6b5b9fd45c15d5952ece0a0129e7e80cb26ec023fd59cf09bc26f1604" "/opt/rustwide/cargo-home/bin/cargo" "+beta-2021-10-15" "metadata" "--no-deps" "--format-version=1", kill_on_drop: false }`
[INFO] [stdout] 8ade15f81e52c932c13c9731cfb65b9e98c4d8ab74435838c6d47fb5e236db33
[INFO] running `Command { std: "docker" "start" "-a" "8ade15f81e52c932c13c9731cfb65b9e98c4d8ab74435838c6d47fb5e236db33", kill_on_drop: false }`
[INFO] running `Command { std: "docker" "inspect" "8ade15f81e52c932c13c9731cfb65b9e98c4d8ab74435838c6d47fb5e236db33", kill_on_drop: false }`
[INFO] running `Command { std: "docker" "rm" "-f" "8ade15f81e52c932c13c9731cfb65b9e98c4d8ab74435838c6d47fb5e236db33", kill_on_drop: false }`
[INFO] [stdout] 8ade15f81e52c932c13c9731cfb65b9e98c4d8ab74435838c6d47fb5e236db33
[INFO] running `Command { std: "docker" "create" "-v" "/var/lib/crater-agent-workspace/builds/worker-105/target:/opt/rustwide/target:rw,Z" "-v" "/var/lib/crater-agent-workspace/builds/worker-105/source:/opt/rustwide/workdir:ro,Z" "-v" "/var/lib/crater-agent-workspace/cargo-home:/opt/rustwide/cargo-home:ro,Z" "-v" "/var/lib/crater-agent-workspace/rustup-home:/opt/rustwide/rustup-home:ro,Z" "-e" "SOURCE_DIR=/opt/rustwide/workdir" "-e" "CARGO_TARGET_DIR=/opt/rustwide/target" "-e" "CARGO_INCREMENTAL=0" "-e" "RUST_BACKTRACE=full" "-e" "RUSTFLAGS=--cap-lints=warn" "-e" "CARGO_HOME=/opt/rustwide/cargo-home" "-e" "RUSTUP_HOME=/opt/rustwide/rustup-home" "-w" "/opt/rustwide/workdir" "-m" "1610612736" "--user" "0:0" "--network" "none" "ghcr.io/rust-lang/crates-build-env/linux@sha256:a89201d6b5b9fd45c15d5952ece0a0129e7e80cb26ec023fd59cf09bc26f1604" "/opt/rustwide/cargo-home/bin/cargo" "+beta-2021-10-15" "check" "--frozen" "--all" "--all-targets" "--message-format=json", kill_on_drop: false }`
[INFO] [stdout] 68c142eab56da7f17a905dd78045729aa92342acbb0119e1831895ecabd72921
[INFO] running `Command { std: "docker" "start" "-a" "68c142eab56da7f17a905dd78045729aa92342acbb0119e1831895ecabd72921", kill_on_drop: false }`
[INFO] [stderr]     Blocking waiting for file lock on package cache
[INFO] [stderr]    Compiling libc v0.2.76
[INFO] [stderr]    Compiling log v0.4.11
[INFO] [stderr]    Compiling xml-rs v0.8.3
[INFO] [stderr]    Compiling autocfg v1.0.1
[INFO] [stderr]    Compiling proc-macro2 v0.4.30
[INFO] [stderr]    Compiling khronos_api v3.1.0
[INFO] [stderr]    Compiling unicode-xid v0.1.0
[INFO] [stderr]    Compiling cfg-if v0.1.10
[INFO] [stderr]    Compiling libloading v0.6.3
[INFO] [stderr]    Compiling nix v0.14.1
[INFO] [stderr]    Compiling byteorder v1.3.4
[INFO] [stderr]    Compiling sfml-build v0.3.0
[INFO] [stderr]     Checking slab v0.4.2
[INFO] [stderr]     Checking void v1.0.2
[INFO] [stderr]     Checking lazycell v1.3.0
[INFO] [stderr]    Compiling cc v1.0.59
[INFO] [stderr]    Compiling maybe-uninit v2.0.0
[INFO] [stderr]    Compiling pkg-config v0.3.18
[INFO] [stderr]     Checking downcast-rs v1.2.0
[INFO] [stderr]     Checking same-file v1.0.6
[INFO] [stderr]     Checking scopeguard v1.1.0
[INFO] [stderr]     Checking xdg v2.2.0
[INFO] [stderr]     Checking smallvec v1.4.2
[INFO] [stderr]     Checking instant v0.1.6
[INFO] [stderr]     Checking adler v0.2.3
[INFO] [stderr]     Checking percent-encoding v2.1.0
[INFO] [stderr]     Checking gimli v0.22.0
[INFO] [stderr]     Checking rustc-demangle v0.1.16
[INFO] [stderr]     Checking object v0.20.0
[INFO] [stderr]     Checking fnv v1.0.7
[INFO] [stderr]     Checking takeable-option v0.5.0
[INFO] [stderr]    Compiling imgui-gfx-renderer v0.4.0
[INFO] [stderr]     Checking widestring v0.4.2
[INFO] [stderr]     Checking bitfield v0.13.2
[INFO] [stderr]     Checking draw_state v0.8.0
[INFO] [stderr]    Compiling csfml-system-sys v0.5.0
[INFO] [stderr]    Compiling csfml-window-sys v0.5.0
[INFO] [stderr]    Compiling csfml-graphics-sys v0.5.0
[INFO] [stderr]    Compiling csfml-audio-sys v0.5.0
[INFO] [stderr]    Compiling num-traits v0.2.12
[INFO] [stderr]    Compiling memoffset v0.5.5
[INFO] [stderr]     Checking walkdir v2.3.1
[INFO] [stderr]     Checking lock_api v0.3.4
[INFO] [stderr]     Checking miniz_oxide v0.4.1
[INFO] [stderr]    Compiling gl_generator v0.14.0
[INFO] [stderr]     Checking gfx_core v0.9.2
[INFO] [stderr]    Compiling x11-dl v2.18.5
[INFO] [stderr]     Checking dlib v0.4.2
[INFO] [stderr]    Compiling quote v0.6.13
[INFO] [stderr]     Checking wayland-sys v0.23.6
[INFO] [stderr]     Checking sfml v0.15.1
[INFO] [stderr]     Checking stb_truetype v0.3.1
[INFO] [stderr]    Compiling libloading v0.5.2
[INFO] [stderr]    Compiling imgui-sys v0.4.0
[INFO] [stderr]    Compiling wayland-scanner v0.23.6
[INFO] [stderr]     Checking net2 v0.2.34
[INFO] [stderr]     Checking iovec v0.1.4
[INFO] [stderr]     Checking memmap v0.7.0
[INFO] [stderr]     Checking parking_lot_core v0.7.2
[INFO] [stderr]     Checking shared_library v0.1.9
[INFO] [stderr]     Checking raw-window-handle v0.3.3
[INFO] [stderr]     Checking osmesa-sys v0.1.2
[INFO] [stderr]     Checking mio v0.6.22
[INFO] [stderr]     Checking parking_lot v0.10.2
[INFO] [stderr]    Compiling glutin_egl_sys v0.1.5
[INFO] [stderr]    Compiling glutin_glx_sys v0.1.7
[INFO] [stderr]    Compiling glium v0.27.0
[INFO] [stderr]     Checking ordered-float v1.1.0
[INFO] [stderr]     Checking approx v0.3.2
[INFO] [stderr]     Checking line_drawing v0.7.0
[INFO] [stderr]     Checking mio-extras v2.0.6
[INFO] [stderr]     Checking gfx v0.18.2
[INFO] [stderr]     Checking rusttype v0.8.3
[INFO] [stderr]     Checking addr2line v0.13.0
[INFO] [stderr]     Checking rusttype v0.7.9
[INFO] [stderr]     Checking backtrace v0.3.50
[INFO] [stderr]     Checking andrew v0.2.1
[INFO] [stderr]    Compiling wayland-client v0.23.6
[INFO] [stderr]    Compiling wayland-protocols v0.23.6
[INFO] [stderr]     Checking wayland-commons v0.23.6
[INFO] [stderr]     Checking calloop v0.4.4
[INFO] [stderr]     Checking smithay-client-toolkit v0.6.6
[INFO] [stderr]     Checking winit v0.22.2
[INFO] [stderr]     Checking glutin v0.24.1
[INFO] [stderr]     Checking imgui v0.4.0
[INFO] [stderr]     Checking imgui-winit-support v0.4.0
[INFO] [stderr]     Checking imgui-glium-renderer v0.4.0
[INFO] [stderr]     Checking hewwo v0.0.0 (/opt/rustwide/workdir)
[INFO] [stdout] error[E0557]: feature has been removed
[INFO] [stdout]  --> src/main.rs:3:12
[INFO] [stdout]   |
[INFO] [stdout] 3 | #![feature(const_fn)]
[INFO] [stdout]   |            ^^^^^^^^ feature has been removed
[INFO] [stdout]   |
[INFO] [stdout]   = note: split into finer-grained feature gates
[INFO] [stdout] 
[INFO] [stdout] 
[INFO] [stdout] error[E0463]: can't find crate for `staticvec`
[INFO] [stdout]  --> src/main.rs:7:1
[INFO] [stdout]   |
[INFO] [stdout] 7 | extern  crate staticvec;
[INFO] [stdout]   | ^^^^^^^^^^^^^^^^^^^^^^^^ can't find crate
[INFO] [stdout] 
[INFO] [stdout] 
[INFO] [stdout] error: aborting due to 2 previous errors
[INFO] [stdout] 
[INFO] [stdout] 
[INFO] [stdout] Some errors have detailed explanations: E0463, E0557.
[INFO] [stdout] 
[INFO] [stdout] For more information about an error, try `rustc --explain E0463`.
[INFO] [stdout] 
[INFO] [stdout] error[E0557]: feature has been removed
[INFO] [stdout]  --> src/main.rs:3:12
[INFO] [stdout]   |
[INFO] [stdout] 3 | #![feature(const_fn)]
[INFO] [stdout]   |            ^^^^^^^^ feature has been removed
[INFO] [stdout]   |
[INFO] [stdout]   = note: split into finer-grained feature gates
[INFO] [stdout] 
[INFO] [stdout] 
[INFO] [stderr] error: could not compile `hewwo` due to 3 previous errors
[INFO] [stderr] warning: build failed, waiting for other jobs to finish...
[INFO] [stdout] error[E0463]: can't find crate for `staticvec`
[INFO] [stdout]  --> src/main.rs:7:1
[INFO] [stdout]   |
[INFO] [stdout] 7 | extern  crate staticvec;
[INFO] [stdout]   | ^^^^^^^^^^^^^^^^^^^^^^^^ can't find crate
[INFO] [stdout] 
[INFO] [stdout] 
[INFO] [stdout] error: aborting due to 2 previous errors
[INFO] [stdout] 
[INFO] [stdout] 
[INFO] [stdout] Some errors have detailed explanations: E0463, E0557.
[INFO] [stdout] 
[INFO] [stdout] For more information about an error, try `rustc --explain E0463`.
[INFO] [stdout] 
[INFO] [stderr] error: build failed
[INFO] running `Command { std: "docker" "inspect" "68c142eab56da7f17a905dd78045729aa92342acbb0119e1831895ecabd72921", kill_on_drop: false }`
[INFO] running `Command { std: "docker" "rm" "-f" "68c142eab56da7f17a905dd78045729aa92342acbb0119e1831895ecabd72921", kill_on_drop: false }`
[INFO] [stdout] 68c142eab56da7f17a905dd78045729aa92342acbb0119e1831895ecabd72921
