[INFO] cloning repository https://github.com/wasm-rpc/rust-wasm-rpc
[INFO] running `Command { std: "git" "-c" "credential.helper=" "-c" "credential.helper=/workspace/cargo-home/bin/git-credential-null" "clone" "--bare" "https://github.com/wasm-rpc/rust-wasm-rpc" "/workspace/cache/git-repos/https%3A%2F%2Fgithub.com%2Fwasm-rpc%2Frust-wasm-rpc", kill_on_drop: false }`
[INFO] [stderr] Cloning into bare repository '/workspace/cache/git-repos/https%3A%2F%2Fgithub.com%2Fwasm-rpc%2Frust-wasm-rpc'...
[INFO] running `Command { std: "git" "rev-parse" "HEAD", kill_on_drop: false }`
[INFO] [stdout] d41e2b63b6804c18bc648a2fb40d7d0baccff196
[INFO] checking wasm-rpc/rust-wasm-rpc against 1.55.0 for beta-1.56-3
[INFO] running `Command { std: "git" "clone" "/workspace/cache/git-repos/https%3A%2F%2Fgithub.com%2Fwasm-rpc%2Frust-wasm-rpc" "/workspace/builds/worker-9/source", kill_on_drop: false }`
[INFO] [stderr] Cloning into '/workspace/builds/worker-9/source'...
[INFO] [stderr] done.
[INFO] validating manifest of git repo https://github.com/wasm-rpc/rust-wasm-rpc on toolchain 1.55.0
[INFO] running `Command { std: "/workspace/cargo-home/bin/cargo" "+1.55.0" "metadata" "--manifest-path" "Cargo.toml" "--no-deps", kill_on_drop: false }`
[INFO] started tweaking git repo https://github.com/wasm-rpc/rust-wasm-rpc
[INFO] finished tweaking git repo https://github.com/wasm-rpc/rust-wasm-rpc
[INFO] tweaked toml for git repo https://github.com/wasm-rpc/rust-wasm-rpc written to /workspace/builds/worker-9/source/Cargo.toml
[INFO] crate git repo https://github.com/wasm-rpc/rust-wasm-rpc already has a lockfile, it will not be regenerated
[INFO] running `Command { std: "/workspace/cargo-home/bin/cargo" "+1.55.0" "fetch" "--manifest-path" "Cargo.toml", kill_on_drop: false }`
[INFO] [stderr]     Blocking waiting for file lock on package cache
[INFO] [stderr]  Downloading crates ...
[INFO] [stderr]   Downloaded half v1.3.0
[INFO] [stderr]   Downloaded serde_cbor v0.9.0
[INFO] [stderr]   Downloaded wasm-rpc-macros v0.2.9
[INFO] [stderr]   Downloaded wasm-rpc v0.2.9
[INFO] running `Command { std: "docker" "create" "-v" "/var/lib/crater-agent-workspace/builds/worker-9/target:/opt/rustwide/target:rw,Z" "-v" "/var/lib/crater-agent-workspace/builds/worker-9/source:/opt/rustwide/workdir:ro,Z" "-v" "/var/lib/crater-agent-workspace/cargo-home:/opt/rustwide/cargo-home:ro,Z" "-v" "/var/lib/crater-agent-workspace/rustup-home:/opt/rustwide/rustup-home:ro,Z" "-e" "SOURCE_DIR=/opt/rustwide/workdir" "-e" "CARGO_TARGET_DIR=/opt/rustwide/target" "-e" "CARGO_HOME=/opt/rustwide/cargo-home" "-e" "RUSTUP_HOME=/opt/rustwide/rustup-home" "-w" "/opt/rustwide/workdir" "-m" "1610612736" "--user" "0:0" "--network" "none" "ghcr.io/rust-lang/crates-build-env/linux@sha256:a89201d6b5b9fd45c15d5952ece0a0129e7e80cb26ec023fd59cf09bc26f1604" "/opt/rustwide/cargo-home/bin/cargo" "+1.55.0" "metadata" "--no-deps" "--format-version=1", kill_on_drop: false }`
[INFO] [stdout] c93882f47abb90c80253ea79ad2a62e537eeb579ffe739d04a0193bc5a0bdf04
[INFO] [stderr] WARNING: Your kernel does not support swap limit capabilities or the cgroup is not mounted. Memory limited without swap.
[INFO] running `Command { std: "docker" "start" "-a" "c93882f47abb90c80253ea79ad2a62e537eeb579ffe739d04a0193bc5a0bdf04", kill_on_drop: false }`
[INFO] running `Command { std: "docker" "inspect" "c93882f47abb90c80253ea79ad2a62e537eeb579ffe739d04a0193bc5a0bdf04", kill_on_drop: false }`
[INFO] running `Command { std: "docker" "rm" "-f" "c93882f47abb90c80253ea79ad2a62e537eeb579ffe739d04a0193bc5a0bdf04", kill_on_drop: false }`
[INFO] [stdout] c93882f47abb90c80253ea79ad2a62e537eeb579ffe739d04a0193bc5a0bdf04
[INFO] running `Command { std: "docker" "create" "-v" "/var/lib/crater-agent-workspace/builds/worker-9/target:/opt/rustwide/target:rw,Z" "-v" "/var/lib/crater-agent-workspace/builds/worker-9/source:/opt/rustwide/workdir:ro,Z" "-v" "/var/lib/crater-agent-workspace/cargo-home:/opt/rustwide/cargo-home:ro,Z" "-v" "/var/lib/crater-agent-workspace/rustup-home:/opt/rustwide/rustup-home:ro,Z" "-e" "SOURCE_DIR=/opt/rustwide/workdir" "-e" "CARGO_TARGET_DIR=/opt/rustwide/target" "-e" "CARGO_INCREMENTAL=0" "-e" "RUST_BACKTRACE=full" "-e" "RUSTFLAGS=--cap-lints=warn" "-e" "CARGO_HOME=/opt/rustwide/cargo-home" "-e" "RUSTUP_HOME=/opt/rustwide/rustup-home" "-w" "/opt/rustwide/workdir" "-m" "1610612736" "--user" "0:0" "--network" "none" "ghcr.io/rust-lang/crates-build-env/linux@sha256:a89201d6b5b9fd45c15d5952ece0a0129e7e80cb26ec023fd59cf09bc26f1604" "/opt/rustwide/cargo-home/bin/cargo" "+1.55.0" "check" "--frozen" "--all" "--all-targets" "--message-format=json", kill_on_drop: false }`
[INFO] [stdout] 3c52eae515319a84b4865626d7ed63f3503cef4f3c1dd35f206685d4ab2353f8
[INFO] [stderr] WARNING: Your kernel does not support swap limit capabilities or the cgroup is not mounted. Memory limited without swap.
[INFO] running `Command { std: "docker" "start" "-a" "3c52eae515319a84b4865626d7ed63f3503cef4f3c1dd35f206685d4ab2353f8", kill_on_drop: false }`
[INFO] [stderr]     Blocking waiting for file lock on package cache
[INFO] [stderr]     Blocking waiting for file lock on package cache
[INFO] [stderr]    Compiling syn v1.0.33
[INFO] [stderr]     Checking half v1.3.0
[INFO] [stderr]    Compiling byteorder v1.3.1
[INFO] [stderr]    Compiling proc-macro2 v0.4.30
[INFO] [stderr]     Checking libc v0.2.43
[INFO] [stderr]     Checking memory_units v0.4.0
[INFO] [stderr]     Checking cfg-if v0.1.5
[INFO] [stderr]    Compiling wee_alloc v0.4.2
[INFO] [stderr]     Checking unicode-xid v0.2.1
[INFO] [stderr]    Compiling wee_alloc v0.4.2 (https://github.com/rustwasm/wee_alloc#4b120545)
[INFO] [stderr]    Compiling quote v1.0.7
[INFO] [stderr]     Checking proc-macro2 v1.0.18
[INFO] [stdout] error[E0432]: unresolved import `core::alloc::AllocErr`
[INFO] [stdout]  --> /opt/rustwide/cargo-home/registry/src/github.com-1ecc6299db9ec823/wee_alloc-0.4.2/src/size_classes.rs:3:5
[INFO] [stdout]   |
[INFO] [stdout] 3 | use core::alloc::AllocErr;
[INFO] [stdout]   |     ^^^^^^^^^^^^^--------
[INFO] [stdout]   |     |            |
[INFO] [stdout]   |     |            help: a similar name exists in the module: `AllocError`
[INFO] [stdout]   |     no `AllocErr` in `alloc`
[INFO] [stdout] 
[INFO] [stdout] 
[INFO] [stdout] error[E0432]: unresolved imports `core::alloc::Alloc`, `core::alloc::AllocErr`
[INFO] [stdout]    --> /opt/rustwide/cargo-home/registry/src/github.com-1ecc6299db9ec823/wee_alloc-0.4.2/src/lib.rs:275:19
[INFO] [stdout]     |
[INFO] [stdout] 275 | use core::alloc::{Alloc, AllocErr, GlobalAlloc, Layout};
[INFO] [stdout]     |                   ^^^^^  ^^^^^^^^
[INFO] [stdout]     |                   |      |
[INFO] [stdout]     |                   |      no `AllocErr` in `alloc`
[INFO] [stdout]     |                   |      help: a similar name exists in the module: `AllocError`
[INFO] [stdout]     |                   no `Alloc` in `alloc`
[INFO] [stdout] 
[INFO] [stdout] 
[INFO] [stdout] error[E0432]: unresolved import `core::alloc::AllocErr`
[INFO] [stdout]  --> /opt/rustwide/cargo-home/registry/src/github.com-1ecc6299db9ec823/wee_alloc-0.4.2/src/imp_unix.rs:2:5
[INFO] [stdout]   |
[INFO] [stdout] 2 | use core::alloc::AllocErr;
[INFO] [stdout]   |     ^^^^^^^^^^^^^--------
[INFO] [stdout]   |     |            |
[INFO] [stdout]   |     |            help: a similar name exists in the module: `AllocError`
[INFO] [stdout]   |     no `AllocErr` in `alloc`
[INFO] [stdout] 
[INFO] [stdout] 
[INFO] [stdout] error[E0554]: `#![feature]` may not be used on the stable release channel
[INFO] [stdout]    --> /opt/rustwide/cargo-home/registry/src/github.com-1ecc6299db9ec823/wee_alloc-0.4.2/src/lib.rs:228:1
[INFO] [stdout]     |
[INFO] [stdout] 228 | #![feature(alloc, allocator_api, core_intrinsics)]
[INFO] [stdout]     | ^^^^^^^^^^^^^^^^^^^^^^^^^^^^^^^^^^^^^^^^^^^^^^^^^^
[INFO] [stdout] 
[INFO] [stdout] 
[INFO] [stdout] error: aborting due to 4 previous errors
[INFO] [stdout] 
[INFO] [stdout] 
[INFO] [stdout] Some errors have detailed explanations: E0432, E0554.
[INFO] [stdout] 
[INFO] [stdout] For more information about an error, try `rustc --explain E0432`.
[INFO] [stdout] 
[INFO] [stderr] error: could not compile `wee_alloc` due to 5 previous errors
[INFO] [stderr] warning: build failed, waiting for other jobs to finish...
[INFO] [stderr] error: build failed
[INFO] running `Command { std: "docker" "inspect" "3c52eae515319a84b4865626d7ed63f3503cef4f3c1dd35f206685d4ab2353f8", kill_on_drop: false }`
[INFO] running `Command { std: "docker" "rm" "-f" "3c52eae515319a84b4865626d7ed63f3503cef4f3c1dd35f206685d4ab2353f8", kill_on_drop: false }`
[INFO] [stdout] 3c52eae515319a84b4865626d7ed63f3503cef4f3c1dd35f206685d4ab2353f8
