[INFO] cloning repository https://github.com/warp-poke/icmp-rust-agent
[INFO] running `Command { std: "git" "-c" "credential.helper=" "-c" "credential.helper=/workspace/cargo-home/bin/git-credential-null" "clone" "--bare" "https://github.com/warp-poke/icmp-rust-agent" "/workspace/cache/git-repos/https%3A%2F%2Fgithub.com%2Fwarp-poke%2Ficmp-rust-agent", kill_on_drop: false }`
[INFO] [stderr] Cloning into bare repository '/workspace/cache/git-repos/https%3A%2F%2Fgithub.com%2Fwarp-poke%2Ficmp-rust-agent'...
[INFO] running `Command { std: "git" "rev-parse" "HEAD", kill_on_drop: false }`
[INFO] [stdout] faf77de6eda6abdc55984a070301dd09b1067b40
[INFO] checking warp-poke/icmp-rust-agent against 1.55.0 for beta-1.56-3
[INFO] running `Command { std: "git" "clone" "/workspace/cache/git-repos/https%3A%2F%2Fgithub.com%2Fwarp-poke%2Ficmp-rust-agent" "/workspace/builds/worker-0/source", kill_on_drop: false }`
[INFO] [stderr] Cloning into '/workspace/builds/worker-0/source'...
[INFO] [stderr] done.
[INFO] validating manifest of git repo https://github.com/warp-poke/icmp-rust-agent on toolchain 1.55.0
[INFO] running `Command { std: "/workspace/cargo-home/bin/cargo" "+1.55.0" "metadata" "--manifest-path" "Cargo.toml" "--no-deps", kill_on_drop: false }`
[INFO] started tweaking git repo https://github.com/warp-poke/icmp-rust-agent
[INFO] finished tweaking git repo https://github.com/warp-poke/icmp-rust-agent
[INFO] tweaked toml for git repo https://github.com/warp-poke/icmp-rust-agent written to /workspace/builds/worker-0/source/Cargo.toml
[INFO] crate git repo https://github.com/warp-poke/icmp-rust-agent already has a lockfile, it will not be regenerated
[INFO] running `Command { std: "/workspace/cargo-home/bin/cargo" "+1.55.0" "fetch" "--manifest-path" "Cargo.toml", kill_on_drop: false }`
[INFO] [stderr]     Blocking waiting for file lock on package cache
[INFO] running `Command { std: "docker" "create" "-v" "/var/lib/crater-agent-workspace/builds/worker-0/target:/opt/rustwide/target:rw,Z" "-v" "/var/lib/crater-agent-workspace/builds/worker-0/source:/opt/rustwide/workdir:ro,Z" "-v" "/var/lib/crater-agent-workspace/cargo-home:/opt/rustwide/cargo-home:ro,Z" "-v" "/var/lib/crater-agent-workspace/rustup-home:/opt/rustwide/rustup-home:ro,Z" "-e" "SOURCE_DIR=/opt/rustwide/workdir" "-e" "CARGO_TARGET_DIR=/opt/rustwide/target" "-e" "CARGO_HOME=/opt/rustwide/cargo-home" "-e" "RUSTUP_HOME=/opt/rustwide/rustup-home" "-w" "/opt/rustwide/workdir" "-m" "1610612736" "--user" "0:0" "--network" "none" "ghcr.io/rust-lang/crates-build-env/linux@sha256:a89201d6b5b9fd45c15d5952ece0a0129e7e80cb26ec023fd59cf09bc26f1604" "/opt/rustwide/cargo-home/bin/cargo" "+1.55.0" "metadata" "--no-deps" "--format-version=1", kill_on_drop: false }`
[INFO] [stdout] d0b472fa24d789ce78c0eb820fdcd1050d11a80f6231570ce7d44bcd6a57bab5
[INFO] [stderr] WARNING: Your kernel does not support swap limit capabilities or the cgroup is not mounted. Memory limited without swap.
[INFO] running `Command { std: "docker" "start" "-a" "d0b472fa24d789ce78c0eb820fdcd1050d11a80f6231570ce7d44bcd6a57bab5", kill_on_drop: false }`
[INFO] running `Command { std: "docker" "inspect" "d0b472fa24d789ce78c0eb820fdcd1050d11a80f6231570ce7d44bcd6a57bab5", kill_on_drop: false }`
[INFO] running `Command { std: "docker" "rm" "-f" "d0b472fa24d789ce78c0eb820fdcd1050d11a80f6231570ce7d44bcd6a57bab5", kill_on_drop: false }`
[INFO] [stdout] d0b472fa24d789ce78c0eb820fdcd1050d11a80f6231570ce7d44bcd6a57bab5
[INFO] running `Command { std: "docker" "create" "-v" "/var/lib/crater-agent-workspace/builds/worker-0/target:/opt/rustwide/target:rw,Z" "-v" "/var/lib/crater-agent-workspace/builds/worker-0/source:/opt/rustwide/workdir:ro,Z" "-v" "/var/lib/crater-agent-workspace/cargo-home:/opt/rustwide/cargo-home:ro,Z" "-v" "/var/lib/crater-agent-workspace/rustup-home:/opt/rustwide/rustup-home:ro,Z" "-e" "SOURCE_DIR=/opt/rustwide/workdir" "-e" "CARGO_TARGET_DIR=/opt/rustwide/target" "-e" "CARGO_INCREMENTAL=0" "-e" "RUST_BACKTRACE=full" "-e" "RUSTFLAGS=--cap-lints=warn" "-e" "CARGO_HOME=/opt/rustwide/cargo-home" "-e" "RUSTUP_HOME=/opt/rustwide/rustup-home" "-w" "/opt/rustwide/workdir" "-m" "1610612736" "--user" "0:0" "--network" "none" "ghcr.io/rust-lang/crates-build-env/linux@sha256:a89201d6b5b9fd45c15d5952ece0a0129e7e80cb26ec023fd59cf09bc26f1604" "/opt/rustwide/cargo-home/bin/cargo" "+1.55.0" "check" "--frozen" "--all" "--all-targets" "--message-format=json", kill_on_drop: false }`
[INFO] [stdout] ef97516e5486f1d589b380d09d270958f608b9e6722a38215214239477dffd59
[INFO] [stderr] WARNING: Your kernel does not support swap limit capabilities or the cgroup is not mounted. Memory limited without swap.
[INFO] running `Command { std: "docker" "start" "-a" "ef97516e5486f1d589b380d09d270958f608b9e6722a38215214239477dffd59", kill_on_drop: false }`
[INFO] [stderr]     Blocking waiting for file lock on package cache
[INFO] [stderr]    Compiling libc v0.2.44
[INFO] [stderr]     Checking rand_core v0.3.0
[INFO] [stderr]    Compiling proc-macro2 v0.4.24
[INFO] [stderr]     Checking byteorder v1.2.7
[INFO] [stderr]    Compiling serde v1.0.80
[INFO] [stderr]    Compiling failure_derive v0.1.3
[INFO] [stderr]    Compiling regex v1.1.0
[INFO] [stderr]     Checking utf8-ranges v1.0.2
[INFO] [stderr]    Compiling unicode-segmentation v1.2.1
[INFO] [stderr]     Checking linked-hash-map v0.5.1
[INFO] [stderr]     Checking rust-ini v0.12.2
[INFO] [stderr]     Checking termcolor v1.0.4
[INFO] [stderr]     Checking log v0.4.6
[INFO] [stderr]     Checking crossbeam-utils v0.6.1
[INFO] [stderr]     Checking tokio-executor v0.1.5
[INFO] [stderr]    Compiling memchr v2.1.1
[INFO] [stderr]    Compiling backtrace-sys v0.1.24
[INFO] [stderr]     Checking thread_local v0.3.6
[INFO] [stderr]     Checking arrayvec v0.4.8
[INFO] [stderr]    Compiling libz-sys v1.0.25
[INFO] [stderr]     Checking regex-syntax v0.6.4
[INFO] [stderr]     Checking smallvec v0.6.7
[INFO] [stderr]     Checking tokio-timer v0.2.8
[INFO] [stderr]     Checking tokio-current-thread v0.1.4
[INFO] [stderr]     Checking yaml-rust v0.4.2
[INFO] [stderr]     Checking rand_core v0.2.2
[INFO] [stderr]     Checking rand_xorshift v0.1.0
[INFO] [stderr]     Checking rand_isaac v0.1.1
[INFO] [stderr]     Checking rand_hc v0.1.0
[INFO] [stderr]    Compiling rand_chacha v0.1.0
[INFO] [stderr]    Compiling rand v0.6.1
[INFO] [stderr]     Checking log v0.3.9
[INFO] [stderr]    Compiling heck v0.3.0
[INFO] [stderr]     Checking url v1.7.2
[INFO] [stderr]     Checking num-traits v0.1.43
[INFO] [stderr]     Checking crossbeam-epoch v0.6.1
[INFO] [stderr]     Checking rand_pcg v0.1.1
[INFO] [stderr]     Checking crossbeam-deque v0.6.2
[INFO] [stderr]    Compiling quote v0.6.10
[INFO] [stderr]    Compiling num_cpus v0.2.13
[INFO] [stderr]     Checking iovec v0.1.2
[INFO] [stderr]     Checking num_cpus v1.8.0
[INFO] [stderr]     Checking rand v0.5.5
[INFO] [stderr]     Checking net2 v0.2.33
[INFO] [stderr]     Checking atty v0.2.11
[INFO] [stderr]     Checking socket2 v0.3.8
[INFO] [stderr]     Checking rand v0.4.3
[INFO] [stderr]     Checking hostname v0.1.5
[INFO] [stderr]     Checking time v0.1.40
[INFO] [stderr]    Compiling rdkafka-sys v0.11.4-0
[INFO] [stderr]    Compiling syn v0.15.22
[INFO] [stderr]     Checking backtrace v0.3.9
[INFO] [stderr]     Checking resolv-conf v0.6.1
[INFO] [stderr]     Checking bytes v0.4.11
[INFO] [stderr]     Checking futures-cpupool v0.1.8
[INFO] [stderr]     Checking clap v2.32.0
[INFO] [stderr]     Checking aho-corasick v0.6.9
[INFO] [stderr]     Checking nom v4.1.1
[INFO] [stderr]     Checking mio v0.6.16
[INFO] [stderr]     Checking tokio-io v0.1.10
[INFO] [stderr]     Checking parking_lot_core v0.2.14
[INFO] [stderr]     Checking mio-uds v0.6.7
[INFO] [stderr]     Checking tokio-threadpool v0.1.9
[INFO] [stderr]     Checking tokio-codec v0.1.1
[INFO] [stderr]     Checking parking_lot v0.5.5
[INFO] [stderr]     Checking parking_lot_core v0.3.1
[INFO] [stderr]     Checking parking_lot v0.6.4
[INFO] [stderr]     Checking tokio-reactor v0.1.7
[INFO] [stderr]     Checking tokio-fs v0.1.4
[INFO] [stderr]     Checking serde-hjson v0.8.2
[INFO] [stderr]     Checking env_logger v0.6.0
[INFO] [stderr]     Checking tokio-tcp v0.1.2
[INFO] [stderr]     Checking tokio-udp v0.1.3
[INFO] [stderr]     Checking tokio-uds v0.2.4
[INFO] [stderr] error: failed to run custom build command for `rdkafka-sys v0.11.4-0`
[INFO] [stderr] 
[INFO] [stderr] Caused by:
[INFO] [stderr]   process didn't exit successfully: `/opt/rustwide/target/debug/build/rdkafka-sys-f1e1e17017b2869e/build-script-build` (exit status: 101)
[INFO] [stderr]   --- stdout
[INFO] [stderr]   Configuring librdkafka
[INFO] [stderr]   checking for OS or distribution... ok (Ubuntu)
[INFO] [stderr]   checking for C compiler from CC env... failed
[INFO] [stderr]   checking for gcc (by command)... ok
[INFO] [stderr]   checking for C++ compiler from CXX env... failed
[INFO] [stderr]   checking for C++ compiler (g++)... ok
[INFO] [stderr]   checking executable ld... ok
[INFO] [stderr]   checking executable nm... ok
[INFO] [stderr]   checking executable objdump... ok
[INFO] [stderr]   checking executable strip... ok
[INFO] [stderr]   checking for pkgconfig (by command)... ok
[INFO] [stderr]   checking for install (by command)... ok
[INFO] [stderr]   checking for PIC (by compile)... failed (disable)
[INFO] [stderr]   checking for GNU-compatible linker options... failed
[INFO] [stderr]   checking for OSX linker options... failed
[INFO] [stderr]   checking for GNU linker-script ld flag... failed
[INFO] [stderr]   checking for Solaris linker-script ld flag... failed (ignore)
[INFO] [stderr]   checking for __atomic_32 (by compile)... failed
[INFO] [stderr]   checking for __atomic_32_lib (by compile)... failed
[INFO] [stderr]   checking for __sync_32 (by compile)... failed (disable)
[INFO] [stderr]   checking for __atomic_64 (by compile)... failed
[INFO] [stderr]   checking for __atomic_64_lib (by compile)... failed
[INFO] [stderr]   checking for __sync_64 (by compile)... failed (disable)
[INFO] [stderr]   checking for socket (by compile)... failed
[INFO] [stderr]   checking for socket_nsl (by compile)... failed (fail)
[INFO] [stderr]   parsing version '0x000b04ff'... ok (0.11.4)
[INFO] [stderr]   checking for librt (by pkg-config)... failed
[INFO] [stderr]   checking for librt (by compile)... failed
[INFO] [stderr]   checking for libpthread (by pkg-config)... failed
[INFO] [stderr]   checking for libpthread (by compile)... failed (fail)
[INFO] [stderr]   checking for libdl (by pkg-config)... failed
[INFO] [stderr]   checking for libdl (by compile)... failed (disable)
[INFO] [stderr]   checking for zlib (by pkg-config)... ok
[INFO] [stderr]   checking for zlib (by compile)... ok (cached)
[INFO] [stderr]   checking for libcrypto (by pkg-config)... ok
[INFO] [stderr]   checking for libcrypto (by compile)... ok (cached)
[INFO] [stderr]   checking for crc32chw (by compile)... failed (disable)
[INFO] [stderr]   checking for regex (by compile)... failed (disable)
[INFO] [stderr]   checking for strndup (by compile)... failed (disable)
[INFO] [stderr]   checking for strerror_r (by compile)... failed (disable)
[INFO] [stderr]   checking for pthread_setname_gnu (by compile)... failed (disable)
[INFO] [stderr]   checking for nm (by env NM)... ok (cached)
[INFO] [stderr] 
[INFO] [stderr] 
[INFO] [stderr] 
[INFO] [stderr] 
[INFO] [stderr]   --- stderr
[INFO] [stderr]   Building and linking librdkafka statically
[INFO] [stderr]   Running command: "./configure --disable-sasl --disable-ssl --disable-lz4 --enable-static" in dir: librdkafka
[INFO] [stderr]   mklove/modules/configure.base: line 611: config.log: Read-only file system
[INFO] [stderr]   mklove/modules/configure.base: line 611: config.log: Read-only file system
[INFO] [stderr]   mklove/modules/configure.base: line 611: config.log: Read-only file system
[INFO] [stderr]   mklove/modules/configure.base: line 611: config.log: Read-only file system
[INFO] [stderr]   mklove/modules/configure.base: line 611: config.log: Read-only file system
[INFO] [stderr]   mklove/modules/configure.base: line 611: config.log: Read-only file system
[INFO] [stderr]   mklove/modules/configure.base: line 611: config.log: Read-only file system
[INFO] [stderr]   mklove/modules/configure.base: line 611: config.log: Read-only file system
[INFO] [stderr]   mklove/modules/configure.base: line 611: config.log: Read-only file system
[INFO] [stderr]   mklove/modules/configure.base: line 611: config.log: Read-only file system
[INFO] [stderr]   mklove/modules/configure.base: line 611: config.log: Read-only file system
[INFO] [stderr]   mklove/modules/configure.base: line 611: config.log: Read-only file system
[INFO] [stderr]   mklove/modules/configure.base: line 611: config.log: Read-only file system
[INFO] [stderr]   ./configure: line 186: config.log: Read-only file system
[INFO] [stderr]   ./configure: line 187: config.log: Read-only file system
[INFO] [stderr]   mklove/modules/configure.base: line 611: config.log: Read-only file system
[INFO] [stderr]   mklove/modules/configure.base: line 611: config.log: Read-only file system
[INFO] [stderr]   mklove/modules/configure.base: line 611: config.log: Read-only file system
[INFO] [stderr]   mklove/modules/configure.base: line 611: config.log: Read-only file system
[INFO] [stderr]   mktemp: failed to create file via template '_mkltmpXXXXXX': Read-only file system
[INFO] [stderr]   mv: cannot stat '': No such file or directory
[INFO] [stderr]   mklove/modules/configure.base: line 953: .c: Read-only file system
[INFO] [stderr]   mklove/modules/configure.base: line 956: .c: Read-only file system
[INFO] [stderr]   mklove/modules/configure.base: line 611: config.log: Read-only file system
[INFO] [stderr]   mklove/modules/configure.base: line 611: config.log: Read-only file system
[INFO] [stderr]   mklove/modules/configure.base: line 611: config.log: Read-only file system
[INFO] [stderr]   mktemp: failed to create file via template '_mkltmpXXXXXX': Read-only file system
[INFO] [stderr]   mv: cannot stat '': No such file or directory
[INFO] [stderr]   mklove/modules/configure.base: line 953: .c: Read-only file system
[INFO] [stderr]   mklove/modules/configure.base: line 956: .c: Read-only file system
[INFO] [stderr]   mklove/modules/configure.base: line 611: config.log: Read-only file system
[INFO] [stderr]   mklove/modules/configure.base: line 611: config.log: Read-only file system
[INFO] [stderr]   mklove/modules/configure.base: line 611: config.log: Read-only file system
[INFO] [stderr]   mktemp: failed to create file via template '_mkltmpXXXXXX': Read-only file system
[INFO] [stderr]   mv: cannot stat '': No such file or directory
[INFO] [stderr]   mklove/modules/configure.base: line 953: .c: Read-only file system
[INFO] [stderr]   mklove/modules/configure.base: line 956: .c: Read-only file system
[INFO] [stderr]   mklove/modules/configure.base: line 611: config.log: Read-only file system
[INFO] [stderr]   mklove/modules/configure.base: line 611: config.log: Read-only file system
[INFO] [stderr]   mklove/modules/configure.base: line 611: config.log: Read-only file system
[INFO] [stderr]   mktemp: failed to create file via template '_mkltmpXXXXXX': Read-only file system
[INFO] [stderr]   mklove/modules/configure.base: line 693: $ldsfile: ambiguous redirect
[INFO] [stderr]   mktemp: failed to create file via template '_mkltmpXXXXXX': Read-only file system
[INFO] [stderr]   mv: cannot stat '': No such file or directory
[INFO] [stderr]   mklove/modules/configure.base: line 953: .c: Read-only file system
[INFO] [stderr]   mklove/modules/configure.base: line 956: .c: Read-only file system
[INFO] [stderr]   mklove/modules/configure.base: line 611: config.log: Read-only file system
[INFO] [stderr]   mklove/modules/configure.base: line 611: config.log: Read-only file system
[INFO] [stderr]   mklove/modules/configure.base: line 611: config.log: Read-only file system
[INFO] [stderr]   mktemp: failed to create file via template '_mkltmpXXXXXX': Read-only file system
[INFO] [stderr]   mv: cannot stat '': No such file or directory
[INFO] [stderr]   mklove/modules/configure.base: line 953: .c: Read-only file system
[INFO] [stderr]   mklove/modules/configure.base: line 956: .c: Read-only file system
[INFO] [stderr]   mklove/modules/configure.base: line 611: config.log: Read-only file system
[INFO] [stderr]   mklove/modules/configure.base: line 611: config.log: Read-only file system
[INFO] [stderr]   mklove/modules/configure.base: line 611: config.log: Read-only file system
[INFO] [stderr]   mktemp: failed to create file via template '_mkltmpXXXXXX': Read-only file system
[INFO] [stderr]   mv: cannot stat '': No such file or directory
[INFO] [stderr]   mklove/modules/configure.base: line 953: .c: Read-only file system
[INFO] [stderr]   mklove/modules/configure.base: line 956: .c: Read-only file system
[INFO] [stderr]   mklove/modules/configure.base: line 611: config.log: Read-only file system
[INFO] [stderr]   mklove/modules/configure.base: line 611: config.log: Read-only file system
[INFO] [stderr]   mklove/modules/configure.base: line 611: config.log: Read-only file system
[INFO] [stderr]   mktemp: failed to create file via template '_mkltmpXXXXXX': Read-only file system
[INFO] [stderr]   mv: cannot stat '': No such file or directory
[INFO] [stderr]   mklove/modules/configure.base: line 953: .c: Read-only file system
[INFO] [stderr]   mklove/modules/configure.base: line 956: .c: Read-only file system
[INFO] [stderr]   mklove/modules/configure.base: line 611: config.log: Read-only file system
[INFO] [stderr]   mklove/modules/configure.base: line 611: config.log: Read-only file system
[INFO] [stderr]   mklove/modules/configure.base: line 611: config.log: Read-only file system
[INFO] [stderr]   mktemp: failed to create file via template '_mkltmpXXXXXX': Read-only file system
[INFO] [stderr]   mv: cannot stat '': No such file or directory
[INFO] [stderr]   mklove/modules/configure.base: line 953: .c: Read-only file system
[INFO] [stderr]   mklove/modules/configure.base: line 956: .c: Read-only file system
[INFO] [stderr]   mklove/modules/configure.base: line 611: config.log: Read-only file system
[INFO] [stderr]   mklove/modules/configure.base: line 611: config.log: Read-only file system
[INFO] [stderr]   mklove/modules/configure.base: line 611: config.log: Read-only file system
[INFO] [stderr]   mktemp: failed to create file via template '_mkltmpXXXXXX': Read-only file system
[INFO] [stderr]   mv: cannot stat '': No such file or directory
[INFO] [stderr]   mklove/modules/configure.base: line 953: .c: Read-only file system
[INFO] [stderr]   mklove/modules/configure.base: line 956: .c: Read-only file system
[INFO] [stderr]   mklove/modules/configure.base: line 611: config.log: Read-only file system
[INFO] [stderr]   mklove/modules/configure.base: line 611: config.log: Read-only file system
[INFO] [stderr]   mklove/modules/configure.base: line 611: config.log: Read-only file system
[INFO] [stderr]   mktemp: failed to create file via template '_mkltmpXXXXXX': Read-only file system
[INFO] [stderr]   mv: cannot stat '': No such file or directory
[INFO] [stderr]   mklove/modules/configure.base: line 953: .c: Read-only file system
[INFO] [stderr]   mklove/modules/configure.base: line 956: .c: Read-only file system
[INFO] [stderr]   mklove/modules/configure.base: line 611: config.log: Read-only file system
[INFO] [stderr]   mklove/modules/configure.base: line 611: config.log: Read-only file system
[INFO] [stderr]   mklove/modules/configure.base: line 611: config.log: Read-only file system
[INFO] [stderr]   mktemp: failed to create file via template '_mkltmpXXXXXX': Read-only file system
[INFO] [stderr]   mv: cannot stat '': No such file or directory
[INFO] [stderr]   mklove/modules/configure.base: line 953: .c: Read-only file system
[INFO] [stderr]   mklove/modules/configure.base: line 956: .c: Read-only file system
[INFO] [stderr]   mklove/modules/configure.base: line 611: config.log: Read-only file system
[INFO] [stderr]   mklove/modules/configure.base: line 611: config.log: Read-only file system
[INFO] [stderr]   mklove/modules/configure.base: line 611: config.log: Read-only file system
[INFO] [stderr]   mktemp: failed to create file via template '_mkltmpXXXXXX': Read-only file system
[INFO] [stderr]   mv: cannot stat '': No such file or directory
[INFO] [stderr]   mklove/modules/configure.base: line 953: .c: Read-only file system
[INFO] [stderr]   mklove/modules/configure.base: line 956: .c: Read-only file system
[INFO] [stderr]   mklove/modules/configure.base: line 611: config.log: Read-only file system
[INFO] [stderr]   mklove/modules/configure.base: line 611: config.log: Read-only file system
[INFO] [stderr]   mklove/modules/configure.base: line 611: config.log: Read-only file system
[INFO] [stderr]   mktemp: failed to create file via template '_mkltmpXXXXXX': Read-only file system
[INFO] [stderr]   mv: cannot stat '': No such file or directory
[INFO] [stderr]   mklove/modules/configure.base: line 953: .c: Read-only file system
[INFO] [stderr]   mklove/modules/configure.base: line 956: .c: Read-only file system
[INFO] [stderr]   mklove/modules/configure.base: line 611: config.log: Read-only file system
[INFO] [stderr]   mklove/modules/configure.base: line 611: config.log: Read-only file system
[INFO] [stderr]   mklove/modules/configure.base: line 611: config.log: Read-only file system
[INFO] [stderr]   mklove/modules/configure.base: line 611: config.log: Read-only file system
[INFO] [stderr]   mklove/modules/configure.base: line 611: config.log: Read-only file system
[INFO] [stderr]   mklove/modules/configure.base: line 611: config.log: Read-only file system
[INFO] [stderr]   mktemp: failed to create file via template '_mkltmpXXXXXX': Read-only file system
[INFO] [stderr]   mv: cannot stat '': No such file or directory
[INFO] [stderr]   mklove/modules/configure.base: line 953: .c: Read-only file system
[INFO] [stderr]   mklove/modules/configure.base: line 956: .c: Read-only file system
[INFO] [stderr]   mklove/modules/configure.base: line 611: config.log: Read-only file system
[INFO] [stderr]   mklove/modules/configure.base: line 611: config.log: Read-only file system
[INFO] [stderr]   mklove/modules/configure.base: line 611: config.log: Read-only file system
[INFO] [stderr]   mklove/modules/configure.base: line 611: config.log: Read-only file system
[INFO] [stderr]   mklove/modules/configure.base: line 611: config.log: Read-only file system
[INFO] [stderr]   mklove/modules/configure.base: line 611: config.log: Read-only file system
[INFO] [stderr]   mktemp: failed to create file via template '_mkltmpXXXXXX': Read-only file system
[INFO] [stderr]   mv: cannot stat '': No such file or directory
[INFO] [stderr]   mklove/modules/configure.base: line 953: .c: Read-only file system
[INFO] [stderr]   mklove/modules/configure.base: line 956: .c: Read-only file system
[INFO] [stderr]   mklove/modules/configure.base: line 611: config.log: Read-only file system
[INFO] [stderr]   mklove/modules/configure.base: line 611: config.log: Read-only file system
[INFO] [stderr]   mklove/modules/configure.base: line 611: config.log: Read-only file system
[INFO] [stderr]   mklove/modules/configure.base: line 611: config.log: Read-only file system
[INFO] [stderr]   mklove/modules/configure.base: line 611: config.log: Read-only file system
[INFO] [stderr]   mklove/modules/configure.base: line 611: config.log: Read-only file system
[INFO] [stderr]   mktemp: failed to create file via template '_mkltmpXXXXXX': Read-only file system
[INFO] [stderr]   mv: cannot stat '': No such file or directory
[INFO] [stderr]   mklove/modules/configure.base: line 953: .c: Read-only file system
[INFO] [stderr]   mklove/modules/configure.base: line 956: .c: Read-only file system
[INFO] [stderr]   mklove/modules/configure.base: line 611: config.log: Read-only file system
[INFO] [stderr]   mklove/modules/configure.base: line 611: config.log: Read-only file system
[INFO] [stderr]   mklove/modules/configure.base: line 611: config.log: Read-only file system
[INFO] [stderr]   mklove/modules/configure.base: line 611: config.log: Read-only file system
[INFO] [stderr]   mklove/modules/configure.base: line 611: config.log: Read-only file system
[INFO] [stderr]   mktemp: failed to create file via template '_mkltmpXXXXXX': Read-only file system
[INFO] [stderr]   mv: cannot stat '': No such file or directory
[INFO] [stderr]   mklove/modules/configure.base: line 953: .c: Read-only file system
[INFO] [stderr]   mklove/modules/configure.base: line 956: .c: Read-only file system
[INFO] [stderr]   mklove/modules/configure.base: line 611: config.log: Read-only file system
[INFO] [stderr]   mklove/modules/configure.base: line 611: config.log: Read-only file system
[INFO] [stderr]   mklove/modules/configure.base: line 611: config.log: Read-only file system
[INFO] [stderr]   mktemp: failed to create file via template '_mkltmpXXXXXX': Read-only file system
[INFO] [stderr]   mv: cannot stat '': No such file or directory
[INFO] [stderr]   mklove/modules/configure.base: line 953: .c: Read-only file system
[INFO] [stderr]   mklove/modules/configure.base: line 956: .c: Read-only file system
[INFO] [stderr]   mklove/modules/configure.base: line 611: config.log: Read-only file system
[INFO] [stderr]   mklove/modules/configure.base: line 611: config.log: Read-only file system
[INFO] [stderr]   mklove/modules/configure.base: line 611: config.log: Read-only file system
[INFO] [stderr]   mktemp: failed to create file via template '_mkltmpXXXXXX': Read-only file system
[INFO] [stderr]   mv: cannot stat '': No such file or directory
[INFO] [stderr]   mklove/modules/configure.base: line 953: .c: Read-only file system
[INFO] [stderr]   mklove/modules/configure.base: line 956: .c: Read-only file system
[INFO] [stderr]   mklove/modules/configure.base: line 611: config.log: Read-only file system
[INFO] [stderr]   mklove/modules/configure.base: line 611: config.log: Read-only file system
[INFO] [stderr]   mklove/modules/configure.base: line 611: config.log: Read-only file system
[INFO] [stderr]   mktemp: failed to create file via template '_mkltmpXXXXXX': Read-only file system
[INFO] [stderr]   mv: cannot stat '': No such file or directory
[INFO] [stderr]   mklove/modules/configure.base: line 953: .c: Read-only file system
[INFO] [stderr]   mklove/modules/configure.base: line 956: .c: Read-only file system
[INFO] [stderr]   mklove/modules/configure.base: line 611: config.log: Read-only file system
[INFO] [stderr]   mklove/modules/configure.base: line 611: config.log: Read-only file system
[INFO] [stderr]   mklove/modules/configure.base: line 611: config.log: Read-only file system
[INFO] [stderr]   mktemp: failed to create file via template '_mkltmpXXXXXX': Read-only file system
[INFO] [stderr]   mv: cannot stat '': No such file or directory
[INFO] [stderr]   mklove/modules/configure.base: line 953: .c: Read-only file system
[INFO] [stderr]   mklove/modules/configure.base: line 956: .c: Read-only file system
[INFO] [stderr]   mklove/modules/configure.base: line 611: config.log: Read-only file system
[INFO] [stderr]   mklove/modules/configure.base: line 611: config.log: Read-only file system
[INFO] [stderr]   mklove/modules/configure.base: line 611: config.log: Read-only file system
[INFO] [stderr]   ###########################################################
[INFO] [stderr]   mklove/modules/configure.base: line 620: config.log: Read-only file system
[INFO] [stderr]   ###                  Configure failed                   ###
[INFO] [stderr]   mklove/modules/configure.base: line 620: config.log: Read-only file system
[INFO] [stderr]   ###########################################################
[INFO] [stderr]   mklove/modules/configure.base: line 620: config.log: Read-only file system
[INFO] [stderr]   ### Accumulated failures:                               ###
[INFO] [stderr]   mklove/modules/configure.base: line 620: config.log: Read-only file system
[INFO] [stderr]   ###########################################################
[INFO] [stderr]   mklove/modules/configure.base: line 620: config.log: Read-only file system
[INFO] [stderr]    socket_nsl () 
[INFO] [stderr]   mklove/modules/configure.base: line 620: config.log: Read-only file system
[INFO] [stderr]       module: socket
[INFO] [stderr]   mklove/modules/configure.base: line 628: config.log: Read-only file system
[INFO] [stderr]       action: fail
[INFO] [stderr]   mklove/modules/configure.base: line 628: config.log: Read-only file system
[INFO] [stderr]       reason:
[INFO] [stderr]   compile check failed:
[INFO] [stderr]   CC: CC
[INFO] [stderr]   flags: 
[INFO] [stderr]   gcc  -g -O2 -Wall -Wsign-compare -Wfloat-equal -Wpointer-arith -Wcast-align -Wall -Werror .c -o .c.o -lsocket -lnsl  :
[INFO] [stderr]   gcc: error: .c: No such file or directory
[INFO] [stderr]   source: 
[INFO] [stderr]   #include <sys/types.h>
[INFO] [stderr]   #include <sys/socket.h>
[INFO] [stderr]   #include <unistd.h>
[INFO] [stderr]   void foo (void) {
[INFO] [stderr]      int s = socket(0, 0, 0);
[INFO] [stderr]      close(s);
[INFO] [stderr]   }
[INFO] [stderr] 
[INFO] [stderr]   mklove/modules/configure.base: line 628: config.log: Read-only file system
[INFO] [stderr]    libpthread () 
[INFO] [stderr]   mklove/modules/configure.base: line 620: config.log: Read-only file system
[INFO] [stderr]       module: librdkafka
[INFO] [stderr]   mklove/modules/configure.base: line 628: config.log: Read-only file system
[INFO] [stderr]       action: fail
[INFO] [stderr]   mklove/modules/configure.base: line 628: config.log: Read-only file system
[INFO] [stderr]       reason:
[INFO] [stderr]   compile check failed:
[INFO] [stderr]   CC: CC
[INFO] [stderr]   flags: -lpthread
[INFO] [stderr]   gcc  -g -O2 -Wall -Wsign-compare -Wfloat-equal -Wpointer-arith -Wcast-align -Wall -Werror .c -o .c.o   -lpthread:
[INFO] [stderr]   gcc: error: .c: No such file or directory
[INFO] [stderr]   source: #include <pthread.h>
[INFO] [stderr] 
[INFO] [stderr]   mklove/modules/configure.base: line 628: config.log: Read-only file system
[INFO] [stderr]   thread 'main' panicked at 'Command failed with error code 1', /opt/rustwide/cargo-home/registry/src/github.com-1ecc6299db9ec823/rdkafka-sys-0.11.4-0/build.rs:23:35
[INFO] [stderr]   stack backtrace:
[INFO] [stderr]      0:     0x555f22532140 - std::backtrace_rs::backtrace::libunwind::trace::ha0ad43e8a952bfe7
[INFO] [stderr]                                  at /rustc/c8dfcfe046a7680554bf4eb612bad840e7631c4b/library/std/src/../../backtrace/src/backtrace/libunwind.rs:90:5
[INFO] [stderr]      1:     0x555f22532140 - std::backtrace_rs::backtrace::trace_unsynchronized::h6830419c0c4130dc
[INFO] [stderr]                                  at /rustc/c8dfcfe046a7680554bf4eb612bad840e7631c4b/library/std/src/../../backtrace/src/backtrace/mod.rs:66:5
[INFO] [stderr]      2:     0x555f22532140 - std::sys_common::backtrace::_print_fmt::h8f3516631ffa1ef5
[INFO] [stderr]                                  at /rustc/c8dfcfe046a7680554bf4eb612bad840e7631c4b/library/std/src/sys_common/backtrace.rs:67:5
[INFO] [stderr]      3:     0x555f22532140 - <std::sys_common::backtrace::_print::DisplayBacktrace as core::fmt::Display>::fmt::he1640d5f0d93f618
[INFO] [stderr]                                  at /rustc/c8dfcfe046a7680554bf4eb612bad840e7631c4b/library/std/src/sys_common/backtrace.rs:46:22
[INFO] [stderr]      4:     0x555f2254fe4c - core::fmt::write::h88012e1f01caeebf
[INFO] [stderr]                                  at /rustc/c8dfcfe046a7680554bf4eb612bad840e7631c4b/library/core/src/fmt/mod.rs:1115:17
[INFO] [stderr]      5:     0x555f2252f9b5 - std::io::Write::write_fmt::h360fa85b30182555
[INFO] [stderr]                                  at /rustc/c8dfcfe046a7680554bf4eb612bad840e7631c4b/library/std/src/io/mod.rs:1665:15
[INFO] [stderr]      6:     0x555f22533f6b - std::sys_common::backtrace::_print::ha1f00492f406a015
[INFO] [stderr]                                  at /rustc/c8dfcfe046a7680554bf4eb612bad840e7631c4b/library/std/src/sys_common/backtrace.rs:49:5
[INFO] [stderr]      7:     0x555f22533f6b - std::sys_common::backtrace::print::hd54561b13feb6af3
[INFO] [stderr]                                  at /rustc/c8dfcfe046a7680554bf4eb612bad840e7631c4b/library/std/src/sys_common/backtrace.rs:36:9
[INFO] [stderr]      8:     0x555f22533f6b - std::panicking::default_hook::{{closure}}::h84fe124cd0864662
[INFO] [stderr]                                  at /rustc/c8dfcfe046a7680554bf4eb612bad840e7631c4b/library/std/src/panicking.rs:208:50
[INFO] [stderr]      9:     0x555f22533a41 - std::panicking::default_hook::h5a8e74a76ce290a7
[INFO] [stderr]                                  at /rustc/c8dfcfe046a7680554bf4eb612bad840e7631c4b/library/std/src/panicking.rs:225:9
[INFO] [stderr]     10:     0x555f22534634 - std::panicking::rust_panic_with_hook::h67c812a4fe9d4c91
[INFO] [stderr]                                  at /rustc/c8dfcfe046a7680554bf4eb612bad840e7631c4b/library/std/src/panicking.rs:622:17
[INFO] [stderr]     11:     0x555f22534117 - std::panicking::begin_panic_handler::{{closure}}::h33f9c1b96af300d7
[INFO] [stderr]                                  at /rustc/c8dfcfe046a7680554bf4eb612bad840e7631c4b/library/std/src/panicking.rs:519:13
[INFO] [stderr]     12:     0x555f2253263c - std::sys_common::backtrace::__rust_end_short_backtrace::h51bae64be5921f0e
[INFO] [stderr]                                  at /rustc/c8dfcfe046a7680554bf4eb612bad840e7631c4b/library/std/src/sys_common/backtrace.rs:141:18
[INFO] [stderr]     13:     0x555f22534079 - rust_begin_unwind
[INFO] [stderr]                                  at /rustc/c8dfcfe046a7680554bf4eb612bad840e7631c4b/library/std/src/panicking.rs:515:5
[INFO] [stderr]     14:     0x555f224edbab - std::panicking::begin_panic_fmt::h7ab3d84aa4ae32a2
[INFO] [stderr]                                  at /rustc/c8dfcfe046a7680554bf4eb612bad840e7631c4b/library/std/src/panicking.rs:457:5
[INFO] [stderr]     15:     0x555f224f08a6 - build_script_build::run_command_or_fail::h0cc7d15175b987c4
[INFO] [stderr]                                  at /opt/rustwide/cargo-home/registry/src/github.com-1ecc6299db9ec823/rdkafka-sys-0.11.4-0/build.rs:23:35
[INFO] [stderr]     16:     0x555f224f185e - build_script_build::build_librdkafka::h3db386726e028d4c
[INFO] [stderr]                                  at /opt/rustwide/cargo-home/registry/src/github.com-1ecc6299db9ec823/rdkafka-sys-0.11.4-0/build.rs:91:5
[INFO] [stderr]     17:     0x555f224f154b - build_script_build::main::h86e5b6398dc1773c
[INFO] [stderr]                                  at /opt/rustwide/cargo-home/registry/src/github.com-1ecc6299db9ec823/rdkafka-sys-0.11.4-0/build.rs:61:9
[INFO] [stderr]     18:     0x555f224f22cb - core::ops::function::FnOnce::call_once::h3a934a6294204016
[INFO] [stderr]                                  at /rustc/c8dfcfe046a7680554bf4eb612bad840e7631c4b/library/core/src/ops/function.rs:227:5
[INFO] [stderr]     19:     0x555f224f216e - std::sys_common::backtrace::__rust_begin_short_backtrace::h6f3e6f3435ce7eb6
[INFO] [stderr]                                  at /rustc/c8dfcfe046a7680554bf4eb612bad840e7631c4b/library/std/src/sys_common/backtrace.rs:125:18
[INFO] [stderr]     20:     0x555f224f1f61 - std::rt::lang_start::{{closure}}::ha9d626d5d0ea5b30
[INFO] [stderr]                                  at /rustc/c8dfcfe046a7680554bf4eb612bad840e7631c4b/library/std/src/rt.rs:63:18
[INFO] [stderr]     21:     0x555f22534b3a - core::ops::function::impls::<impl core::ops::function::FnOnce<A> for &F>::call_once::ha9408abe89f69dc4
[INFO] [stderr]                                  at /rustc/c8dfcfe046a7680554bf4eb612bad840e7631c4b/library/core/src/ops/function.rs:259:13
[INFO] [stderr]     22:     0x555f22534b3a - std::panicking::try::do_call::h5b0cc9e9102acb65
[INFO] [stderr]                                  at /rustc/c8dfcfe046a7680554bf4eb612bad840e7631c4b/library/std/src/panicking.rs:401:40
[INFO] [stderr]     23:     0x555f22534b3a - std::panicking::try::hddc7f8229138b3ba
[INFO] [stderr]                                  at /rustc/c8dfcfe046a7680554bf4eb612bad840e7631c4b/library/std/src/panicking.rs:365:19
[INFO] [stderr]     24:     0x555f22534b3a - std::panic::catch_unwind::hfa401ff8bab2986e
[INFO] [stderr]                                  at /rustc/c8dfcfe046a7680554bf4eb612bad840e7631c4b/library/std/src/panic.rs:434:14
[INFO] [stderr]     25:     0x555f22534b3a - std::rt::lang_start_internal::{{closure}}::h8163422320d11405
[INFO] [stderr]                                  at /rustc/c8dfcfe046a7680554bf4eb612bad840e7631c4b/library/std/src/rt.rs:45:48
[INFO] [stderr]     26:     0x555f22534b3a - std::panicking::try::do_call::hc742cc7bb4f0fb20
[INFO] [stderr]                                  at /rustc/c8dfcfe046a7680554bf4eb612bad840e7631c4b/library/std/src/panicking.rs:401:40
[INFO] [stderr]     27:     0x555f22534b3a - std::panicking::try::ha37d8d2dd1acf7d3
[INFO] [stderr]                                  at /rustc/c8dfcfe046a7680554bf4eb612bad840e7631c4b/library/std/src/panicking.rs:365:19
[INFO] [stderr]     28:     0x555f22534b3a - std::panic::catch_unwind::h8a5381d5ecf437bc
[INFO] [stderr]                                  at /rustc/c8dfcfe046a7680554bf4eb612bad840e7631c4b/library/std/src/panic.rs:434:14
[INFO] [stderr]     29:     0x555f22534b3a - std::rt::lang_start_internal::h7e2cee8c90d4a4d3
[INFO] [stderr]                                  at /rustc/c8dfcfe046a7680554bf4eb612bad840e7631c4b/library/std/src/rt.rs:45:20
[INFO] [stderr]     30:     0x555f224f1f30 - std::rt::lang_start::hd1f7a11065e7346e
[INFO] [stderr]                                  at /rustc/c8dfcfe046a7680554bf4eb612bad840e7631c4b/library/std/src/rt.rs:62:5
[INFO] [stderr]     31:     0x555f224f1b8c - main
[INFO] [stderr]     32:     0x7f6c807970b3 - __libc_start_main
[INFO] [stderr]     33:     0x555f224ee9be - _start
[INFO] [stderr]     34:                0x0 - <unknown>
[INFO] [stderr] warning: build failed, waiting for other jobs to finish...
[INFO] [stderr] error: build failed
[INFO] running `Command { std: "docker" "inspect" "ef97516e5486f1d589b380d09d270958f608b9e6722a38215214239477dffd59", kill_on_drop: false }`
[INFO] running `Command { std: "docker" "rm" "-f" "ef97516e5486f1d589b380d09d270958f608b9e6722a38215214239477dffd59", kill_on_drop: false }`
[INFO] [stdout] ef97516e5486f1d589b380d09d270958f608b9e6722a38215214239477dffd59
