[INFO] cloning repository https://github.com/wangtao-creator/rustsbi-D1
[INFO] running `Command { std: "git" "-c" "credential.helper=" "-c" "credential.helper=/workspace/cargo-home/bin/git-credential-null" "clone" "--bare" "https://github.com/wangtao-creator/rustsbi-D1" "/workspace/cache/git-repos/https%3A%2F%2Fgithub.com%2Fwangtao-creator%2Frustsbi-D1", kill_on_drop: false }`
[INFO] [stderr] Cloning into bare repository '/workspace/cache/git-repos/https%3A%2F%2Fgithub.com%2Fwangtao-creator%2Frustsbi-D1'...
[INFO] running `Command { std: "git" "rev-parse" "HEAD", kill_on_drop: false }`
[INFO] [stdout] 7a8d954df8d306c934f1ae2f0a7369f75302f622
[INFO] checking wangtao-creator/rustsbi-D1 against 1.55.0 for beta-1.56-3
[INFO] running `Command { std: "git" "clone" "/workspace/cache/git-repos/https%3A%2F%2Fgithub.com%2Fwangtao-creator%2Frustsbi-D1" "/workspace/builds/worker-14/source", kill_on_drop: false }`
[INFO] [stderr] Cloning into '/workspace/builds/worker-14/source'...
[INFO] [stderr] done.
[INFO] validating manifest of git repo https://github.com/wangtao-creator/rustsbi-D1 on toolchain 1.55.0
[INFO] running `Command { std: "/workspace/cargo-home/bin/cargo" "+1.55.0" "metadata" "--manifest-path" "Cargo.toml" "--no-deps", kill_on_drop: false }`
[INFO] removed /workspace/builds/worker-14/source/.cargo/config.toml
[INFO] started tweaking git repo https://github.com/wangtao-creator/rustsbi-D1
[INFO] finished tweaking git repo https://github.com/wangtao-creator/rustsbi-D1
[INFO] tweaked toml for git repo https://github.com/wangtao-creator/rustsbi-D1 written to /workspace/builds/worker-14/source/Cargo.toml
[INFO] crate git repo https://github.com/wangtao-creator/rustsbi-D1 already has a lockfile, it will not be regenerated
[INFO] running `Command { std: "/workspace/cargo-home/bin/cargo" "+1.55.0" "fetch" "--manifest-path" "Cargo.toml", kill_on_drop: false }`
[INFO] [stderr]     Blocking waiting for file lock on package cache
[INFO] [stderr]     Blocking waiting for file lock on package cache
[INFO] running `Command { std: "docker" "create" "-v" "/var/lib/crater-agent-workspace/builds/worker-14/target:/opt/rustwide/target:rw,Z" "-v" "/var/lib/crater-agent-workspace/builds/worker-14/source:/opt/rustwide/workdir:ro,Z" "-v" "/var/lib/crater-agent-workspace/cargo-home:/opt/rustwide/cargo-home:ro,Z" "-v" "/var/lib/crater-agent-workspace/rustup-home:/opt/rustwide/rustup-home:ro,Z" "-e" "SOURCE_DIR=/opt/rustwide/workdir" "-e" "CARGO_TARGET_DIR=/opt/rustwide/target" "-e" "CARGO_HOME=/opt/rustwide/cargo-home" "-e" "RUSTUP_HOME=/opt/rustwide/rustup-home" "-w" "/opt/rustwide/workdir" "-m" "1610612736" "--user" "0:0" "--network" "none" "ghcr.io/rust-lang/crates-build-env/linux@sha256:a89201d6b5b9fd45c15d5952ece0a0129e7e80cb26ec023fd59cf09bc26f1604" "/opt/rustwide/cargo-home/bin/cargo" "+1.55.0" "metadata" "--no-deps" "--format-version=1", kill_on_drop: false }`
[INFO] [stdout] 3c213191e650c1e594cd763650f4f13fbd49bae0d1ebb3b2b8c77ae00cf3603d
[INFO] [stderr] WARNING: Your kernel does not support swap limit capabilities or the cgroup is not mounted. Memory limited without swap.
[INFO] running `Command { std: "docker" "start" "-a" "3c213191e650c1e594cd763650f4f13fbd49bae0d1ebb3b2b8c77ae00cf3603d", kill_on_drop: false }`
[INFO] running `Command { std: "docker" "inspect" "3c213191e650c1e594cd763650f4f13fbd49bae0d1ebb3b2b8c77ae00cf3603d", kill_on_drop: false }`
[INFO] running `Command { std: "docker" "rm" "-f" "3c213191e650c1e594cd763650f4f13fbd49bae0d1ebb3b2b8c77ae00cf3603d", kill_on_drop: false }`
[INFO] [stdout] 3c213191e650c1e594cd763650f4f13fbd49bae0d1ebb3b2b8c77ae00cf3603d
[INFO] running `Command { std: "docker" "create" "-v" "/var/lib/crater-agent-workspace/builds/worker-14/target:/opt/rustwide/target:rw,Z" "-v" "/var/lib/crater-agent-workspace/builds/worker-14/source:/opt/rustwide/workdir:ro,Z" "-v" "/var/lib/crater-agent-workspace/cargo-home:/opt/rustwide/cargo-home:ro,Z" "-v" "/var/lib/crater-agent-workspace/rustup-home:/opt/rustwide/rustup-home:ro,Z" "-e" "SOURCE_DIR=/opt/rustwide/workdir" "-e" "CARGO_TARGET_DIR=/opt/rustwide/target" "-e" "CARGO_INCREMENTAL=0" "-e" "RUST_BACKTRACE=full" "-e" "RUSTFLAGS=--cap-lints=warn" "-e" "CARGO_HOME=/opt/rustwide/cargo-home" "-e" "RUSTUP_HOME=/opt/rustwide/rustup-home" "-w" "/opt/rustwide/workdir" "-m" "1610612736" "--user" "0:0" "--network" "none" "ghcr.io/rust-lang/crates-build-env/linux@sha256:a89201d6b5b9fd45c15d5952ece0a0129e7e80cb26ec023fd59cf09bc26f1604" "/opt/rustwide/cargo-home/bin/cargo" "+1.55.0" "check" "--frozen" "--all" "--all-targets" "--message-format=json", kill_on_drop: false }`
[INFO] [stdout] 21b80d3cf829e921cc8f953989f8db6302fa525c87ec68f5b7a6b1b25cd6480a
[INFO] [stderr] WARNING: Your kernel does not support swap limit capabilities or the cgroup is not mounted. Memory limited without swap.
[INFO] running `Command { std: "docker" "start" "-a" "21b80d3cf829e921cc8f953989f8db6302fa525c87ec68f5b7a6b1b25cd6480a", kill_on_drop: false }`
[INFO] [stderr]    Compiling regex-syntax v0.6.25
[INFO] [stderr]    Compiling libc v0.2.100
[INFO] [stderr]     Checking bit_field v0.10.1
[INFO] [stderr]     Checking spin v0.7.1
[INFO] [stderr]    Compiling nix v0.16.1
[INFO] [stderr]     Checking r0 v1.0.0
[INFO] [stderr]    Compiling test-kernel v0.1.0 (/opt/rustwide/workdir/test-kernel)
[INFO] [stderr]    Compiling rustsbi-D1 v0.0.1 (/opt/rustwide/workdir/rustsbi-D1)
[INFO] [stderr]     Checking vcell v0.1.3
[INFO] [stderr]    Compiling libudev-sys v0.1.4
[INFO] [stderr]     Checking embedded-hal v1.0.0-alpha.4
[INFO] [stderr]    Compiling aho-corasick v0.7.18
[INFO] [stderr]    Compiling bare-metal v0.2.5
[INFO] [stderr]     Checking spin v0.9.2
[INFO] [stderr]     Checking buddy_system_allocator v0.8.0
[INFO] [stderr]     Checking atty v0.2.14
[INFO] [stderr]     Checking clap v2.33.3
[INFO] [stderr]     Checking libudev v0.2.0
[INFO] [stderr]    Compiling regex v1.5.4
[INFO] [stderr]    Compiling riscv-target v0.1.2
[INFO] [stderr]     Checking serialport v4.0.1
[INFO] [stderr]     Checking xtask v0.1.0 (/opt/rustwide/workdir/xtask)
[INFO] [stdout] warning: function `xtask_run_D1` should have a snake case name
[INFO] [stdout]   --> xtask/src/main.rs:75:4
[INFO] [stdout]    |
[INFO] [stdout] 75 | fn xtask_run_D1(xtask_env: &XtaskEnv) {
[INFO] [stdout]    |    ^^^^^^^^^^^^ help: convert the identifier to snake case: `xtask_run_d1`
[INFO] [stdout]    |
[INFO] [stdout] note: the lint level is defined here
[INFO] [stdout]   --> xtask/src/main.rs:74:8
[INFO] [stdout]    |
[INFO] [stdout] 74 | #[warn(non_snake_case)]
[INFO] [stdout]    |        ^^^^^^^^^^^^^^
[INFO] [stdout] 
[INFO] [stdout] 
[INFO] [stdout] warning: function `xtask_run_D1` should have a snake case name
[INFO] [stdout]   --> xtask/src/main.rs:75:4
[INFO] [stdout]    |
[INFO] [stdout] 75 | fn xtask_run_D1(xtask_env: &XtaskEnv) {
[INFO] [stdout]    |    ^^^^^^^^^^^^ help: convert the identifier to snake case: `xtask_run_d1`
[INFO] [stdout]    |
[INFO] [stdout] note: the lint level is defined here
[INFO] [stdout]   --> xtask/src/main.rs:74:8
[INFO] [stdout]    |
[INFO] [stdout] 74 | #[warn(non_snake_case)]
[INFO] [stdout]    |        ^^^^^^^^^^^^^^
[INFO] [stdout] 
[INFO] [stdout] 
[INFO] [stdout] warning: 1 warning emitted
[INFO] [stdout] 
[INFO] [stdout] 
[INFO] [stdout] warning: 1 warning emitted
[INFO] [stdout] 
[INFO] [stdout] 
[INFO] [stderr]    Compiling riscv v0.6.0
[INFO] [stderr]    Compiling riscv v0.6.0 (https://github.com/rust-embedded/riscv?rev=7e9d2e5b#7e9d2e5b)
[INFO] [stderr]    Compiling riscv v0.6.0 (https://github.com/rust-embedded/riscv?rev=7e9d2e5#7e9d2e5b)
[INFO] [stdout] error[E0554]: `#![feature]` may not be used on the stable release channel
[INFO] [stdout]   --> /opt/rustwide/cargo-home/git/checkouts/riscv-d8b7910be325660f/7e9d2e5/src/lib.rs:17:37
[INFO] [stdout]    |
[INFO] [stdout] 17 | #![cfg_attr(feature = "inline-asm", feature(llvm_asm))]
[INFO] [stdout]    |                                     ^^^^^^^^^^^^^^^^^
[INFO] [stdout] 
[INFO] [stdout] 
[INFO] [stdout] error[E0554]: `#![feature]` may not be used on the stable release channel
[INFO] [stdout]   --> /opt/rustwide/cargo-home/git/checkouts/riscv-d8b7910be325660f/7e9d2e5/src/lib.rs:17:37
[INFO] [stdout]    |
[INFO] [stdout] 17 | #![cfg_attr(feature = "inline-asm", feature(llvm_asm))]
[INFO] [stdout]    |                                     ^^^^^^^^^^^^^^^^^
[INFO] [stdout] 
[INFO] [stdout] 
[INFO] [stderr]     Checking rustsbi v0.2.0-alpha.4
[INFO] [stdout] error: aborting due to previous error
[INFO] [stdout] 
[INFO] [stdout] 
[INFO] [stdout] For more information about this error, try `rustc --explain E0554`.
[INFO] [stdout] 
[INFO] [stderr] error: could not compile `riscv` due to 2 previous errors
[INFO] [stderr] warning: build failed, waiting for other jobs to finish...
[INFO] [stdout] error[E0554]: `#![feature]` may not be used on the stable release channel
[INFO] [stdout]    --> /opt/rustwide/cargo-home/registry/src/github.com-1ecc6299db9ec823/rustsbi-0.2.0-alpha.4/src/lib.rs:140:1
[INFO] [stdout]     |
[INFO] [stdout] 140 | #![feature(asm)]
[INFO] [stdout]     | ^^^^^^^^^^^^^^^^
[INFO] [stdout] 
[INFO] [stdout] 
[INFO] [stdout] error: aborting due to previous error
[INFO] [stdout] 
[INFO] [stdout] 
[INFO] [stdout] For more information about this error, try `rustc --explain E0554`.
[INFO] [stdout] 
[INFO] [stdout] error: aborting due to previous error
[INFO] [stdout] 
[INFO] [stdout] 
[INFO] [stdout] For more information about this error, try `rustc --explain E0554`.
[INFO] [stdout] 
[INFO] [stderr] error: build failed
[INFO] running `Command { std: "docker" "inspect" "21b80d3cf829e921cc8f953989f8db6302fa525c87ec68f5b7a6b1b25cd6480a", kill_on_drop: false }`
[INFO] running `Command { std: "docker" "rm" "-f" "21b80d3cf829e921cc8f953989f8db6302fa525c87ec68f5b7a6b1b25cd6480a", kill_on_drop: false }`
[INFO] [stdout] 21b80d3cf829e921cc8f953989f8db6302fa525c87ec68f5b7a6b1b25cd6480a
