[INFO] cloning repository https://github.com/w4/chartered
[INFO] running `Command { std: "git" "-c" "credential.helper=" "-c" "credential.helper=/workspace/cargo-home/bin/git-credential-null" "clone" "--bare" "https://github.com/w4/chartered" "/workspace/cache/git-repos/https%3A%2F%2Fgithub.com%2Fw4%2Fchartered", kill_on_drop: false }`
[INFO] [stderr] Cloning into bare repository '/workspace/cache/git-repos/https%3A%2F%2Fgithub.com%2Fw4%2Fchartered'...
[INFO] running `Command { std: "git" "rev-parse" "HEAD", kill_on_drop: false }`
[INFO] [stdout] d7ea9b65c7a70535d14dee1a7ce15e1ac1b9c195
[INFO] checking w4/chartered against beta-2021-10-15 for beta-1.56-3
[INFO] running `Command { std: "git" "clone" "/workspace/cache/git-repos/https%3A%2F%2Fgithub.com%2Fw4%2Fchartered" "/workspace/builds/worker-10/source", kill_on_drop: false }`
[INFO] [stderr] Cloning into '/workspace/builds/worker-10/source'...
[INFO] [stderr] done.
[INFO] validating manifest of git repo https://github.com/w4/chartered on toolchain beta-2021-10-15
[INFO] running `Command { std: "/workspace/cargo-home/bin/cargo" "+beta-2021-10-15" "metadata" "--manifest-path" "Cargo.toml" "--no-deps", kill_on_drop: false }`
[INFO] started tweaking git repo https://github.com/w4/chartered
[INFO] finished tweaking git repo https://github.com/w4/chartered
[INFO] tweaked toml for git repo https://github.com/w4/chartered written to /workspace/builds/worker-10/source/Cargo.toml
[INFO] crate git repo https://github.com/w4/chartered already has a lockfile, it will not be regenerated
[INFO] running `Command { std: "/workspace/cargo-home/bin/cargo" "+beta-2021-10-15" "fetch" "--manifest-path" "Cargo.toml", kill_on_drop: false }`
[INFO] [stderr]     Updating git repository `https://github.com/tower-rs/tower-http`
[INFO] [stderr]  Downloading crates ...
[INFO] [stderr]   Downloaded option_set v0.1.4
[INFO] [stderr]   Downloaded diesel-tracing v0.1.5
[INFO] [stderr]   Downloaded sync_wrapper v0.1.1
[INFO] [stderr]   Downloaded base64ct v1.1.1
[INFO] [stderr]   Downloaded thrussh v0.33.5
[INFO] [stderr]   Downloaded format-bytes-macros v0.3.0
[INFO] [stderr]   Downloaded axum v0.2.8
[INFO] [stderr]   Downloaded openid v0.9.3
[INFO] [stderr]   Downloaded chacha20 v0.8.1
[INFO] [stderr]   Downloaded displaydoc v0.2.3
[INFO] [stderr]   Downloaded cryptovec v0.6.1
[INFO] [stderr]   Downloaded chacha20poly1305 v0.9.0
[INFO] [stderr]   Downloaded format-bytes v0.2.2
[INFO] [stderr]   Downloaded biscuit v0.5.0
[INFO] [stderr]   Downloaded bcrypt-pbkdf v0.6.2
[INFO] [stderr]   Downloaded password-hash v0.2.3
[INFO] [stderr]   Downloaded thrussh-keys v0.21.0
[INFO] [stderr]   Downloaded thrussh-libsodium v0.2.1
[INFO] running `Command { std: "docker" "create" "-v" "/var/lib/crater-agent-workspace/builds/worker-10/target:/opt/rustwide/target:rw,Z" "-v" "/var/lib/crater-agent-workspace/builds/worker-10/source:/opt/rustwide/workdir:ro,Z" "-v" "/var/lib/crater-agent-workspace/cargo-home:/opt/rustwide/cargo-home:ro,Z" "-v" "/var/lib/crater-agent-workspace/rustup-home:/opt/rustwide/rustup-home:ro,Z" "-e" "SOURCE_DIR=/opt/rustwide/workdir" "-e" "CARGO_TARGET_DIR=/opt/rustwide/target" "-e" "CARGO_HOME=/opt/rustwide/cargo-home" "-e" "RUSTUP_HOME=/opt/rustwide/rustup-home" "-w" "/opt/rustwide/workdir" "-m" "1610612736" "--user" "0:0" "--network" "none" "ghcr.io/rust-lang/crates-build-env/linux@sha256:a89201d6b5b9fd45c15d5952ece0a0129e7e80cb26ec023fd59cf09bc26f1604" "/opt/rustwide/cargo-home/bin/cargo" "+beta-2021-10-15" "metadata" "--no-deps" "--format-version=1", kill_on_drop: false }`
[INFO] [stderr] WARNING: Your kernel does not support swap limit capabilities or the cgroup is not mounted. Memory limited without swap.
[INFO] [stdout] 72bf8cc9288e13282466bac6b4815c4ff78d5d608e97ed8a2a687bc5daf29563
[INFO] running `Command { std: "docker" "start" "-a" "72bf8cc9288e13282466bac6b4815c4ff78d5d608e97ed8a2a687bc5daf29563", kill_on_drop: false }`
[INFO] running `Command { std: "docker" "inspect" "72bf8cc9288e13282466bac6b4815c4ff78d5d608e97ed8a2a687bc5daf29563", kill_on_drop: false }`
[INFO] running `Command { std: "docker" "rm" "-f" "72bf8cc9288e13282466bac6b4815c4ff78d5d608e97ed8a2a687bc5daf29563", kill_on_drop: false }`
[INFO] [stdout] 72bf8cc9288e13282466bac6b4815c4ff78d5d608e97ed8a2a687bc5daf29563
[INFO] running `Command { std: "docker" "create" "-v" "/var/lib/crater-agent-workspace/builds/worker-10/target:/opt/rustwide/target:rw,Z" "-v" "/var/lib/crater-agent-workspace/builds/worker-10/source:/opt/rustwide/workdir:ro,Z" "-v" "/var/lib/crater-agent-workspace/cargo-home:/opt/rustwide/cargo-home:ro,Z" "-v" "/var/lib/crater-agent-workspace/rustup-home:/opt/rustwide/rustup-home:ro,Z" "-e" "SOURCE_DIR=/opt/rustwide/workdir" "-e" "CARGO_TARGET_DIR=/opt/rustwide/target" "-e" "CARGO_INCREMENTAL=0" "-e" "RUST_BACKTRACE=full" "-e" "RUSTFLAGS=--cap-lints=warn" "-e" "CARGO_HOME=/opt/rustwide/cargo-home" "-e" "RUSTUP_HOME=/opt/rustwide/rustup-home" "-w" "/opt/rustwide/workdir" "-m" "1610612736" "--user" "0:0" "--network" "none" "ghcr.io/rust-lang/crates-build-env/linux@sha256:a89201d6b5b9fd45c15d5952ece0a0129e7e80cb26ec023fd59cf09bc26f1604" "/opt/rustwide/cargo-home/bin/cargo" "+beta-2021-10-15" "check" "--frozen" "--all" "--all-targets" "--message-format=json", kill_on_drop: false }`
[INFO] [stdout] c8175782e389a021311814696c06ed6690b1c134c73afd673b5924f72f9798a8
[INFO] [stderr] WARNING: Your kernel does not support swap limit capabilities or the cgroup is not mounted. Memory limited without swap.
[INFO] running `Command { std: "docker" "start" "-a" "c8175782e389a021311814696c06ed6690b1c134c73afd673b5924f72f9798a8", kill_on_drop: false }`
[INFO] [stderr]    Compiling syn v1.0.80
[INFO] [stderr]    Compiling typenum v1.14.0
[INFO] [stderr]    Compiling futures-channel v0.3.17
[INFO] [stderr]     Checking slab v0.4.5
[INFO] [stderr]     Checking cpufeatures v0.2.1
[INFO] [stderr]     Checking subtle v2.4.1
[INFO] [stderr]    Compiling smallvec v1.7.0
[INFO] [stderr]    Compiling serde_json v1.0.68
[INFO] [stderr]     Checking unicode-bidi v0.3.7
[INFO] [stderr]    Compiling async-trait v0.1.51
[INFO] [stderr]     Checking base64ct v1.1.1
[INFO] [stderr]    Compiling winapi v0.3.9
[INFO] [stderr]     Checking ppv-lite86 v0.2.14
[INFO] [stderr]     Checking bit-vec v0.6.3
[INFO] [stderr]     Checking md5 v0.7.0
[INFO] [stderr]     Checking unicode-segmentation v1.8.0
[INFO] [stderr]    Compiling regex-syntax v0.6.25
[INFO] [stderr]    Compiling if_chain v1.0.2
[INFO] [stderr]     Checking os_str_bytes v3.1.0
[INFO] [stderr]    Compiling validator_types v0.12.0
[INFO] [stderr]     Checking sync_wrapper v0.1.1
[INFO] [stderr]    Compiling unindent v0.1.7
[INFO] [stderr]     Checking crc-catalog v1.1.1
[INFO] [stderr]     Checking minimal-lexical v0.1.4
[INFO] [stderr]     Checking const-sha1 v0.2.0
[INFO] [stderr]     Checking arrayvec v0.7.1
[INFO] [stderr]     Checking shlex v1.1.0
[INFO] [stderr]    Compiling num-traits v0.2.14
[INFO] [stderr]    Compiling tokio v1.12.0
[INFO] [stderr]    Compiling futures-macro v0.3.17
[INFO] [stderr]    Compiling futures-util v0.3.17
[INFO] [stderr]    Compiling num-bigint v0.4.2
[INFO] [stderr]    Compiling num-bigint v0.3.3
[INFO] [stderr]    Compiling num-rational v0.3.2
[INFO] [stderr]    Compiling num-iter v0.1.42
[INFO] [stderr]    Compiling nom v7.0.0
[INFO] [stderr]     Checking tracing-core v0.1.21
[INFO] [stderr]    Compiling openssl-sys v0.9.67
[INFO] [stderr]    Compiling ring v0.16.20
[INFO] [stderr]     Checking sharded-slab v0.1.4
[INFO] [stderr]    Compiling instant v0.1.11
[INFO] [stderr]    Compiling lock_api v0.4.5
[INFO] [stderr]    Compiling walkdir v2.3.2
[INFO] [stderr]     Checking regex-automata v0.1.10
[INFO] [stderr]     Checking crc v2.0.0
[INFO] [stderr]    Compiling libc v0.2.103
[INFO] [stderr]    Compiling memchr v2.4.1
[INFO] [stderr]     Checking heck v0.3.3
[INFO] [stderr]    Compiling indoc v1.0.3
[INFO] [stderr]     Checking headers-core v0.2.0
[INFO] [stderr]     Checking signal-hook-registry v1.4.0
[INFO] [stderr]     Checking dirs-sys v0.3.6
[INFO] [stderr]     Checking aho-corasick v0.7.18
[INFO] [stderr]     Checking tracing-log v0.1.2
[INFO] [stderr]     Checking idna v0.2.3
[INFO] [stderr]     Checking flate2 v1.0.22
[INFO] [stderr]     Checking rand_core v0.6.3
[INFO] [stderr]     Checking dirs v3.0.2
[INFO] [stderr]    Compiling libsodium-sys v0.2.7
[INFO] [stderr]     Checking scheduled-thread-pool v0.2.5
[INFO] [stderr]     Checking matchers v0.0.1
[INFO] [stderr]    Compiling parking_lot_core v0.8.5
[INFO] [stderr]    Compiling time v0.1.44
[INFO] [stderr]     Checking password-hash v0.2.3
[INFO] [stderr]     Checking rand_chacha v0.3.1
[INFO] [stderr]     Checking cryptovec v0.6.1
[INFO] [stderr]     Checking r2d2 v0.8.9
[INFO] [stderr]    Compiling openssl v0.10.36
[INFO] [stderr]    Compiling native-tls v0.2.8
[INFO] [stderr]     Checking regex v1.5.4
[INFO] [stderr]    Compiling parking_lot v0.11.2
[INFO] [stderr]     Checking rand v0.8.4
[INFO] [stderr]     Checking generic-array v0.14.4
[INFO] [stderr]     Checking num-integer v0.1.44
[INFO] [stderr]     Checking num-complex v0.3.1
[INFO] [stderr]     Checking digest v0.9.0
[INFO] [stderr]     Checking cipher v0.3.0
[INFO] [stderr]     Checking block-buffer v0.9.0
[INFO] [stderr]     Checking crypto-mac v0.11.1
[INFO] [stderr]     Checking universal-hash v0.4.1
[INFO] [stderr]     Checking aead v0.4.3
[INFO] [stderr]     Checking sha2 v0.9.8
[INFO] [stderr]     Checking sha-1 v0.9.8
[INFO] [stderr]     Checking hmac v0.11.0
[INFO] [stderr]     Checking ctr v0.8.0
[INFO] [stderr]     Checking blowfish v0.8.0
[INFO] [stderr]     Checking block-modes v0.8.1
[INFO] [stderr]     Checking chacha20 v0.8.1
[INFO] [stderr]     Checking poly1305 v0.7.2
[INFO] [stderr]     Checking headers v0.3.4
[INFO] [stderr]     Checking pbkdf2 v0.8.0
[INFO] [stderr]     Checking aes v0.7.5
[INFO] [stderr]     Checking bcrypt-pbkdf v0.6.2
[INFO] [stderr]     Checking chacha20poly1305 v0.9.0
[INFO] [stderr]     Checking yasna v0.4.0
[INFO] [stderr]     Checking num v0.3.1
[INFO] [stderr]    Compiling proc-macro-error v1.0.4
[INFO] [stderr]    Compiling serde_derive v1.0.130
[INFO] [stderr]    Compiling tokio-macros v1.5.0
[INFO] [stderr]    Compiling tracing-attributes v0.1.18
[INFO] [stderr]    Compiling diesel_derives v1.4.1
[INFO] [stderr]    Compiling thiserror-impl v1.0.30
[INFO] [stderr]    Compiling pin-project-internal v1.0.8
[INFO] [stderr]    Compiling displaydoc v0.2.3
[INFO] [stderr]    Compiling clap_derive v3.0.0-beta.4
[INFO] [stderr]    Compiling validator_derive v0.12.0
[INFO] [stderr]    Compiling format-bytes-macros v0.3.0
[INFO] [stderr]     Checking format-bytes v0.2.2
[INFO] [stderr]     Checking tracing v0.1.29
[INFO] [stderr]     Checking pin-project v1.0.8
[INFO] [stderr]     Checking clap v3.0.0-beta.4
[INFO] [stderr]     Checking thiserror v1.0.30
[INFO] [stderr]     Checking serde v1.0.130
[INFO] [stderr]     Checking futures-executor v0.3.17
[INFO] [stderr]     Checking tower-http v0.1.1
[INFO] [stderr]     Checking tower-http v0.1.1 (https://github.com/tower-rs/tower-http?branch=cors#9f09fc55)
[INFO] [stderr]     Checking futures v0.3.17
[INFO] [stderr]     Checking tokio-util v0.6.8
[INFO] [stderr]     Checking tokio-native-tls v0.3.0
[INFO] [stderr]     Checking tokio-stream v0.1.7
[INFO] [stderr]     Checking h2 v0.3.6
[INFO] [stderr]     Checking tower v0.4.9
[INFO] [stderr]     Checking chrono v0.4.19
[INFO] [stderr]     Checking url v2.2.2
[INFO] [stderr]     Checking ipnetwork v0.18.0
[INFO] [stderr]     Checking serde_urlencoded v0.7.0
[INFO] [stderr]     Checking uuid v0.8.2
[INFO] [stderr]     Checking chartered-types v0.1.0 (/opt/rustwide/workdir/chartered-types)
[INFO] [stderr]     Checking option_set v0.1.4
[INFO] [stderr]     Checking tracing-serde v0.1.2
[INFO] [stderr]     Checking toml v0.5.8
[INFO] [stderr]     Checking chartered-fs v0.1.0 (/opt/rustwide/workdir/chartered-fs)
[INFO] [stderr]     Checking validator v0.12.0
[INFO] [stderr]     Checking diesel v1.4.8
[INFO] [stderr]     Checking tracing-subscriber v0.2.25
[INFO] [stderr]     Checking biscuit v0.5.0
[INFO] [stderr]     Checking hyper v0.14.13
[INFO] [stderr]     Checking hyper-tls v0.5.0
[INFO] [stderr]     Checking axum v0.2.8
[INFO] [stderr]     Checking reqwest v0.11.5
[INFO] [stderr]     Checking openid v0.9.3
[INFO] [stderr]    Compiling migrations_internals v1.4.1
[INFO] [stderr]     Checking diesel-tracing v0.1.5
[INFO] [stderr]    Compiling migrations_macros v1.4.2
[INFO] [stderr]     Checking thrussh-libsodium v0.2.1
[INFO] [stderr]     Checking thrussh-keys v0.21.0
[INFO] [stderr]     Checking thrussh v0.33.5
[INFO] [stderr]     Checking diesel_migrations v1.4.0
[INFO] [stderr]     Checking chartered-db v0.1.0 (/opt/rustwide/workdir/chartered-db)
[INFO] [stdout] error: At least one database backend must be enabled using `--features [sqlite|postgres]`
[INFO] [stdout]   --> chartered-db/src/lib.rs:63:1
[INFO] [stdout]    |
[INFO] [stdout] 63 | / compile_error!(
[INFO] [stdout] 64 | |     "At least one database backend must be enabled using `--features [sqlite|postgres]`"
[INFO] [stdout] 65 | | );
[INFO] [stdout]    | |__^
[INFO] [stdout] 
[INFO] [stdout] 
[INFO] [stdout] error: non-type macro in type position: ::core::panic
[INFO] [stdout]   --> chartered-db/src/lib.rs:67:23
[INFO] [stdout]    |
[INFO] [stdout] 67 | pub type Connection = unimplemented!();
[INFO] [stdout]    |                       ^^^^^^^^^^^^^^^^
[INFO] [stdout]    |
[INFO] [stdout]    = note: this error originates in the macro `unimplemented` (in Nightly builds, run with -Z macro-backtrace for more info)
[INFO] [stdout] 
[INFO] [stdout] 
[INFO] [stdout] error: At least one database backend must be enabled using `--features [sqlite|postgres]`
[INFO] [stdout]   --> chartered-db/src/lib.rs:63:1
[INFO] [stdout]    |
[INFO] [stdout] 63 | / compile_error!(
[INFO] [stdout] 64 | |     "At least one database backend must be enabled using `--features [sqlite|postgres]`"
[INFO] [stdout] 65 | | );
[INFO] [stdout]    | |__^
[INFO] [stdout] 
[INFO] [stdout] 
[INFO] [stdout] error: non-type macro in type position: ::core::panic
[INFO] [stdout]   --> chartered-db/src/lib.rs:67:23
[INFO] [stdout]    |
[INFO] [stdout] 67 | pub type Connection = unimplemented!();
[INFO] [stdout]    |                       ^^^^^^^^^^^^^^^^
[INFO] [stdout]    |
[INFO] [stdout]    = note: this error originates in the macro `unimplemented` (in Nightly builds, run with -Z macro-backtrace for more info)
[INFO] [stdout] 
[INFO] [stdout] 
[INFO] [stdout] error[E0277]: the trait bound `NaiveDateTime: FromSql<diesel::sql_types::Timestamp, _>` is not satisfied
[INFO] [stdout]    --> chartered-db/src/crates.rs:128:18
[INFO] [stdout]     |
[INFO] [stdout] 128 |                 .load(&conn)?
[INFO] [stdout]     |                  ^^^^ the trait `FromSql<diesel::sql_types::Timestamp, _>` is not implemented for `NaiveDateTime`
[INFO] [stdout]     |
[INFO] [stdout]     = note: required because of the requirements on the impl of `Queryable<diesel::sql_types::Timestamp, _>` for `NaiveDateTime`
[INFO] [stdout]     = note: 3 redundant requirements hidden
[INFO] [stdout]     = note: required because of the requirements on the impl of `Queryable<((diesel::sql_types::Integer, diesel::sql_types::Binary, diesel::sql_types::Text, diesel::sql_types::Text, diesel::sql_types::Bool), (diesel::sql_types::Integer, diesel::sql_types::Text, diesel::sql_types::Integer, diesel::sql_types::Nullable<diesel::sql_types::Text>, diesel::sql_types::Nullable<diesel::sql_types::Text>, diesel::sql_types::Nullable<diesel::sql_types::Text>, diesel::sql_types::Nullable<diesel::sql_types::Text>, diesel::sql_types::Nullable<diesel::sql_types::Text>, diesel::sql_types::Integer, diesel::sql_types::Timestamp), diesel::sql_types::Integer), _>` for `(_, Crate, _)`
[INFO] [stdout]     = note: required because of the requirements on the impl of `LoadQuery<_, (_, Crate, _)>` for `diesel::query_builder::SelectStatement<JoinOn<diesel::query_source::joins::Join<JoinOn<diesel::query_source::joins::Join<JoinOn<diesel::query_source::joins::Join<schema::crates::table, user_crate_permissions::table, LeftOuter>, And<diesel::expression::operators::Eq<user_crate_permissions::columns::user_id, diesel::expression::bound::Bound<diesel::sql_types::Integer, i32>>, diesel::expression::operators::Eq<user_crate_permissions::columns::crate_id, schema::crates::columns::id>>>, user_organisation_permissions::table, LeftOuter>, And<diesel::expression::operators::Eq<user_organisation_permissions::columns::user_id, diesel::expression::bound::Bound<diesel::sql_types::Integer, i32>>, diesel::expression::operators::Eq<user_organisation_permissions::columns::organisation_id, schema::crates::columns::organisation_id>>>, schema::organisations::table, Inner>, diesel::expression::operators::Eq<diesel::expression::nullable::Nullable<schema::crates::columns::organisation_id>, diesel::expression::nullable::Nullable<schema::organisations::columns::id>>>, query_builder::select_clause::SelectClause<((schema::organisations::columns::id, schema::organisations::columns::uuid, schema::organisations::columns::name, schema::organisations::columns::description, schema::organisations::columns::public), (schema::crates::columns::id, schema::crates::columns::name, schema::crates::columns::organisation_id, schema::crates::columns::readme, schema::crates::columns::description, schema::crates::columns::repository, schema::crates::columns::homepage, schema::crates::columns::documentation, schema::crates::columns::downloads, schema::crates::columns::created_at), Grouped<BitwiseOr<Grouped<BitwiseOr<coalesce::coalesce<diesel::expression::nullable::Nullable<user_crate_permissions::columns::permissions>, diesel::expression::bound::Bound<diesel::sql_types::Integer, i32>>, coalesce::coalesce<diesel::expression::nullable::Nullable<user_organisation_permissions::columns::permissions>, diesel::expression::bound::Bound<diesel::sql_types::Integer, i32>>>>, SqlLiteral<diesel::sql_types::Integer>>>)>, query_builder::distinct_clause::NoDistinctClause, query_builder::where_clause::WhereClause<And<diesel::expression::operators::Eq<Grouped<BitwiseAnd<Grouped<BitwiseOr<Grouped<BitwiseOr<coalesce::coalesce<diesel::expression::nullable::Nullable<user_crate_permissions::columns::permissions>, diesel::expression::bound::Bound<diesel::sql_types::Integer, i32>>, coalesce::coalesce<diesel::expression::nullable::Nullable<user_organisation_permissions::columns::permissions>, diesel::expression::bound::Bound<diesel::sql_types::Integer, i32>>>>, SqlLiteral<diesel::sql_types::Integer>>>, diesel::expression::bound::Bound<diesel::sql_types::Integer, i32>>>, diesel::expression::bound::Bound<diesel::sql_types::Integer, i32>>, Like<diesel::expression::operators::Concat<diesel::expression::operators::Concat<schema::organisations::columns::name, diesel::expression::bound::Bound<diesel::sql_types::Text, &str>>, schema::crates::columns::name>, diesel::expression::bound::Bound<diesel::sql_types::Text, &std::string::String>>>>, query_builder::order_clause::NoOrderClause, query_builder::limit_clause::LimitClause<diesel::expression::bound::Bound<BigInt, i64>>>`
[INFO] [stdout] 
[INFO] [stdout] 
[INFO] [stdout] error[E0277]: the trait bound `NaiveDateTime: FromSql<diesel::sql_types::Timestamp, _>` is not satisfied
[INFO] [stdout]    --> chartered-db/src/crates.rs:128:18
[INFO] [stdout]     |
[INFO] [stdout] 128 |                 .load(&conn)?
[INFO] [stdout]     |                  ^^^^ the trait `FromSql<diesel::sql_types::Timestamp, _>` is not implemented for `NaiveDateTime`
[INFO] [stdout]     |
[INFO] [stdout]     = note: required because of the requirements on the impl of `Queryable<diesel::sql_types::Timestamp, _>` for `NaiveDateTime`
[INFO] [stdout]     = note: 3 redundant requirements hidden
[INFO] [stdout]     = note: required because of the requirements on the impl of `Queryable<((diesel::sql_types::Integer, diesel::sql_types::Binary, diesel::sql_types::Text, diesel::sql_types::Text, diesel::sql_types::Bool), (diesel::sql_types::Integer, diesel::sql_types::Text, diesel::sql_types::Integer, diesel::sql_types::Nullable<diesel::sql_types::Text>, diesel::sql_types::Nullable<diesel::sql_types::Text>, diesel::sql_types::Nullable<diesel::sql_types::Text>, diesel::sql_types::Nullable<diesel::sql_types::Text>, diesel::sql_types::Nullable<diesel::sql_types::Text>, diesel::sql_types::Integer, diesel::sql_types::Timestamp), diesel::sql_types::Integer), _>` for `(_, Crate, _)`
[INFO] [stdout]     = note: required because of the requirements on the impl of `LoadQuery<_, (_, Crate, _)>` for `diesel::query_builder::SelectStatement<JoinOn<diesel::query_source::joins::Join<JoinOn<diesel::query_source::joins::Join<JoinOn<diesel::query_source::joins::Join<schema::crates::table, user_crate_permissions::table, LeftOuter>, And<diesel::expression::operators::Eq<user_crate_permissions::columns::user_id, diesel::expression::bound::Bound<diesel::sql_types::Integer, i32>>, diesel::expression::operators::Eq<user_crate_permissions::columns::crate_id, schema::crates::columns::id>>>, user_organisation_permissions::table, LeftOuter>, And<diesel::expression::operators::Eq<user_organisation_permissions::columns::user_id, diesel::expression::bound::Bound<diesel::sql_types::Integer, i32>>, diesel::expression::operators::Eq<user_organisation_permissions::columns::organisation_id, schema::crates::columns::organisation_id>>>, schema::organisations::table, Inner>, diesel::expression::operators::Eq<diesel::expression::nullable::Nullable<schema::crates::columns::organisation_id>, diesel::expression::nullable::Nullable<schema::organisations::columns::id>>>, query_builder::select_clause::SelectClause<((schema::organisations::columns::id, schema::organisations::columns::uuid, schema::organisations::columns::name, schema::organisations::columns::description, schema::organisations::columns::public), (schema::crates::columns::id, schema::crates::columns::name, schema::crates::columns::organisation_id, schema::crates::columns::readme, schema::crates::columns::description, schema::crates::columns::repository, schema::crates::columns::homepage, schema::crates::columns::documentation, schema::crates::columns::downloads, schema::crates::columns::created_at), Grouped<BitwiseOr<Grouped<BitwiseOr<coalesce::coalesce<diesel::expression::nullable::Nullable<user_crate_permissions::columns::permissions>, diesel::expression::bound::Bound<diesel::sql_types::Integer, i32>>, coalesce::coalesce<diesel::expression::nullable::Nullable<user_organisation_permissions::columns::permissions>, diesel::expression::bound::Bound<diesel::sql_types::Integer, i32>>>>, SqlLiteral<diesel::sql_types::Integer>>>)>, query_builder::distinct_clause::NoDistinctClause, query_builder::where_clause::WhereClause<And<diesel::expression::operators::Eq<Grouped<BitwiseAnd<Grouped<BitwiseOr<Grouped<BitwiseOr<coalesce::coalesce<diesel::expression::nullable::Nullable<user_crate_permissions::columns::permissions>, diesel::expression::bound::Bound<diesel::sql_types::Integer, i32>>, coalesce::coalesce<diesel::expression::nullable::Nullable<user_organisation_permissions::columns::permissions>, diesel::expression::bound::Bound<diesel::sql_types::Integer, i32>>>>, SqlLiteral<diesel::sql_types::Integer>>>, diesel::expression::bound::Bound<diesel::sql_types::Integer, i32>>>, diesel::expression::bound::Bound<diesel::sql_types::Integer, i32>>, Like<diesel::expression::operators::Concat<diesel::expression::operators::Concat<schema::organisations::columns::name, diesel::expression::bound::Bound<diesel::sql_types::Text, &str>>, schema::crates::columns::name>, diesel::expression::bound::Bound<diesel::sql_types::Text, &std::string::String>>>>, query_builder::order_clause::NoOrderClause, query_builder::limit_clause::LimitClause<diesel::expression::bound::Bound<BigInt, i64>>>`
[INFO] [stdout] 
[INFO] [stdout] 
[INFO] [stdout] error[E0277]: the trait bound `bool: FromSql<diesel::sql_types::Bool, _>` is not satisfied
[INFO] [stdout]    --> chartered-db/src/crates.rs:128:18
[INFO] [stdout]     |
[INFO] [stdout] 128 |                 .load(&conn)?
[INFO] [stdout]     |                  ^^^^ the trait `FromSql<diesel::sql_types::Bool, _>` is not implemented for `bool`
[INFO] [stdout]     |
[INFO] [stdout]     = note: required because of the requirements on the impl of `Queryable<diesel::sql_types::Bool, _>` for `bool`
[INFO] [stdout]     = note: 3 redundant requirements hidden
[INFO] [stdout]     = note: required because of the requirements on the impl of `Queryable<((diesel::sql_types::Integer, diesel::sql_types::Binary, diesel::sql_types::Text, diesel::sql_types::Text, diesel::sql_types::Bool), (diesel::sql_types::Integer, diesel::sql_types::Text, diesel::sql_types::Integer, diesel::sql_types::Nullable<diesel::sql_types::Text>, diesel::sql_types::Nullable<diesel::sql_types::Text>, diesel::sql_types::Nullable<diesel::sql_types::Text>, diesel::sql_types::Nullable<diesel::sql_types::Text>, diesel::sql_types::Nullable<diesel::sql_types::Text>, diesel::sql_types::Integer, diesel::sql_types::Timestamp), diesel::sql_types::Integer), _>` for `(Organisation, Crate, UserPermission)`
[INFO] [stdout]     = note: required because of the requirements on the impl of `LoadQuery<_, (Organisation, Crate, UserPermission)>` for `diesel::query_builder::SelectStatement<JoinOn<diesel::query_source::joins::Join<JoinOn<diesel::query_source::joins::Join<JoinOn<diesel::query_source::joins::Join<schema::crates::table, user_crate_permissions::table, LeftOuter>, And<diesel::expression::operators::Eq<user_crate_permissions::columns::user_id, diesel::expression::bound::Bound<diesel::sql_types::Integer, i32>>, diesel::expression::operators::Eq<user_crate_permissions::columns::crate_id, schema::crates::columns::id>>>, user_organisation_permissions::table, LeftOuter>, And<diesel::expression::operators::Eq<user_organisation_permissions::columns::user_id, diesel::expression::bound::Bound<diesel::sql_types::Integer, i32>>, diesel::expression::operators::Eq<user_organisation_permissions::columns::organisation_id, schema::crates::columns::organisation_id>>>, schema::organisations::table, Inner>, diesel::expression::operators::Eq<diesel::expression::nullable::Nullable<schema::crates::columns::organisation_id>, diesel::expression::nullable::Nullable<schema::organisations::columns::id>>>, query_builder::select_clause::SelectClause<((schema::organisations::columns::id, schema::organisations::columns::uuid, schema::organisations::columns::name, schema::organisations::columns::description, schema::organisations::columns::public), (schema::crates::columns::id, schema::crates::columns::name, schema::crates::columns::organisation_id, schema::crates::columns::readme, schema::crates::columns::description, schema::crates::columns::repository, schema::crates::columns::homepage, schema::crates::columns::documentation, schema::crates::columns::downloads, schema::crates::columns::created_at), Grouped<BitwiseOr<Grouped<BitwiseOr<coalesce::coalesce<diesel::expression::nullable::Nullable<user_crate_permissions::columns::permissions>, diesel::expression::bound::Bound<diesel::sql_types::Integer, i32>>, coalesce::coalesce<diesel::expression::nullable::Nullable<user_organisation_permissions::columns::permissions>, diesel::expression::bound::Bound<diesel::sql_types::Integer, i32>>>>, SqlLiteral<diesel::sql_types::Integer>>>)>, query_builder::distinct_clause::NoDistinctClause, query_builder::where_clause::WhereClause<And<diesel::expression::operators::Eq<Grouped<BitwiseAnd<Grouped<BitwiseOr<Grouped<BitwiseOr<coalesce::coalesce<diesel::expression::nullable::Nullable<user_crate_permissions::columns::permissions>, diesel::expression::bound::Bound<diesel::sql_types::Integer, i32>>, coalesce::coalesce<diesel::expression::nullable::Nullable<user_organisation_permissions::columns::permissions>, diesel::expression::bound::Bound<diesel::sql_types::Integer, i32>>>>, SqlLiteral<diesel::sql_types::Integer>>>, diesel::expression::bound::Bound<diesel::sql_types::Integer, i32>>>, diesel::expression::bound::Bound<diesel::sql_types::Integer, i32>>, Like<diesel::expression::operators::Concat<diesel::expression::operators::Concat<schema::organisations::columns::name, diesel::expression::bound::Bound<diesel::sql_types::Text, &str>>, schema::crates::columns::name>, diesel::expression::bound::Bound<diesel::sql_types::Text, &std::string::String>>>>, query_builder::order_clause::NoOrderClause, query_builder::limit_clause::LimitClause<diesel::expression::bound::Bound<BigInt, i64>>>`
[INFO] [stdout] 
[INFO] [stdout] 
[INFO] [stdout] error[E0277]: the trait bound `bool: FromSql<diesel::sql_types::Bool, _>` is not satisfied
[INFO] [stdout]    --> chartered-db/src/crates.rs:128:18
[INFO] [stdout]     |
[INFO] [stdout] 128 |                 .load(&conn)?
[INFO] [stdout]     |                  ^^^^ the trait `FromSql<diesel::sql_types::Bool, _>` is not implemented for `bool`
[INFO] [stdout]     |
[INFO] [stdout]     = note: required because of the requirements on the impl of `Queryable<diesel::sql_types::Bool, _>` for `bool`
[INFO] [stdout]     = note: 3 redundant requirements hidden
[INFO] [stdout]     = note: required because of the requirements on the impl of `Queryable<((diesel::sql_types::Integer, diesel::sql_types::Binary, diesel::sql_types::Text, diesel::sql_types::Text, diesel::sql_types::Bool), (diesel::sql_types::Integer, diesel::sql_types::Text, diesel::sql_types::Integer, diesel::sql_types::Nullable<diesel::sql_types::Text>, diesel::sql_types::Nullable<diesel::sql_types::Text>, diesel::sql_types::Nullable<diesel::sql_types::Text>, diesel::sql_types::Nullable<diesel::sql_types::Text>, diesel::sql_types::Nullable<diesel::sql_types::Text>, diesel::sql_types::Integer, diesel::sql_types::Timestamp), diesel::sql_types::Integer), _>` for `(Organisation, Crate, UserPermission)`
[INFO] [stdout]     = note: required because of the requirements on the impl of `LoadQuery<_, (Organisation, Crate, UserPermission)>` for `diesel::query_builder::SelectStatement<JoinOn<diesel::query_source::joins::Join<JoinOn<diesel::query_source::joins::Join<JoinOn<diesel::query_source::joins::Join<schema::crates::table, user_crate_permissions::table, LeftOuter>, And<diesel::expression::operators::Eq<user_crate_permissions::columns::user_id, diesel::expression::bound::Bound<diesel::sql_types::Integer, i32>>, diesel::expression::operators::Eq<user_crate_permissions::columns::crate_id, schema::crates::columns::id>>>, user_organisation_permissions::table, LeftOuter>, And<diesel::expression::operators::Eq<user_organisation_permissions::columns::user_id, diesel::expression::bound::Bound<diesel::sql_types::Integer, i32>>, diesel::expression::operators::Eq<user_organisation_permissions::columns::organisation_id, schema::crates::columns::organisation_id>>>, schema::organisations::table, Inner>, diesel::expression::operators::Eq<diesel::expression::nullable::Nullable<schema::crates::columns::organisation_id>, diesel::expression::nullable::Nullable<schema::organisations::columns::id>>>, query_builder::select_clause::SelectClause<((schema::organisations::columns::id, schema::organisations::columns::uuid, schema::organisations::columns::name, schema::organisations::columns::description, schema::organisations::columns::public), (schema::crates::columns::id, schema::crates::columns::name, schema::crates::columns::organisation_id, schema::crates::columns::readme, schema::crates::columns::description, schema::crates::columns::repository, schema::crates::columns::homepage, schema::crates::columns::documentation, schema::crates::columns::downloads, schema::crates::columns::created_at), Grouped<BitwiseOr<Grouped<BitwiseOr<coalesce::coalesce<diesel::expression::nullable::Nullable<user_crate_permissions::columns::permissions>, diesel::expression::bound::Bound<diesel::sql_types::Integer, i32>>, coalesce::coalesce<diesel::expression::nullable::Nullable<user_organisation_permissions::columns::permissions>, diesel::expression::bound::Bound<diesel::sql_types::Integer, i32>>>>, SqlLiteral<diesel::sql_types::Integer>>>)>, query_builder::distinct_clause::NoDistinctClause, query_builder::where_clause::WhereClause<And<diesel::expression::operators::Eq<Grouped<BitwiseAnd<Grouped<BitwiseOr<Grouped<BitwiseOr<coalesce::coalesce<diesel::expression::nullable::Nullable<user_crate_permissions::columns::permissions>, diesel::expression::bound::Bound<diesel::sql_types::Integer, i32>>, coalesce::coalesce<diesel::expression::nullable::Nullable<user_organisation_permissions::columns::permissions>, diesel::expression::bound::Bound<diesel::sql_types::Integer, i32>>>>, SqlLiteral<diesel::sql_types::Integer>>>, diesel::expression::bound::Bound<diesel::sql_types::Integer, i32>>>, diesel::expression::bound::Bound<diesel::sql_types::Integer, i32>>, Like<diesel::expression::operators::Concat<diesel::expression::operators::Concat<schema::organisations::columns::name, diesel::expression::bound::Bound<diesel::sql_types::Text, &str>>, schema::crates::columns::name>, diesel::expression::bound::Bound<diesel::sql_types::Text, &std::string::String>>>>, query_builder::order_clause::NoOrderClause, query_builder::limit_clause::LimitClause<diesel::expression::bound::Bound<BigInt, i64>>>`
[INFO] [stdout] 
[INFO] [stdout] 
[INFO] [stdout] error[E0277]: the trait bound `NaiveDateTime: FromSql<diesel::sql_types::Timestamp, _>` is not satisfied
[INFO] [stdout]    --> chartered-db/src/crates.rs:166:18
[INFO] [stdout]     |
[INFO] [stdout] 166 |                 .load(&conn)?;
[INFO] [stdout]     |                  ^^^^ the trait `FromSql<diesel::sql_types::Timestamp, _>` is not implemented for `NaiveDateTime`
[INFO] [stdout]     |
[INFO] [stdout]     = note: required because of the requirements on the impl of `Queryable<diesel::sql_types::Timestamp, _>` for `NaiveDateTime`
[INFO] [stdout]     = note: 3 redundant requirements hidden
[INFO] [stdout]     = note: required because of the requirements on the impl of `Queryable<((diesel::sql_types::Integer, diesel::sql_types::Text, diesel::sql_types::Integer, diesel::sql_types::Nullable<diesel::sql_types::Text>, diesel::sql_types::Nullable<diesel::sql_types::Text>, diesel::sql_types::Nullable<diesel::sql_types::Text>, diesel::sql_types::Nullable<diesel::sql_types::Text>, diesel::sql_types::Nullable<diesel::sql_types::Text>, diesel::sql_types::Integer, diesel::sql_types::Timestamp), (diesel::sql_types::Integer, diesel::sql_types::Integer, diesel::sql_types::Text, diesel::sql_types::Text, diesel::sql_types::Integer, diesel::sql_types::Bool, diesel::sql_types::Text, diesel::sql_types::Binary, diesel::sql_types::Binary, diesel::sql_types::Nullable<diesel::sql_types::Text>, diesel::sql_types::Integer, diesel::sql_types::Timestamp)), _>` for `(Crate, crates::CrateVersion<'_>)`
[INFO] [stdout]     = note: required because of the requirements on the impl of `LoadQuery<_, (Crate, crates::CrateVersion<'_>)>` for `diesel::query_builder::SelectStatement<JoinOn<diesel::query_source::joins::Join<JoinOn<diesel::query_source::joins::Join<JoinOn<diesel::query_source::joins::Join<JoinOn<diesel::query_source::joins::Join<schema::crates::table, user_crate_permissions::table, LeftOuter>, And<diesel::expression::operators::Eq<user_crate_permissions::columns::user_id, diesel::expression::bound::Bound<diesel::sql_types::Integer, i32>>, diesel::expression::operators::Eq<user_crate_permissions::columns::crate_id, schema::crates::columns::id>>>, user_organisation_permissions::table, LeftOuter>, And<diesel::expression::operators::Eq<user_organisation_permissions::columns::user_id, diesel::expression::bound::Bound<diesel::sql_types::Integer, i32>>, diesel::expression::operators::Eq<user_organisation_permissions::columns::organisation_id, schema::crates::columns::organisation_id>>>, schema::organisations::table, Inner>, diesel::expression::operators::Eq<diesel::expression::nullable::Nullable<schema::crates::columns::organisation_id>, diesel::expression::nullable::Nullable<schema::organisations::columns::id>>>, crate_versions::table, Inner>, diesel::expression::operators::Eq<diesel::expression::nullable::Nullable<crate_versions::columns::crate_id>, diesel::expression::nullable::Nullable<schema::crates::columns::id>>>, query_builder::select_clause::SelectClause<((schema::crates::columns::id, schema::crates::columns::name, schema::crates::columns::organisation_id, schema::crates::columns::readme, schema::crates::columns::description, schema::crates::columns::repository, schema::crates::columns::homepage, schema::crates::columns::documentation, schema::crates::columns::downloads, schema::crates::columns::created_at), (crate_versions::columns::id, crate_versions::columns::crate_id, crate_versions::columns::version, crate_versions::columns::filesystem_object, crate_versions::columns::size, crate_versions::columns::yanked, crate_versions::columns::checksum, crate_versions::columns::dependencies, crate_versions::columns::features, crate_versions::columns::links, crate_versions::columns::user_id, crate_versions::columns::created_at))>, query_builder::distinct_clause::NoDistinctClause, query_builder::where_clause::WhereClause<And<diesel::expression::operators::Eq<schema::organisations::columns::name, diesel::expression::bound::Bound<diesel::sql_types::Text, std::string::String>>, diesel::expression::operators::Eq<Grouped<BitwiseAnd<Grouped<BitwiseOr<Grouped<BitwiseOr<coalesce::coalesce<diesel::expression::nullable::Nullable<user_crate_permissions::columns::permissions>, diesel::expression::bound::Bound<diesel::sql_types::Integer, i32>>, coalesce::coalesce<diesel::expression::nullable::Nullable<user_organisation_permissions::columns::permissions>, diesel::expression::bound::Bound<diesel::sql_types::Integer, i32>>>>, SqlLiteral<diesel::sql_types::Integer>>>, diesel::expression::bound::Bound<diesel::sql_types::Integer, i32>>>, diesel::expression::bound::Bound<diesel::sql_types::Integer, i32>>>>>`
[INFO] [stdout] 
[INFO] [stdout] 
[INFO] [stdout] error[E0277]: the trait bound `NaiveDateTime: FromSql<diesel::sql_types::Timestamp, _>` is not satisfied
[INFO] [stdout]    --> chartered-db/src/crates.rs:166:18
[INFO] [stdout]     |
[INFO] [stdout] 166 |                 .load(&conn)?;
[INFO] [stdout]     |                  ^^^^ the trait `FromSql<diesel::sql_types::Timestamp, _>` is not implemented for `NaiveDateTime`
[INFO] [stdout]     |
[INFO] [stdout]     = note: required because of the requirements on the impl of `Queryable<diesel::sql_types::Timestamp, _>` for `NaiveDateTime`
[INFO] [stdout]     = note: 3 redundant requirements hidden
[INFO] [stdout]     = note: required because of the requirements on the impl of `Queryable<((diesel::sql_types::Integer, diesel::sql_types::Text, diesel::sql_types::Integer, diesel::sql_types::Nullable<diesel::sql_types::Text>, diesel::sql_types::Nullable<diesel::sql_types::Text>, diesel::sql_types::Nullable<diesel::sql_types::Text>, diesel::sql_types::Nullable<diesel::sql_types::Text>, diesel::sql_types::Nullable<diesel::sql_types::Text>, diesel::sql_types::Integer, diesel::sql_types::Timestamp), (diesel::sql_types::Integer, diesel::sql_types::Integer, diesel::sql_types::Text, diesel::sql_types::Text, diesel::sql_types::Integer, diesel::sql_types::Bool, diesel::sql_types::Text, diesel::sql_types::Binary, diesel::sql_types::Binary, diesel::sql_types::Nullable<diesel::sql_types::Text>, diesel::sql_types::Integer, diesel::sql_types::Timestamp)), _>` for `(Crate, crates::CrateVersion<'_>)`
[INFO] [stdout]     = note: required because of the requirements on the impl of `LoadQuery<_, (Crate, crates::CrateVersion<'_>)>` for `diesel::query_builder::SelectStatement<JoinOn<diesel::query_source::joins::Join<JoinOn<diesel::query_source::joins::Join<JoinOn<diesel::query_source::joins::Join<JoinOn<diesel::query_source::joins::Join<schema::crates::table, user_crate_permissions::table, LeftOuter>, And<diesel::expression::operators::Eq<user_crate_permissions::columns::user_id, diesel::expression::bound::Bound<diesel::sql_types::Integer, i32>>, diesel::expression::operators::Eq<user_crate_permissions::columns::crate_id, schema::crates::columns::id>>>, user_organisation_permissions::table, LeftOuter>, And<diesel::expression::operators::Eq<user_organisation_permissions::columns::user_id, diesel::expression::bound::Bound<diesel::sql_types::Integer, i32>>, diesel::expression::operators::Eq<user_organisation_permissions::columns::organisation_id, schema::crates::columns::organisation_id>>>, schema::organisations::table, Inner>, diesel::expression::operators::Eq<diesel::expression::nullable::Nullable<schema::crates::columns::organisation_id>, diesel::expression::nullable::Nullable<schema::organisations::columns::id>>>, crate_versions::table, Inner>, diesel::expression::operators::Eq<diesel::expression::nullable::Nullable<crate_versions::columns::crate_id>, diesel::expression::nullable::Nullable<schema::crates::columns::id>>>, query_builder::select_clause::SelectClause<((schema::crates::columns::id, schema::crates::columns::name, schema::crates::columns::organisation_id, schema::crates::columns::readme, schema::crates::columns::description, schema::crates::columns::repository, schema::crates::columns::homepage, schema::crates::columns::documentation, schema::crates::columns::downloads, schema::crates::columns::created_at), (crate_versions::columns::id, crate_versions::columns::crate_id, crate_versions::columns::version, crate_versions::columns::filesystem_object, crate_versions::columns::size, crate_versions::columns::yanked, crate_versions::columns::checksum, crate_versions::columns::dependencies, crate_versions::columns::features, crate_versions::columns::links, crate_versions::columns::user_id, crate_versions::columns::created_at))>, query_builder::distinct_clause::NoDistinctClause, query_builder::where_clause::WhereClause<And<diesel::expression::operators::Eq<schema::organisations::columns::name, diesel::expression::bound::Bound<diesel::sql_types::Text, std::string::String>>, diesel::expression::operators::Eq<Grouped<BitwiseAnd<Grouped<BitwiseOr<Grouped<BitwiseOr<coalesce::coalesce<diesel::expression::nullable::Nullable<user_crate_permissions::columns::permissions>, diesel::expression::bound::Bound<diesel::sql_types::Integer, i32>>, coalesce::coalesce<diesel::expression::nullable::Nullable<user_organisation_permissions::columns::permissions>, diesel::expression::bound::Bound<diesel::sql_types::Integer, i32>>>>, SqlLiteral<diesel::sql_types::Integer>>>, diesel::expression::bound::Bound<diesel::sql_types::Integer, i32>>>, diesel::expression::bound::Bound<diesel::sql_types::Integer, i32>>>>>`
[INFO] [stdout] 
[INFO] [stdout] 
[INFO] [stdout] error[E0277]: the trait bound `bool: FromSql<diesel::sql_types::Bool, _>` is not satisfied
[INFO] [stdout]    --> chartered-db/src/crates.rs:166:18
[INFO] [stdout]     |
[INFO] [stdout] 166 |                 .load(&conn)?;
[INFO] [stdout]     |                  ^^^^ the trait `FromSql<diesel::sql_types::Bool, _>` is not implemented for `bool`
[INFO] [stdout]     |
[INFO] [stdout]     = note: required because of the requirements on the impl of `Queryable<diesel::sql_types::Bool, _>` for `bool`
[INFO] [stdout]     = note: 3 redundant requirements hidden
[INFO] [stdout]     = note: required because of the requirements on the impl of `Queryable<((diesel::sql_types::Integer, diesel::sql_types::Text, diesel::sql_types::Integer, diesel::sql_types::Nullable<diesel::sql_types::Text>, diesel::sql_types::Nullable<diesel::sql_types::Text>, diesel::sql_types::Nullable<diesel::sql_types::Text>, diesel::sql_types::Nullable<diesel::sql_types::Text>, diesel::sql_types::Nullable<diesel::sql_types::Text>, diesel::sql_types::Integer, diesel::sql_types::Timestamp), (diesel::sql_types::Integer, diesel::sql_types::Integer, diesel::sql_types::Text, diesel::sql_types::Text, diesel::sql_types::Integer, diesel::sql_types::Bool, diesel::sql_types::Text, diesel::sql_types::Binary, diesel::sql_types::Binary, diesel::sql_types::Nullable<diesel::sql_types::Text>, diesel::sql_types::Integer, diesel::sql_types::Timestamp)), _>` for `(Crate, crates::CrateVersion<'_>)`
[INFO] [stdout]     = note: required because of the requirements on the impl of `LoadQuery<_, (Crate, crates::CrateVersion<'_>)>` for `diesel::query_builder::SelectStatement<JoinOn<diesel::query_source::joins::Join<JoinOn<diesel::query_source::joins::Join<JoinOn<diesel::query_source::joins::Join<JoinOn<diesel::query_source::joins::Join<schema::crates::table, user_crate_permissions::table, LeftOuter>, And<diesel::expression::operators::Eq<user_crate_permissions::columns::user_id, diesel::expression::bound::Bound<diesel::sql_types::Integer, i32>>, diesel::expression::operators::Eq<user_crate_permissions::columns::crate_id, schema::crates::columns::id>>>, user_organisation_permissions::table, LeftOuter>, And<diesel::expression::operators::Eq<user_organisation_permissions::columns::user_id, diesel::expression::bound::Bound<diesel::sql_types::Integer, i32>>, diesel::expression::operators::Eq<user_organisation_permissions::columns::organisation_id, schema::crates::columns::organisation_id>>>, schema::organisations::table, Inner>, diesel::expression::operators::Eq<diesel::expression::nullable::Nullable<schema::crates::columns::organisation_id>, diesel::expression::nullable::Nullable<schema::organisations::columns::id>>>, crate_versions::table, Inner>, diesel::expression::operators::Eq<diesel::expression::nullable::Nullable<crate_versions::columns::crate_id>, diesel::expression::nullable::Nullable<schema::crates::columns::id>>>, query_builder::select_clause::SelectClause<((schema::crates::columns::id, schema::crates::columns::name, schema::crates::columns::organisation_id, schema::crates::columns::readme, schema::crates::columns::description, schema::crates::columns::repository, schema::crates::columns::homepage, schema::crates::columns::documentation, schema::crates::columns::downloads, schema::crates::columns::created_at), (crate_versions::columns::id, crate_versions::columns::crate_id, crate_versions::columns::version, crate_versions::columns::filesystem_object, crate_versions::columns::size, crate_versions::columns::yanked, crate_versions::columns::checksum, crate_versions::columns::dependencies, crate_versions::columns::features, crate_versions::columns::links, crate_versions::columns::user_id, crate_versions::columns::created_at))>, query_builder::distinct_clause::NoDistinctClause, query_builder::where_clause::WhereClause<And<diesel::expression::operators::Eq<schema::organisations::columns::name, diesel::expression::bound::Bound<diesel::sql_types::Text, std::string::String>>, diesel::expression::operators::Eq<Grouped<BitwiseAnd<Grouped<BitwiseOr<Grouped<BitwiseOr<coalesce::coalesce<diesel::expression::nullable::Nullable<user_crate_permissions::columns::permissions>, diesel::expression::bound::Bound<diesel::sql_types::Integer, i32>>, coalesce::coalesce<diesel::expression::nullable::Nullable<user_organisation_permissions::columns::permissions>, diesel::expression::bound::Bound<diesel::sql_types::Integer, i32>>>>, SqlLiteral<diesel::sql_types::Integer>>>, diesel::expression::bound::Bound<diesel::sql_types::Integer, i32>>>, diesel::expression::bound::Bound<diesel::sql_types::Integer, i32>>>>>`
[INFO] [stdout] 
[INFO] [stdout] 
[INFO] [stdout] error[E0277]: the trait bound `bool: FromSql<diesel::sql_types::Bool, _>` is not satisfied
[INFO] [stdout]    --> chartered-db/src/crates.rs:166:18
[INFO] [stdout]     |
[INFO] [stdout] 166 |                 .load(&conn)?;
[INFO] [stdout]     |                  ^^^^ the trait `FromSql<diesel::sql_types::Bool, _>` is not implemented for `bool`
[INFO] [stdout]     |
[INFO] [stdout]     = note: required because of the requirements on the impl of `Queryable<diesel::sql_types::Bool, _>` for `bool`
[INFO] [stdout]     = note: 3 redundant requirements hidden
[INFO] [stdout]     = note: required because of the requirements on the impl of `Queryable<((diesel::sql_types::Integer, diesel::sql_types::Text, diesel::sql_types::Integer, diesel::sql_types::Nullable<diesel::sql_types::Text>, diesel::sql_types::Nullable<diesel::sql_types::Text>, diesel::sql_types::Nullable<diesel::sql_types::Text>, diesel::sql_types::Nullable<diesel::sql_types::Text>, diesel::sql_types::Nullable<diesel::sql_types::Text>, diesel::sql_types::Integer, diesel::sql_types::Timestamp), (diesel::sql_types::Integer, diesel::sql_types::Integer, diesel::sql_types::Text, diesel::sql_types::Text, diesel::sql_types::Integer, diesel::sql_types::Bool, diesel::sql_types::Text, diesel::sql_types::Binary, diesel::sql_types::Binary, diesel::sql_types::Nullable<diesel::sql_types::Text>, diesel::sql_types::Integer, diesel::sql_types::Timestamp)), _>` for `(Crate, crates::CrateVersion<'_>)`
[INFO] [stdout]     = note: required because of the requirements on the impl of `LoadQuery<_, (Crate, crates::CrateVersion<'_>)>` for `diesel::query_builder::SelectStatement<JoinOn<diesel::query_source::joins::Join<JoinOn<diesel::query_source::joins::Join<JoinOn<diesel::query_source::joins::Join<JoinOn<diesel::query_source::joins::Join<schema::crates::table, user_crate_permissions::table, LeftOuter>, And<diesel::expression::operators::Eq<user_crate_permissions::columns::user_id, diesel::expression::bound::Bound<diesel::sql_types::Integer, i32>>, diesel::expression::operators::Eq<user_crate_permissions::columns::crate_id, schema::crates::columns::id>>>, user_organisation_permissions::table, LeftOuter>, And<diesel::expression::operators::Eq<user_organisation_permissions::columns::user_id, diesel::expression::bound::Bound<diesel::sql_types::Integer, i32>>, diesel::expression::operators::Eq<user_organisation_permissions::columns::organisation_id, schema::crates::columns::organisation_id>>>, schema::organisations::table, Inner>, diesel::expression::operators::Eq<diesel::expression::nullable::Nullable<schema::crates::columns::organisation_id>, diesel::expression::nullable::Nullable<schema::organisations::columns::id>>>, crate_versions::table, Inner>, diesel::expression::operators::Eq<diesel::expression::nullable::Nullable<crate_versions::columns::crate_id>, diesel::expression::nullable::Nullable<schema::crates::columns::id>>>, query_builder::select_clause::SelectClause<((schema::crates::columns::id, schema::crates::columns::name, schema::crates::columns::organisation_id, schema::crates::columns::readme, schema::crates::columns::description, schema::crates::columns::repository, schema::crates::columns::homepage, schema::crates::columns::documentation, schema::crates::columns::downloads, schema::crates::columns::created_at), (crate_versions::columns::id, crate_versions::columns::crate_id, crate_versions::columns::version, crate_versions::columns::filesystem_object, crate_versions::columns::size, crate_versions::columns::yanked, crate_versions::columns::checksum, crate_versions::columns::dependencies, crate_versions::columns::features, crate_versions::columns::links, crate_versions::columns::user_id, crate_versions::columns::created_at))>, query_builder::distinct_clause::NoDistinctClause, query_builder::where_clause::WhereClause<And<diesel::expression::operators::Eq<schema::organisations::columns::name, diesel::expression::bound::Bound<diesel::sql_types::Text, std::string::String>>, diesel::expression::operators::Eq<Grouped<BitwiseAnd<Grouped<BitwiseOr<Grouped<BitwiseOr<coalesce::coalesce<diesel::expression::nullable::Nullable<user_crate_permissions::columns::permissions>, diesel::expression::bound::Bound<diesel::sql_types::Integer, i32>>, coalesce::coalesce<diesel::expression::nullable::Nullable<user_organisation_permissions::columns::permissions>, diesel::expression::bound::Bound<diesel::sql_types::Integer, i32>>>>, SqlLiteral<diesel::sql_types::Integer>>>, diesel::expression::bound::Bound<diesel::sql_types::Integer, i32>>>, diesel::expression::bound::Bound<diesel::sql_types::Integer, i32>>>>>`
[INFO] [stdout] 
[INFO] [stdout] 
[INFO] [stdout] error[E0277]: the trait bound `NaiveDateTime: FromSql<diesel::sql_types::Timestamp, _>` is not satisfied
[INFO] [stdout]    --> chartered-db/src/crates.rs:191:18
[INFO] [stdout]     |
[INFO] [stdout] 191 |                 .load(&conn)?;
[INFO] [stdout]     |                  ^^^^ the trait `FromSql<diesel::sql_types::Timestamp, _>` is not implemented for `NaiveDateTime`
[INFO] [stdout]     |
[INFO] [stdout]     = note: required because of the requirements on the impl of `Queryable<diesel::sql_types::Timestamp, _>` for `NaiveDateTime`
[INFO] [stdout]     = note: 3 redundant requirements hidden
[INFO] [stdout]     = note: required because of the requirements on the impl of `Queryable<((diesel::sql_types::Integer, diesel::sql_types::Text, diesel::sql_types::Integer, diesel::sql_types::Nullable<diesel::sql_types::Text>, diesel::sql_types::Nullable<diesel::sql_types::Text>, diesel::sql_types::Nullable<diesel::sql_types::Text>, diesel::sql_types::Nullable<diesel::sql_types::Text>, diesel::sql_types::Nullable<diesel::sql_types::Text>, diesel::sql_types::Integer, diesel::sql_types::Timestamp), (diesel::sql_types::Integer, diesel::sql_types::Binary, diesel::sql_types::Text, diesel::sql_types::Text, diesel::sql_types::Bool)), _>` for `(Crate, Organisation)`
[INFO] [stdout]     = note: required because of the requirements on the impl of `LoadQuery<_, (Crate, Organisation)>` for `diesel::query_builder::SelectStatement<JoinOn<diesel::query_source::joins::Join<JoinOn<diesel::query_source::joins::Join<JoinOn<diesel::query_source::joins::Join<JoinOn<diesel::query_source::joins::Join<schema::crates::table, user_crate_permissions::table, LeftOuter>, And<diesel::expression::operators::Eq<user_crate_permissions::columns::user_id, diesel::expression::bound::Bound<diesel::sql_types::Integer, i32>>, diesel::expression::operators::Eq<user_crate_permissions::columns::crate_id, schema::crates::columns::id>>>, user_organisation_permissions::table, LeftOuter>, And<diesel::expression::operators::Eq<user_organisation_permissions::columns::user_id, diesel::expression::bound::Bound<diesel::sql_types::Integer, i32>>, diesel::expression::operators::Eq<user_organisation_permissions::columns::organisation_id, schema::crates::columns::organisation_id>>>, schema::organisations::table, Inner>, diesel::expression::operators::Eq<diesel::expression::nullable::Nullable<schema::crates::columns::organisation_id>, diesel::expression::nullable::Nullable<schema::organisations::columns::id>>>, crate_versions::table, Inner>, diesel::expression::operators::Eq<diesel::expression::nullable::Nullable<crate_versions::columns::crate_id>, diesel::expression::nullable::Nullable<schema::crates::columns::id>>>, query_builder::select_clause::SelectClause<((schema::crates::columns::id, schema::crates::columns::name, schema::crates::columns::organisation_id, schema::crates::columns::readme, schema::crates::columns::description, schema::crates::columns::repository, schema::crates::columns::homepage, schema::crates::columns::documentation, schema::crates::columns::downloads, schema::crates::columns::created_at), (schema::organisations::columns::id, schema::organisations::columns::uuid, schema::organisations::columns::name, schema::organisations::columns::description, schema::organisations::columns::public))>, query_builder::distinct_clause::NoDistinctClause, query_builder::where_clause::WhereClause<diesel::expression::operators::Eq<Grouped<BitwiseAnd<Grouped<BitwiseOr<Grouped<BitwiseOr<coalesce::coalesce<diesel::expression::nullable::Nullable<user_crate_permissions::columns::permissions>, diesel::expression::bound::Bound<diesel::sql_types::Integer, i32>>, coalesce::coalesce<diesel::expression::nullable::Nullable<user_organisation_permissions::columns::permissions>, diesel::expression::bound::Bound<diesel::sql_types::Integer, i32>>>>, SqlLiteral<diesel::sql_types::Integer>>>, diesel::expression::bound::Bound<diesel::sql_types::Integer, i32>>>, diesel::expression::bound::Bound<diesel::sql_types::Integer, i32>>>, query_builder::order_clause::OrderClause<Desc<schema::crates::columns::created_at>>, query_builder::limit_clause::LimitClause<diesel::expression::bound::Bound<BigInt, i64>>>`
[INFO] [stdout] 
[INFO] [stdout] 
[INFO] [stdout] error[E0277]: the trait bound `bool: FromSql<diesel::sql_types::Bool, _>` is not satisfied
[INFO] [stdout]    --> chartered-db/src/crates.rs:191:18
[INFO] [stdout]     |
[INFO] [stdout] 191 |                 .load(&conn)?;
[INFO] [stdout]     |                  ^^^^ the trait `FromSql<diesel::sql_types::Bool, _>` is not implemented for `bool`
[INFO] [stdout]     |
[INFO] [stdout]     = note: required because of the requirements on the impl of `Queryable<diesel::sql_types::Bool, _>` for `bool`
[INFO] [stdout]     = note: 3 redundant requirements hidden
[INFO] [stdout]     = note: required because of the requirements on the impl of `Queryable<((diesel::sql_types::Integer, diesel::sql_types::Text, diesel::sql_types::Integer, diesel::sql_types::Nullable<diesel::sql_types::Text>, diesel::sql_types::Nullable<diesel::sql_types::Text>, diesel::sql_types::Nullable<diesel::sql_types::Text>, diesel::sql_types::Nullable<diesel::sql_types::Text>, diesel::sql_types::Nullable<diesel::sql_types::Text>, diesel::sql_types::Integer, diesel::sql_types::Timestamp), (diesel::sql_types::Integer, diesel::sql_types::Binary, diesel::sql_types::Text, diesel::sql_types::Text, diesel::sql_types::Bool)), _>` for `(Crate, Organisation)`
[INFO] [stdout]     = note: required because of the requirements on the impl of `LoadQuery<_, (Crate, Organisation)>` for `diesel::query_builder::SelectStatement<JoinOn<diesel::query_source::joins::Join<JoinOn<diesel::query_source::joins::Join<JoinOn<diesel::query_source::joins::Join<JoinOn<diesel::query_source::joins::Join<schema::crates::table, user_crate_permissions::table, LeftOuter>, And<diesel::expression::operators::Eq<user_crate_permissions::columns::user_id, diesel::expression::bound::Bound<diesel::sql_types::Integer, i32>>, diesel::expression::operators::Eq<user_crate_permissions::columns::crate_id, schema::crates::columns::id>>>, user_organisation_permissions::table, LeftOuter>, And<diesel::expression::operators::Eq<user_organisation_permissions::columns::user_id, diesel::expression::bound::Bound<diesel::sql_types::Integer, i32>>, diesel::expression::operators::Eq<user_organisation_permissions::columns::organisation_id, schema::crates::columns::organisation_id>>>, schema::organisations::table, Inner>, diesel::expression::operators::Eq<diesel::expression::nullable::Nullable<schema::crates::columns::organisation_id>, diesel::expression::nullable::Nullable<schema::organisations::columns::id>>>, crate_versions::table, Inner>, diesel::expression::operators::Eq<diesel::expression::nullable::Nullable<crate_versions::columns::crate_id>, diesel::expression::nullable::Nullable<schema::crates::columns::id>>>, query_builder::select_clause::SelectClause<((schema::crates::columns::id, schema::crates::columns::name, schema::crates::columns::organisation_id, schema::crates::columns::readme, schema::crates::columns::description, schema::crates::columns::repository, schema::crates::columns::homepage, schema::crates::columns::documentation, schema::crates::columns::downloads, schema::crates::columns::created_at), (schema::organisations::columns::id, schema::organisations::columns::uuid, schema::organisations::columns::name, schema::organisations::columns::description, schema::organisations::columns::public))>, query_builder::distinct_clause::NoDistinctClause, query_builder::where_clause::WhereClause<diesel::expression::operators::Eq<Grouped<BitwiseAnd<Grouped<BitwiseOr<Grouped<BitwiseOr<coalesce::coalesce<diesel::expression::nullable::Nullable<user_crate_permissions::columns::permissions>, diesel::expression::bound::Bound<diesel::sql_types::Integer, i32>>, coalesce::coalesce<diesel::expression::nullable::Nullable<user_organisation_permissions::columns::permissions>, diesel::expression::bound::Bound<diesel::sql_types::Integer, i32>>>>, SqlLiteral<diesel::sql_types::Integer>>>, diesel::expression::bound::Bound<diesel::sql_types::Integer, i32>>>, diesel::expression::bound::Bound<diesel::sql_types::Integer, i32>>>, query_builder::order_clause::OrderClause<Desc<schema::crates::columns::created_at>>, query_builder::limit_clause::LimitClause<diesel::expression::bound::Bound<BigInt, i64>>>`
[INFO] [stdout] 
[INFO] [stdout] 
[INFO] [stdout] error[E0277]: the trait bound `NaiveDateTime: FromSql<diesel::sql_types::Timestamp, _>` is not satisfied
[INFO] [stdout]    --> chartered-db/src/crates.rs:191:18
[INFO] [stdout]     |
[INFO] [stdout] 191 |                 .load(&conn)?;
[INFO] [stdout]     |                  ^^^^ the trait `FromSql<diesel::sql_types::Timestamp, _>` is not implemented for `NaiveDateTime`
[INFO] [stdout]     |
[INFO] [stdout]     = note: required because of the requirements on the impl of `Queryable<diesel::sql_types::Timestamp, _>` for `NaiveDateTime`
[INFO] [stdout]     = note: 3 redundant requirements hidden
[INFO] [stdout]     = note: required because of the requirements on the impl of `Queryable<((diesel::sql_types::Integer, diesel::sql_types::Text, diesel::sql_types::Integer, diesel::sql_types::Nullable<diesel::sql_types::Text>, diesel::sql_types::Nullable<diesel::sql_types::Text>, diesel::sql_types::Nullable<diesel::sql_types::Text>, diesel::sql_types::Nullable<diesel::sql_types::Text>, diesel::sql_types::Nullable<diesel::sql_types::Text>, diesel::sql_types::Integer, diesel::sql_types::Timestamp), (diesel::sql_types::Integer, diesel::sql_types::Binary, diesel::sql_types::Text, diesel::sql_types::Text, diesel::sql_types::Bool)), _>` for `(Crate, Organisation)`
[INFO] [stdout]     = note: required because of the requirements on the impl of `LoadQuery<_, (Crate, Organisation)>` for `diesel::query_builder::SelectStatement<JoinOn<diesel::query_source::joins::Join<JoinOn<diesel::query_source::joins::Join<JoinOn<diesel::query_source::joins::Join<JoinOn<diesel::query_source::joins::Join<schema::crates::table, user_crate_permissions::table, LeftOuter>, And<diesel::expression::operators::Eq<user_crate_permissions::columns::user_id, diesel::expression::bound::Bound<diesel::sql_types::Integer, i32>>, diesel::expression::operators::Eq<user_crate_permissions::columns::crate_id, schema::crates::columns::id>>>, user_organisation_permissions::table, LeftOuter>, And<diesel::expression::operators::Eq<user_organisation_permissions::columns::user_id, diesel::expression::bound::Bound<diesel::sql_types::Integer, i32>>, diesel::expression::operators::Eq<user_organisation_permissions::columns::organisation_id, schema::crates::columns::organisation_id>>>, schema::organisations::table, Inner>, diesel::expression::operators::Eq<diesel::expression::nullable::Nullable<schema::crates::columns::organisation_id>, diesel::expression::nullable::Nullable<schema::organisations::columns::id>>>, crate_versions::table, Inner>, diesel::expression::operators::Eq<diesel::expression::nullable::Nullable<crate_versions::columns::crate_id>, diesel::expression::nullable::Nullable<schema::crates::columns::id>>>, query_builder::select_clause::SelectClause<((schema::crates::columns::id, schema::crates::columns::name, schema::crates::columns::organisation_id, schema::crates::columns::readme, schema::crates::columns::description, schema::crates::columns::repository, schema::crates::columns::homepage, schema::crates::columns::documentation, schema::crates::columns::downloads, schema::crates::columns::created_at), (schema::organisations::columns::id, schema::organisations::columns::uuid, schema::organisations::columns::name, schema::organisations::columns::description, schema::organisations::columns::public))>, query_builder::distinct_clause::NoDistinctClause, query_builder::where_clause::WhereClause<diesel::expression::operators::Eq<Grouped<BitwiseAnd<Grouped<BitwiseOr<Grouped<BitwiseOr<coalesce::coalesce<diesel::expression::nullable::Nullable<user_crate_permissions::columns::permissions>, diesel::expression::bound::Bound<diesel::sql_types::Integer, i32>>, coalesce::coalesce<diesel::expression::nullable::Nullable<user_organisation_permissions::columns::permissions>, diesel::expression::bound::Bound<diesel::sql_types::Integer, i32>>>>, SqlLiteral<diesel::sql_types::Integer>>>, diesel::expression::bound::Bound<diesel::sql_types::Integer, i32>>>, diesel::expression::bound::Bound<diesel::sql_types::Integer, i32>>>, query_builder::order_clause::OrderClause<Desc<schema::crates::columns::created_at>>, query_builder::limit_clause::LimitClause<diesel::expression::bound::Bound<BigInt, i64>>>`
[INFO] [stdout] 
[INFO] [stdout] 
[INFO] [stdout] error[E0277]: the trait bound `bool: FromSql<diesel::sql_types::Bool, _>` is not satisfied
[INFO] [stdout]    --> chartered-db/src/crates.rs:191:18
[INFO] [stdout]     |
[INFO] [stdout] 191 |                 .load(&conn)?;
[INFO] [stdout]     |                  ^^^^ the trait `FromSql<diesel::sql_types::Bool, _>` is not implemented for `bool`
[INFO] [stdout]     |
[INFO] [stdout]     = note: required because of the requirements on the impl of `Queryable<diesel::sql_types::Bool, _>` for `bool`
[INFO] [stdout]     = note: 3 redundant requirements hidden
[INFO] [stdout]     = note: required because of the requirements on the impl of `Queryable<((diesel::sql_types::Integer, diesel::sql_types::Text, diesel::sql_types::Integer, diesel::sql_types::Nullable<diesel::sql_types::Text>, diesel::sql_types::Nullable<diesel::sql_types::Text>, diesel::sql_types::Nullable<diesel::sql_types::Text>, diesel::sql_types::Nullable<diesel::sql_types::Text>, diesel::sql_types::Nullable<diesel::sql_types::Text>, diesel::sql_types::Integer, diesel::sql_types::Timestamp), (diesel::sql_types::Integer, diesel::sql_types::Binary, diesel::sql_types::Text, diesel::sql_types::Text, diesel::sql_types::Bool)), _>` for `(Crate, Organisation)`
[INFO] [stdout]     = note: required because of the requirements on the impl of `LoadQuery<_, (Crate, Organisation)>` for `diesel::query_builder::SelectStatement<JoinOn<diesel::query_source::joins::Join<JoinOn<diesel::query_source::joins::Join<JoinOn<diesel::query_source::joins::Join<JoinOn<diesel::query_source::joins::Join<schema::crates::table, user_crate_permissions::table, LeftOuter>, And<diesel::expression::operators::Eq<user_crate_permissions::columns::user_id, diesel::expression::bound::Bound<diesel::sql_types::Integer, i32>>, diesel::expression::operators::Eq<user_crate_permissions::columns::crate_id, schema::crates::columns::id>>>, user_organisation_permissions::table, LeftOuter>, And<diesel::expression::operators::Eq<user_organisation_permissions::columns::user_id, diesel::expression::bound::Bound<diesel::sql_types::Integer, i32>>, diesel::expression::operators::Eq<user_organisation_permissions::columns::organisation_id, schema::crates::columns::organisation_id>>>, schema::organisations::table, Inner>, diesel::expression::operators::Eq<diesel::expression::nullable::Nullable<schema::crates::columns::organisation_id>, diesel::expression::nullable::Nullable<schema::organisations::columns::id>>>, crate_versions::table, Inner>, diesel::expression::operators::Eq<diesel::expression::nullable::Nullable<crate_versions::columns::crate_id>, diesel::expression::nullable::Nullable<schema::crates::columns::id>>>, query_builder::select_clause::SelectClause<((schema::crates::columns::id, schema::crates::columns::name, schema::crates::columns::organisation_id, schema::crates::columns::readme, schema::crates::columns::description, schema::crates::columns::repository, schema::crates::columns::homepage, schema::crates::columns::documentation, schema::crates::columns::downloads, schema::crates::columns::created_at), (schema::organisations::columns::id, schema::organisations::columns::uuid, schema::organisations::columns::name, schema::organisations::columns::description, schema::organisations::columns::public))>, query_builder::distinct_clause::NoDistinctClause, query_builder::where_clause::WhereClause<diesel::expression::operators::Eq<Grouped<BitwiseAnd<Grouped<BitwiseOr<Grouped<BitwiseOr<coalesce::coalesce<diesel::expression::nullable::Nullable<user_crate_permissions::columns::permissions>, diesel::expression::bound::Bound<diesel::sql_types::Integer, i32>>, coalesce::coalesce<diesel::expression::nullable::Nullable<user_organisation_permissions::columns::permissions>, diesel::expression::bound::Bound<diesel::sql_types::Integer, i32>>>>, SqlLiteral<diesel::sql_types::Integer>>>, diesel::expression::bound::Bound<diesel::sql_types::Integer, i32>>>, diesel::expression::bound::Bound<diesel::sql_types::Integer, i32>>>, query_builder::order_clause::OrderClause<Desc<schema::crates::columns::created_at>>, query_builder::limit_clause::LimitClause<diesel::expression::bound::Bound<BigInt, i64>>>`
[INFO] [stdout] 
[INFO] [stdout] 
[INFO] [stdout] error[E0277]: the trait bound `NaiveDateTime: FromSql<diesel::sql_types::Timestamp, _>` is not satisfied
[INFO] [stdout]    --> chartered-db/src/crates.rs:216:18
[INFO] [stdout]     |
[INFO] [stdout] 216 |                 .load(&conn)?;
[INFO] [stdout]     |                  ^^^^ the trait `FromSql<diesel::sql_types::Timestamp, _>` is not implemented for `NaiveDateTime`
[INFO] [stdout]     |
[INFO] [stdout]     = note: required because of the requirements on the impl of `Queryable<diesel::sql_types::Timestamp, _>` for `NaiveDateTime`
[INFO] [stdout]     = note: 3 redundant requirements hidden
[INFO] [stdout]     = note: required because of the requirements on the impl of `Queryable<((diesel::sql_types::Integer, diesel::sql_types::Text, diesel::sql_types::Integer, diesel::sql_types::Nullable<diesel::sql_types::Text>, diesel::sql_types::Nullable<diesel::sql_types::Text>, diesel::sql_types::Nullable<diesel::sql_types::Text>, diesel::sql_types::Nullable<diesel::sql_types::Text>, diesel::sql_types::Nullable<diesel::sql_types::Text>, diesel::sql_types::Integer, diesel::sql_types::Timestamp), (diesel::sql_types::Integer, diesel::sql_types::Binary, diesel::sql_types::Text, diesel::sql_types::Text, diesel::sql_types::Bool)), _>` for `(Crate, Organisation)`
[INFO] [stdout]     = note: required because of the requirements on the impl of `LoadQuery<_, (Crate, Organisation)>` for `diesel::query_builder::SelectStatement<JoinOn<diesel::query_source::joins::Join<JoinOn<diesel::query_source::joins::Join<JoinOn<diesel::query_source::joins::Join<JoinOn<diesel::query_source::joins::Join<schema::crates::table, user_crate_permissions::table, LeftOuter>, And<diesel::expression::operators::Eq<user_crate_permissions::columns::user_id, diesel::expression::bound::Bound<diesel::sql_types::Integer, i32>>, diesel::expression::operators::Eq<user_crate_permissions::columns::crate_id, schema::crates::columns::id>>>, user_organisation_permissions::table, LeftOuter>, And<diesel::expression::operators::Eq<user_organisation_permissions::columns::user_id, diesel::expression::bound::Bound<diesel::sql_types::Integer, i32>>, diesel::expression::operators::Eq<user_organisation_permissions::columns::organisation_id, schema::crates::columns::organisation_id>>>, schema::organisations::table, Inner>, diesel::expression::operators::Eq<diesel::expression::nullable::Nullable<schema::crates::columns::organisation_id>, diesel::expression::nullable::Nullable<schema::organisations::columns::id>>>, crate_versions::table, Inner>, diesel::expression::operators::Eq<diesel::expression::nullable::Nullable<crate_versions::columns::crate_id>, diesel::expression::nullable::Nullable<schema::crates::columns::id>>>, query_builder::select_clause::SelectClause<((schema::crates::columns::id, schema::crates::columns::name, schema::crates::columns::organisation_id, schema::crates::columns::readme, schema::crates::columns::description, schema::crates::columns::repository, schema::crates::columns::homepage, schema::crates::columns::documentation, schema::crates::columns::downloads, schema::crates::columns::created_at), (schema::organisations::columns::id, schema::organisations::columns::uuid, schema::organisations::columns::name, schema::organisations::columns::description, schema::organisations::columns::public))>, query_builder::distinct_clause::NoDistinctClause, query_builder::where_clause::WhereClause<diesel::expression::operators::Eq<Grouped<BitwiseAnd<Grouped<BitwiseOr<Grouped<BitwiseOr<coalesce::coalesce<diesel::expression::nullable::Nullable<user_crate_permissions::columns::permissions>, diesel::expression::bound::Bound<diesel::sql_types::Integer, i32>>, coalesce::coalesce<diesel::expression::nullable::Nullable<user_organisation_permissions::columns::permissions>, diesel::expression::bound::Bound<diesel::sql_types::Integer, i32>>>>, SqlLiteral<diesel::sql_types::Integer>>>, diesel::expression::bound::Bound<diesel::sql_types::Integer, i32>>>, diesel::expression::bound::Bound<diesel::sql_types::Integer, i32>>>, query_builder::order_clause::OrderClause<Desc<schema::crates::columns::downloads>>, query_builder::limit_clause::LimitClause<diesel::expression::bound::Bound<BigInt, i64>>>`
[INFO] [stdout] 
[INFO] [stdout] 
[INFO] [stdout] error[E0277]: the trait bound `NaiveDateTime: FromSql<diesel::sql_types::Timestamp, _>` is not satisfied
[INFO] [stdout]    --> chartered-db/src/crates.rs:216:18
[INFO] [stdout]     |
[INFO] [stdout] 216 |                 .load(&conn)?;
[INFO] [stdout]     |                  ^^^^ the trait `FromSql<diesel::sql_types::Timestamp, _>` is not implemented for `NaiveDateTime`
[INFO] [stdout]     |
[INFO] [stdout]     = note: required because of the requirements on the impl of `Queryable<diesel::sql_types::Timestamp, _>` for `NaiveDateTime`
[INFO] [stdout]     = note: 3 redundant requirements hidden
[INFO] [stdout]     = note: required because of the requirements on the impl of `Queryable<((diesel::sql_types::Integer, diesel::sql_types::Text, diesel::sql_types::Integer, diesel::sql_types::Nullable<diesel::sql_types::Text>, diesel::sql_types::Nullable<diesel::sql_types::Text>, diesel::sql_types::Nullable<diesel::sql_types::Text>, diesel::sql_types::Nullable<diesel::sql_types::Text>, diesel::sql_types::Nullable<diesel::sql_types::Text>, diesel::sql_types::Integer, diesel::sql_types::Timestamp), (diesel::sql_types::Integer, diesel::sql_types::Binary, diesel::sql_types::Text, diesel::sql_types::Text, diesel::sql_types::Bool)), _>` for `(Crate, Organisation)`
[INFO] [stdout]     = note: required because of the requirements on the impl of `LoadQuery<_, (Crate, Organisation)>` for `diesel::query_builder::SelectStatement<JoinOn<diesel::query_source::joins::Join<JoinOn<diesel::query_source::joins::Join<JoinOn<diesel::query_source::joins::Join<JoinOn<diesel::query_source::joins::Join<schema::crates::table, user_crate_permissions::table, LeftOuter>, And<diesel::expression::operators::Eq<user_crate_permissions::columns::user_id, diesel::expression::bound::Bound<diesel::sql_types::Integer, i32>>, diesel::expression::operators::Eq<user_crate_permissions::columns::crate_id, schema::crates::columns::id>>>, user_organisation_permissions::table, LeftOuter>, And<diesel::expression::operators::Eq<user_organisation_permissions::columns::user_id, diesel::expression::bound::Bound<diesel::sql_types::Integer, i32>>, diesel::expression::operators::Eq<user_organisation_permissions::columns::organisation_id, schema::crates::columns::organisation_id>>>, schema::organisations::table, Inner>, diesel::expression::operators::Eq<diesel::expression::nullable::Nullable<schema::crates::columns::organisation_id>, diesel::expression::nullable::Nullable<schema::organisations::columns::id>>>, crate_versions::table, Inner>, diesel::expression::operators::Eq<diesel::expression::nullable::Nullable<crate_versions::columns::crate_id>, diesel::expression::nullable::Nullable<schema::crates::columns::id>>>, query_builder::select_clause::SelectClause<((schema::crates::columns::id, schema::crates::columns::name, schema::crates::columns::organisation_id, schema::crates::columns::readme, schema::crates::columns::description, schema::crates::columns::repository, schema::crates::columns::homepage, schema::crates::columns::documentation, schema::crates::columns::downloads, schema::crates::columns::created_at), (schema::organisations::columns::id, schema::organisations::columns::uuid, schema::organisations::columns::name, schema::organisations::columns::description, schema::organisations::columns::public))>, query_builder::distinct_clause::NoDistinctClause, query_builder::where_clause::WhereClause<diesel::expression::operators::Eq<Grouped<BitwiseAnd<Grouped<BitwiseOr<Grouped<BitwiseOr<coalesce::coalesce<diesel::expression::nullable::Nullable<user_crate_permissions::columns::permissions>, diesel::expression::bound::Bound<diesel::sql_types::Integer, i32>>, coalesce::coalesce<diesel::expression::nullable::Nullable<user_organisation_permissions::columns::permissions>, diesel::expression::bound::Bound<diesel::sql_types::Integer, i32>>>>, SqlLiteral<diesel::sql_types::Integer>>>, diesel::expression::bound::Bound<diesel::sql_types::Integer, i32>>>, diesel::expression::bound::Bound<diesel::sql_types::Integer, i32>>>, query_builder::order_clause::OrderClause<Desc<schema::crates::columns::downloads>>, query_builder::limit_clause::LimitClause<diesel::expression::bound::Bound<BigInt, i64>>>`
[INFO] [stdout] 
[INFO] [stdout] 
[INFO] [stdout] error[E0277]: the trait bound `bool: FromSql<diesel::sql_types::Bool, _>` is not satisfied
[INFO] [stdout]    --> chartered-db/src/crates.rs:216:18
[INFO] [stdout]     |
[INFO] [stdout] 216 |                 .load(&conn)?;
[INFO] [stdout]     |                  ^^^^ the trait `FromSql<diesel::sql_types::Bool, _>` is not implemented for `bool`
[INFO] [stdout]     |
[INFO] [stdout]     = note: required because of the requirements on the impl of `Queryable<diesel::sql_types::Bool, _>` for `bool`
[INFO] [stdout]     = note: 3 redundant requirements hidden
[INFO] [stdout]     = note: required because of the requirements on the impl of `Queryable<((diesel::sql_types::Integer, diesel::sql_types::Text, diesel::sql_types::Integer, diesel::sql_types::Nullable<diesel::sql_types::Text>, diesel::sql_types::Nullable<diesel::sql_types::Text>, diesel::sql_types::Nullable<diesel::sql_types::Text>, diesel::sql_types::Nullable<diesel::sql_types::Text>, diesel::sql_types::Nullable<diesel::sql_types::Text>, diesel::sql_types::Integer, diesel::sql_types::Timestamp), (diesel::sql_types::Integer, diesel::sql_types::Binary, diesel::sql_types::Text, diesel::sql_types::Text, diesel::sql_types::Bool)), _>` for `(Crate, Organisation)`
[INFO] [stdout]     = note: required because of the requirements on the impl of `LoadQuery<_, (Crate, Organisation)>` for `diesel::query_builder::SelectStatement<JoinOn<diesel::query_source::joins::Join<JoinOn<diesel::query_source::joins::Join<JoinOn<diesel::query_source::joins::Join<JoinOn<diesel::query_source::joins::Join<schema::crates::table, user_crate_permissions::table, LeftOuter>, And<diesel::expression::operators::Eq<user_crate_permissions::columns::user_id, diesel::expression::bound::Bound<diesel::sql_types::Integer, i32>>, diesel::expression::operators::Eq<user_crate_permissions::columns::crate_id, schema::crates::columns::id>>>, user_organisation_permissions::table, LeftOuter>, And<diesel::expression::operators::Eq<user_organisation_permissions::columns::user_id, diesel::expression::bound::Bound<diesel::sql_types::Integer, i32>>, diesel::expression::operators::Eq<user_organisation_permissions::columns::organisation_id, schema::crates::columns::organisation_id>>>, schema::organisations::table, Inner>, diesel::expression::operators::Eq<diesel::expression::nullable::Nullable<schema::crates::columns::organisation_id>, diesel::expression::nullable::Nullable<schema::organisations::columns::id>>>, crate_versions::table, Inner>, diesel::expression::operators::Eq<diesel::expression::nullable::Nullable<crate_versions::columns::crate_id>, diesel::expression::nullable::Nullable<schema::crates::columns::id>>>, query_builder::select_clause::SelectClause<((schema::crates::columns::id, schema::crates::columns::name, schema::crates::columns::organisation_id, schema::crates::columns::readme, schema::crates::columns::description, schema::crates::columns::repository, schema::crates::columns::homepage, schema::crates::columns::documentation, schema::crates::columns::downloads, schema::crates::columns::created_at), (schema::organisations::columns::id, schema::organisations::columns::uuid, schema::organisations::columns::name, schema::organisations::columns::description, schema::organisations::columns::public))>, query_builder::distinct_clause::NoDistinctClause, query_builder::where_clause::WhereClause<diesel::expression::operators::Eq<Grouped<BitwiseAnd<Grouped<BitwiseOr<Grouped<BitwiseOr<coalesce::coalesce<diesel::expression::nullable::Nullable<user_crate_permissions::columns::permissions>, diesel::expression::bound::Bound<diesel::sql_types::Integer, i32>>, coalesce::coalesce<diesel::expression::nullable::Nullable<user_organisation_permissions::columns::permissions>, diesel::expression::bound::Bound<diesel::sql_types::Integer, i32>>>>, SqlLiteral<diesel::sql_types::Integer>>>, diesel::expression::bound::Bound<diesel::sql_types::Integer, i32>>>, diesel::expression::bound::Bound<diesel::sql_types::Integer, i32>>>, query_builder::order_clause::OrderClause<Desc<schema::crates::columns::downloads>>, query_builder::limit_clause::LimitClause<diesel::expression::bound::Bound<BigInt, i64>>>`
[INFO] [stdout] 
[INFO] [stdout] 
[INFO] [stdout] error[E0277]: the trait bound `bool: FromSql<diesel::sql_types::Bool, _>` is not satisfied
[INFO] [stdout]    --> chartered-db/src/crates.rs:216:18
[INFO] [stdout]     |
[INFO] [stdout] 216 |                 .load(&conn)?;
[INFO] [stdout]     |                  ^^^^ the trait `FromSql<diesel::sql_types::Bool, _>` is not implemented for `bool`
[INFO] [stdout]     |
[INFO] [stdout]     = note: required because of the requirements on the impl of `Queryable<diesel::sql_types::Bool, _>` for `bool`
[INFO] [stdout]     = note: 3 redundant requirements hidden
[INFO] [stdout]     = note: required because of the requirements on the impl of `Queryable<((diesel::sql_types::Integer, diesel::sql_types::Text, diesel::sql_types::Integer, diesel::sql_types::Nullable<diesel::sql_types::Text>, diesel::sql_types::Nullable<diesel::sql_types::Text>, diesel::sql_types::Nullable<diesel::sql_types::Text>, diesel::sql_types::Nullable<diesel::sql_types::Text>, diesel::sql_types::Nullable<diesel::sql_types::Text>, diesel::sql_types::Integer, diesel::sql_types::Timestamp), (diesel::sql_types::Integer, diesel::sql_types::Binary, diesel::sql_types::Text, diesel::sql_types::Text, diesel::sql_types::Bool)), _>` for `(Crate, Organisation)`
[INFO] [stdout]     = note: required because of the requirements on the impl of `LoadQuery<_, (Crate, Organisation)>` for `diesel::query_builder::SelectStatement<JoinOn<diesel::query_source::joins::Join<JoinOn<diesel::query_source::joins::Join<JoinOn<diesel::query_source::joins::Join<JoinOn<diesel::query_source::joins::Join<schema::crates::table, user_crate_permissions::table, LeftOuter>, And<diesel::expression::operators::Eq<user_crate_permissions::columns::user_id, diesel::expression::bound::Bound<diesel::sql_types::Integer, i32>>, diesel::expression::operators::Eq<user_crate_permissions::columns::crate_id, schema::crates::columns::id>>>, user_organisation_permissions::table, LeftOuter>, And<diesel::expression::operators::Eq<user_organisation_permissions::columns::user_id, diesel::expression::bound::Bound<diesel::sql_types::Integer, i32>>, diesel::expression::operators::Eq<user_organisation_permissions::columns::organisation_id, schema::crates::columns::organisation_id>>>, schema::organisations::table, Inner>, diesel::expression::operators::Eq<diesel::expression::nullable::Nullable<schema::crates::columns::organisation_id>, diesel::expression::nullable::Nullable<schema::organisations::columns::id>>>, crate_versions::table, Inner>, diesel::expression::operators::Eq<diesel::expression::nullable::Nullable<crate_versions::columns::crate_id>, diesel::expression::nullable::Nullable<schema::crates::columns::id>>>, query_builder::select_clause::SelectClause<((schema::crates::columns::id, schema::crates::columns::name, schema::crates::columns::organisation_id, schema::crates::columns::readme, schema::crates::columns::description, schema::crates::columns::repository, schema::crates::columns::homepage, schema::crates::columns::documentation, schema::crates::columns::downloads, schema::crates::columns::created_at), (schema::organisations::columns::id, schema::organisations::columns::uuid, schema::organisations::columns::name, schema::organisations::columns::description, schema::organisations::columns::public))>, query_builder::distinct_clause::NoDistinctClause, query_builder::where_clause::WhereClause<diesel::expression::operators::Eq<Grouped<BitwiseAnd<Grouped<BitwiseOr<Grouped<BitwiseOr<coalesce::coalesce<diesel::expression::nullable::Nullable<user_crate_permissions::columns::permissions>, diesel::expression::bound::Bound<diesel::sql_types::Integer, i32>>, coalesce::coalesce<diesel::expression::nullable::Nullable<user_organisation_permissions::columns::permissions>, diesel::expression::bound::Bound<diesel::sql_types::Integer, i32>>>>, SqlLiteral<diesel::sql_types::Integer>>>, diesel::expression::bound::Bound<diesel::sql_types::Integer, i32>>>, diesel::expression::bound::Bound<diesel::sql_types::Integer, i32>>>, query_builder::order_clause::OrderClause<Desc<schema::crates::columns::downloads>>, query_builder::limit_clause::LimitClause<diesel::expression::bound::Bound<BigInt, i64>>>`
[INFO] [stdout] 
[INFO] [stdout] 
[INFO] [stdout] error[E0277]: the trait bound `NaiveDateTime: FromSql<diesel::sql_types::Timestamp, _>` is not satisfied
[INFO] [stdout]    --> chartered-db/src/crates.rs:245:18
[INFO] [stdout]     |
[INFO] [stdout] 245 |                 .load(&conn)?;
[INFO] [stdout]     |                  ^^^^ the trait `FromSql<diesel::sql_types::Timestamp, _>` is not implemented for `NaiveDateTime`
[INFO] [stdout]     |
[INFO] [stdout]     = note: required because of the requirements on the impl of `Queryable<diesel::sql_types::Timestamp, _>` for `NaiveDateTime`
[INFO] [stdout]     = note: 3 redundant requirements hidden
[INFO] [stdout]     = note: required because of the requirements on the impl of `Queryable<((diesel::sql_types::Integer, diesel::sql_types::Text, diesel::sql_types::Integer, diesel::sql_types::Nullable<diesel::sql_types::Text>, diesel::sql_types::Nullable<diesel::sql_types::Text>, diesel::sql_types::Nullable<diesel::sql_types::Text>, diesel::sql_types::Nullable<diesel::sql_types::Text>, diesel::sql_types::Nullable<diesel::sql_types::Text>, diesel::sql_types::Integer, diesel::sql_types::Timestamp), (diesel::sql_types::Integer, diesel::sql_types::Integer, diesel::sql_types::Text, diesel::sql_types::Text, diesel::sql_types::Integer, diesel::sql_types::Bool, diesel::sql_types::Text, diesel::sql_types::Binary, diesel::sql_types::Binary, diesel::sql_types::Nullable<diesel::sql_types::Text>, diesel::sql_types::Integer, diesel::sql_types::Timestamp), (diesel::sql_types::Integer, diesel::sql_types::Binary, diesel::sql_types::Text, diesel::sql_types::Text, diesel::sql_types::Bool)), _>` for `(Crate, crates::CrateVersion<'_>, Organisation)`
[INFO] [stdout]     = note: required because of the requirements on the impl of `LoadQuery<_, (Crate, crates::CrateVersion<'_>, Organisation)>` for `diesel::query_builder::SelectStatement<JoinOn<diesel::query_source::joins::Join<JoinOn<diesel::query_source::joins::Join<JoinOn<diesel::query_source::joins::Join<JoinOn<diesel::query_source::joins::Join<schema::crates::table, user_crate_permissions::table, LeftOuter>, And<diesel::expression::operators::Eq<user_crate_permissions::columns::user_id, diesel::expression::bound::Bound<diesel::sql_types::Integer, i32>>, diesel::expression::operators::Eq<user_crate_permissions::columns::crate_id, schema::crates::columns::id>>>, user_organisation_permissions::table, LeftOuter>, And<diesel::expression::operators::Eq<user_organisation_permissions::columns::user_id, diesel::expression::bound::Bound<diesel::sql_types::Integer, i32>>, diesel::expression::operators::Eq<user_organisation_permissions::columns::organisation_id, schema::crates::columns::organisation_id>>>, schema::organisations::table, Inner>, diesel::expression::operators::Eq<diesel::expression::nullable::Nullable<schema::crates::columns::organisation_id>, diesel::expression::nullable::Nullable<schema::organisations::columns::id>>>, crate_versions::table, Inner>, diesel::expression::operators::Eq<diesel::expression::nullable::Nullable<crate_versions::columns::crate_id>, diesel::expression::nullable::Nullable<schema::crates::columns::id>>>, query_builder::select_clause::SelectClause<((schema::crates::columns::id, schema::crates::columns::name, schema::crates::columns::organisation_id, schema::crates::columns::readme, schema::crates::columns::description, schema::crates::columns::repository, schema::crates::columns::homepage, schema::crates::columns::documentation, schema::crates::columns::downloads, schema::crates::columns::created_at), (crate_versions::columns::id, crate_versions::columns::crate_id, crate_versions::columns::version, crate_versions::columns::filesystem_object, crate_versions::columns::size, crate_versions::columns::yanked, crate_versions::columns::checksum, crate_versions::columns::dependencies, crate_versions::columns::features, crate_versions::columns::links, crate_versions::columns::user_id, crate_versions::columns::created_at), (schema::organisations::columns::id, schema::organisations::columns::uuid, schema::organisations::columns::name, schema::organisations::columns::description, schema::organisations::columns::public))>, query_builder::distinct_clause::NoDistinctClause, query_builder::where_clause::WhereClause<diesel::expression::operators::Eq<Grouped<BitwiseAnd<Grouped<BitwiseOr<Grouped<BitwiseOr<coalesce::coalesce<diesel::expression::nullable::Nullable<user_crate_permissions::columns::permissions>, diesel::expression::bound::Bound<diesel::sql_types::Integer, i32>>, coalesce::coalesce<diesel::expression::nullable::Nullable<user_organisation_permissions::columns::permissions>, diesel::expression::bound::Bound<diesel::sql_types::Integer, i32>>>>, SqlLiteral<diesel::sql_types::Integer>>>, diesel::expression::bound::Bound<diesel::sql_types::Integer, i32>>>, diesel::expression::bound::Bound<diesel::sql_types::Integer, i32>>>, query_builder::order_clause::OrderClause<Desc<crate_versions::columns::id>>, query_builder::limit_clause::LimitClause<diesel::expression::bound::Bound<BigInt, i64>>>`
[INFO] [stdout] 
[INFO] [stdout] 
[INFO] [stdout] error[E0277]: the trait bound `bool: FromSql<diesel::sql_types::Bool, _>` is not satisfied
[INFO] [stdout]    --> chartered-db/src/crates.rs:245:18
[INFO] [stdout]     |
[INFO] [stdout] 245 |                 .load(&conn)?;
[INFO] [stdout]     |                  ^^^^ the trait `FromSql<diesel::sql_types::Bool, _>` is not implemented for `bool`
[INFO] [stdout]     |
[INFO] [stdout]     = note: required because of the requirements on the impl of `Queryable<diesel::sql_types::Bool, _>` for `bool`
[INFO] [stdout]     = note: 3 redundant requirements hidden
[INFO] [stdout]     = note: required because of the requirements on the impl of `Queryable<((diesel::sql_types::Integer, diesel::sql_types::Text, diesel::sql_types::Integer, diesel::sql_types::Nullable<diesel::sql_types::Text>, diesel::sql_types::Nullable<diesel::sql_types::Text>, diesel::sql_types::Nullable<diesel::sql_types::Text>, diesel::sql_types::Nullable<diesel::sql_types::Text>, diesel::sql_types::Nullable<diesel::sql_types::Text>, diesel::sql_types::Integer, diesel::sql_types::Timestamp), (diesel::sql_types::Integer, diesel::sql_types::Integer, diesel::sql_types::Text, diesel::sql_types::Text, diesel::sql_types::Integer, diesel::sql_types::Bool, diesel::sql_types::Text, diesel::sql_types::Binary, diesel::sql_types::Binary, diesel::sql_types::Nullable<diesel::sql_types::Text>, diesel::sql_types::Integer, diesel::sql_types::Timestamp), (diesel::sql_types::Integer, diesel::sql_types::Binary, diesel::sql_types::Text, diesel::sql_types::Text, diesel::sql_types::Bool)), _>` for `(Crate, crates::CrateVersion<'_>, Organisation)`
[INFO] [stdout]     = note: required because of the requirements on the impl of `LoadQuery<_, (Crate, crates::CrateVersion<'_>, Organisation)>` for `diesel::query_builder::SelectStatement<JoinOn<diesel::query_source::joins::Join<JoinOn<diesel::query_source::joins::Join<JoinOn<diesel::query_source::joins::Join<JoinOn<diesel::query_source::joins::Join<schema::crates::table, user_crate_permissions::table, LeftOuter>, And<diesel::expression::operators::Eq<user_crate_permissions::columns::user_id, diesel::expression::bound::Bound<diesel::sql_types::Integer, i32>>, diesel::expression::operators::Eq<user_crate_permissions::columns::crate_id, schema::crates::columns::id>>>, user_organisation_permissions::table, LeftOuter>, And<diesel::expression::operators::Eq<user_organisation_permissions::columns::user_id, diesel::expression::bound::Bound<diesel::sql_types::Integer, i32>>, diesel::expression::operators::Eq<user_organisation_permissions::columns::organisation_id, schema::crates::columns::organisation_id>>>, schema::organisations::table, Inner>, diesel::expression::operators::Eq<diesel::expression::nullable::Nullable<schema::crates::columns::organisation_id>, diesel::expression::nullable::Nullable<schema::organisations::columns::id>>>, crate_versions::table, Inner>, diesel::expression::operators::Eq<diesel::expression::nullable::Nullable<crate_versions::columns::crate_id>, diesel::expression::nullable::Nullable<schema::crates::columns::id>>>, query_builder::select_clause::SelectClause<((schema::crates::columns::id, schema::crates::columns::name, schema::crates::columns::organisation_id, schema::crates::columns::readme, schema::crates::columns::description, schema::crates::columns::repository, schema::crates::columns::homepage, schema::crates::columns::documentation, schema::crates::columns::downloads, schema::crates::columns::created_at), (crate_versions::columns::id, crate_versions::columns::crate_id, crate_versions::columns::version, crate_versions::columns::filesystem_object, crate_versions::columns::size, crate_versions::columns::yanked, crate_versions::columns::checksum, crate_versions::columns::dependencies, crate_versions::columns::features, crate_versions::columns::links, crate_versions::columns::user_id, crate_versions::columns::created_at), (schema::organisations::columns::id, schema::organisations::columns::uuid, schema::organisations::columns::name, schema::organisations::columns::description, schema::organisations::columns::public))>, query_builder::distinct_clause::NoDistinctClause, query_builder::where_clause::WhereClause<diesel::expression::operators::Eq<Grouped<BitwiseAnd<Grouped<BitwiseOr<Grouped<BitwiseOr<coalesce::coalesce<diesel::expression::nullable::Nullable<user_crate_permissions::columns::permissions>, diesel::expression::bound::Bound<diesel::sql_types::Integer, i32>>, coalesce::coalesce<diesel::expression::nullable::Nullable<user_organisation_permissions::columns::permissions>, diesel::expression::bound::Bound<diesel::sql_types::Integer, i32>>>>, SqlLiteral<diesel::sql_types::Integer>>>, diesel::expression::bound::Bound<diesel::sql_types::Integer, i32>>>, diesel::expression::bound::Bound<diesel::sql_types::Integer, i32>>>, query_builder::order_clause::OrderClause<Desc<crate_versions::columns::id>>, query_builder::limit_clause::LimitClause<diesel::expression::bound::Bound<BigInt, i64>>>`
[INFO] [stdout] 
[INFO] [stdout] 
[INFO] [stdout] error[E0277]: the trait bound `NaiveDateTime: FromSql<diesel::sql_types::Timestamp, _>` is not satisfied
[INFO] [stdout]    --> chartered-db/src/crates.rs:245:18
[INFO] [stdout]     |
[INFO] [stdout] 245 |                 .load(&conn)?;
[INFO] [stdout]     |                  ^^^^ the trait `FromSql<diesel::sql_types::Timestamp, _>` is not implemented for `NaiveDateTime`
[INFO] [stdout]     |
[INFO] [stdout]     = note: required because of the requirements on the impl of `Queryable<diesel::sql_types::Timestamp, _>` for `NaiveDateTime`
[INFO] [stdout]     = note: 3 redundant requirements hidden
[INFO] [stdout]     = note: required because of the requirements on the impl of `Queryable<((diesel::sql_types::Integer, diesel::sql_types::Text, diesel::sql_types::Integer, diesel::sql_types::Nullable<diesel::sql_types::Text>, diesel::sql_types::Nullable<diesel::sql_types::Text>, diesel::sql_types::Nullable<diesel::sql_types::Text>, diesel::sql_types::Nullable<diesel::sql_types::Text>, diesel::sql_types::Nullable<diesel::sql_types::Text>, diesel::sql_types::Integer, diesel::sql_types::Timestamp), (diesel::sql_types::Integer, diesel::sql_types::Integer, diesel::sql_types::Text, diesel::sql_types::Text, diesel::sql_types::Integer, diesel::sql_types::Bool, diesel::sql_types::Text, diesel::sql_types::Binary, diesel::sql_types::Binary, diesel::sql_types::Nullable<diesel::sql_types::Text>, diesel::sql_types::Integer, diesel::sql_types::Timestamp), (diesel::sql_types::Integer, diesel::sql_types::Binary, diesel::sql_types::Text, diesel::sql_types::Text, diesel::sql_types::Bool)), _>` for `(Crate, crates::CrateVersion<'_>, Organisation)`
[INFO] [stdout]     = note: required because of the requirements on the impl of `LoadQuery<_, (Crate, crates::CrateVersion<'_>, Organisation)>` for `diesel::query_builder::SelectStatement<JoinOn<diesel::query_source::joins::Join<JoinOn<diesel::query_source::joins::Join<JoinOn<diesel::query_source::joins::Join<JoinOn<diesel::query_source::joins::Join<schema::crates::table, user_crate_permissions::table, LeftOuter>, And<diesel::expression::operators::Eq<user_crate_permissions::columns::user_id, diesel::expression::bound::Bound<diesel::sql_types::Integer, i32>>, diesel::expression::operators::Eq<user_crate_permissions::columns::crate_id, schema::crates::columns::id>>>, user_organisation_permissions::table, LeftOuter>, And<diesel::expression::operators::Eq<user_organisation_permissions::columns::user_id, diesel::expression::bound::Bound<diesel::sql_types::Integer, i32>>, diesel::expression::operators::Eq<user_organisation_permissions::columns::organisation_id, schema::crates::columns::organisation_id>>>, schema::organisations::table, Inner>, diesel::expression::operators::Eq<diesel::expression::nullable::Nullable<schema::crates::columns::organisation_id>, diesel::expression::nullable::Nullable<schema::organisations::columns::id>>>, crate_versions::table, Inner>, diesel::expression::operators::Eq<diesel::expression::nullable::Nullable<crate_versions::columns::crate_id>, diesel::expression::nullable::Nullable<schema::crates::columns::id>>>, query_builder::select_clause::SelectClause<((schema::crates::columns::id, schema::crates::columns::name, schema::crates::columns::organisation_id, schema::crates::columns::readme, schema::crates::columns::description, schema::crates::columns::repository, schema::crates::columns::homepage, schema::crates::columns::documentation, schema::crates::columns::downloads, schema::crates::columns::created_at), (crate_versions::columns::id, crate_versions::columns::crate_id, crate_versions::columns::version, crate_versions::columns::filesystem_object, crate_versions::columns::size, crate_versions::columns::yanked, crate_versions::columns::checksum, crate_versions::columns::dependencies, crate_versions::columns::features, crate_versions::columns::links, crate_versions::columns::user_id, crate_versions::columns::created_at), (schema::organisations::columns::id, schema::organisations::columns::uuid, schema::organisations::columns::name, schema::organisations::columns::description, schema::organisations::columns::public))>, query_builder::distinct_clause::NoDistinctClause, query_builder::where_clause::WhereClause<diesel::expression::operators::Eq<Grouped<BitwiseAnd<Grouped<BitwiseOr<Grouped<BitwiseOr<coalesce::coalesce<diesel::expression::nullable::Nullable<user_crate_permissions::columns::permissions>, diesel::expression::bound::Bound<diesel::sql_types::Integer, i32>>, coalesce::coalesce<diesel::expression::nullable::Nullable<user_organisation_permissions::columns::permissions>, diesel::expression::bound::Bound<diesel::sql_types::Integer, i32>>>>, SqlLiteral<diesel::sql_types::Integer>>>, diesel::expression::bound::Bound<diesel::sql_types::Integer, i32>>>, diesel::expression::bound::Bound<diesel::sql_types::Integer, i32>>>, query_builder::order_clause::OrderClause<Desc<crate_versions::columns::id>>, query_builder::limit_clause::LimitClause<diesel::expression::bound::Bound<BigInt, i64>>>`
[INFO] [stdout] 
[INFO] [stdout] 
[INFO] [stdout] error[E0277]: the trait bound `bool: FromSql<diesel::sql_types::Bool, _>` is not satisfied
[INFO] [stdout]    --> chartered-db/src/crates.rs:245:18
[INFO] [stdout]     |
[INFO] [stdout] 245 |                 .load(&conn)?;
[INFO] [stdout]     |                  ^^^^ the trait `FromSql<diesel::sql_types::Bool, _>` is not implemented for `bool`
[INFO] [stdout]     |
[INFO] [stdout]     = note: required because of the requirements on the impl of `Queryable<diesel::sql_types::Bool, _>` for `bool`
[INFO] [stdout]     = note: 3 redundant requirements hidden
[INFO] [stdout]     = note: required because of the requirements on the impl of `Queryable<((diesel::sql_types::Integer, diesel::sql_types::Text, diesel::sql_types::Integer, diesel::sql_types::Nullable<diesel::sql_types::Text>, diesel::sql_types::Nullable<diesel::sql_types::Text>, diesel::sql_types::Nullable<diesel::sql_types::Text>, diesel::sql_types::Nullable<diesel::sql_types::Text>, diesel::sql_types::Nullable<diesel::sql_types::Text>, diesel::sql_types::Integer, diesel::sql_types::Timestamp), (diesel::sql_types::Integer, diesel::sql_types::Integer, diesel::sql_types::Text, diesel::sql_types::Text, diesel::sql_types::Integer, diesel::sql_types::Bool, diesel::sql_types::Text, diesel::sql_types::Binary, diesel::sql_types::Binary, diesel::sql_types::Nullable<diesel::sql_types::Text>, diesel::sql_types::Integer, diesel::sql_types::Timestamp), (diesel::sql_types::Integer, diesel::sql_types::Binary, diesel::sql_types::Text, diesel::sql_types::Text, diesel::sql_types::Bool)), _>` for `(Crate, crates::CrateVersion<'_>, Organisation)`
[INFO] [stdout]     = note: required because of the requirements on the impl of `LoadQuery<_, (Crate, crates::CrateVersion<'_>, Organisation)>` for `diesel::query_builder::SelectStatement<JoinOn<diesel::query_source::joins::Join<JoinOn<diesel::query_source::joins::Join<JoinOn<diesel::query_source::joins::Join<JoinOn<diesel::query_source::joins::Join<schema::crates::table, user_crate_permissions::table, LeftOuter>, And<diesel::expression::operators::Eq<user_crate_permissions::columns::user_id, diesel::expression::bound::Bound<diesel::sql_types::Integer, i32>>, diesel::expression::operators::Eq<user_crate_permissions::columns::crate_id, schema::crates::columns::id>>>, user_organisation_permissions::table, LeftOuter>, And<diesel::expression::operators::Eq<user_organisation_permissions::columns::user_id, diesel::expression::bound::Bound<diesel::sql_types::Integer, i32>>, diesel::expression::operators::Eq<user_organisation_permissions::columns::organisation_id, schema::crates::columns::organisation_id>>>, schema::organisations::table, Inner>, diesel::expression::operators::Eq<diesel::expression::nullable::Nullable<schema::crates::columns::organisation_id>, diesel::expression::nullable::Nullable<schema::organisations::columns::id>>>, crate_versions::table, Inner>, diesel::expression::operators::Eq<diesel::expression::nullable::Nullable<crate_versions::columns::crate_id>, diesel::expression::nullable::Nullable<schema::crates::columns::id>>>, query_builder::select_clause::SelectClause<((schema::crates::columns::id, schema::crates::columns::name, schema::crates::columns::organisation_id, schema::crates::columns::readme, schema::crates::columns::description, schema::crates::columns::repository, schema::crates::columns::homepage, schema::crates::columns::documentation, schema::crates::columns::downloads, schema::crates::columns::created_at), (crate_versions::columns::id, crate_versions::columns::crate_id, crate_versions::columns::version, crate_versions::columns::filesystem_object, crate_versions::columns::size, crate_versions::columns::yanked, crate_versions::columns::checksum, crate_versions::columns::dependencies, crate_versions::columns::features, crate_versions::columns::links, crate_versions::columns::user_id, crate_versions::columns::created_at), (schema::organisations::columns::id, schema::organisations::columns::uuid, schema::organisations::columns::name, schema::organisations::columns::description, schema::organisations::columns::public))>, query_builder::distinct_clause::NoDistinctClause, query_builder::where_clause::WhereClause<diesel::expression::operators::Eq<Grouped<BitwiseAnd<Grouped<BitwiseOr<Grouped<BitwiseOr<coalesce::coalesce<diesel::expression::nullable::Nullable<user_crate_permissions::columns::permissions>, diesel::expression::bound::Bound<diesel::sql_types::Integer, i32>>, coalesce::coalesce<diesel::expression::nullable::Nullable<user_organisation_permissions::columns::permissions>, diesel::expression::bound::Bound<diesel::sql_types::Integer, i32>>>>, SqlLiteral<diesel::sql_types::Integer>>>, diesel::expression::bound::Bound<diesel::sql_types::Integer, i32>>>, diesel::expression::bound::Bound<diesel::sql_types::Integer, i32>>>, query_builder::order_clause::OrderClause<Desc<crate_versions::columns::id>>, query_builder::limit_clause::LimitClause<diesel::expression::bound::Bound<BigInt, i64>>>`
[INFO] [stdout] 
[INFO] [stdout] 
[INFO] [stdout] error[E0277]: the trait bound `NaiveDateTime: FromSql<diesel::sql_types::Timestamp, _>` is not satisfied
[INFO] [stdout]    --> chartered-db/src/crates.rs:269:18
[INFO] [stdout]     |
[INFO] [stdout] 269 |                 .first::<(Crate, UserPermission)>(&conn)
[INFO] [stdout]     |                  ^^^^^ the trait `FromSql<diesel::sql_types::Timestamp, _>` is not implemented for `NaiveDateTime`
[INFO] [stdout]     |
[INFO] [stdout]     = note: required because of the requirements on the impl of `Queryable<diesel::sql_types::Timestamp, _>` for `NaiveDateTime`
[INFO] [stdout]     = note: 3 redundant requirements hidden
[INFO] [stdout]     = note: required because of the requirements on the impl of `Queryable<((diesel::sql_types::Integer, diesel::sql_types::Text, diesel::sql_types::Integer, diesel::sql_types::Nullable<diesel::sql_types::Text>, diesel::sql_types::Nullable<diesel::sql_types::Text>, diesel::sql_types::Nullable<diesel::sql_types::Text>, diesel::sql_types::Nullable<diesel::sql_types::Text>, diesel::sql_types::Nullable<diesel::sql_types::Text>, diesel::sql_types::Integer, diesel::sql_types::Timestamp), diesel::sql_types::Integer), _>` for `(Crate, UserPermission)`
[INFO] [stdout]     = note: required because of the requirements on the impl of `LoadQuery<_, (Crate, UserPermission)>` for `diesel::query_builder::SelectStatement<JoinOn<diesel::query_source::joins::Join<JoinOn<diesel::query_source::joins::Join<JoinOn<diesel::query_source::joins::Join<schema::crates::table, user_crate_permissions::table, LeftOuter>, And<diesel::expression::operators::Eq<user_crate_permissions::columns::user_id, diesel::expression::bound::Bound<diesel::sql_types::Integer, i32>>, diesel::expression::operators::Eq<user_crate_permissions::columns::crate_id, schema::crates::columns::id>>>, user_organisation_permissions::table, LeftOuter>, And<diesel::expression::operators::Eq<user_organisation_permissions::columns::user_id, diesel::expression::bound::Bound<diesel::sql_types::Integer, i32>>, diesel::expression::operators::Eq<user_organisation_permissions::columns::organisation_id, schema::crates::columns::organisation_id>>>, schema::organisations::table, Inner>, diesel::expression::operators::Eq<diesel::expression::nullable::Nullable<schema::crates::columns::organisation_id>, diesel::expression::nullable::Nullable<schema::organisations::columns::id>>>, query_builder::select_clause::SelectClause<((schema::crates::columns::id, schema::crates::columns::name, schema::crates::columns::organisation_id, schema::crates::columns::readme, schema::crates::columns::description, schema::crates::columns::repository, schema::crates::columns::homepage, schema::crates::columns::documentation, schema::crates::columns::downloads, schema::crates::columns::created_at), Grouped<BitwiseOr<Grouped<BitwiseOr<coalesce::coalesce<diesel::expression::nullable::Nullable<user_crate_permissions::columns::permissions>, diesel::expression::bound::Bound<diesel::sql_types::Integer, i32>>, coalesce::coalesce<diesel::expression::nullable::Nullable<user_organisation_permissions::columns::permissions>, diesel::expression::bound::Bound<diesel::sql_types::Integer, i32>>>>, SqlLiteral<diesel::sql_types::Integer>>>)>, query_builder::distinct_clause::NoDistinctClause, query_builder::where_clause::WhereClause<And<diesel::expression::operators::Eq<schema::organisations::columns::name, diesel::expression::bound::Bound<diesel::sql_types::Text, std::string::String>>, diesel::expression::operators::Eq<schema::crates::columns::name, diesel::expression::bound::Bound<diesel::sql_types::Text, std::string::String>>>>, query_builder::order_clause::NoOrderClause, query_builder::limit_clause::LimitClause<diesel::expression::bound::Bound<BigInt, i64>>>`
[INFO] [stdout] 
[INFO] [stdout] 
[INFO] [stdout] error[E0277]: the trait bound `NaiveDateTime: FromSql<diesel::sql_types::Timestamp, _>` is not satisfied
[INFO] [stdout]    --> chartered-db/src/crates.rs:323:22
[INFO] [stdout]     |
[INFO] [stdout] 323 |                     .first::<Crate>(&conn)?;
[INFO] [stdout]     |                      ^^^^^ the trait `FromSql<diesel::sql_types::Timestamp, _>` is not implemented for `NaiveDateTime`
[INFO] [stdout]     |
[INFO] [stdout]     = note: required because of the requirements on the impl of `Queryable<diesel::sql_types::Timestamp, _>` for `NaiveDateTime`
[INFO] [stdout]     = note: 2 redundant requirements hidden
[INFO] [stdout]     = note: required because of the requirements on the impl of `Queryable<(diesel::sql_types::Integer, diesel::sql_types::Text, diesel::sql_types::Integer, diesel::sql_types::Nullable<diesel::sql_types::Text>, diesel::sql_types::Nullable<diesel::sql_types::Text>, diesel::sql_types::Nullable<diesel::sql_types::Text>, diesel::sql_types::Nullable<diesel::sql_types::Text>, diesel::sql_types::Nullable<diesel::sql_types::Text>, diesel::sql_types::Integer, diesel::sql_types::Timestamp), _>` for `Crate`
[INFO] [stdout]     = note: required because of the requirements on the impl of `LoadQuery<_, Crate>` for `diesel::query_builder::SelectStatement<schema::crates::table, query_builder::select_clause::SelectClause<(schema::crates::columns::id, schema::crates::columns::name, schema::crates::columns::organisation_id, schema::crates::columns::readme, schema::crates::columns::description, schema::crates::columns::repository, schema::crates::columns::homepage, schema::crates::columns::documentation, schema::crates::columns::downloads, schema::crates::columns::created_at)>, query_builder::distinct_clause::NoDistinctClause, query_builder::where_clause::WhereClause<And<diesel::expression::operators::Eq<schema::crates::columns::name, diesel::expression::bound::Bound<diesel::sql_types::Text, std::string::String>>, diesel::expression::operators::Eq<schema::crates::columns::organisation_id, diesel::expression::bound::Bound<diesel::sql_types::Integer, i32>>>>, query_builder::order_clause::NoOrderClause, query_builder::limit_clause::LimitClause<diesel::expression::bound::Bound<BigInt, i64>>>`
[INFO] [stdout] 
[INFO] [stdout] 
[INFO] [stdout] error[E0277]: the trait bound `NaiveDateTime: FromSql<diesel::sql_types::Timestamp, _>` is not satisfied
[INFO] [stdout]    --> chartered-db/src/crates.rs:269:18
[INFO] [stdout]     |
[INFO] [stdout] 269 |                 .first::<(Crate, UserPermission)>(&conn)
[INFO] [stdout]     |                  ^^^^^ the trait `FromSql<diesel::sql_types::Timestamp, _>` is not implemented for `NaiveDateTime`
[INFO] [stdout]     |
[INFO] [stdout]     = note: required because of the requirements on the impl of `Queryable<diesel::sql_types::Timestamp, _>` for `NaiveDateTime`
[INFO] [stdout]     = note: 3 redundant requirements hidden
[INFO] [stdout]     = note: required because of the requirements on the impl of `Queryable<((diesel::sql_types::Integer, diesel::sql_types::Text, diesel::sql_types::Integer, diesel::sql_types::Nullable<diesel::sql_types::Text>, diesel::sql_types::Nullable<diesel::sql_types::Text>, diesel::sql_types::Nullable<diesel::sql_types::Text>, diesel::sql_types::Nullable<diesel::sql_types::Text>, diesel::sql_types::Nullable<diesel::sql_types::Text>, diesel::sql_types::Integer, diesel::sql_types::Timestamp), diesel::sql_types::Integer), _>` for `(Crate, UserPermission)`
[INFO] [stdout]     = note: required because of the requirements on the impl of `LoadQuery<_, (Crate, UserPermission)>` for `diesel::query_builder::SelectStatement<JoinOn<diesel::query_source::joins::Join<JoinOn<diesel::query_source::joins::Join<JoinOn<diesel::query_source::joins::Join<schema::crates::table, user_crate_permissions::table, LeftOuter>, And<diesel::expression::operators::Eq<user_crate_permissions::columns::user_id, diesel::expression::bound::Bound<diesel::sql_types::Integer, i32>>, diesel::expression::operators::Eq<user_crate_permissions::columns::crate_id, schema::crates::columns::id>>>, user_organisation_permissions::table, LeftOuter>, And<diesel::expression::operators::Eq<user_organisation_permissions::columns::user_id, diesel::expression::bound::Bound<diesel::sql_types::Integer, i32>>, diesel::expression::operators::Eq<user_organisation_permissions::columns::organisation_id, schema::crates::columns::organisation_id>>>, schema::organisations::table, Inner>, diesel::expression::operators::Eq<diesel::expression::nullable::Nullable<schema::crates::columns::organisation_id>, diesel::expression::nullable::Nullable<schema::organisations::columns::id>>>, query_builder::select_clause::SelectClause<((schema::crates::columns::id, schema::crates::columns::name, schema::crates::columns::organisation_id, schema::crates::columns::readme, schema::crates::columns::description, schema::crates::columns::repository, schema::crates::columns::homepage, schema::crates::columns::documentation, schema::crates::columns::downloads, schema::crates::columns::created_at), Grouped<BitwiseOr<Grouped<BitwiseOr<coalesce::coalesce<diesel::expression::nullable::Nullable<user_crate_permissions::columns::permissions>, diesel::expression::bound::Bound<diesel::sql_types::Integer, i32>>, coalesce::coalesce<diesel::expression::nullable::Nullable<user_organisation_permissions::columns::permissions>, diesel::expression::bound::Bound<diesel::sql_types::Integer, i32>>>>, SqlLiteral<diesel::sql_types::Integer>>>)>, query_builder::distinct_clause::NoDistinctClause, query_builder::where_clause::WhereClause<And<diesel::expression::operators::Eq<schema::organisations::columns::name, diesel::expression::bound::Bound<diesel::sql_types::Text, std::string::String>>, diesel::expression::operators::Eq<schema::crates::columns::name, diesel::expression::bound::Bound<diesel::sql_types::Text, std::string::String>>>>, query_builder::order_clause::NoOrderClause, query_builder::limit_clause::LimitClause<diesel::expression::bound::Bound<BigInt, i64>>>`
[INFO] [stdout] 
[INFO] [stdout] 
[INFO] [stdout] error[E0277]: the trait bound `bool: FromSql<diesel::sql_types::Bool, _>` is not satisfied
[INFO] [stdout]    --> chartered-db/src/crates.rs:352:18
[INFO] [stdout]     |
[INFO] [stdout] 352 |                 .get_result::<CrateVersion<'_>>(&conn)
[INFO] [stdout]     |                  ^^^^^^^^^^ the trait `FromSql<diesel::sql_types::Bool, _>` is not implemented for `bool`
[INFO] [stdout]     |
[INFO] [stdout]     = note: required because of the requirements on the impl of `Queryable<diesel::sql_types::Bool, _>` for `bool`
[INFO] [stdout]     = note: 2 redundant requirements hidden
[INFO] [stdout]     = note: required because of the requirements on the impl of `Queryable<(diesel::sql_types::Integer, diesel::sql_types::Integer, diesel::sql_types::Text, diesel::sql_types::Text, diesel::sql_types::Integer, diesel::sql_types::Bool, diesel::sql_types::Text, diesel::sql_types::Binary, diesel::sql_types::Binary, diesel::sql_types::Nullable<diesel::sql_types::Text>, diesel::sql_types::Integer, diesel::sql_types::Timestamp), _>` for `crates::CrateVersion<'_>`
[INFO] [stdout]     = note: required because of the requirements on the impl of `LoadQuery<_, crates::CrateVersion<'_>>` for `diesel::query_builder::SelectStatement<crate_versions::table, query_builder::select_clause::DefaultSelectClause, query_builder::distinct_clause::NoDistinctClause, query_builder::where_clause::WhereClause<diesel::expression::operators::Eq<crate_versions::columns::crate_id, diesel::expression::bound::Bound<diesel::sql_types::Integer, &i32>>>, query_builder::order_clause::OrderClause<Desc<crate_versions::columns::id>>, query_builder::limit_clause::LimitClause<diesel::expression::bound::Bound<BigInt, i64>>>`
[INFO] [stdout] 
[INFO] [stdout] 
[INFO] [stdout] error[E0277]: the trait bound `NaiveDateTime: FromSql<diesel::sql_types::Timestamp, _>` is not satisfied
[INFO] [stdout]    --> chartered-db/src/crates.rs:352:18
[INFO] [stdout]     |
[INFO] [stdout] 352 |                 .get_result::<CrateVersion<'_>>(&conn)
[INFO] [stdout]     |                  ^^^^^^^^^^ the trait `FromSql<diesel::sql_types::Timestamp, _>` is not implemented for `NaiveDateTime`
[INFO] [stdout]     |
[INFO] [stdout]     = note: required because of the requirements on the impl of `Queryable<diesel::sql_types::Timestamp, _>` for `NaiveDateTime`
[INFO] [stdout]     = note: 2 redundant requirements hidden
[INFO] [stdout]     = note: required because of the requirements on the impl of `Queryable<(diesel::sql_types::Integer, diesel::sql_types::Integer, diesel::sql_types::Text, diesel::sql_types::Text, diesel::sql_types::Integer, diesel::sql_types::Bool, diesel::sql_types::Text, diesel::sql_types::Binary, diesel::sql_types::Binary, diesel::sql_types::Nullable<diesel::sql_types::Text>, diesel::sql_types::Integer, diesel::sql_types::Timestamp), _>` for `crates::CrateVersion<'_>`
[INFO] [stdout]     = note: required because of the requirements on the impl of `LoadQuery<_, crates::CrateVersion<'_>>` for `diesel::query_builder::SelectStatement<crate_versions::table, query_builder::select_clause::DefaultSelectClause, query_builder::distinct_clause::NoDistinctClause, query_builder::where_clause::WhereClause<diesel::expression::operators::Eq<crate_versions::columns::crate_id, diesel::expression::bound::Bound<diesel::sql_types::Integer, &i32>>>, query_builder::order_clause::OrderClause<Desc<crate_versions::columns::id>>, query_builder::limit_clause::LimitClause<diesel::expression::bound::Bound<BigInt, i64>>>`
[INFO] [stdout] 
[INFO] [stdout] 
[INFO] [stdout] error[E0277]: the trait bound `bool: FromSql<diesel::sql_types::Bool, _>` is not satisfied
[INFO] [stdout]    --> chartered-db/src/crates.rs:370:18
[INFO] [stdout]     |
[INFO] [stdout] 370 |                 .get_result::<CrateVersion<'_>>(&conn)
[INFO] [stdout]     |                  ^^^^^^^^^^ the trait `FromSql<diesel::sql_types::Bool, _>` is not implemented for `bool`
[INFO] [stdout]     |
[INFO] [stdout]     = note: required because of the requirements on the impl of `Queryable<diesel::sql_types::Bool, _>` for `bool`
[INFO] [stdout]     = note: 2 redundant requirements hidden
[INFO] [stdout]     = note: required because of the requirements on the impl of `Queryable<(diesel::sql_types::Integer, diesel::sql_types::Integer, diesel::sql_types::Text, diesel::sql_types::Text, diesel::sql_types::Integer, diesel::sql_types::Bool, diesel::sql_types::Text, diesel::sql_types::Binary, diesel::sql_types::Binary, diesel::sql_types::Nullable<diesel::sql_types::Text>, diesel::sql_types::Integer, diesel::sql_types::Timestamp), _>` for `crates::CrateVersion<'_>`
[INFO] [stdout]     = note: required because of the requirements on the impl of `LoadQuery<_, crates::CrateVersion<'_>>` for `diesel::query_builder::SelectStatement<crate_versions::table, query_builder::select_clause::DefaultSelectClause, query_builder::distinct_clause::NoDistinctClause, query_builder::where_clause::WhereClause<And<diesel::expression::operators::Eq<crate_versions::columns::crate_id, diesel::expression::bound::Bound<diesel::sql_types::Integer, &i32>>, diesel::expression::operators::Eq<crate_versions::columns::version, diesel::expression::bound::Bound<diesel::sql_types::Text, std::string::String>>>>>`
[INFO] [stdout] 
[INFO] [stdout] 
[INFO] [stdout] error[E0277]: the trait bound `NaiveDateTime: FromSql<diesel::sql_types::Timestamp, _>` is not satisfied
[INFO] [stdout]    --> chartered-db/src/crates.rs:370:18
[INFO] [stdout]     |
[INFO] [stdout] 370 |                 .get_result::<CrateVersion<'_>>(&conn)
[INFO] [stdout]     |                  ^^^^^^^^^^ the trait `FromSql<diesel::sql_types::Timestamp, _>` is not implemented for `NaiveDateTime`
[INFO] [stdout]     |
[INFO] [stdout]     = note: required because of the requirements on the impl of `Queryable<diesel::sql_types::Timestamp, _>` for `NaiveDateTime`
[INFO] [stdout]     = note: 2 redundant requirements hidden
[INFO] [stdout]     = note: required because of the requirements on the impl of `Queryable<(diesel::sql_types::Integer, diesel::sql_types::Integer, diesel::sql_types::Text, diesel::sql_types::Text, diesel::sql_types::Integer, diesel::sql_types::Bool, diesel::sql_types::Text, diesel::sql_types::Binary, diesel::sql_types::Binary, diesel::sql_types::Nullable<diesel::sql_types::Text>, diesel::sql_types::Integer, diesel::sql_types::Timestamp), _>` for `crates::CrateVersion<'_>`
[INFO] [stdout]     = note: required because of the requirements on the impl of `LoadQuery<_, crates::CrateVersion<'_>>` for `diesel::query_builder::SelectStatement<crate_versions::table, query_builder::select_clause::DefaultSelectClause, query_builder::distinct_clause::NoDistinctClause, query_builder::where_clause::WhereClause<And<diesel::expression::operators::Eq<crate_versions::columns::crate_id, diesel::expression::bound::Bound<diesel::sql_types::Integer, &i32>>, diesel::expression::operators::Eq<crate_versions::columns::version, diesel::expression::bound::Bound<diesel::sql_types::Text, std::string::String>>>>>`
[INFO] [stdout] 
[INFO] [stdout] 
[INFO] [stdout] error[E0277]: the trait bound `NaiveDateTime: FromSql<diesel::sql_types::Timestamp, _>` is not satisfied
[INFO] [stdout]    --> chartered-db/src/crates.rs:323:22
[INFO] [stdout]     |
[INFO] [stdout] 323 |                     .first::<Crate>(&conn)?;
[INFO] [stdout]     |                      ^^^^^ the trait `FromSql<diesel::sql_types::Timestamp, _>` is not implemented for `NaiveDateTime`
[INFO] [stdout]     |
[INFO] [stdout]     = note: required because of the requirements on the impl of `Queryable<diesel::sql_types::Timestamp, _>` for `NaiveDateTime`
[INFO] [stdout]     = note: 2 redundant requirements hidden
[INFO] [stdout]     = note: required because of the requirements on the impl of `Queryable<(diesel::sql_types::Integer, diesel::sql_types::Text, diesel::sql_types::Integer, diesel::sql_types::Nullable<diesel::sql_types::Text>, diesel::sql_types::Nullable<diesel::sql_types::Text>, diesel::sql_types::Nullable<diesel::sql_types::Text>, diesel::sql_types::Nullable<diesel::sql_types::Text>, diesel::sql_types::Nullable<diesel::sql_types::Text>, diesel::sql_types::Integer, diesel::sql_types::Timestamp), _>` for `Crate`
[INFO] [stdout]     = note: required because of the requirements on the impl of `LoadQuery<_, Crate>` for `diesel::query_builder::SelectStatement<schema::crates::table, query_builder::select_clause::SelectClause<(schema::crates::columns::id, schema::crates::columns::name, schema::crates::columns::organisation_id, schema::crates::columns::readme, schema::crates::columns::description, schema::crates::columns::repository, schema::crates::columns::homepage, schema::crates::columns::documentation, schema::crates::columns::downloads, schema::crates::columns::created_at)>, query_builder::distinct_clause::NoDistinctClause, query_builder::where_clause::WhereClause<And<diesel::expression::operators::Eq<schema::crates::columns::name, diesel::expression::bound::Bound<diesel::sql_types::Text, std::string::String>>, diesel::expression::operators::Eq<schema::crates::columns::organisation_id, diesel::expression::bound::Bound<diesel::sql_types::Integer, i32>>>>, query_builder::order_clause::NoOrderClause, query_builder::limit_clause::LimitClause<diesel::expression::bound::Bound<BigInt, i64>>>`
[INFO] [stdout] 
[INFO] [stdout] 
[INFO] [stdout] error[E0277]: the trait bound `bool: FromSql<diesel::sql_types::Bool, _>` is not satisfied
[INFO] [stdout]    --> chartered-db/src/crates.rs:352:18
[INFO] [stdout]     |
[INFO] [stdout] 352 |                 .get_result::<CrateVersion<'_>>(&conn)
[INFO] [stdout]     |                  ^^^^^^^^^^ the trait `FromSql<diesel::sql_types::Bool, _>` is not implemented for `bool`
[INFO] [stdout]     |
[INFO] [stdout]     = note: required because of the requirements on the impl of `Queryable<diesel::sql_types::Bool, _>` for `bool`
[INFO] [stdout]     = note: 2 redundant requirements hidden
[INFO] [stdout]     = note: required because of the requirements on the impl of `Queryable<(diesel::sql_types::Integer, diesel::sql_types::Integer, diesel::sql_types::Text, diesel::sql_types::Text, diesel::sql_types::Integer, diesel::sql_types::Bool, diesel::sql_types::Text, diesel::sql_types::Binary, diesel::sql_types::Binary, diesel::sql_types::Nullable<diesel::sql_types::Text>, diesel::sql_types::Integer, diesel::sql_types::Timestamp), _>` for `crates::CrateVersion<'_>`
[INFO] [stdout]     = note: required because of the requirements on the impl of `LoadQuery<_, crates::CrateVersion<'_>>` for `diesel::query_builder::SelectStatement<crate_versions::table, query_builder::select_clause::DefaultSelectClause, query_builder::distinct_clause::NoDistinctClause, query_builder::where_clause::WhereClause<diesel::expression::operators::Eq<crate_versions::columns::crate_id, diesel::expression::bound::Bound<diesel::sql_types::Integer, &i32>>>, query_builder::order_clause::OrderClause<Desc<crate_versions::columns::id>>, query_builder::limit_clause::LimitClause<diesel::expression::bound::Bound<BigInt, i64>>>`
[INFO] [stdout] 
[INFO] [stdout] 
[INFO] [stdout] error[E0277]: the trait bound `NaiveDateTime: FromSql<diesel::sql_types::Timestamp, _>` is not satisfied
[INFO] [stdout]    --> chartered-db/src/crates.rs:352:18
[INFO] [stdout]     |
[INFO] [stdout] 352 |                 .get_result::<CrateVersion<'_>>(&conn)
[INFO] [stdout]     |                  ^^^^^^^^^^ the trait `FromSql<diesel::sql_types::Timestamp, _>` is not implemented for `NaiveDateTime`
[INFO] [stdout]     |
[INFO] [stdout]     = note: required because of the requirements on the impl of `Queryable<diesel::sql_types::Timestamp, _>` for `NaiveDateTime`
[INFO] [stdout]     = note: 2 redundant requirements hidden
[INFO] [stdout]     = note: required because of the requirements on the impl of `Queryable<(diesel::sql_types::Integer, diesel::sql_types::Integer, diesel::sql_types::Text, diesel::sql_types::Text, diesel::sql_types::Integer, diesel::sql_types::Bool, diesel::sql_types::Text, diesel::sql_types::Binary, diesel::sql_types::Binary, diesel::sql_types::Nullable<diesel::sql_types::Text>, diesel::sql_types::Integer, diesel::sql_types::Timestamp), _>` for `crates::CrateVersion<'_>`
[INFO] [stdout]     = note: required because of the requirements on the impl of `LoadQuery<_, crates::CrateVersion<'_>>` for `diesel::query_builder::SelectStatement<crate_versions::table, query_builder::select_clause::DefaultSelectClause, query_builder::distinct_clause::NoDistinctClause, query_builder::where_clause::WhereClause<diesel::expression::operators::Eq<crate_versions::columns::crate_id, diesel::expression::bound::Bound<diesel::sql_types::Integer, &i32>>>, query_builder::order_clause::OrderClause<Desc<crate_versions::columns::id>>, query_builder::limit_clause::LimitClause<diesel::expression::bound::Bound<BigInt, i64>>>`
[INFO] [stdout] 
[INFO] [stdout] 
[INFO] [stdout] error[E0277]: the trait bound `bool: FromSql<diesel::sql_types::Bool, _>` is not satisfied
[INFO] [stdout]    --> chartered-db/src/crates.rs:385:18
[INFO] [stdout]     |
[INFO] [stdout] 385 |                 .load::<(CrateVersion<'_>, User)>(&conn)?)
[INFO] [stdout]     |                  ^^^^ the trait `FromSql<diesel::sql_types::Bool, _>` is not implemented for `bool`
[INFO] [stdout]     |
[INFO] [stdout]     = note: required because of the requirements on the impl of `Queryable<diesel::sql_types::Bool, _>` for `bool`
[INFO] [stdout]     = note: 3 redundant requirements hidden
[INFO] [stdout]     = note: required because of the requirements on the impl of `Queryable<((diesel::sql_types::Integer, diesel::sql_types::Integer, diesel::sql_types::Text, diesel::sql_types::Text, diesel::sql_types::Integer, diesel::sql_types::Bool, diesel::sql_types::Text, diesel::sql_types::Binary, diesel::sql_types::Binary, diesel::sql_types::Nullable<diesel::sql_types::Text>, diesel::sql_types::Integer, diesel::sql_types::Timestamp), (diesel::sql_types::Integer, diesel::sql_types::Binary, diesel::sql_types::Text, diesel::sql_types::Nullable<diesel::sql_types::Text>, diesel::sql_types::Nullable<diesel::sql_types::Text>, diesel::sql_types::Nullable<diesel::sql_types::Text>, diesel::sql_types::Nullable<diesel::sql_types::Text>, diesel::sql_types::Nullable<diesel::sql_types::Text>)), _>` for `(crates::CrateVersion<'_>, User)`
[INFO] [stdout]     = note: required because of the requirements on the impl of `LoadQuery<_, (crates::CrateVersion<'_>, User)>` for `diesel::query_builder::SelectStatement<JoinOn<diesel::query_source::joins::Join<crate_versions::table, schema::users::table, Inner>, diesel::expression::operators::Eq<diesel::expression::nullable::Nullable<crate_versions::columns::user_id>, diesel::expression::nullable::Nullable<schema::users::columns::id>>>, query_builder::select_clause::DefaultSelectClause, query_builder::distinct_clause::NoDistinctClause, query_builder::where_clause::WhereClause<diesel::expression::operators::Eq<crate_versions::columns::crate_id, diesel::expression::bound::Bound<diesel::sql_types::Integer, &i32>>>>`
[INFO] [stdout] 
[INFO] [stdout] 
[INFO] [stdout] error[E0277]: the trait bound `bool: FromSql<diesel::sql_types::Bool, _>` is not satisfied
[INFO] [stdout]    --> chartered-db/src/crates.rs:370:18
[INFO] [stdout]     |
[INFO] [stdout] 370 |                 .get_result::<CrateVersion<'_>>(&conn)
[INFO] [stdout]     |                  ^^^^^^^^^^ the trait `FromSql<diesel::sql_types::Bool, _>` is not implemented for `bool`
[INFO] [stdout]     |
[INFO] [stdout]     = note: required because of the requirements on the impl of `Queryable<diesel::sql_types::Bool, _>` for `bool`
[INFO] [stdout]     = note: 2 redundant requirements hidden
[INFO] [stdout]     = note: required because of the requirements on the impl of `Queryable<(diesel::sql_types::Integer, diesel::sql_types::Integer, diesel::sql_types::Text, diesel::sql_types::Text, diesel::sql_types::Integer, diesel::sql_types::Bool, diesel::sql_types::Text, diesel::sql_types::Binary, diesel::sql_types::Binary, diesel::sql_types::Nullable<diesel::sql_types::Text>, diesel::sql_types::Integer, diesel::sql_types::Timestamp), _>` for `crates::CrateVersion<'_>`
[INFO] [stdout]     = note: required because of the requirements on the impl of `LoadQuery<_, crates::CrateVersion<'_>>` for `diesel::query_builder::SelectStatement<crate_versions::table, query_builder::select_clause::DefaultSelectClause, query_builder::distinct_clause::NoDistinctClause, query_builder::where_clause::WhereClause<And<diesel::expression::operators::Eq<crate_versions::columns::crate_id, diesel::expression::bound::Bound<diesel::sql_types::Integer, &i32>>, diesel::expression::operators::Eq<crate_versions::columns::version, diesel::expression::bound::Bound<diesel::sql_types::Text, std::string::String>>>>>`
[INFO] [stdout] 
[INFO] [stdout] 
[INFO] [stdout] error[E0277]: the trait bound `NaiveDateTime: FromSql<diesel::sql_types::Timestamp, _>` is not satisfied
[INFO] [stdout]    --> chartered-db/src/crates.rs:385:18
[INFO] [stdout]     |
[INFO] [stdout] 385 |                 .load::<(CrateVersion<'_>, User)>(&conn)?)
[INFO] [stdout]     |                  ^^^^ the trait `FromSql<diesel::sql_types::Timestamp, _>` is not implemented for `NaiveDateTime`
[INFO] [stdout]     |
[INFO] [stdout]     = note: required because of the requirements on the impl of `Queryable<diesel::sql_types::Timestamp, _>` for `NaiveDateTime`
[INFO] [stdout]     = note: 3 redundant requirements hidden
[INFO] [stdout]     = note: required because of the requirements on the impl of `Queryable<((diesel::sql_types::Integer, diesel::sql_types::Integer, diesel::sql_types::Text, diesel::sql_types::Text, diesel::sql_types::Integer, diesel::sql_types::Bool, diesel::sql_types::Text, diesel::sql_types::Binary, diesel::sql_types::Binary, diesel::sql_types::Nullable<diesel::sql_types::Text>, diesel::sql_types::Integer, diesel::sql_types::Timestamp), (diesel::sql_types::Integer, diesel::sql_types::Binary, diesel::sql_types::Text, diesel::sql_types::Nullable<diesel::sql_types::Text>, diesel::sql_types::Nullable<diesel::sql_types::Text>, diesel::sql_types::Nullable<diesel::sql_types::Text>, diesel::sql_types::Nullable<diesel::sql_types::Text>, diesel::sql_types::Nullable<diesel::sql_types::Text>)), _>` for `(crates::CrateVersion<'_>, User)`
[INFO] [stdout]     = note: required because of the requirements on the impl of `LoadQuery<_, (crates::CrateVersion<'_>, User)>` for `diesel::query_builder::SelectStatement<JoinOn<diesel::query_source::joins::Join<crate_versions::table, schema::users::table, Inner>, diesel::expression::operators::Eq<diesel::expression::nullable::Nullable<crate_versions::columns::user_id>, diesel::expression::nullable::Nullable<schema::users::columns::id>>>, query_builder::select_clause::DefaultSelectClause, query_builder::distinct_clause::NoDistinctClause, query_builder::where_clause::WhereClause<diesel::expression::operators::Eq<crate_versions::columns::crate_id, diesel::expression::bound::Bound<diesel::sql_types::Integer, &i32>>>>`
[INFO] [stdout] 
[INFO] [stdout] 
[INFO] [stdout] error[E0277]: the trait bound `NaiveDateTime: FromSql<diesel::sql_types::Timestamp, _>` is not satisfied
[INFO] [stdout]    --> chartered-db/src/crates.rs:370:18
[INFO] [stdout]     |
[INFO] [stdout] 370 |                 .get_result::<CrateVersion<'_>>(&conn)
[INFO] [stdout]     |                  ^^^^^^^^^^ the trait `FromSql<diesel::sql_types::Timestamp, _>` is not implemented for `NaiveDateTime`
[INFO] [stdout]     |
[INFO] [stdout]     = note: required because of the requirements on the impl of `Queryable<diesel::sql_types::Timestamp, _>` for `NaiveDateTime`
[INFO] [stdout]     = note: 2 redundant requirements hidden
[INFO] [stdout]     = note: required because of the requirements on the impl of `Queryable<(diesel::sql_types::Integer, diesel::sql_types::Integer, diesel::sql_types::Text, diesel::sql_types::Text, diesel::sql_types::Integer, diesel::sql_types::Bool, diesel::sql_types::Text, diesel::sql_types::Binary, diesel::sql_types::Binary, diesel::sql_types::Nullable<diesel::sql_types::Text>, diesel::sql_types::Integer, diesel::sql_types::Timestamp), _>` for `crates::CrateVersion<'_>`
[INFO] [stdout]     = note: required because of the requirements on the impl of `LoadQuery<_, crates::CrateVersion<'_>>` for `diesel::query_builder::SelectStatement<crate_versions::table, query_builder::select_clause::DefaultSelectClause, query_builder::distinct_clause::NoDistinctClause, query_builder::where_clause::WhereClause<And<diesel::expression::operators::Eq<crate_versions::columns::crate_id, diesel::expression::bound::Bound<diesel::sql_types::Integer, &i32>>, diesel::expression::operators::Eq<crate_versions::columns::version, diesel::expression::bound::Bound<diesel::sql_types::Text, std::string::String>>>>>`
[INFO] [stdout] 
[INFO] [stdout] 
[INFO] [stdout] error[E0277]: the trait bound `bool: FromSql<diesel::sql_types::Bool, _>` is not satisfied
[INFO] [stdout]    --> chartered-db/src/crates.rs:385:18
[INFO] [stdout]     |
[INFO] [stdout] 385 |                 .load::<(CrateVersion<'_>, User)>(&conn)?)
[INFO] [stdout]     |                  ^^^^ the trait `FromSql<diesel::sql_types::Bool, _>` is not implemented for `bool`
[INFO] [stdout]     |
[INFO] [stdout]     = note: required because of the requirements on the impl of `Queryable<diesel::sql_types::Bool, _>` for `bool`
[INFO] [stdout]     = note: 3 redundant requirements hidden
[INFO] [stdout]     = note: required because of the requirements on the impl of `Queryable<((diesel::sql_types::Integer, diesel::sql_types::Integer, diesel::sql_types::Text, diesel::sql_types::Text, diesel::sql_types::Integer, diesel::sql_types::Bool, diesel::sql_types::Text, diesel::sql_types::Binary, diesel::sql_types::Binary, diesel::sql_types::Nullable<diesel::sql_types::Text>, diesel::sql_types::Integer, diesel::sql_types::Timestamp), (diesel::sql_types::Integer, diesel::sql_types::Binary, diesel::sql_types::Text, diesel::sql_types::Nullable<diesel::sql_types::Text>, diesel::sql_types::Nullable<diesel::sql_types::Text>, diesel::sql_types::Nullable<diesel::sql_types::Text>, diesel::sql_types::Nullable<diesel::sql_types::Text>, diesel::sql_types::Nullable<diesel::sql_types::Text>)), _>` for `(crates::CrateVersion<'_>, User)`
[INFO] [stdout]     = note: required because of the requirements on the impl of `LoadQuery<_, (crates::CrateVersion<'_>, User)>` for `diesel::query_builder::SelectStatement<JoinOn<diesel::query_source::joins::Join<crate_versions::table, schema::users::table, Inner>, diesel::expression::operators::Eq<diesel::expression::nullable::Nullable<crate_versions::columns::user_id>, diesel::expression::nullable::Nullable<schema::users::columns::id>>>, query_builder::select_clause::DefaultSelectClause, query_builder::distinct_clause::NoDistinctClause, query_builder::where_clause::WhereClause<diesel::expression::operators::Eq<crate_versions::columns::crate_id, diesel::expression::bound::Bound<diesel::sql_types::Integer, &i32>>>>`
[INFO] [stdout] 
[INFO] [stdout] 
[INFO] [stdout] error[E0277]: the trait bound `NaiveDateTime: FromSql<diesel::sql_types::Timestamp, _>` is not satisfied
[INFO] [stdout]    --> chartered-db/src/crates.rs:385:18
[INFO] [stdout]     |
[INFO] [stdout] 385 |                 .load::<(CrateVersion<'_>, User)>(&conn)?)
[INFO] [stdout]     |                  ^^^^ the trait `FromSql<diesel::sql_types::Timestamp, _>` is not implemented for `NaiveDateTime`
[INFO] [stdout]     |
[INFO] [stdout]     = note: required because of the requirements on the impl of `Queryable<diesel::sql_types::Timestamp, _>` for `NaiveDateTime`
[INFO] [stdout]     = note: 3 redundant requirements hidden
[INFO] [stdout]     = note: required because of the requirements on the impl of `Queryable<((diesel::sql_types::Integer, diesel::sql_types::Integer, diesel::sql_types::Text, diesel::sql_types::Text, diesel::sql_types::Integer, diesel::sql_types::Bool, diesel::sql_types::Text, diesel::sql_types::Binary, diesel::sql_types::Binary, diesel::sql_types::Nullable<diesel::sql_types::Text>, diesel::sql_types::Integer, diesel::sql_types::Timestamp), (diesel::sql_types::Integer, diesel::sql_types::Binary, diesel::sql_types::Text, diesel::sql_types::Nullable<diesel::sql_types::Text>, diesel::sql_types::Nullable<diesel::sql_types::Text>, diesel::sql_types::Nullable<diesel::sql_types::Text>, diesel::sql_types::Nullable<diesel::sql_types::Text>, diesel::sql_types::Nullable<diesel::sql_types::Text>)), _>` for `(crates::CrateVersion<'_>, User)`
[INFO] [stdout]     = note: required because of the requirements on the impl of `LoadQuery<_, (crates::CrateVersion<'_>, User)>` for `diesel::query_builder::SelectStatement<JoinOn<diesel::query_source::joins::Join<crate_versions::table, schema::users::table, Inner>, diesel::expression::operators::Eq<diesel::expression::nullable::Nullable<crate_versions::columns::user_id>, diesel::expression::nullable::Nullable<schema::users::columns::id>>>, query_builder::select_clause::DefaultSelectClause, query_builder::distinct_clause::NoDistinctClause, query_builder::where_clause::WhereClause<diesel::expression::operators::Eq<crate_versions::columns::crate_id, diesel::expression::bound::Bound<diesel::sql_types::Integer, &i32>>>>`
[INFO] [stdout] 
[INFO] [stdout] 
[INFO] [stdout] error[E0277]: the trait bound `bool: ToSql<diesel::sql_types::Bool, _>` is not satisfied
[INFO] [stdout]    --> chartered-db/src/crates.rs:619:14
[INFO] [stdout]     |
[INFO] [stdout] 619 |             .execute(&conn)?;
[INFO] [stdout]     |              ^^^^^^^ the trait `ToSql<diesel::sql_types::Bool, _>` is not implemented for `bool`
[INFO] [stdout]     |
[INFO] [stdout]     = help: the following implementations were found:
[INFO] [stdout]               <bool as ToSql<diesel::sql_types::Nullable<diesel::sql_types::Bool>, __DB>>
[INFO] [stdout]     = note: required because of the requirements on the impl of `QueryFragment<_>` for `diesel::expression::bound::Bound<diesel::sql_types::Bool, bool>`
[INFO] [stdout]     = note: 2 redundant requirements hidden
[INFO] [stdout]     = note: required because of the requirements on the impl of `QueryFragment<_>` for `UpdateStatement<crate_versions::table, query_builder::where_clause::WhereClause<And<diesel::expression::operators::Eq<crate_versions::columns::crate_id, diesel::expression::bound::Bound<diesel::sql_types::Integer, i32>>, diesel::expression::operators::Eq<crate_versions::columns::version, diesel::expression::bound::Bound<diesel::sql_types::Text, std::string::String>>>>, query_builder::update_statement::changeset::Assign<crate_versions::columns::yanked, diesel::expression::bound::Bound<diesel::sql_types::Bool, bool>>>`
[INFO] [stdout]     = note: required because of the requirements on the impl of `ExecuteDsl<_, _>` for `UpdateStatement<crate_versions::table, query_builder::where_clause::WhereClause<And<diesel::expression::operators::Eq<crate_versions::columns::crate_id, diesel::expression::bound::Bound<diesel::sql_types::Integer, i32>>, diesel::expression::operators::Eq<crate_versions::columns::version, diesel::expression::bound::Bound<diesel::sql_types::Text, std::string::String>>>>, query_builder::update_statement::changeset::Assign<crate_versions::columns::yanked, diesel::expression::bound::Bound<diesel::sql_types::Bool, bool>>>`
[INFO] [stdout] 
[INFO] [stdout] 
[INFO] [stdout] error[E0277]: the trait bound `bool: ToSql<diesel::sql_types::Bool, _>` is not satisfied
[INFO] [stdout]    --> chartered-db/src/crates.rs:619:14
[INFO] [stdout]     |
[INFO] [stdout] 619 |             .execute(&conn)?;
[INFO] [stdout]     |              ^^^^^^^ the trait `ToSql<diesel::sql_types::Bool, _>` is not implemented for `bool`
[INFO] [stdout]     |
[INFO] [stdout]     = help: the following implementations were found:
[INFO] [stdout]               <bool as ToSql<diesel::sql_types::Nullable<diesel::sql_types::Bool>, __DB>>
[INFO] [stdout]     = note: required because of the requirements on the impl of `QueryFragment<_>` for `diesel::expression::bound::Bound<diesel::sql_types::Bool, bool>`
[INFO] [stdout]     = note: 2 redundant requirements hidden
[INFO] [stdout]     = note: required because of the requirements on the impl of `QueryFragment<_>` for `UpdateStatement<crate_versions::table, query_builder::where_clause::WhereClause<And<diesel::expression::operators::Eq<crate_versions::columns::crate_id, diesel::expression::bound::Bound<diesel::sql_types::Integer, i32>>, diesel::expression::operators::Eq<crate_versions::columns::version, diesel::expression::bound::Bound<diesel::sql_types::Text, std::string::String>>>>, query_builder::update_statement::changeset::Assign<crate_versions::columns::yanked, diesel::expression::bound::Bound<diesel::sql_types::Bool, bool>>>`
[INFO] [stdout]     = note: required because of the requirements on the impl of `ExecuteDsl<_, _>` for `UpdateStatement<crate_versions::table, query_builder::where_clause::WhereClause<And<diesel::expression::operators::Eq<crate_versions::columns::crate_id, diesel::expression::bound::Bound<diesel::sql_types::Integer, i32>>, diesel::expression::operators::Eq<crate_versions::columns::version, diesel::expression::bound::Bound<diesel::sql_types::Text, std::string::String>>>>, query_builder::update_statement::changeset::Assign<crate_versions::columns::yanked, diesel::expression::bound::Bound<diesel::sql_types::Bool, bool>>>`
[INFO] [stdout] 
[INFO] [stdout] 
[INFO] [stdout] error[E0277]: the trait bound `bool: FromSql<diesel::sql_types::Bool, _>` is not satisfied
[INFO] [stdout]   --> chartered-db/src/organisations.rs:59:18
[INFO] [stdout]    |
[INFO] [stdout] 59 |                 .load(&conn)
[INFO] [stdout]    |                  ^^^^ the trait `FromSql<diesel::sql_types::Bool, _>` is not implemented for `bool`
[INFO] [stdout]    |
[INFO] [stdout]    = note: required because of the requirements on the impl of `Queryable<diesel::sql_types::Bool, _>` for `bool`
[INFO] [stdout]    = note: 2 redundant requirements hidden
[INFO] [stdout]    = note: required because of the requirements on the impl of `Queryable<(diesel::sql_types::Integer, diesel::sql_types::Binary, diesel::sql_types::Text, diesel::sql_types::Text, diesel::sql_types::Bool), _>` for `Organisation`
[INFO] [stdout]    = note: required because of the requirements on the impl of `LoadQuery<_, Organisation>` for `diesel::query_builder::SelectStatement<JoinOn<diesel::query_source::joins::Join<schema::organisations::table, user_organisation_permissions::table, LeftOuter>, And<diesel::expression::operators::Eq<user_organisation_permissions::columns::user_id, diesel::expression::bound::Bound<diesel::sql_types::Integer, i32>>, diesel::expression::operators::Eq<user_organisation_permissions::columns::organisation_id, schema::organisations::columns::id>>>, query_builder::select_clause::SelectClause<(schema::organisations::columns::id, schema::organisations::columns::uuid, schema::organisations::columns::name, schema::organisations::columns::description, schema::organisations::columns::public)>, query_builder::distinct_clause::NoDistinctClause, query_builder::where_clause::WhereClause<diesel::expression::operators::Eq<Grouped<BitwiseAnd<Grouped<BitwiseOr<coalesce::coalesce<diesel::expression::nullable::Nullable<user_organisation_permissions::columns::permissions>, diesel::expression::bound::Bound<diesel::sql_types::Integer, i32>>, SqlLiteral<diesel::sql_types::Integer>>>, diesel::expression::bound::Bound<diesel::sql_types::Integer, i32>>>, diesel::expression::bound::Bound<diesel::sql_types::Integer, i32>>>>`
[INFO] [stdout] 
[INFO] [stdout] 
[INFO] [stdout] error[E0277]: the trait bound `bool: FromSql<diesel::sql_types::Bool, _>` is not satisfied
[INFO] [stdout]   --> chartered-db/src/organisations.rs:86:18
[INFO] [stdout]    |
[INFO] [stdout] 86 |                 .get_result(&conn)
[INFO] [stdout]    |                  ^^^^^^^^^^ the trait `FromSql<diesel::sql_types::Bool, _>` is not implemented for `bool`
[INFO] [stdout]    |
[INFO] [stdout]    = note: required because of the requirements on the impl of `Queryable<diesel::sql_types::Bool, _>` for `bool`
[INFO] [stdout]    = note: 3 redundant requirements hidden
[INFO] [stdout]    = note: required because of the requirements on the impl of `Queryable<(diesel::sql_types::Integer, (diesel::sql_types::Integer, diesel::sql_types::Binary, diesel::sql_types::Text, diesel::sql_types::Text, diesel::sql_types::Bool)), _>` for `(_, Organisation)`
[INFO] [stdout]    = note: required because of the requirements on the impl of `LoadQuery<_, (_, Organisation)>` for `diesel::query_builder::SelectStatement<JoinOn<diesel::query_source::joins::Join<schema::organisations::table, user_organisation_permissions::table, LeftOuter>, And<diesel::expression::operators::Eq<user_organisation_permissions::columns::user_id, diesel::expression::bound::Bound<diesel::sql_types::Integer, i32>>, diesel::expression::operators::Eq<user_organisation_permissions::columns::organisation_id, schema::organisations::columns::id>>>, query_builder::select_clause::SelectClause<(Grouped<BitwiseOr<coalesce::coalesce<diesel::expression::nullable::Nullable<user_organisation_permissions::columns::permissions>, diesel::expression::bound::Bound<diesel::sql_types::Integer, i32>>, SqlLiteral<diesel::sql_types::Integer>>>, (schema::organisations::columns::id, schema::organisations::columns::uuid, schema::organisations::columns::name, schema::organisations::columns::description, schema::organisations::columns::public))>, query_builder::distinct_clause::NoDistinctClause, query_builder::where_clause::WhereClause<diesel::expression::operators::Eq<schema::organisations::columns::name, diesel::expression::bound::Bound<diesel::sql_types::Text, std::string::String>>>>`
[INFO] [stdout] 
[INFO] [stdout] 
[INFO] [stdout] error[E0277]: the trait bound `bool: ToSql<diesel::sql_types::Bool, _>` is not satisfied
[INFO] [stdout]    --> chartered-db/src/organisations.rs:121:22
[INFO] [stdout]     |
[INFO] [stdout] 121 |                     .execute(&conn)?;
[INFO] [stdout]     |                      ^^^^^^^ the trait `ToSql<diesel::sql_types::Bool, _>` is not implemented for `bool`
[INFO] [stdout]     |
[INFO] [stdout]     = help: the following implementations were found:
[INFO] [stdout]               <bool as ToSql<diesel::sql_types::Nullable<diesel::sql_types::Bool>, __DB>>
[INFO] [stdout]     = note: required because of the requirements on the impl of `QueryFragment<_>` for `diesel::expression::bound::Bound<diesel::sql_types::Bool, bool>`
[INFO] [stdout]     = note: 1 redundant requirements hidden
[INFO] [stdout]     = note: required because of the requirements on the impl of `QueryFragment<_>` for `ColumnInsertValue<schema::organisations::columns::public, diesel::expression::bound::Bound<diesel::sql_types::Bool, bool>>`
[INFO] [stdout]     = note: required because of the requirements on the impl of `InsertValues<schema::organisations::table, _>` for `ColumnInsertValue<schema::organisations::columns::public, diesel::expression::bound::Bound<diesel::sql_types::Bool, bool>>`
[INFO] [stdout]     = note: 3 redundant requirements hidden
[INFO] [stdout]     = note: required because of the requirements on the impl of `QueryFragment<_>` for `InsertStatement<schema::organisations::table, ValuesClause<(ColumnInsertValue<schema::organisations::columns::uuid, diesel::expression::bound::Bound<diesel::sql_types::Binary, SqlUuid>>, ColumnInsertValue<schema::organisations::columns::name, diesel::expression::bound::Bound<diesel::sql_types::Text, std::string::String>>, ColumnInsertValue<schema::organisations::columns::description, diesel::expression::bound::Bound<diesel::sql_types::Text, std::string::String>>, ColumnInsertValue<schema::organisations::columns::public, diesel::expression::bound::Bound<diesel::sql_types::Bool, bool>>), schema::organisations::table>>`
[INFO] [stdout]     = note: required because of the requirements on the impl of `ExecuteDsl<_, _>` for `InsertStatement<schema::organisations::table, ValuesClause<(ColumnInsertValue<schema::organisations::columns::uuid, diesel::expression::bound::Bound<diesel::sql_types::Binary, SqlUuid>>, ColumnInsertValue<schema::organisations::columns::name, diesel::expression::bound::Bound<diesel::sql_types::Text, std::string::String>>, ColumnInsertValue<schema::organisations::columns::description, diesel::expression::bound::Bound<diesel::sql_types::Text, std::string::String>>, ColumnInsertValue<schema::organisations::columns::public, diesel::expression::bound::Bound<diesel::sql_types::Bool, bool>>), schema::organisations::table>>`
[INFO] [stdout] 
[INFO] [stdout] 
[INFO] [stdout] error[E0277]: the trait bound `NaiveDateTime: FromSql<diesel::sql_types::Timestamp, _>` is not satisfied
[INFO] [stdout]    --> chartered-db/src/organisations.rs:171:18
[INFO] [stdout]     |
[INFO] [stdout] 171 |                 .load(&conn)
[INFO] [stdout]     |                  ^^^^ the trait `FromSql<diesel::sql_types::Timestamp, _>` is not implemented for `NaiveDateTime`
[INFO] [stdout]     |
[INFO] [stdout]     = note: required because of the requirements on the impl of `Queryable<diesel::sql_types::Timestamp, _>` for `NaiveDateTime`
[INFO] [stdout]     = note: 2 redundant requirements hidden
[INFO] [stdout]     = note: required because of the requirements on the impl of `Queryable<(diesel::sql_types::Integer, diesel::sql_types::Text, diesel::sql_types::Integer, diesel::sql_types::Nullable<diesel::sql_types::Text>, diesel::sql_types::Nullable<diesel::sql_types::Text>, diesel::sql_types::Nullable<diesel::sql_types::Text>, diesel::sql_types::Nullable<diesel::sql_types::Text>, diesel::sql_types::Nullable<diesel::sql_types::Text>, diesel::sql_types::Integer, diesel::sql_types::Timestamp), _>` for `Crate`
[INFO] [stdout]     = note: required because of the requirements on the impl of `LoadQuery<_, Crate>` for `diesel::query_builder::SelectStatement<schema::crates::table, query_builder::select_clause::DefaultSelectClause, query_builder::distinct_clause::NoDistinctClause, query_builder::where_clause::WhereClause<diesel::expression::operators::Eq<schema::crates::columns::organisation_id, diesel::expression::bound::Bound<diesel::sql_types::Integer, &i32>>>>`
[INFO] [stdout] 
[INFO] [stdout] 
[INFO] [stdout] error[E0277]: the trait bound `bool: FromSql<diesel::sql_types::Bool, _>` is not satisfied
[INFO] [stdout]   --> chartered-db/src/organisations.rs:59:18
[INFO] [stdout]    |
[INFO] [stdout] 59 |                 .load(&conn)
[INFO] [stdout]    |                  ^^^^ the trait `FromSql<diesel::sql_types::Bool, _>` is not implemented for `bool`
[INFO] [stdout]    |
[INFO] [stdout]    = note: required because of the requirements on the impl of `Queryable<diesel::sql_types::Bool, _>` for `bool`
[INFO] [stdout]    = note: 2 redundant requirements hidden
[INFO] [stdout]    = note: required because of the requirements on the impl of `Queryable<(diesel::sql_types::Integer, diesel::sql_types::Binary, diesel::sql_types::Text, diesel::sql_types::Text, diesel::sql_types::Bool), _>` for `Organisation`
[INFO] [stdout]    = note: required because of the requirements on the impl of `LoadQuery<_, Organisation>` for `diesel::query_builder::SelectStatement<JoinOn<diesel::query_source::joins::Join<schema::organisations::table, user_organisation_permissions::table, LeftOuter>, And<diesel::expression::operators::Eq<user_organisation_permissions::columns::user_id, diesel::expression::bound::Bound<diesel::sql_types::Integer, i32>>, diesel::expression::operators::Eq<user_organisation_permissions::columns::organisation_id, schema::organisations::columns::id>>>, query_builder::select_clause::SelectClause<(schema::organisations::columns::id, schema::organisations::columns::uuid, schema::organisations::columns::name, schema::organisations::columns::description, schema::organisations::columns::public)>, query_builder::distinct_clause::NoDistinctClause, query_builder::where_clause::WhereClause<diesel::expression::operators::Eq<Grouped<BitwiseAnd<Grouped<BitwiseOr<coalesce::coalesce<diesel::expression::nullable::Nullable<user_organisation_permissions::columns::permissions>, diesel::expression::bound::Bound<diesel::sql_types::Integer, i32>>, SqlLiteral<diesel::sql_types::Integer>>>, diesel::expression::bound::Bound<diesel::sql_types::Integer, i32>>>, diesel::expression::bound::Bound<diesel::sql_types::Integer, i32>>>>`
[INFO] [stdout] 
[INFO] [stdout] 
[INFO] [stdout] error[E0277]: the trait bound `bool: FromSql<diesel::sql_types::Bool, _>` is not satisfied
[INFO] [stdout]   --> chartered-db/src/organisations.rs:86:18
[INFO] [stdout]    |
[INFO] [stdout] 86 |                 .get_result(&conn)
[INFO] [stdout]    |                  ^^^^^^^^^^ the trait `FromSql<diesel::sql_types::Bool, _>` is not implemented for `bool`
[INFO] [stdout]    |
[INFO] [stdout]    = note: required because of the requirements on the impl of `Queryable<diesel::sql_types::Bool, _>` for `bool`
[INFO] [stdout]    = note: 3 redundant requirements hidden
[INFO] [stdout]    = note: required because of the requirements on the impl of `Queryable<(diesel::sql_types::Integer, (diesel::sql_types::Integer, diesel::sql_types::Binary, diesel::sql_types::Text, diesel::sql_types::Text, diesel::sql_types::Bool)), _>` for `(_, Organisation)`
[INFO] [stdout]    = note: required because of the requirements on the impl of `LoadQuery<_, (_, Organisation)>` for `diesel::query_builder::SelectStatement<JoinOn<diesel::query_source::joins::Join<schema::organisations::table, user_organisation_permissions::table, LeftOuter>, And<diesel::expression::operators::Eq<user_organisation_permissions::columns::user_id, diesel::expression::bound::Bound<diesel::sql_types::Integer, i32>>, diesel::expression::operators::Eq<user_organisation_permissions::columns::organisation_id, schema::organisations::columns::id>>>, query_builder::select_clause::SelectClause<(Grouped<BitwiseOr<coalesce::coalesce<diesel::expression::nullable::Nullable<user_organisation_permissions::columns::permissions>, diesel::expression::bound::Bound<diesel::sql_types::Integer, i32>>, SqlLiteral<diesel::sql_types::Integer>>>, (schema::organisations::columns::id, schema::organisations::columns::uuid, schema::organisations::columns::name, schema::organisations::columns::description, schema::organisations::columns::public))>, query_builder::distinct_clause::NoDistinctClause, query_builder::where_clause::WhereClause<diesel::expression::operators::Eq<schema::organisations::columns::name, diesel::expression::bound::Bound<diesel::sql_types::Text, std::string::String>>>>`
[INFO] [stdout] 
[INFO] [stdout] 
[INFO] [stdout] error[E0277]: the trait bound `bool: ToSql<diesel::sql_types::Bool, _>` is not satisfied
[INFO] [stdout]    --> chartered-db/src/organisations.rs:121:22
[INFO] [stdout]     |
[INFO] [stdout] 121 |                     .execute(&conn)?;
[INFO] [stdout]     |                      ^^^^^^^ the trait `ToSql<diesel::sql_types::Bool, _>` is not implemented for `bool`
[INFO] [stdout]     |
[INFO] [stdout]     = help: the following implementations were found:
[INFO] [stdout]               <bool as ToSql<diesel::sql_types::Nullable<diesel::sql_types::Bool>, __DB>>
[INFO] [stdout]     = note: required because of the requirements on the impl of `QueryFragment<_>` for `diesel::expression::bound::Bound<diesel::sql_types::Bool, bool>`
[INFO] [stdout]     = note: 1 redundant requirements hidden
[INFO] [stdout]     = note: required because of the requirements on the impl of `QueryFragment<_>` for `ColumnInsertValue<schema::organisations::columns::public, diesel::expression::bound::Bound<diesel::sql_types::Bool, bool>>`
[INFO] [stdout]     = note: required because of the requirements on the impl of `InsertValues<schema::organisations::table, _>` for `ColumnInsertValue<schema::organisations::columns::public, diesel::expression::bound::Bound<diesel::sql_types::Bool, bool>>`
[INFO] [stdout]     = note: 3 redundant requirements hidden
[INFO] [stdout]     = note: required because of the requirements on the impl of `QueryFragment<_>` for `InsertStatement<schema::organisations::table, ValuesClause<(ColumnInsertValue<schema::organisations::columns::uuid, diesel::expression::bound::Bound<diesel::sql_types::Binary, SqlUuid>>, ColumnInsertValue<schema::organisations::columns::name, diesel::expression::bound::Bound<diesel::sql_types::Text, std::string::String>>, ColumnInsertValue<schema::organisations::columns::description, diesel::expression::bound::Bound<diesel::sql_types::Text, std::string::String>>, ColumnInsertValue<schema::organisations::columns::public, diesel::expression::bound::Bound<diesel::sql_types::Bool, bool>>), schema::organisations::table>>`
[INFO] [stdout]     = note: required because of the requirements on the impl of `ExecuteDsl<_, _>` for `InsertStatement<schema::organisations::table, ValuesClause<(ColumnInsertValue<schema::organisations::columns::uuid, diesel::expression::bound::Bound<diesel::sql_types::Binary, SqlUuid>>, ColumnInsertValue<schema::organisations::columns::name, diesel::expression::bound::Bound<diesel::sql_types::Text, std::string::String>>, ColumnInsertValue<schema::organisations::columns::description, diesel::expression::bound::Bound<diesel::sql_types::Text, std::string::String>>, ColumnInsertValue<schema::organisations::columns::public, diesel::expression::bound::Bound<diesel::sql_types::Bool, bool>>), schema::organisations::table>>`
[INFO] [stdout] 
[INFO] [stdout] 
[INFO] [stdout] error[E0277]: the trait bound `NaiveDateTime: FromSql<diesel::sql_types::Timestamp, _>` is not satisfied
[INFO] [stdout]    --> chartered-db/src/organisations.rs:171:18
[INFO] [stdout]     |
[INFO] [stdout] 171 |                 .load(&conn)
[INFO] [stdout]     |                  ^^^^ the trait `FromSql<diesel::sql_types::Timestamp, _>` is not implemented for `NaiveDateTime`
[INFO] [stdout]     |
[INFO] [stdout]     = note: required because of the requirements on the impl of `Queryable<diesel::sql_types::Timestamp, _>` for `NaiveDateTime`
[INFO] [stdout]     = note: 2 redundant requirements hidden
[INFO] [stdout]     = note: required because of the requirements on the impl of `Queryable<(diesel::sql_types::Integer, diesel::sql_types::Text, diesel::sql_types::Integer, diesel::sql_types::Nullable<diesel::sql_types::Text>, diesel::sql_types::Nullable<diesel::sql_types::Text>, diesel::sql_types::Nullable<diesel::sql_types::Text>, diesel::sql_types::Nullable<diesel::sql_types::Text>, diesel::sql_types::Nullable<diesel::sql_types::Text>, diesel::sql_types::Integer, diesel::sql_types::Timestamp), _>` for `Crate`
[INFO] [stdout]     = note: required because of the requirements on the impl of `LoadQuery<_, Crate>` for `diesel::query_builder::SelectStatement<schema::crates::table, query_builder::select_clause::DefaultSelectClause, query_builder::distinct_clause::NoDistinctClause, query_builder::where_clause::WhereClause<diesel::expression::operators::Eq<schema::crates::columns::organisation_id, diesel::expression::bound::Bound<diesel::sql_types::Integer, &i32>>>>`
[INFO] [stdout] 
[INFO] [stdout] 
[INFO] [stdout] error[E0277]: the trait bound `NaiveDateTime: ToSql<diesel::sql_types::Timestamp, _>` is not satisfied
[INFO] [stdout]    --> chartered-db/src/users.rs:103:18
[INFO] [stdout]     |
[INFO] [stdout] 103 |                 .get_result(&conn)
[INFO] [stdout]     |                  ^^^^^^^^^^ the trait `ToSql<diesel::sql_types::Timestamp, _>` is not implemented for `NaiveDateTime`
[INFO] [stdout]     |
[INFO] [stdout]     = help: the following implementations were found:
[INFO] [stdout]               <NaiveDateTime as ToSql<diesel::sql_types::Nullable<diesel::sql_types::Timestamp>, __DB>>
[INFO] [stdout]     = note: required because of the requirements on the impl of `ToSql<diesel::sql_types::Nullable<diesel::sql_types::Timestamp>, _>` for `NaiveDateTime`
[INFO] [stdout]     = note: required because of the requirements on the impl of `QueryFragment<_>` for `diesel::expression::bound::Bound<diesel::sql_types::Nullable<diesel::sql_types::Timestamp>, NaiveDateTime>`
[INFO] [stdout]     = note: 6 redundant requirements hidden
[INFO] [stdout]     = note: required because of the requirements on the impl of `QueryFragment<_>` for `diesel::query_builder::SelectStatement<JoinOn<diesel::query_source::joins::Join<user_sessions::table, schema::users::table, Inner>, diesel::expression::operators::Eq<diesel::expression::nullable::Nullable<user_sessions::columns::user_id>, diesel::expression::nullable::Nullable<schema::users::columns::id>>>, query_builder::select_clause::SelectClause<(schema::users::columns::id, schema::users::columns::uuid, schema::users::columns::username, schema::users::columns::name, schema::users::columns::nick, schema::users::columns::email, schema::users::columns::external_profile_url, schema::users::columns::picture_url)>, query_builder::distinct_clause::NoDistinctClause, query_builder::where_clause::WhereClause<And<Grouped<Or<diesel::expression::operators::IsNull<user_sessions::columns::expires_at>, Gt<user_sessions::columns::expires_at, diesel::expression::bound::Bound<diesel::sql_types::Nullable<diesel::sql_types::Timestamp>, NaiveDateTime>>>>, diesel::expression::operators::Eq<user_sessions::columns::session_key, diesel::expression::bound::Bound<diesel::sql_types::Text, std::string::String>>>>>`
[INFO] [stdout]     = note: required because of the requirements on the impl of `LoadQuery<_, _>` for `diesel::query_builder::SelectStatement<JoinOn<diesel::query_source::joins::Join<user_sessions::table, schema::users::table, Inner>, diesel::expression::operators::Eq<diesel::expression::nullable::Nullable<user_sessions::columns::user_id>, diesel::expression::nullable::Nullable<schema::users::columns::id>>>, query_builder::select_clause::SelectClause<(schema::users::columns::id, schema::users::columns::uuid, schema::users::columns::username, schema::users::columns::name, schema::users::columns::nick, schema::users::columns::email, schema::users::columns::external_profile_url, schema::users::columns::picture_url)>, query_builder::distinct_clause::NoDistinctClause, query_builder::where_clause::WhereClause<And<Grouped<Or<diesel::expression::operators::IsNull<user_sessions::columns::expires_at>, Gt<user_sessions::columns::expires_at, diesel::expression::bound::Bound<diesel::sql_types::Nullable<diesel::sql_types::Timestamp>, NaiveDateTime>>>>, diesel::expression::operators::Eq<user_sessions::columns::session_key, diesel::expression::bound::Bound<diesel::sql_types::Text, std::string::String>>>>>`
[INFO] [stdout] 
[INFO] [stdout] 
[INFO] [stdout] error[E0277]: the trait bound `NaiveDateTime: ToSql<diesel::sql_types::Timestamp, _>` is not satisfied
[INFO] [stdout]    --> chartered-db/src/users.rs:103:18
[INFO] [stdout]     |
[INFO] [stdout] 103 |                 .get_result(&conn)
[INFO] [stdout]     |                  ^^^^^^^^^^ the trait `ToSql<diesel::sql_types::Timestamp, _>` is not implemented for `NaiveDateTime`
[INFO] [stdout]     |
[INFO] [stdout]     = help: the following implementations were found:
[INFO] [stdout]               <NaiveDateTime as ToSql<diesel::sql_types::Nullable<diesel::sql_types::Timestamp>, __DB>>
[INFO] [stdout]     = note: required because of the requirements on the impl of `ToSql<diesel::sql_types::Nullable<diesel::sql_types::Timestamp>, _>` for `NaiveDateTime`
[INFO] [stdout]     = note: required because of the requirements on the impl of `QueryFragment<_>` for `diesel::expression::bound::Bound<diesel::sql_types::Nullable<diesel::sql_types::Timestamp>, NaiveDateTime>`
[INFO] [stdout]     = note: 6 redundant requirements hidden
[INFO] [stdout]     = note: required because of the requirements on the impl of `QueryFragment<_>` for `diesel::query_builder::SelectStatement<JoinOn<diesel::query_source::joins::Join<user_sessions::table, schema::users::table, Inner>, diesel::expression::operators::Eq<diesel::expression::nullable::Nullable<user_sessions::columns::user_id>, diesel::expression::nullable::Nullable<schema::users::columns::id>>>, query_builder::select_clause::SelectClause<(schema::users::columns::id, schema::users::columns::uuid, schema::users::columns::username, schema::users::columns::name, schema::users::columns::nick, schema::users::columns::email, schema::users::columns::external_profile_url, schema::users::columns::picture_url)>, query_builder::distinct_clause::NoDistinctClause, query_builder::where_clause::WhereClause<And<Grouped<Or<diesel::expression::operators::IsNull<user_sessions::columns::expires_at>, Gt<user_sessions::columns::expires_at, diesel::expression::bound::Bound<diesel::sql_types::Nullable<diesel::sql_types::Timestamp>, NaiveDateTime>>>>, diesel::expression::operators::Eq<user_sessions::columns::session_key, diesel::expression::bound::Bound<diesel::sql_types::Text, std::string::String>>>>>`
[INFO] [stdout]     = note: required because of the requirements on the impl of `LoadQuery<_, _>` for `diesel::query_builder::SelectStatement<JoinOn<diesel::query_source::joins::Join<user_sessions::table, schema::users::table, Inner>, diesel::expression::operators::Eq<diesel::expression::nullable::Nullable<user_sessions::columns::user_id>, diesel::expression::nullable::Nullable<schema::users::columns::id>>>, query_builder::select_clause::SelectClause<(schema::users::columns::id, schema::users::columns::uuid, schema::users::columns::username, schema::users::columns::name, schema::users::columns::nick, schema::users::columns::email, schema::users::columns::external_profile_url, schema::users::columns::picture_url)>, query_builder::distinct_clause::NoDistinctClause, query_builder::where_clause::WhereClause<And<Grouped<Or<diesel::expression::operators::IsNull<user_sessions::columns::expires_at>, Gt<user_sessions::columns::expires_at, diesel::expression::bound::Bound<diesel::sql_types::Nullable<diesel::sql_types::Timestamp>, NaiveDateTime>>>>, diesel::expression::operators::Eq<user_sessions::columns::session_key, diesel::expression::bound::Bound<diesel::sql_types::Text, std::string::String>>>>>`
[INFO] [stdout] 
[INFO] [stdout] 
[INFO] [stdout] error[E0277]: the trait bound `NaiveDateTime: FromSql<diesel::sql_types::Timestamp, _>` is not satisfied
[INFO] [stdout]    --> chartered-db/src/users.rs:122:18
[INFO] [stdout]     |
[INFO] [stdout] 122 |                 .get_result(&conn)
[INFO] [stdout]     |                  ^^^^^^^^^^ the trait `FromSql<diesel::sql_types::Timestamp, _>` is not implemented for `NaiveDateTime`
[INFO] [stdout]     |
[INFO] [stdout]     = note: required because of the requirements on the impl of `Queryable<diesel::sql_types::Timestamp, _>` for `NaiveDateTime`
[INFO] [stdout]     = note: 3 redundant requirements hidden
[INFO] [stdout]     = note: required because of the requirements on the impl of `Queryable<((diesel::sql_types::Integer, diesel::sql_types::Binary, diesel::sql_types::Text, diesel::sql_types::Integer, diesel::sql_types::Binary, diesel::sql_types::Timestamp, diesel::sql_types::Nullable<diesel::sql_types::Timestamp>), (diesel::sql_types::Integer, diesel::sql_types::Binary, diesel::sql_types::Text, diesel::sql_types::Nullable<diesel::sql_types::Text>, diesel::sql_types::Nullable<diesel::sql_types::Text>, diesel::sql_types::Nullable<diesel::sql_types::Text>, diesel::sql_types::Nullable<diesel::sql_types::Text>, diesel::sql_types::Nullable<diesel::sql_types::Text>)), _>` for `(UserSshKey, User)`
[INFO] [stdout]     = note: required because of the requirements on the impl of `LoadQuery<_, (UserSshKey, User)>` for `diesel::query_builder::SelectStatement<JoinOn<diesel::query_source::joins::Join<user_ssh_keys::table, schema::users::table, Inner>, diesel::expression::operators::Eq<diesel::expression::nullable::Nullable<user_ssh_keys::columns::user_id>, diesel::expression::nullable::Nullable<schema::users::columns::id>>>, query_builder::select_clause::SelectClause<((user_ssh_keys::columns::id, user_ssh_keys::columns::uuid, user_ssh_keys::columns::name, user_ssh_keys::columns::user_id, user_ssh_keys::columns::ssh_key, user_ssh_keys::columns::created_at, user_ssh_keys::columns::last_used_at), (schema::users::columns::id, schema::users::columns::uuid, schema::users::columns::username, schema::users::columns::name, schema::users::columns::nick, schema::users::columns::email, schema::users::columns::external_profile_url, schema::users::columns::picture_url))>, query_builder::distinct_clause::NoDistinctClause, query_builder::where_clause::WhereClause<diesel::expression::operators::Eq<user_ssh_keys::columns::ssh_key, diesel::expression::bound::Bound<diesel::sql_types::Binary, Vec<u8>>>>>`
[INFO] [stdout] 
[INFO] [stdout] 
[INFO] [stdout] error[E0277]: the trait bound `NaiveDateTime: FromSql<diesel::sql_types::Timestamp, _>` is not satisfied
[INFO] [stdout]    --> chartered-db/src/users.rs:122:18
[INFO] [stdout]     |
[INFO] [stdout] 122 |                 .get_result(&conn)
[INFO] [stdout]     |                  ^^^^^^^^^^ the trait `FromSql<diesel::sql_types::Timestamp, _>` is not implemented for `NaiveDateTime`
[INFO] [stdout]     |
[INFO] [stdout]     = note: required because of the requirements on the impl of `Queryable<diesel::sql_types::Timestamp, _>` for `NaiveDateTime`
[INFO] [stdout]     = note: 3 redundant requirements hidden
[INFO] [stdout]     = note: required because of the requirements on the impl of `Queryable<((diesel::sql_types::Integer, diesel::sql_types::Binary, diesel::sql_types::Text, diesel::sql_types::Integer, diesel::sql_types::Binary, diesel::sql_types::Timestamp, diesel::sql_types::Nullable<diesel::sql_types::Timestamp>), (diesel::sql_types::Integer, diesel::sql_types::Binary, diesel::sql_types::Text, diesel::sql_types::Nullable<diesel::sql_types::Text>, diesel::sql_types::Nullable<diesel::sql_types::Text>, diesel::sql_types::Nullable<diesel::sql_types::Text>, diesel::sql_types::Nullable<diesel::sql_types::Text>, diesel::sql_types::Nullable<diesel::sql_types::Text>)), _>` for `(UserSshKey, User)`
[INFO] [stdout]     = note: required because of the requirements on the impl of `LoadQuery<_, (UserSshKey, User)>` for `diesel::query_builder::SelectStatement<JoinOn<diesel::query_source::joins::Join<user_ssh_keys::table, schema::users::table, Inner>, diesel::expression::operators::Eq<diesel::expression::nullable::Nullable<user_ssh_keys::columns::user_id>, diesel::expression::nullable::Nullable<schema::users::columns::id>>>, query_builder::select_clause::SelectClause<((user_ssh_keys::columns::id, user_ssh_keys::columns::uuid, user_ssh_keys::columns::name, user_ssh_keys::columns::user_id, user_ssh_keys::columns::ssh_key, user_ssh_keys::columns::created_at, user_ssh_keys::columns::last_used_at), (schema::users::columns::id, schema::users::columns::uuid, schema::users::columns::username, schema::users::columns::name, schema::users::columns::nick, schema::users::columns::email, schema::users::columns::external_profile_url, schema::users::columns::picture_url))>, query_builder::distinct_clause::NoDistinctClause, query_builder::where_clause::WhereClause<diesel::expression::operators::Eq<user_ssh_keys::columns::ssh_key, diesel::expression::bound::Bound<diesel::sql_types::Binary, Vec<u8>>>>>`
[INFO] [stdout] 
[INFO] [stdout] 
[INFO] [stdout] error[E0277]: the trait bound `NaiveDateTime: FromSql<diesel::sql_types::Timestamp, _>` is not satisfied
[INFO] [stdout]    --> chartered-db/src/users.rs:244:18
[INFO] [stdout]     |
[INFO] [stdout] 244 |                 .load(&conn)?;
[INFO] [stdout]     |                  ^^^^ the trait `FromSql<diesel::sql_types::Timestamp, _>` is not implemented for `NaiveDateTime`
[INFO] [stdout]     |
[INFO] [stdout]     = note: required because of the requirements on the impl of `Queryable<diesel::sql_types::Timestamp, _>` for `NaiveDateTime`
[INFO] [stdout]     = note: 2 redundant requirements hidden
[INFO] [stdout]     = note: required because of the requirements on the impl of `Queryable<(diesel::sql_types::Integer, diesel::sql_types::Binary, diesel::sql_types::Text, diesel::sql_types::Integer, diesel::sql_types::Binary, diesel::sql_types::Timestamp, diesel::sql_types::Nullable<diesel::sql_types::Timestamp>), _>` for `UserSshKey`
[INFO] [stdout]     = note: required because of the requirements on the impl of `LoadQuery<_, UserSshKey>` for `diesel::query_builder::SelectStatement<JoinOn<diesel::query_source::joins::Join<user_ssh_keys::table, schema::users::table, Inner>, diesel::expression::operators::Eq<diesel::expression::nullable::Nullable<user_ssh_keys::columns::user_id>, diesel::expression::nullable::Nullable<schema::users::columns::id>>>, query_builder::select_clause::SelectClause<(user_ssh_keys::columns::id, user_ssh_keys::columns::uuid, user_ssh_keys::columns::name, user_ssh_keys::columns::user_id, user_ssh_keys::columns::ssh_key, user_ssh_keys::columns::created_at, user_ssh_keys::columns::last_used_at)>, query_builder::distinct_clause::NoDistinctClause, query_builder::where_clause::WhereClause<diesel::expression::operators::Eq<user_ssh_keys::columns::user_id, diesel::expression::bound::Bound<diesel::sql_types::Integer, i32>>>>`
[INFO] [stdout] 
[INFO] [stdout] 
[INFO] [stdout] error[E0277]: the trait bound `NaiveDateTime: FromSql<diesel::sql_types::Timestamp, _>` is not satisfied
[INFO] [stdout]    --> chartered-db/src/users.rs:244:18
[INFO] [stdout]     |
[INFO] [stdout] 244 |                 .load(&conn)?;
[INFO] [stdout]     |                  ^^^^ the trait `FromSql<diesel::sql_types::Timestamp, _>` is not implemented for `NaiveDateTime`
[INFO] [stdout]     |
[INFO] [stdout]     = note: required because of the requirements on the impl of `Queryable<diesel::sql_types::Timestamp, _>` for `NaiveDateTime`
[INFO] [stdout]     = note: 2 redundant requirements hidden
[INFO] [stdout]     = note: required because of the requirements on the impl of `Queryable<(diesel::sql_types::Integer, diesel::sql_types::Binary, diesel::sql_types::Text, diesel::sql_types::Integer, diesel::sql_types::Binary, diesel::sql_types::Timestamp, diesel::sql_types::Nullable<diesel::sql_types::Timestamp>), _>` for `UserSshKey`
[INFO] [stdout]     = note: required because of the requirements on the impl of `LoadQuery<_, UserSshKey>` for `diesel::query_builder::SelectStatement<JoinOn<diesel::query_source::joins::Join<user_ssh_keys::table, schema::users::table, Inner>, diesel::expression::operators::Eq<diesel::expression::nullable::Nullable<user_ssh_keys::columns::user_id>, diesel::expression::nullable::Nullable<schema::users::columns::id>>>, query_builder::select_clause::SelectClause<(user_ssh_keys::columns::id, user_ssh_keys::columns::uuid, user_ssh_keys::columns::name, user_ssh_keys::columns::user_id, user_ssh_keys::columns::ssh_key, user_ssh_keys::columns::created_at, user_ssh_keys::columns::last_used_at)>, query_builder::distinct_clause::NoDistinctClause, query_builder::where_clause::WhereClause<diesel::expression::operators::Eq<user_ssh_keys::columns::user_id, diesel::expression::bound::Bound<diesel::sql_types::Integer, i32>>>>`
[INFO] [stdout] 
[INFO] [stdout] 
[INFO] [stdout] error[E0277]: the trait bound `NaiveDateTime: FromSql<diesel::sql_types::Timestamp, _>` is not satisfied
[INFO] [stdout]    --> chartered-db/src/users.rs:263:18
[INFO] [stdout]     |
[INFO] [stdout] 263 |                 .load(&conn)?)
[INFO] [stdout]     |                  ^^^^ the trait `FromSql<diesel::sql_types::Timestamp, _>` is not implemented for `NaiveDateTime`
[INFO] [stdout]     |
[INFO] [stdout]     = note: required because of the requirements on the impl of `Queryable<diesel::sql_types::Timestamp, _>` for `NaiveDateTime`
[INFO] [stdout]     = note: 3 redundant requirements hidden
[INFO] [stdout]     = note: required because of the requirements on the impl of `Queryable<(diesel::sql_types::Integer, (diesel::sql_types::Integer, diesel::sql_types::Text, diesel::sql_types::Integer, diesel::sql_types::Nullable<diesel::sql_types::Text>, diesel::sql_types::Nullable<diesel::sql_types::Text>, diesel::sql_types::Nullable<diesel::sql_types::Text>, diesel::sql_types::Nullable<diesel::sql_types::Text>, diesel::sql_types::Nullable<diesel::sql_types::Text>, diesel::sql_types::Integer, diesel::sql_types::Timestamp)), _>` for `(UserPermission, Crate)`
[INFO] [stdout]     = note: required because of the requirements on the impl of `LoadQuery<_, (UserPermission, Crate)>` for `diesel::query_builder::SelectStatement<JoinOn<diesel::query_source::joins::Join<user_crate_permissions::table, schema::crates::table, Inner>, diesel::expression::operators::Eq<diesel::expression::nullable::Nullable<user_crate_permissions::columns::crate_id>, diesel::expression::nullable::Nullable<schema::crates::columns::id>>>, query_builder::select_clause::SelectClause<(user_crate_permissions::columns::permissions, (schema::crates::columns::id, schema::crates::columns::name, schema::crates::columns::organisation_id, schema::crates::columns::readme, schema::crates::columns::description, schema::crates::columns::repository, schema::crates::columns::homepage, schema::crates::columns::documentation, schema::crates::columns::downloads, schema::crates::columns::created_at))>, query_builder::distinct_clause::NoDistinctClause, query_builder::where_clause::WhereClause<diesel::expression::operators::Eq<user_crate_permissions::columns::user_id, diesel::expression::bound::Bound<diesel::sql_types::Integer, &i32>>>>`
[INFO] [stdout] 
[INFO] [stdout] 
[INFO] [stdout] error[E0277]: the trait bound `NaiveDateTime: FromSql<diesel::sql_types::Timestamp, _>` is not satisfied
[INFO] [stdout]    --> chartered-db/src/users.rs:263:18
[INFO] [stdout]     |
[INFO] [stdout] 263 |                 .load(&conn)?)
[INFO] [stdout]     |                  ^^^^ the trait `FromSql<diesel::sql_types::Timestamp, _>` is not implemented for `NaiveDateTime`
[INFO] [stdout]     |
[INFO] [stdout]     = note: required because of the requirements on the impl of `Queryable<diesel::sql_types::Timestamp, _>` for `NaiveDateTime`
[INFO] [stdout]     = note: 3 redundant requirements hidden
[INFO] [stdout]     = note: required because of the requirements on the impl of `Queryable<(diesel::sql_types::Integer, (diesel::sql_types::Integer, diesel::sql_types::Text, diesel::sql_types::Integer, diesel::sql_types::Nullable<diesel::sql_types::Text>, diesel::sql_types::Nullable<diesel::sql_types::Text>, diesel::sql_types::Nullable<diesel::sql_types::Text>, diesel::sql_types::Nullable<diesel::sql_types::Text>, diesel::sql_types::Nullable<diesel::sql_types::Text>, diesel::sql_types::Integer, diesel::sql_types::Timestamp)), _>` for `(UserPermission, Crate)`
[INFO] [stdout]     = note: required because of the requirements on the impl of `LoadQuery<_, (UserPermission, Crate)>` for `diesel::query_builder::SelectStatement<JoinOn<diesel::query_source::joins::Join<user_crate_permissions::table, schema::crates::table, Inner>, diesel::expression::operators::Eq<diesel::expression::nullable::Nullable<user_crate_permissions::columns::crate_id>, diesel::expression::nullable::Nullable<schema::crates::columns::id>>>, query_builder::select_clause::SelectClause<(user_crate_permissions::columns::permissions, (schema::crates::columns::id, schema::crates::columns::name, schema::crates::columns::organisation_id, schema::crates::columns::readme, schema::crates::columns::description, schema::crates::columns::repository, schema::crates::columns::homepage, schema::crates::columns::documentation, schema::crates::columns::downloads, schema::crates::columns::created_at))>, query_builder::distinct_clause::NoDistinctClause, query_builder::where_clause::WhereClause<diesel::expression::operators::Eq<user_crate_permissions::columns::user_id, diesel::expression::bound::Bound<diesel::sql_types::Integer, &i32>>>>`
[INFO] [stdout] 
[INFO] [stdout] 
[INFO] [stdout] error[E0277]: the trait bound `NaiveDateTime: ToSql<diesel::sql_types::Timestamp, _>` is not satisfied
[INFO] [stdout]    --> chartered-db/src/users.rs:332:18
[INFO] [stdout]     |
[INFO] [stdout] 332 |                 .execute(&conn)?;
[INFO] [stdout]     |                  ^^^^^^^ the trait `ToSql<diesel::sql_types::Timestamp, _>` is not implemented for `NaiveDateTime`
[INFO] [stdout]     |
[INFO] [stdout]     = help: the following implementations were found:
[INFO] [stdout]               <NaiveDateTime as ToSql<diesel::sql_types::Nullable<diesel::sql_types::Timestamp>, __DB>>
[INFO] [stdout]     = note: required because of the requirements on the impl of `ToSql<diesel::sql_types::Nullable<diesel::sql_types::Timestamp>, _>` for `std::option::Option<NaiveDateTime>`
[INFO] [stdout]     = note: required because of the requirements on the impl of `QueryFragment<_>` for `diesel::expression::bound::Bound<diesel::sql_types::Nullable<diesel::sql_types::Timestamp>, std::option::Option<NaiveDateTime>>`
[INFO] [stdout]     = note: 1 redundant requirements hidden
[INFO] [stdout]     = note: required because of the requirements on the impl of `QueryFragment<_>` for `ColumnInsertValue<user_sessions::columns::expires_at, diesel::expression::bound::Bound<diesel::sql_types::Nullable<diesel::sql_types::Timestamp>, std::option::Option<NaiveDateTime>>>`
[INFO] [stdout]     = note: required because of the requirements on the impl of `InsertValues<user_sessions::table, _>` for `ColumnInsertValue<user_sessions::columns::expires_at, diesel::expression::bound::Bound<diesel::sql_types::Nullable<diesel::sql_types::Timestamp>, std::option::Option<NaiveDateTime>>>`
[INFO] [stdout]     = note: 3 redundant requirements hidden
[INFO] [stdout]     = note: required because of the requirements on the impl of `QueryFragment<_>` for `InsertStatement<user_sessions::table, ValuesClause<(ColumnInsertValue<user_sessions::columns::user_id, diesel::expression::bound::Bound<diesel::sql_types::Integer, i32>>, ColumnInsertValue<user_sessions::columns::session_key, diesel::expression::bound::Bound<diesel::sql_types::Text, &std::string::String>>, ColumnInsertValue<user_sessions::columns::user_ssh_key_id, diesel::expression::bound::Bound<diesel::sql_types::Nullable<diesel::sql_types::Integer>, std::option::Option<i32>>>, ColumnInsertValue<user_sessions::columns::expires_at, diesel::expression::bound::Bound<diesel::sql_types::Nullable<diesel::sql_types::Timestamp>, std::option::Option<NaiveDateTime>>>, ColumnInsertValue<user_sessions::columns::user_agent, diesel::expression::bound::Bound<diesel::sql_types::Nullable<diesel::sql_types::Text>, std::option::Option<std::string::String>>>, ColumnInsertValue<user_sessions::columns::ip, diesel::expression::bound::Bound<diesel::sql_types::Nullable<diesel::sql_types::Text>, std::option::Option<std::string::String>>>), user_sessions::table>>`
[INFO] [stdout]     = note: required because of the requirements on the impl of `ExecuteDsl<_, _>` for `InsertStatement<user_sessions::table, ValuesClause<(ColumnInsertValue<user_sessions::columns::user_id, diesel::expression::bound::Bound<diesel::sql_types::Integer, i32>>, ColumnInsertValue<user_sessions::columns::session_key, diesel::expression::bound::Bound<diesel::sql_types::Text, &std::string::String>>, ColumnInsertValue<user_sessions::columns::user_ssh_key_id, diesel::expression::bound::Bound<diesel::sql_types::Nullable<diesel::sql_types::Integer>, std::option::Option<i32>>>, ColumnInsertValue<user_sessions::columns::expires_at, diesel::expression::bound::Bound<diesel::sql_types::Nullable<diesel::sql_types::Timestamp>, std::option::Option<NaiveDateTime>>>, ColumnInsertValue<user_sessions::columns::user_agent, diesel::expression::bound::Bound<diesel::sql_types::Nullable<diesel::sql_types::Text>, std::option::Option<std::string::String>>>, ColumnInsertValue<user_sessions::columns::ip, diesel::expression::bound::Bound<diesel::sql_types::Nullable<diesel::sql_types::Text>, std::option::Option<std::string::String>>>), user_sessions::table>>`
[INFO] [stdout] 
[INFO] [stdout] 
[INFO] [stdout] error[E0277]: the trait bound `NaiveDateTime: ToSql<diesel::sql_types::Timestamp, _>` is not satisfied
[INFO] [stdout]    --> chartered-db/src/users.rs:332:18
[INFO] [stdout]     |
[INFO] [stdout] 332 |                 .execute(&conn)?;
[INFO] [stdout]     |                  ^^^^^^^ the trait `ToSql<diesel::sql_types::Timestamp, _>` is not implemented for `NaiveDateTime`
[INFO] [stdout]     |
[INFO] [stdout]     = help: the following implementations were found:
[INFO] [stdout]               <NaiveDateTime as ToSql<diesel::sql_types::Nullable<diesel::sql_types::Timestamp>, __DB>>
[INFO] [stdout]     = note: required because of the requirements on the impl of `ToSql<diesel::sql_types::Nullable<diesel::sql_types::Timestamp>, _>` for `std::option::Option<NaiveDateTime>`
[INFO] [stdout]     = note: required because of the requirements on the impl of `QueryFragment<_>` for `diesel::expression::bound::Bound<diesel::sql_types::Nullable<diesel::sql_types::Timestamp>, std::option::Option<NaiveDateTime>>`
[INFO] [stdout]     = note: 1 redundant requirements hidden
[INFO] [stdout]     = note: required because of the requirements on the impl of `QueryFragment<_>` for `ColumnInsertValue<user_sessions::columns::expires_at, diesel::expression::bound::Bound<diesel::sql_types::Nullable<diesel::sql_types::Timestamp>, std::option::Option<NaiveDateTime>>>`
[INFO] [stdout]     = note: required because of the requirements on the impl of `InsertValues<user_sessions::table, _>` for `ColumnInsertValue<user_sessions::columns::expires_at, diesel::expression::bound::Bound<diesel::sql_types::Nullable<diesel::sql_types::Timestamp>, std::option::Option<NaiveDateTime>>>`
[INFO] [stdout]     = note: 3 redundant requirements hidden
[INFO] [stdout]     = note: required because of the requirements on the impl of `QueryFragment<_>` for `InsertStatement<user_sessions::table, ValuesClause<(ColumnInsertValue<user_sessions::columns::user_id, diesel::expression::bound::Bound<diesel::sql_types::Integer, i32>>, ColumnInsertValue<user_sessions::columns::session_key, diesel::expression::bound::Bound<diesel::sql_types::Text, &std::string::String>>, ColumnInsertValue<user_sessions::columns::user_ssh_key_id, diesel::expression::bound::Bound<diesel::sql_types::Nullable<diesel::sql_types::Integer>, std::option::Option<i32>>>, ColumnInsertValue<user_sessions::columns::expires_at, diesel::expression::bound::Bound<diesel::sql_types::Nullable<diesel::sql_types::Timestamp>, std::option::Option<NaiveDateTime>>>, ColumnInsertValue<user_sessions::columns::user_agent, diesel::expression::bound::Bound<diesel::sql_types::Nullable<diesel::sql_types::Text>, std::option::Option<std::string::String>>>, ColumnInsertValue<user_sessions::columns::ip, diesel::expression::bound::Bound<diesel::sql_types::Nullable<diesel::sql_types::Text>, std::option::Option<std::string::String>>>), user_sessions::table>>`
[INFO] [stdout]     = note: required because of the requirements on the impl of `ExecuteDsl<_, _>` for `InsertStatement<user_sessions::table, ValuesClause<(ColumnInsertValue<user_sessions::columns::user_id, diesel::expression::bound::Bound<diesel::sql_types::Integer, i32>>, ColumnInsertValue<user_sessions::columns::session_key, diesel::expression::bound::Bound<diesel::sql_types::Text, &std::string::String>>, ColumnInsertValue<user_sessions::columns::user_ssh_key_id, diesel::expression::bound::Bound<diesel::sql_types::Nullable<diesel::sql_types::Integer>, std::option::Option<i32>>>, ColumnInsertValue<user_sessions::columns::expires_at, diesel::expression::bound::Bound<diesel::sql_types::Nullable<diesel::sql_types::Timestamp>, std::option::Option<NaiveDateTime>>>, ColumnInsertValue<user_sessions::columns::user_agent, diesel::expression::bound::Bound<diesel::sql_types::Nullable<diesel::sql_types::Text>, std::option::Option<std::string::String>>>, ColumnInsertValue<user_sessions::columns::ip, diesel::expression::bound::Bound<diesel::sql_types::Nullable<diesel::sql_types::Text>, std::option::Option<std::string::String>>>), user_sessions::table>>`
[INFO] [stdout] 
[INFO] [stdout] 
[INFO] [stdout] error[E0277]: the trait bound `NaiveDateTime: FromSql<diesel::sql_types::Timestamp, _>` is not satisfied
[INFO] [stdout]    --> chartered-db/src/users.rs:336:18
[INFO] [stdout]     |
[INFO] [stdout] 336 |                 .get_result(&conn)?)
[INFO] [stdout]     |                  ^^^^^^^^^^ the trait `FromSql<diesel::sql_types::Timestamp, _>` is not implemented for `NaiveDateTime`
[INFO] [stdout]     |
[INFO] [stdout]     = note: required because of the requirements on the impl of `Queryable<diesel::sql_types::Timestamp, _>` for `NaiveDateTime`
[INFO] [stdout]     = note: 3 redundant requirements hidden
[INFO] [stdout]     = note: required because of the requirements on the impl of `Queryable<(diesel::sql_types::Integer, diesel::sql_types::Integer, diesel::sql_types::Text, diesel::sql_types::Nullable<diesel::sql_types::Integer>, diesel::sql_types::Nullable<diesel::sql_types::Timestamp>, diesel::sql_types::Nullable<diesel::sql_types::Text>, diesel::sql_types::Nullable<diesel::sql_types::Text>), _>` for `UserSession`
[INFO] [stdout]     = note: required because of the requirements on the impl of `LoadQuery<_, UserSession>` for `diesel::query_builder::SelectStatement<user_sessions::table, query_builder::select_clause::DefaultSelectClause, query_builder::distinct_clause::NoDistinctClause, query_builder::where_clause::WhereClause<diesel::expression::operators::Eq<user_sessions::columns::session_key, diesel::expression::bound::Bound<diesel::sql_types::Text, std::string::String>>>>`
[INFO] [stdout] 
[INFO] [stdout] 
[INFO] [stdout] error[E0277]: the trait bound `NaiveDateTime: FromSql<diesel::sql_types::Timestamp, _>` is not satisfied
[INFO] [stdout]    --> chartered-db/src/users.rs:336:18
[INFO] [stdout]     |
[INFO] [stdout] 336 |                 .get_result(&conn)?)
[INFO] [stdout]     |                  ^^^^^^^^^^ the trait `FromSql<diesel::sql_types::Timestamp, _>` is not implemented for `NaiveDateTime`
[INFO] [stdout]     |
[INFO] [stdout]     = note: required because of the requirements on the impl of `Queryable<diesel::sql_types::Timestamp, _>` for `NaiveDateTime`
[INFO] [stdout]     = note: 3 redundant requirements hidden
[INFO] [stdout]     = note: required because of the requirements on the impl of `Queryable<(diesel::sql_types::Integer, diesel::sql_types::Integer, diesel::sql_types::Text, diesel::sql_types::Nullable<diesel::sql_types::Integer>, diesel::sql_types::Nullable<diesel::sql_types::Timestamp>, diesel::sql_types::Nullable<diesel::sql_types::Text>, diesel::sql_types::Nullable<diesel::sql_types::Text>), _>` for `UserSession`
[INFO] [stdout]     = note: required because of the requirements on the impl of `LoadQuery<_, UserSession>` for `diesel::query_builder::SelectStatement<user_sessions::table, query_builder::select_clause::DefaultSelectClause, query_builder::distinct_clause::NoDistinctClause, query_builder::where_clause::WhereClause<diesel::expression::operators::Eq<user_sessions::columns::session_key, diesel::expression::bound::Bound<diesel::sql_types::Text, std::string::String>>>>`
[INFO] [stdout] 
[INFO] [stdout] 
[INFO] [stdout] error[E0277]: the trait bound `NaiveDateTime: ToSql<diesel::sql_types::Timestamp, _>` is not satisfied
[INFO] [stdout]    --> chartered-db/src/users.rs:379:22
[INFO] [stdout]     |
[INFO] [stdout] 379 |                     .get_result(&conn)
[INFO] [stdout]     |                      ^^^^^^^^^^ the trait `ToSql<diesel::sql_types::Timestamp, _>` is not implemented for `NaiveDateTime`
[INFO] [stdout]     |
[INFO] [stdout]     = help: the following implementations were found:
[INFO] [stdout]               <NaiveDateTime as ToSql<diesel::sql_types::Nullable<diesel::sql_types::Timestamp>, __DB>>
[INFO] [stdout]     = note: required because of the requirements on the impl of `ToSql<diesel::sql_types::Nullable<diesel::sql_types::Timestamp>, _>` for `NaiveDateTime`
[INFO] [stdout]     = note: required because of the requirements on the impl of `QueryFragment<_>` for `diesel::expression::bound::Bound<diesel::sql_types::Nullable<diesel::sql_types::Timestamp>, NaiveDateTime>`
[INFO] [stdout]     = note: 7 redundant requirements hidden
[INFO] [stdout]     = note: required because of the requirements on the impl of `QueryFragment<_>` for `diesel::query_builder::SelectStatement<user_sessions::table, query_builder::select_clause::DefaultSelectClause, query_builder::distinct_clause::NoDistinctClause, query_builder::where_clause::WhereClause<And<And<diesel::expression::operators::Eq<user_sessions::columns::user_ssh_key_id, diesel::expression::bound::Bound<diesel::sql_types::Nullable<diesel::sql_types::Integer>, &i32>>, Grouped<Or<diesel::expression::operators::IsNull<user_sessions::columns::expires_at>, Gt<user_sessions::columns::expires_at, diesel::expression::bound::Bound<diesel::sql_types::Nullable<diesel::sql_types::Timestamp>, NaiveDateTime>>>>>, diesel::expression::operators::Eq<user_sessions::columns::user_id, diesel::expression::bound::Bound<diesel::sql_types::Integer, i32>>>>>`
[INFO] [stdout]     = note: required because of the requirements on the impl of `LoadQuery<_, _>` for `diesel::query_builder::SelectStatement<user_sessions::table, query_builder::select_clause::DefaultSelectClause, query_builder::distinct_clause::NoDistinctClause, query_builder::where_clause::WhereClause<And<And<diesel::expression::operators::Eq<user_sessions::columns::user_ssh_key_id, diesel::expression::bound::Bound<diesel::sql_types::Nullable<diesel::sql_types::Integer>, &i32>>, Grouped<Or<diesel::expression::operators::IsNull<user_sessions::columns::expires_at>, Gt<user_sessions::columns::expires_at, diesel::expression::bound::Bound<diesel::sql_types::Nullable<diesel::sql_types::Timestamp>, NaiveDateTime>>>>>, diesel::expression::operators::Eq<user_sessions::columns::user_id, diesel::expression::bound::Bound<diesel::sql_types::Integer, i32>>>>>`
[INFO] [stdout] 
[INFO] [stdout] 
[INFO] [stdout] error[E0277]: the trait bound `NaiveDateTime: ToSql<diesel::sql_types::Timestamp, _>` is not satisfied
[INFO] [stdout]    --> chartered-db/src/users.rs:379:22
[INFO] [stdout]     |
[INFO] [stdout] 379 |                     .get_result(&conn)
[INFO] [stdout]     |                      ^^^^^^^^^^ the trait `ToSql<diesel::sql_types::Timestamp, _>` is not implemented for `NaiveDateTime`
[INFO] [stdout]     |
[INFO] [stdout]     = help: the following implementations were found:
[INFO] [stdout]               <NaiveDateTime as ToSql<diesel::sql_types::Nullable<diesel::sql_types::Timestamp>, __DB>>
[INFO] [stdout]     = note: required because of the requirements on the impl of `ToSql<diesel::sql_types::Nullable<diesel::sql_types::Timestamp>, _>` for `NaiveDateTime`
[INFO] [stdout]     = note: required because of the requirements on the impl of `QueryFragment<_>` for `diesel::expression::bound::Bound<diesel::sql_types::Nullable<diesel::sql_types::Timestamp>, NaiveDateTime>`
[INFO] [stdout]     = note: 7 redundant requirements hidden
[INFO] [stdout]     = note: required because of the requirements on the impl of `QueryFragment<_>` for `diesel::query_builder::SelectStatement<user_sessions::table, query_builder::select_clause::DefaultSelectClause, query_builder::distinct_clause::NoDistinctClause, query_builder::where_clause::WhereClause<And<And<diesel::expression::operators::Eq<user_sessions::columns::user_ssh_key_id, diesel::expression::bound::Bound<diesel::sql_types::Nullable<diesel::sql_types::Integer>, &i32>>, Grouped<Or<diesel::expression::operators::IsNull<user_sessions::columns::expires_at>, Gt<user_sessions::columns::expires_at, diesel::expression::bound::Bound<diesel::sql_types::Nullable<diesel::sql_types::Timestamp>, NaiveDateTime>>>>>, diesel::expression::operators::Eq<user_sessions::columns::user_id, diesel::expression::bound::Bound<diesel::sql_types::Integer, i32>>>>>`
[INFO] [stdout]     = note: required because of the requirements on the impl of `LoadQuery<_, _>` for `diesel::query_builder::SelectStatement<user_sessions::table, query_builder::select_clause::DefaultSelectClause, query_builder::distinct_clause::NoDistinctClause, query_builder::where_clause::WhereClause<And<And<diesel::expression::operators::Eq<user_sessions::columns::user_ssh_key_id, diesel::expression::bound::Bound<diesel::sql_types::Nullable<diesel::sql_types::Integer>, &i32>>, Grouped<Or<diesel::expression::operators::IsNull<user_sessions::columns::expires_at>, Gt<user_sessions::columns::expires_at, diesel::expression::bound::Bound<diesel::sql_types::Nullable<diesel::sql_types::Timestamp>, NaiveDateTime>>>>>, diesel::expression::operators::Eq<user_sessions::columns::user_id, diesel::expression::bound::Bound<diesel::sql_types::Integer, i32>>>>>`
[INFO] [stdout] 
[INFO] [stdout] 
[INFO] [stdout] error[E0277]: the trait bound `NaiveDateTime: FromSql<diesel::sql_types::Timestamp, _>` is not satisfied
[INFO] [stdout]    --> chartered-db/src/users.rs:379:22
[INFO] [stdout]     |
[INFO] [stdout] 379 |                     .get_result(&conn)
[INFO] [stdout]     |                      ^^^^^^^^^^ the trait `FromSql<diesel::sql_types::Timestamp, _>` is not implemented for `NaiveDateTime`
[INFO] [stdout]     |
[INFO] [stdout]     = note: required because of the requirements on the impl of `Queryable<diesel::sql_types::Timestamp, _>` for `NaiveDateTime`
[INFO] [stdout]     = note: 3 redundant requirements hidden
[INFO] [stdout]     = note: required because of the requirements on the impl of `Queryable<(diesel::sql_types::Integer, diesel::sql_types::Integer, diesel::sql_types::Text, diesel::sql_types::Nullable<diesel::sql_types::Integer>, diesel::sql_types::Nullable<diesel::sql_types::Timestamp>, diesel::sql_types::Nullable<diesel::sql_types::Text>, diesel::sql_types::Nullable<diesel::sql_types::Text>), _>` for `UserSession`
[INFO] [stdout]     = note: required because of the requirements on the impl of `LoadQuery<_, UserSession>` for `diesel::query_builder::SelectStatement<user_sessions::table, query_builder::select_clause::DefaultSelectClause, query_builder::distinct_clause::NoDistinctClause, query_builder::where_clause::WhereClause<And<And<diesel::expression::operators::Eq<user_sessions::columns::user_ssh_key_id, diesel::expression::bound::Bound<diesel::sql_types::Nullable<diesel::sql_types::Integer>, &i32>>, Grouped<Or<diesel::expression::operators::IsNull<user_sessions::columns::expires_at>, Gt<user_sessions::columns::expires_at, diesel::expression::bound::Bound<diesel::sql_types::Nullable<diesel::sql_types::Timestamp>, NaiveDateTime>>>>>, diesel::expression::operators::Eq<user_sessions::columns::user_id, diesel::expression::bound::Bound<diesel::sql_types::Integer, i32>>>>>`
[INFO] [stdout] 
[INFO] [stdout] 
[INFO] [stdout] error[E0277]: the trait bound `NaiveDateTime: FromSql<diesel::sql_types::Timestamp, _>` is not satisfied
[INFO] [stdout]    --> chartered-db/src/users.rs:379:22
[INFO] [stdout]     |
[INFO] [stdout] 379 |                     .get_result(&conn)
[INFO] [stdout]     |                      ^^^^^^^^^^ the trait `FromSql<diesel::sql_types::Timestamp, _>` is not implemented for `NaiveDateTime`
[INFO] [stdout]     |
[INFO] [stdout]     = note: required because of the requirements on the impl of `Queryable<diesel::sql_types::Timestamp, _>` for `NaiveDateTime`
[INFO] [stdout]     = note: 3 redundant requirements hidden
[INFO] [stdout]     = note: required because of the requirements on the impl of `Queryable<(diesel::sql_types::Integer, diesel::sql_types::Integer, diesel::sql_types::Text, diesel::sql_types::Nullable<diesel::sql_types::Integer>, diesel::sql_types::Nullable<diesel::sql_types::Timestamp>, diesel::sql_types::Nullable<diesel::sql_types::Text>, diesel::sql_types::Nullable<diesel::sql_types::Text>), _>` for `UserSession`
[INFO] [stdout]     = note: required because of the requirements on the impl of `LoadQuery<_, UserSession>` for `diesel::query_builder::SelectStatement<user_sessions::table, query_builder::select_clause::DefaultSelectClause, query_builder::distinct_clause::NoDistinctClause, query_builder::where_clause::WhereClause<And<And<diesel::expression::operators::Eq<user_sessions::columns::user_ssh_key_id, diesel::expression::bound::Bound<diesel::sql_types::Nullable<diesel::sql_types::Integer>, &i32>>, Grouped<Or<diesel::expression::operators::IsNull<user_sessions::columns::expires_at>, Gt<user_sessions::columns::expires_at, diesel::expression::bound::Bound<diesel::sql_types::Nullable<diesel::sql_types::Timestamp>, NaiveDateTime>>>>>, diesel::expression::operators::Eq<user_sessions::columns::user_id, diesel::expression::bound::Bound<diesel::sql_types::Integer, i32>>>>>`
[INFO] [stdout] 
[INFO] [stdout] 
[INFO] [stdout] error: aborting due to 33 previous errors
[INFO] [stdout] 
[INFO] [stdout] 
[INFO] [stdout] For more information about this error, try `rustc --explain E0277`.
[INFO] [stdout] 
[INFO] [stderr] error: could not compile `chartered-db` due to 34 previous errors
[INFO] [stderr] warning: build failed, waiting for other jobs to finish...
[INFO] [stdout] error: aborting due to 33 previous errors
[INFO] [stdout] 
[INFO] [stdout] 
[INFO] [stdout] For more information about this error, try `rustc --explain E0277`.
[INFO] [stdout] 
[INFO] [stderr] error: build failed
[INFO] running `Command { std: "docker" "inspect" "c8175782e389a021311814696c06ed6690b1c134c73afd673b5924f72f9798a8", kill_on_drop: false }`
[INFO] running `Command { std: "docker" "rm" "-f" "c8175782e389a021311814696c06ed6690b1c134c73afd673b5924f72f9798a8", kill_on_drop: false }`
[INFO] [stdout] c8175782e389a021311814696c06ed6690b1c134c73afd673b5924f72f9798a8
