[INFO] cloning repository https://github.com/vp89/rust-url-shortener
[INFO] running `Command { std: "git" "-c" "credential.helper=" "-c" "credential.helper=/workspace/cargo-home/bin/git-credential-null" "clone" "--bare" "https://github.com/vp89/rust-url-shortener" "/workspace/cache/git-repos/https%3A%2F%2Fgithub.com%2Fvp89%2Frust-url-shortener", kill_on_drop: false }`
[INFO] [stderr] Cloning into bare repository '/workspace/cache/git-repos/https%3A%2F%2Fgithub.com%2Fvp89%2Frust-url-shortener'...
[INFO] running `Command { std: "git" "rev-parse" "HEAD", kill_on_drop: false }`
[INFO] [stdout] 1b55d3cd2e518371927218e690edd69c4a4a14d4
[INFO] checking vp89/rust-url-shortener against beta-2021-10-15 for beta-1.56-3
[INFO] running `Command { std: "git" "clone" "/workspace/cache/git-repos/https%3A%2F%2Fgithub.com%2Fvp89%2Frust-url-shortener" "/workspace/builds/worker-3/source", kill_on_drop: false }`
[INFO] [stderr] Cloning into '/workspace/builds/worker-3/source'...
[INFO] [stderr] done.
[INFO] validating manifest of git repo https://github.com/vp89/rust-url-shortener on toolchain beta-2021-10-15
[INFO] running `Command { std: "/workspace/cargo-home/bin/cargo" "+beta-2021-10-15" "metadata" "--manifest-path" "Cargo.toml" "--no-deps", kill_on_drop: false }`
[INFO] started tweaking git repo https://github.com/vp89/rust-url-shortener
[INFO] finished tweaking git repo https://github.com/vp89/rust-url-shortener
[INFO] tweaked toml for git repo https://github.com/vp89/rust-url-shortener written to /workspace/builds/worker-3/source/Cargo.toml
[INFO] crate git repo https://github.com/vp89/rust-url-shortener already has a lockfile, it will not be regenerated
[INFO] running `Command { std: "/workspace/cargo-home/bin/cargo" "+beta-2021-10-15" "fetch" "--manifest-path" "Cargo.toml", kill_on_drop: false }`
[INFO] running `Command { std: "docker" "create" "-v" "/var/lib/crater-agent-workspace/builds/worker-3/target:/opt/rustwide/target:rw,Z" "-v" "/var/lib/crater-agent-workspace/builds/worker-3/source:/opt/rustwide/workdir:ro,Z" "-v" "/var/lib/crater-agent-workspace/cargo-home:/opt/rustwide/cargo-home:ro,Z" "-v" "/var/lib/crater-agent-workspace/rustup-home:/opt/rustwide/rustup-home:ro,Z" "-e" "SOURCE_DIR=/opt/rustwide/workdir" "-e" "CARGO_TARGET_DIR=/opt/rustwide/target" "-e" "CARGO_HOME=/opt/rustwide/cargo-home" "-e" "RUSTUP_HOME=/opt/rustwide/rustup-home" "-w" "/opt/rustwide/workdir" "-m" "1610612736" "--user" "0:0" "--network" "none" "ghcr.io/rust-lang/crates-build-env/linux@sha256:a89201d6b5b9fd45c15d5952ece0a0129e7e80cb26ec023fd59cf09bc26f1604" "/opt/rustwide/cargo-home/bin/cargo" "+beta-2021-10-15" "metadata" "--no-deps" "--format-version=1", kill_on_drop: false }`
[INFO] [stdout] 5acbec0c93f9ff3818644617d71823b40954cdff111f27c95781b224c5d62b2a
[INFO] [stderr] WARNING: Your kernel does not support swap limit capabilities or the cgroup is not mounted. Memory limited without swap.
[INFO] running `Command { std: "docker" "start" "-a" "5acbec0c93f9ff3818644617d71823b40954cdff111f27c95781b224c5d62b2a", kill_on_drop: false }`
[INFO] running `Command { std: "docker" "inspect" "5acbec0c93f9ff3818644617d71823b40954cdff111f27c95781b224c5d62b2a", kill_on_drop: false }`
[INFO] running `Command { std: "docker" "rm" "-f" "5acbec0c93f9ff3818644617d71823b40954cdff111f27c95781b224c5d62b2a", kill_on_drop: false }`
[INFO] [stdout] 5acbec0c93f9ff3818644617d71823b40954cdff111f27c95781b224c5d62b2a
[INFO] running `Command { std: "docker" "create" "-v" "/var/lib/crater-agent-workspace/builds/worker-3/target:/opt/rustwide/target:rw,Z" "-v" "/var/lib/crater-agent-workspace/builds/worker-3/source:/opt/rustwide/workdir:ro,Z" "-v" "/var/lib/crater-agent-workspace/cargo-home:/opt/rustwide/cargo-home:ro,Z" "-v" "/var/lib/crater-agent-workspace/rustup-home:/opt/rustwide/rustup-home:ro,Z" "-e" "SOURCE_DIR=/opt/rustwide/workdir" "-e" "CARGO_TARGET_DIR=/opt/rustwide/target" "-e" "CARGO_INCREMENTAL=0" "-e" "RUST_BACKTRACE=full" "-e" "RUSTFLAGS=--cap-lints=warn" "-e" "CARGO_HOME=/opt/rustwide/cargo-home" "-e" "RUSTUP_HOME=/opt/rustwide/rustup-home" "-w" "/opt/rustwide/workdir" "-m" "1610612736" "--user" "0:0" "--network" "none" "ghcr.io/rust-lang/crates-build-env/linux@sha256:a89201d6b5b9fd45c15d5952ece0a0129e7e80cb26ec023fd59cf09bc26f1604" "/opt/rustwide/cargo-home/bin/cargo" "+beta-2021-10-15" "check" "--frozen" "--all" "--all-targets" "--message-format=json", kill_on_drop: false }`
[INFO] [stderr] WARNING: Your kernel does not support swap limit capabilities or the cgroup is not mounted. Memory limited without swap.
[INFO] [stdout] 0752848f9fbd8b124b6c0922cf383f72d0192921280bd386917b47f322a3faee
[INFO] running `Command { std: "docker" "start" "-a" "0752848f9fbd8b124b6c0922cf383f72d0192921280bd386917b47f322a3faee", kill_on_drop: false }`
[INFO] [stderr]    Compiling libc v0.2.95
[INFO] [stderr]    Compiling signal-hook v0.3.9
[INFO] [stderr]    Compiling cache-padded v1.1.1
[INFO] [stderr]    Compiling event-listener v2.5.1
[INFO] [stderr]    Compiling parking v2.0.0
[INFO] [stderr]    Compiling fastrand v1.4.1
[INFO] [stderr]    Compiling waker-fn v1.1.0
[INFO] [stderr]    Compiling async-task v4.0.3
[INFO] [stderr]    Compiling atomic-waker v1.0.0
[INFO] [stderr]    Compiling foreign-types-shared v0.1.1
[INFO] [stderr]    Compiling crossbeam-queue v0.3.2
[INFO] [stderr]    Compiling openssl-probe v0.1.4
[INFO] [stderr]    Compiling crossbeam-utils v0.8.5
[INFO] [stderr]    Compiling unicode-normalization v0.1.19
[INFO] [stderr]     Checking async-executor v1.4.1
[INFO] [stderr]     Checking blocking v1.0.2
[INFO] [stderr]    Compiling ctor v0.1.20
[INFO] [stderr]    Compiling pin-project-internal v0.4.28
[INFO] [stderr]    Compiling actix-macros v0.1.3
[INFO] [stderr]    Compiling async-trait v0.1.51
[INFO] [stderr]    Compiling enum-as-inner v0.3.3
[INFO] [stderr]    Compiling actix-web-codegen v0.4.0
[INFO] [stderr]    Compiling serial_test_derive v0.5.1
[INFO] [stderr]    Compiling foreign-types v0.3.2
[INFO] [stderr]    Compiling concurrent-queue v1.2.2
[INFO] [stderr]     Checking futures-util v0.3.15
[INFO] [stderr]    Compiling async-mutex v1.4.0
[INFO] [stderr]    Compiling async-lock v2.4.0
[INFO] [stderr]    Compiling futures-lite v1.12.0
[INFO] [stderr]    Compiling crossbeam-channel v0.5.1
[INFO] [stderr]    Compiling async-channel v1.6.1
[INFO] [stderr]    Compiling idna v0.2.3
[INFO] [stderr]    Compiling stringprep v0.1.2
[INFO] [stderr]     Checking signal-hook-registry v1.4.0
[INFO] [stderr]     Checking net2 v0.2.37
[INFO] [stderr]     Checking iovec v0.1.4
[INFO] [stderr]     Checking num_cpus v1.13.0
[INFO] [stderr]     Checking parking_lot_core v0.8.3
[INFO] [stderr]     Checking getrandom v0.2.3
[INFO] [stderr]     Checking getrandom v0.1.16
[INFO] [stderr]     Checking openssl-sys v0.9.63
[INFO] [stderr]     Checking socket2 v0.4.0
[INFO] [stderr]     Checking hostname v0.3.1
[INFO] [stderr]     Checking socket2 v0.3.19
[INFO] [stderr]     Checking brotli-sys v0.3.2
[INFO] [stderr]     Checking time v0.2.26
[INFO] [stderr]     Checking time v0.1.43
[INFO] [stderr]     Checking dirs-sys v0.3.6
[INFO] [stderr]     Checking flate2 v1.0.20
[INFO] [stderr]     Checking gethostname v0.2.1
[INFO] [stderr]     Checking atty v0.2.14
[INFO] [stderr]     Checking value-bag v1.0.0-alpha.7
[INFO] [stderr]     Checking rand_core v0.5.1
[INFO] [stderr]     Checking threadpool v1.8.1
[INFO] [stderr]     Checking ahash v0.7.4
[INFO] [stderr]     Checking rand_core v0.6.2
[INFO] [stderr]     Checking uuid v0.8.2
[INFO] [stderr]     Checking parking_lot v0.11.1
[INFO] [stderr]     Checking resolv-conf v0.7.0
[INFO] [stderr]    Compiling url v2.2.2
[INFO] [stderr]     Checking brotli2 v0.3.2
[INFO] [stderr]     Checking dirs v3.0.2
[INFO] [stderr]     Checking chrono v0.4.19
[INFO] [stderr]     Checking openssl v0.10.34
[INFO] [stderr]     Checking pin-project v0.4.28
[INFO] [stderr]     Checking log v0.4.14
[INFO] [stderr]     Checking cookie v0.14.4
[INFO] [stderr]     Checking rand_chacha v0.2.2
[INFO] [stderr]     Checking rand_chacha v0.3.0
[INFO] [stderr]     Checking serial_test v0.5.1
[INFO] [stderr]     Checking hashbrown v0.11.2
[INFO] [stderr]    Compiling futures-executor v0.3.15
[INFO] [stderr]     Checking rand v0.7.3
[INFO] [stderr]     Checking actix-service v1.0.6
[INFO] [stderr]     Checking mio v0.6.23
[INFO] [stderr]     Checking tracing v0.1.26
[INFO] [stderr]     Checking actix-threadpool v0.3.3
[INFO] [stderr]     Checking polling v2.0.3
[INFO] [stderr]     Checking kv-log-macro v1.0.7
[INFO] [stderr]     Checking tracing-log v0.1.2
[INFO] [stderr]     Checking actix-router v0.2.7
[INFO] [stderr]     Checking want v0.3.0
[INFO] [stderr]     Checking env_logger v0.9.0
[INFO] [stderr]     Checking rand v0.8.4
[INFO] [stderr]    Compiling futures v0.3.15
[INFO] [stderr]     Checking tracing-futures v0.2.5
[INFO] [stderr]     Checking hashlink v0.7.0
[INFO] [stderr]     Checking async-io v1.4.1
[INFO] [stderr]     Checking tracing-subscriber v0.2.19
[INFO] [stderr]     Checking mio-uds v0.6.8
[INFO] [stderr]     Checking tokio v0.2.25
[INFO] [stderr]     Checking async-process v1.1.0
[INFO] [stderr]     Checking async-global-executor v2.0.2
[INFO] [stderr]     Checking async-std v1.9.0
[INFO] [stderr]     Checking native-tls v0.2.7
[INFO] [stderr]     Checking tracing-bunyan-formatter v0.2.4
[INFO] [stderr]     Checking tokio-util v0.3.1
[INFO] [stderr]     Checking actix-rt v1.1.1
[INFO] [stderr]     Checking trust-dns-proto v0.19.7
[INFO] [stderr]     Checking tokio-tls v0.3.1
[INFO] [stderr]     Checking actix-codec v0.3.0
[INFO] [stderr]     Checking h2 v0.2.7
[INFO] [stderr]     Checking actix-utils v2.0.0
[INFO] [stderr]     Checking actix-server v1.0.4
[INFO] [stderr]     Checking actix-tls v2.0.0
[INFO] [stderr]     Checking trust-dns-resolver v0.19.7
[INFO] [stderr]     Checking actix-testing v1.0.1
[INFO] [stderr]     Checking async-native-tls v0.3.3
[INFO] [stderr]     Checking sqlx-rt v0.5.5
[INFO] [stderr]     Checking actix-connect v2.0.0
[INFO] [stderr]     Checking sqlx-core v0.5.5
[INFO] [stderr]     Checking actix-http v2.2.0
[INFO] [stderr]     Checking hyper v0.13.10
[INFO] [stderr]     Checking awc v2.0.3
[INFO] [stderr]     Checking actix-web v3.3.2
[INFO] [stderr]     Checking hyper-tls v0.4.3
[INFO] [stderr]     Checking reqwest v0.10.10
[INFO] [stderr]    Compiling sqlx-macros v0.5.5
[INFO] [stderr]     Checking sqlx v0.5.5
[INFO] [stderr]     Checking urlshortener v0.1.0 (/opt/rustwide/workdir)
[INFO] [stdout] error: error communicating with the server: Cannot assign requested address (os error 99)
[INFO] [stdout]   --> src/routes/urls.rs:73:5
[INFO] [stdout]    |
[INFO] [stdout] 73 | /     sqlx::query_as!(
[INFO] [stdout] 74 | |         ShortenedUrl,
[INFO] [stdout] 75 | |         "SELECT long_url FROM shortened_url WHERE short_url = $1;",
[INFO] [stdout] 76 | |         &short_url)
[INFO] [stdout]    | |___________________^
[INFO] [stdout]    |
[INFO] [stdout]    = note: this error originates in the macro `$crate::sqlx_macros::expand_query` (in Nightly builds, run with -Z macro-backtrace for more info)
[INFO] [stdout] 
[INFO] [stdout] 
[INFO] [stdout] error: error communicating with the server: Cannot assign requested address (os error 99)
[INFO] [stdout]    --> src/routes/urls.rs:102:5
[INFO] [stdout]     |
[INFO] [stdout] 102 | /     sqlx::query!(
[INFO] [stdout] 103 | |         "INSERT INTO shortened_url (short_url, long_url) VALUES ($1, $2);",
[INFO] [stdout] 104 | |         &short_url,
[INFO] [stdout] 105 | |         &long_url)
[INFO] [stdout]     | |__________________^
[INFO] [stdout]     |
[INFO] [stdout]     = note: this error originates in the macro `$crate::sqlx_macros::expand_query` (in Nightly builds, run with -Z macro-backtrace for more info)
[INFO] [stdout] 
[INFO] [stdout] 
[INFO] [stdout] error: error communicating with the server: Cannot assign requested address (os error 99)
[INFO] [stdout]   --> src/routes/urls.rs:73:5
[INFO] [stdout]    |
[INFO] [stdout] 73 | /     sqlx::query_as!(
[INFO] [stdout] 74 | |         ShortenedUrl,
[INFO] [stdout] 75 | |         "SELECT long_url FROM shortened_url WHERE short_url = $1;",
[INFO] [stdout] 76 | |         &short_url)
[INFO] [stdout]    | |___________________^
[INFO] [stdout]    |
[INFO] [stdout]    = note: this error originates in the macro `$crate::sqlx_macros::expand_query` (in Nightly builds, run with -Z macro-backtrace for more info)
[INFO] [stdout] 
[INFO] [stdout] 
[INFO] [stdout] error: error communicating with the server: Cannot assign requested address (os error 99)
[INFO] [stdout]    --> src/routes/urls.rs:102:5
[INFO] [stdout]     |
[INFO] [stdout] 102 | /     sqlx::query!(
[INFO] [stdout] 103 | |         "INSERT INTO shortened_url (short_url, long_url) VALUES ($1, $2);",
[INFO] [stdout] 104 | |         &short_url,
[INFO] [stdout] 105 | |         &long_url)
[INFO] [stdout]     | |__________________^
[INFO] [stdout]     |
[INFO] [stdout]     = note: this error originates in the macro `$crate::sqlx_macros::expand_query` (in Nightly builds, run with -Z macro-backtrace for more info)
[INFO] [stdout] 
[INFO] [stdout] 
[INFO] [stdout] warning: unused import: `tracing_futures::Instrument`
[INFO] [stdout]  --> src/routes/urls.rs:5:5
[INFO] [stdout]   |
[INFO] [stdout] 5 | use tracing_futures::Instrument;
[INFO] [stdout]   |     ^^^^^^^^^^^^^^^^^^^^^^^^^^^
[INFO] [stdout]   |
[INFO] [stdout]   = note: `#[warn(unused_imports)]` on by default
[INFO] [stdout] 
[INFO] [stdout] 
[INFO] [stdout] error: aborting due to 2 previous errors; 1 warning emitted
[INFO] [stdout] 
[INFO] [stdout] 
[INFO] [stderr] error: could not compile `urlshortener` due to 3 previous errors; 1 warning emitted
[INFO] [stderr] warning: build failed, waiting for other jobs to finish...
[INFO] [stdout] warning: unused import: `tracing_futures::Instrument`
[INFO] [stdout]  --> src/routes/urls.rs:5:5
[INFO] [stdout]   |
[INFO] [stdout] 5 | use tracing_futures::Instrument;
[INFO] [stdout]   |     ^^^^^^^^^^^^^^^^^^^^^^^^^^^
[INFO] [stdout]   |
[INFO] [stdout]   = note: `#[warn(unused_imports)]` on by default
[INFO] [stdout] 
[INFO] [stdout] 
[INFO] [stdout] error: aborting due to 2 previous errors; 1 warning emitted
[INFO] [stdout] 
[INFO] [stdout] 
[INFO] [stderr] error: build failed
[INFO] running `Command { std: "docker" "inspect" "0752848f9fbd8b124b6c0922cf383f72d0192921280bd386917b47f322a3faee", kill_on_drop: false }`
[INFO] running `Command { std: "docker" "rm" "-f" "0752848f9fbd8b124b6c0922cf383f72d0192921280bd386917b47f322a3faee", kill_on_drop: false }`
[INFO] [stdout] 0752848f9fbd8b124b6c0922cf383f72d0192921280bd386917b47f322a3faee
