[INFO] cloning repository https://github.com/vitobasso/rust-synth-gui
[INFO] running `Command { std: "git" "-c" "credential.helper=" "-c" "credential.helper=/workspace/cargo-home/bin/git-credential-null" "clone" "--bare" "https://github.com/vitobasso/rust-synth-gui" "/workspace/cache/git-repos/https%3A%2F%2Fgithub.com%2Fvitobasso%2Frust-synth-gui", kill_on_drop: false }`
[INFO] [stderr] Cloning into bare repository '/workspace/cache/git-repos/https%3A%2F%2Fgithub.com%2Fvitobasso%2Frust-synth-gui'...
[INFO] running `Command { std: "git" "rev-parse" "HEAD", kill_on_drop: false }`
[INFO] [stdout] 674289aa7d6f5fd74d2039f8ffcd1b38c0d71e40
[INFO] checking vitobasso/rust-synth-gui against beta-2021-10-15 for beta-1.56-3
[INFO] running `Command { std: "git" "clone" "/workspace/cache/git-repos/https%3A%2F%2Fgithub.com%2Fvitobasso%2Frust-synth-gui" "/workspace/builds/worker-0/source", kill_on_drop: false }`
[INFO] [stderr] Cloning into '/workspace/builds/worker-0/source'...
[INFO] [stderr] done.
[INFO] validating manifest of git repo https://github.com/vitobasso/rust-synth-gui on toolchain beta-2021-10-15
[INFO] running `Command { std: "/workspace/cargo-home/bin/cargo" "+beta-2021-10-15" "metadata" "--manifest-path" "Cargo.toml" "--no-deps", kill_on_drop: false }`
[INFO] started tweaking git repo https://github.com/vitobasso/rust-synth-gui
[INFO] finished tweaking git repo https://github.com/vitobasso/rust-synth-gui
[INFO] tweaked toml for git repo https://github.com/vitobasso/rust-synth-gui written to /workspace/builds/worker-0/source/Cargo.toml
[INFO] crate git repo https://github.com/vitobasso/rust-synth-gui already has a lockfile, it will not be regenerated
[INFO] running `Command { std: "/workspace/cargo-home/bin/cargo" "+beta-2021-10-15" "fetch" "--manifest-path" "Cargo.toml", kill_on_drop: false }`
[INFO] [stderr]     Blocking waiting for file lock on package cache
[INFO] [stderr]     Updating git repository `https://github.com/vitobasso/rust-synth.git`
[INFO] [stderr]     Updating git repository `https://github.com/RustAudio/rimd.git`
[INFO] [stderr]     Blocking waiting for file lock on package cache
[INFO] [stderr]  Downloading crates ...
[INFO] [stderr]   Downloaded pistoncore-window v0.35.0
[INFO] [stderr]   Downloaded encoding v0.2.33
[INFO] [stderr]   Downloaded coreaudio-sys v0.2.8
[INFO] [stderr]   Downloaded piston-viewport v0.5.0
[INFO] [stderr]   Downloaded piston-float v0.3.0
[INFO] [stderr]   Downloaded piston-texture v0.6.0
[INFO] [stderr]   Downloaded read_color v1.0.0
[INFO] [stderr]   Downloaded nix v0.14.1
[INFO] [stderr]   Downloaded ordered-float v1.1.1
[INFO] [stderr]   Downloaded piston v0.40.0
[INFO] [stderr]   Downloaded gfx_device_gl v0.15.5
[INFO] [stderr]   Downloaded smithay-client-toolkit v0.4.6
[INFO] [stderr]   Downloaded piston2d-gfx_graphics v0.56.0
[INFO] [stderr]   Downloaded inflate v0.4.5
[INFO] [stderr]   Downloaded piston-gfx_texture v0.35.0
[INFO] [stderr]   Downloaded gif v0.10.3
[INFO] [stderr]   Downloaded pistoncore-glutin_window v0.52.0
[INFO] [stderr]   Downloaded core-foundation-sys v0.5.1
[INFO] [stderr]   Downloaded gfx_core v0.8.3
[INFO] [stderr]   Downloaded png v0.14.1
[INFO] [stderr]   Downloaded gl_generator v0.13.1
[INFO] [stderr]   Downloaded gl_generator v0.9.0
[INFO] [stderr]   Downloaded pistoncore-event_loop v0.40.0
[INFO] [stderr]   Downloaded derivative v1.0.4
[INFO] [stderr]   Downloaded image v0.21.3
[INFO] [stderr]   Downloaded stdweb v0.1.3
[INFO] [stderr]   Downloaded vecmath v0.3.1
[INFO] [stderr]   Downloaded wayland-commons v0.21.13
[INFO] [stderr]   Downloaded wayland-sys v0.21.13
[INFO] [stderr]   Downloaded coreaudio-rs v0.9.1
[INFO] [stderr]   Downloaded wayland-scanner v0.21.13
[INFO] [stderr]   Downloaded gfx_gl v0.5.0
[INFO] [stderr]   Downloaded deflate v0.7.20
[INFO] [stderr]   Downloaded dlib v0.4.2
[INFO] [stderr]   Downloaded interpolation v0.2.0
[INFO] [stderr]   Downloaded encoding-index-simpchinese v1.20141219.5
[INFO] [stderr]   Downloaded piston_window v0.87.0
[INFO] [stderr]   Downloaded encoding-index-singlebyte v1.20141219.5
[INFO] [stderr]   Downloaded khronos_api v3.1.0
[INFO] [stderr]   Downloaded stb_truetype v0.3.1
[INFO] [stderr]   Downloaded rusttype v0.7.9
[INFO] [stderr]   Downloaded bindgen v0.56.0
[INFO] [stderr]   Downloaded encoding-index-tradchinese v1.20141219.5
[INFO] [stderr]   Downloaded alsa-sys v0.1.2
[INFO] [stderr]   Downloaded wayland-protocols v0.21.13
[INFO] [stderr]   Downloaded num-derive v0.2.5
[INFO] [stderr]   Downloaded gleam v0.6.19
[INFO] [stderr]   Downloaded shader_version v0.3.0
[INFO] [stderr]   Downloaded cpal v0.8.2
[INFO] [stderr]   Downloaded libloading v0.6.7
[INFO] [stderr]   Downloaded pistoncore-input v0.23.0
[INFO] [stderr]   Downloaded encoding_index_tests v0.1.4
[INFO] [stderr]   Downloaded piston-shaders_graphics2d v0.3.1
[INFO] [stderr]   Downloaded encoding-index-japanese v1.20141219.5
[INFO] [stderr]   Downloaded encoding-index-korean v1.20141219.5
[INFO] [stderr]   Downloaded cocoa v0.18.5
[INFO] [stderr]   Downloaded rusttype v0.8.3
[INFO] [stderr]   Downloaded wayland-client v0.21.13
[INFO] [stderr]   Downloaded khronos_api v2.2.0
[INFO] [stderr]   Downloaded piston2d-graphics v0.30.0
[INFO] [stderr]   Downloaded tiff v0.2.2
[INFO] running `Command { std: "docker" "create" "-v" "/var/lib/crater-agent-workspace/builds/worker-0/target:/opt/rustwide/target:rw,Z" "-v" "/var/lib/crater-agent-workspace/builds/worker-0/source:/opt/rustwide/workdir:ro,Z" "-v" "/var/lib/crater-agent-workspace/cargo-home:/opt/rustwide/cargo-home:ro,Z" "-v" "/var/lib/crater-agent-workspace/rustup-home:/opt/rustwide/rustup-home:ro,Z" "-e" "SOURCE_DIR=/opt/rustwide/workdir" "-e" "CARGO_TARGET_DIR=/opt/rustwide/target" "-e" "CARGO_HOME=/opt/rustwide/cargo-home" "-e" "RUSTUP_HOME=/opt/rustwide/rustup-home" "-w" "/opt/rustwide/workdir" "-m" "1610612736" "--user" "0:0" "--network" "none" "ghcr.io/rust-lang/crates-build-env/linux@sha256:a89201d6b5b9fd45c15d5952ece0a0129e7e80cb26ec023fd59cf09bc26f1604" "/opt/rustwide/cargo-home/bin/cargo" "+beta-2021-10-15" "metadata" "--no-deps" "--format-version=1", kill_on_drop: false }`
[INFO] [stdout] cb9a590d492a5a3b00197ff8d79f20137ea348fafdb96ebd0315eccba34f8f21
[INFO] running `Command { std: "docker" "start" "-a" "cb9a590d492a5a3b00197ff8d79f20137ea348fafdb96ebd0315eccba34f8f21", kill_on_drop: false }`
[INFO] running `Command { std: "docker" "inspect" "cb9a590d492a5a3b00197ff8d79f20137ea348fafdb96ebd0315eccba34f8f21", kill_on_drop: false }`
[INFO] running `Command { std: "docker" "rm" "-f" "cb9a590d492a5a3b00197ff8d79f20137ea348fafdb96ebd0315eccba34f8f21", kill_on_drop: false }`
[INFO] [stdout] cb9a590d492a5a3b00197ff8d79f20137ea348fafdb96ebd0315eccba34f8f21
[INFO] running `Command { std: "docker" "create" "-v" "/var/lib/crater-agent-workspace/builds/worker-0/target:/opt/rustwide/target:rw,Z" "-v" "/var/lib/crater-agent-workspace/builds/worker-0/source:/opt/rustwide/workdir:ro,Z" "-v" "/var/lib/crater-agent-workspace/cargo-home:/opt/rustwide/cargo-home:ro,Z" "-v" "/var/lib/crater-agent-workspace/rustup-home:/opt/rustwide/rustup-home:ro,Z" "-e" "SOURCE_DIR=/opt/rustwide/workdir" "-e" "CARGO_TARGET_DIR=/opt/rustwide/target" "-e" "CARGO_INCREMENTAL=0" "-e" "RUST_BACKTRACE=full" "-e" "RUSTFLAGS=--cap-lints=warn" "-e" "CARGO_HOME=/opt/rustwide/cargo-home" "-e" "RUSTUP_HOME=/opt/rustwide/rustup-home" "-w" "/opt/rustwide/workdir" "-m" "1610612736" "--user" "0:0" "--network" "none" "ghcr.io/rust-lang/crates-build-env/linux@sha256:a89201d6b5b9fd45c15d5952ece0a0129e7e80cb26ec023fd59cf09bc26f1604" "/opt/rustwide/cargo-home/bin/cargo" "+beta-2021-10-15" "check" "--frozen" "--all" "--all-targets" "--message-format=json", kill_on_drop: false }`
[INFO] [stdout] 925c1443b41aadbd8b66f8e8df5d292481fa49d14c3d323379b2db0c44206017
[INFO] running `Command { std: "docker" "start" "-a" "925c1443b41aadbd8b66f8e8df5d292481fa49d14c3d323379b2db0c44206017", kill_on_drop: false }`
[INFO] [stderr]     Blocking waiting for file lock on package cache
[INFO] [stderr]    Compiling proc-macro2 v0.4.30
[INFO] [stderr]     Checking byteorder v1.4.3
[INFO] [stderr]    Compiling syn v0.15.44
[INFO] [stderr]    Compiling syn v1.0.73
[INFO] [stderr]    Compiling nix v0.14.1
[INFO] [stderr]     Checking piston-float v0.3.0
[INFO] [stderr]    Compiling crossbeam-epoch v0.9.5
[INFO] [stderr]    Compiling rayon-core v1.9.1
[INFO] [stderr]    Compiling serde v1.0.126
[INFO] [stderr]    Compiling serde_derive v1.0.126
[INFO] [stderr]    Compiling khronos_api v2.2.0
[INFO] [stderr]    Compiling num-derive v0.2.5
[INFO] [stderr]     Checking shader_version v0.3.0
[INFO] [stderr]     Checking either v1.6.1
[INFO] [stderr]     Checking piston-texture v0.6.0
[INFO] [stderr]     Checking read_color v1.0.0
[INFO] [stderr]     Checking interpolation v0.2.0
[INFO] [stderr]     Checking piston-shaders_graphics2d v0.3.1
[INFO] [stderr]    Compiling memoffset v0.6.4
[INFO] [stderr]    Compiling num-integer v0.1.44
[INFO] [stderr]    Compiling rayon v1.5.1
[INFO] [stderr]     Checking rand_core v0.3.1
[INFO] [stderr]     Checking libloading v0.6.7
[INFO] [stderr]    Compiling alsa-sys v0.1.2
[INFO] [stderr]    Compiling log v0.4.14
[INFO] [stderr]    Compiling bitflags v1.2.1
[INFO] [stderr]     Checking lock_api v0.1.5
[INFO] [stderr]     Checking ordered-float v1.1.1
[INFO] [stderr]     Checking approx v0.3.2
[INFO] [stderr]     Checking crossbeam-channel v0.5.1
[INFO] [stderr]     Checking num_cpus v1.13.0
[INFO] [stderr]     Checking rand_os v0.1.3
[INFO] [stderr]     Checking line_drawing v0.7.0
[INFO] [stderr]     Checking draw_state v0.8.0
[INFO] [stderr]     Checking memmap v0.7.0
[INFO] [stderr]     Checking shared_library v0.1.9
[INFO] [stderr]     Checking x11-dl v2.18.5
[INFO] [stderr]     Checking rand_chacha v0.1.1
[INFO] [stderr]     Checking rand_hc v0.1.0
[INFO] [stderr]     Checking rand_isaac v0.1.1
[INFO] [stderr]     Checking rand_xorshift v0.1.1
[INFO] [stderr]     Checking rand v0.5.6
[INFO] [stderr]     Checking piston-viewport v0.5.0
[INFO] [stderr]     Checking vecmath v0.3.1
[INFO] [stderr]    Compiling xml-rs v0.7.0
[INFO] [stderr]     Checking dlib v0.4.2
[INFO] [stderr]     Checking osmesa-sys v0.1.2
[INFO] [stderr]     Checking stb_truetype v0.3.1
[INFO] [stderr]     Checking deflate v0.7.20
[INFO] [stderr]     Checking wayland-sys v0.21.13
[INFO] [stderr]     Checking rand v0.6.5
[INFO] [stderr]    Compiling gl_generator v0.10.0
[INFO] [stderr]     Checking cpal v0.8.2
[INFO] [stderr]    Compiling gl_generator v0.9.0
[INFO] [stderr]    Compiling quote v0.6.13
[INFO] [stderr]     Checking rusttype v0.8.3
[INFO] [stderr]     Checking crossbeam-deque v0.8.0
[INFO] [stderr]    Compiling wayland-scanner v0.21.13
[INFO] [stderr]     Checking num-iter v0.1.42
[INFO] [stderr]     Checking num-rational v0.2.4
[INFO] [stderr]     Checking rusttype v0.7.9
[INFO] [stderr]     Checking png v0.14.1
[INFO] [stderr]     Checking parking_lot_core v0.4.0
[INFO] [stderr]     Checking andrew v0.2.1
[INFO] [stderr]     Checking piston2d-graphics v0.30.0
[INFO] [stderr]     Checking parking_lot v0.7.1
[INFO] [stderr]    Compiling gl v0.11.0
[INFO] [stderr]    Compiling glutin v0.19.0
[INFO] [stderr]    Compiling gfx_gl v0.5.0
[INFO] [stderr]    Compiling wayland-client v0.21.13
[INFO] [stderr]    Compiling wayland-protocols v0.21.13
[INFO] [stderr]     Checking wayland-commons v0.21.13
[INFO] [stderr]    Compiling num-derive v0.3.3
[INFO] [stderr]     Checking jpeg-decoder v0.1.22
[INFO] [stderr]    Compiling derivative v1.0.4
[INFO] [stderr]     Checking rimd v0.0.3 (https://github.com/RustAudio/rimd.git#59def932)
[INFO] [stderr]     Checking tiff v0.2.2
[INFO] [stderr]     Checking rust-synth v0.1.0 (https://github.com/vitobasso/rust-synth.git#3c9fc2ab)
[INFO] [stderr]     Checking gfx_core v0.8.3
[INFO] [stderr]     Checking image v0.21.3
[INFO] [stderr]     Checking pistoncore-input v0.23.0
[INFO] [stderr]     Checking gfx v0.17.1
[INFO] [stderr]     Checking gfx_device_gl v0.15.5
[INFO] [stderr]     Checking pistoncore-window v0.35.0
[INFO] [stderr]     Checking pistoncore-event_loop v0.40.0
[INFO] [stderr]     Checking piston-gfx_texture v0.35.0
[INFO] [stderr]     Checking piston v0.40.0
[INFO] [stderr]     Checking piston2d-gfx_graphics v0.56.0
[INFO] [stderr]     Checking smithay-client-toolkit v0.4.6
[INFO] [stderr]     Checking winit v0.18.1
[INFO] [stderr]     Checking pistoncore-glutin_window v0.52.0
[INFO] [stderr]     Checking piston_window v0.87.0
[INFO] [stderr]     Checking rust-synth-gui v0.1.0 (/opt/rustwide/workdir)
[INFO] [stdout] error[E0599]: no function or associated item named `default` found for struct `rust_synth::core::synth::lfo::Specs` in the current scope
[INFO] [stdout]    --> src/control/editing.rs:150:75
[INFO] [stdout]     |
[INFO] [stdout] 150 |         let old = control.instrument.lfo.clone().unwrap_or_else(|| Specs::default());
[INFO] [stdout]     |                                                                           ^^^^^^^ function or associated item not found in `rust_synth::core::synth::lfo::Specs`
[INFO] [stdout] 
[INFO] [stdout] 
[INFO] [stdout] error[E0560]: struct `rust_synth::core::synth::lfo::Specs` has no field named `target`
[INFO] [stdout]    --> src/control/editing.rs:155:38
[INFO] [stdout]     |
[INFO] [stdout] 155 |         Key::D1 => set(|old| Specs { target: Volume, ..old}),
[INFO] [stdout]     |                                      ^^^^^^ `rust_synth::core::synth::lfo::Specs` does not have this field
[INFO] [stdout]     |
[INFO] [stdout]     = note: available fields are: `oscillator`, `freq`, `phase`
[INFO] [stdout] 
[INFO] [stdout] 
[INFO] [stdout] error[E0560]: struct `rust_synth::core::synth::lfo::Specs` has no field named `target`
[INFO] [stdout]    --> src/control/editing.rs:156:38
[INFO] [stdout]     |
[INFO] [stdout] 156 |         Key::D2 => set(|old| Specs { target: Filter(Cutoff), ..old}),
[INFO] [stdout]     |                                      ^^^^^^ `rust_synth::core::synth::lfo::Specs` does not have this field
[INFO] [stdout]     |
[INFO] [stdout]     = note: available fields are: `oscillator`, `freq`, `phase`
[INFO] [stdout] 
[INFO] [stdout] 
[INFO] [stdout] error[E0560]: struct `rust_synth::core::synth::lfo::Specs` has no field named `target`
[INFO] [stdout]    --> src/control/editing.rs:157:38
[INFO] [stdout]     |
[INFO] [stdout] 157 |         Key::D3 => set(|old| Specs { target: Filter(QFactor), ..old}),
[INFO] [stdout]     |                                      ^^^^^^ `rust_synth::core::synth::lfo::Specs` does not have this field
[INFO] [stdout]     |
[INFO] [stdout]     = note: available fields are: `oscillator`, `freq`, `phase`
[INFO] [stdout] 
[INFO] [stdout] 
[INFO] [stdout] error[E0560]: struct `rust_synth::core::synth::lfo::Specs` has no field named `target`
[INFO] [stdout]    --> src/control/editing.rs:158:38
[INFO] [stdout]     |
[INFO] [stdout] 158 |         Key::D4 => set(|old| Specs { target: Oscillator(PulseDuty), ..old}),
[INFO] [stdout]     |                                      ^^^^^^ `rust_synth::core::synth::lfo::Specs` does not have this field
[INFO] [stdout]     |
[INFO] [stdout]     = note: available fields are: `oscillator`, `freq`, `phase`
[INFO] [stdout] 
[INFO] [stdout] 
[INFO] [stdout] error[E0609]: no field `amount` on type `&mut rust_synth::core::synth::lfo::Specs`
[INFO] [stdout]    --> src/control/editing.rs:214:41
[INFO] [stdout]     |
[INFO] [stdout] 214 |                     change_f64(&mut lfo.amount, norm_y, 0., 1.);
[INFO] [stdout]     |                                         ^^^^^^ unknown field
[INFO] [stdout]     |
[INFO] [stdout]     = note: available fields are: `oscillator`, `freq`, `phase`
[INFO] [stdout] 
[INFO] [stdout] 
[INFO] [stdout] error[E0609]: no field `target` on type `rust_synth::core::synth::lfo::View`
[INFO] [stdout]   --> src/rendering.rs:99:29
[INFO] [stdout]    |
[INFO] [stdout] 99 |     let target = match view.target {
[INFO] [stdout]    |                             ^^^^^^ unknown field
[INFO] [stdout] 
[INFO] [stdout] 
[INFO] [stdout] error[E0609]: no field `amount` on type `rust_synth::core::synth::lfo::View`
[INFO] [stdout]    --> src/rendering.rs:108:30
[INFO] [stdout]     |
[INFO] [stdout] 108 |     draw_meter_vertical(view.amount, x + 380., y, c, g);
[INFO] [stdout]     |                              ^^^^^^ unknown field
[INFO] [stdout] 
[INFO] [stdout] 
[INFO] [stdout] error[E0616]: field `freq` of struct `rust_synth::core::synth::lfo::View` is private
[INFO] [stdout]    --> src/rendering.rs:110:30
[INFO] [stdout]     |
[INFO] [stdout] 110 |     draw_meter_vertical(view.freq, x + 560., y, c, g);
[INFO] [stdout]     |                              ^^^^ private field
[INFO] [stdout] 
[INFO] [stdout] 
[INFO] [stdout] error[E0616]: field `oscillator` of struct `rust_synth::core::synth::lfo::View` is private
[INFO] [stdout]    --> src/rendering.rs:111:26
[INFO] [stdout]     |
[INFO] [stdout] 111 |     draw_oscillator(view.oscillator, x + 600., y, glyphs, c, g);
[INFO] [stdout]     |                          ^^^^^^^^^^ private field
[INFO] [stdout] 
[INFO] [stdout] 
[INFO] [stdout] error: aborting due to 10 previous errors
[INFO] [stdout] 
[INFO] [stdout] 
[INFO] [stdout] Some errors have detailed explanations: E0560, E0599, E0609, E0616.
[INFO] [stdout] 
[INFO] [stdout] For more information about an error, try `rustc --explain E0560`.
[INFO] [stdout] 
[INFO] [stdout] error[E0599]: no function or associated item named `default` found for struct `rust_synth::core::synth::lfo::Specs` in the current scope
[INFO] [stdout]    --> src/control/editing.rs:150:75
[INFO] [stdout]     |
[INFO] [stdout] 150 |         let old = control.instrument.lfo.clone().unwrap_or_else(|| Specs::default());
[INFO] [stdout]     |                                                                           ^^^^^^^ function or associated item not found in `rust_synth::core::synth::lfo::Specs`
[INFO] [stdout] 
[INFO] [stdout] 
[INFO] [stdout] error[E0560]: struct `rust_synth::core::synth::lfo::Specs` has no field named `target`
[INFO] [stdout]    --> src/control/editing.rs:155:38
[INFO] [stdout]     |
[INFO] [stdout] 155 |         Key::D1 => set(|old| Specs { target: Volume, ..old}),
[INFO] [stdout]     |                                      ^^^^^^ `rust_synth::core::synth::lfo::Specs` does not have this field
[INFO] [stdout]     |
[INFO] [stdout]     = note: available fields are: `oscillator`, `freq`, `phase`
[INFO] [stdout] 
[INFO] [stdout] 
[INFO] [stdout] error[E0560]: struct `rust_synth::core::synth::lfo::Specs` has no field named `target`
[INFO] [stdout]    --> src/control/editing.rs:156:38
[INFO] [stdout]     |
[INFO] [stdout] 156 |         Key::D2 => set(|old| Specs { target: Filter(Cutoff), ..old}),
[INFO] [stdout]     |                                      ^^^^^^ `rust_synth::core::synth::lfo::Specs` does not have this field
[INFO] [stdout]     |
[INFO] [stdout]     = note: available fields are: `oscillator`, `freq`, `phase`
[INFO] [stdout] 
[INFO] [stdout] 
[INFO] [stdout] error[E0560]: struct `rust_synth::core::synth::lfo::Specs` has no field named `target`
[INFO] [stdout]    --> src/control/editing.rs:157:38
[INFO] [stdout]     |
[INFO] [stdout] 157 |         Key::D3 => set(|old| Specs { target: Filter(QFactor), ..old}),
[INFO] [stdout]     |                                      ^^^^^^ `rust_synth::core::synth::lfo::Specs` does not have this field
[INFO] [stdout]     |
[INFO] [stdout]     = note: available fields are: `oscillator`, `freq`, `phase`
[INFO] [stdout] 
[INFO] [stdout] 
[INFO] [stdout] error[E0560]: struct `rust_synth::core::synth::lfo::Specs` has no field named `target`
[INFO] [stdout]    --> src/control/editing.rs:158:38
[INFO] [stdout]     |
[INFO] [stdout] 158 |         Key::D4 => set(|old| Specs { target: Oscillator(PulseDuty), ..old}),
[INFO] [stdout]     |                                      ^^^^^^ `rust_synth::core::synth::lfo::Specs` does not have this field
[INFO] [stdout]     |
[INFO] [stdout]     = note: available fields are: `oscillator`, `freq`, `phase`
[INFO] [stdout] 
[INFO] [stdout] 
[INFO] [stderr] error: could not compile `rust-synth-gui` due to 11 previous errors
[INFO] [stderr] warning: build failed, waiting for other jobs to finish...
[INFO] [stdout] error[E0609]: no field `amount` on type `&mut rust_synth::core::synth::lfo::Specs`
[INFO] [stdout]    --> src/control/editing.rs:214:41
[INFO] [stdout]     |
[INFO] [stdout] 214 |                     change_f64(&mut lfo.amount, norm_y, 0., 1.);
[INFO] [stdout]     |                                         ^^^^^^ unknown field
[INFO] [stdout]     |
[INFO] [stdout]     = note: available fields are: `oscillator`, `freq`, `phase`
[INFO] [stdout] 
[INFO] [stdout] 
[INFO] [stdout] error[E0609]: no field `target` on type `rust_synth::core::synth::lfo::View`
[INFO] [stdout]   --> src/rendering.rs:99:29
[INFO] [stdout]    |
[INFO] [stdout] 99 |     let target = match view.target {
[INFO] [stdout]    |                             ^^^^^^ unknown field
[INFO] [stdout] 
[INFO] [stdout] 
[INFO] [stdout] error[E0609]: no field `amount` on type `rust_synth::core::synth::lfo::View`
[INFO] [stdout]    --> src/rendering.rs:108:30
[INFO] [stdout]     |
[INFO] [stdout] 108 |     draw_meter_vertical(view.amount, x + 380., y, c, g);
[INFO] [stdout]     |                              ^^^^^^ unknown field
[INFO] [stdout] 
[INFO] [stdout] 
[INFO] [stdout] error[E0616]: field `freq` of struct `rust_synth::core::synth::lfo::View` is private
[INFO] [stdout]    --> src/rendering.rs:110:30
[INFO] [stdout]     |
[INFO] [stdout] 110 |     draw_meter_vertical(view.freq, x + 560., y, c, g);
[INFO] [stdout]     |                              ^^^^ private field
[INFO] [stdout] 
[INFO] [stdout] 
[INFO] [stdout] error[E0616]: field `oscillator` of struct `rust_synth::core::synth::lfo::View` is private
[INFO] [stdout]    --> src/rendering.rs:111:26
[INFO] [stdout]     |
[INFO] [stdout] 111 |     draw_oscillator(view.oscillator, x + 600., y, glyphs, c, g);
[INFO] [stdout]     |                          ^^^^^^^^^^ private field
[INFO] [stdout] 
[INFO] [stdout] 
[INFO] [stdout] error: aborting due to 10 previous errors
[INFO] [stdout] 
[INFO] [stdout] 
[INFO] [stdout] Some errors have detailed explanations: E0560, E0599, E0609, E0616.
[INFO] [stdout] 
[INFO] [stdout] For more information about an error, try `rustc --explain E0560`.
[INFO] [stdout] 
[INFO] [stderr] error: build failed
[INFO] running `Command { std: "docker" "inspect" "925c1443b41aadbd8b66f8e8df5d292481fa49d14c3d323379b2db0c44206017", kill_on_drop: false }`
[INFO] running `Command { std: "docker" "rm" "-f" "925c1443b41aadbd8b66f8e8df5d292481fa49d14c3d323379b2db0c44206017", kill_on_drop: false }`
[INFO] [stdout] 925c1443b41aadbd8b66f8e8df5d292481fa49d14c3d323379b2db0c44206017
