[INFO] cloning repository https://github.com/vitelabs/pow-gpu
[INFO] running `Command { std: "git" "-c" "credential.helper=" "-c" "credential.helper=/workspace/cargo-home/bin/git-credential-null" "clone" "--bare" "https://github.com/vitelabs/pow-gpu" "/workspace/cache/git-repos/https%3A%2F%2Fgithub.com%2Fvitelabs%2Fpow-gpu", kill_on_drop: false }`
[INFO] [stderr] Cloning into bare repository '/workspace/cache/git-repos/https%3A%2F%2Fgithub.com%2Fvitelabs%2Fpow-gpu'...
[INFO] running `Command { std: "git" "rev-parse" "HEAD", kill_on_drop: false }`
[INFO] [stdout] e798b3bbd5821bedb5705c5dd355504cb84a7884
[INFO] checking vitelabs/pow-gpu against beta-2021-10-15 for beta-1.56-3
[INFO] running `Command { std: "git" "clone" "/workspace/cache/git-repos/https%3A%2F%2Fgithub.com%2Fvitelabs%2Fpow-gpu" "/workspace/builds/worker-95/source", kill_on_drop: false }`
[INFO] [stderr] Cloning into '/workspace/builds/worker-95/source'...
[INFO] [stderr] done.
[INFO] validating manifest of git repo https://github.com/vitelabs/pow-gpu on toolchain beta-2021-10-15
[INFO] running `Command { std: "/workspace/cargo-home/bin/cargo" "+beta-2021-10-15" "metadata" "--manifest-path" "Cargo.toml" "--no-deps", kill_on_drop: false }`
[INFO] started tweaking git repo https://github.com/vitelabs/pow-gpu
[INFO] finished tweaking git repo https://github.com/vitelabs/pow-gpu
[INFO] tweaked toml for git repo https://github.com/vitelabs/pow-gpu written to /workspace/builds/worker-95/source/Cargo.toml
[INFO] crate git repo https://github.com/vitelabs/pow-gpu already has a lockfile, it will not be regenerated
[INFO] running `Command { std: "/workspace/cargo-home/bin/cargo" "+beta-2021-10-15" "fetch" "--manifest-path" "Cargo.toml", kill_on_drop: false }`
[INFO] [stderr]     Blocking waiting for file lock on package cache
[INFO] [stderr]     Blocking waiting for file lock on package cache
[INFO] running `Command { std: "docker" "create" "-v" "/var/lib/crater-agent-workspace/builds/worker-95/target:/opt/rustwide/target:rw,Z" "-v" "/var/lib/crater-agent-workspace/builds/worker-95/source:/opt/rustwide/workdir:ro,Z" "-v" "/var/lib/crater-agent-workspace/cargo-home:/opt/rustwide/cargo-home:ro,Z" "-v" "/var/lib/crater-agent-workspace/rustup-home:/opt/rustwide/rustup-home:ro,Z" "-e" "SOURCE_DIR=/opt/rustwide/workdir" "-e" "CARGO_TARGET_DIR=/opt/rustwide/target" "-e" "CARGO_HOME=/opt/rustwide/cargo-home" "-e" "RUSTUP_HOME=/opt/rustwide/rustup-home" "-w" "/opt/rustwide/workdir" "-m" "1610612736" "--user" "0:0" "--network" "none" "ghcr.io/rust-lang/crates-build-env/linux@sha256:a89201d6b5b9fd45c15d5952ece0a0129e7e80cb26ec023fd59cf09bc26f1604" "/opt/rustwide/cargo-home/bin/cargo" "+beta-2021-10-15" "metadata" "--no-deps" "--format-version=1", kill_on_drop: false }`
[INFO] [stdout] f10fe94e6d20f0667087887167f228bff7ba78faa27312ddc54f6b7c696b1a1b
[INFO] running `Command { std: "docker" "start" "-a" "f10fe94e6d20f0667087887167f228bff7ba78faa27312ddc54f6b7c696b1a1b", kill_on_drop: false }`
[INFO] running `Command { std: "docker" "inspect" "f10fe94e6d20f0667087887167f228bff7ba78faa27312ddc54f6b7c696b1a1b", kill_on_drop: false }`
[INFO] running `Command { std: "docker" "rm" "-f" "f10fe94e6d20f0667087887167f228bff7ba78faa27312ddc54f6b7c696b1a1b", kill_on_drop: false }`
[INFO] [stdout] f10fe94e6d20f0667087887167f228bff7ba78faa27312ddc54f6b7c696b1a1b
[INFO] running `Command { std: "docker" "create" "-v" "/var/lib/crater-agent-workspace/builds/worker-95/target:/opt/rustwide/target:rw,Z" "-v" "/var/lib/crater-agent-workspace/builds/worker-95/source:/opt/rustwide/workdir:ro,Z" "-v" "/var/lib/crater-agent-workspace/cargo-home:/opt/rustwide/cargo-home:ro,Z" "-v" "/var/lib/crater-agent-workspace/rustup-home:/opt/rustwide/rustup-home:ro,Z" "-e" "SOURCE_DIR=/opt/rustwide/workdir" "-e" "CARGO_TARGET_DIR=/opt/rustwide/target" "-e" "CARGO_INCREMENTAL=0" "-e" "RUST_BACKTRACE=full" "-e" "RUSTFLAGS=--cap-lints=warn" "-e" "CARGO_HOME=/opt/rustwide/cargo-home" "-e" "RUSTUP_HOME=/opt/rustwide/rustup-home" "-w" "/opt/rustwide/workdir" "-m" "1610612736" "--user" "0:0" "--network" "none" "ghcr.io/rust-lang/crates-build-env/linux@sha256:a89201d6b5b9fd45c15d5952ece0a0129e7e80cb26ec023fd59cf09bc26f1604" "/opt/rustwide/cargo-home/bin/cargo" "+beta-2021-10-15" "check" "--frozen" "--all" "--all-targets" "--message-format=json", kill_on_drop: false }`
[INFO] [stdout] ce5226440742726c2203e4527c6d585860a68be3ae3d166c36497d45198f3f3b
[INFO] running `Command { std: "docker" "start" "-a" "ce5226440742726c2203e4527c6d585860a68be3ae3d166c36497d45198f3f3b", kill_on_drop: false }`
[INFO] [stderr]     Checking libc v0.2.40
[INFO] [stderr]     Checking cfg-if v0.1.3
[INFO] [stderr]     Checking futures v0.1.21
[INFO] [stderr]     Checking num-traits v0.2.2
[INFO] [stderr]     Checking byteorder v1.2.2
[INFO] [stderr]     Checking nodrop v0.1.12
[INFO] [stderr]     Checking lazy_static v1.0.0
[INFO] [stderr]     Checking rustc-serialize v0.3.24
[INFO] [stderr]    Compiling cc v1.0.15
[INFO] [stderr]    Compiling version_check v0.1.3
[INFO] [stderr]    Compiling semver v0.1.20
[INFO] [stderr]     Checking rustc-demangle v0.1.8
[INFO] [stderr]    Compiling cl-sys v0.4.1
[INFO] [stderr]     Checking bitflags v1.0.3
[INFO] [stderr]     Checking safemem v0.2.0
[INFO] [stderr]     Checking crossbeam v0.3.2
[INFO] [stderr]     Checking unicode-width v0.1.4
[INFO] [stderr]     Checking take v0.1.0
[INFO] [stderr]     Checking smallvec v0.2.1
[INFO] [stderr]     Checking smallvec v0.6.1
[INFO] [stderr]     Checking stable_deref_trait v1.0.0
[INFO] [stderr]     Checking serde v1.0.45
[INFO] [stderr]     Checking httparse v1.2.4
[INFO] [stderr]     Checking itoa v0.4.1
[INFO] [stderr]     Checking dtoa v0.4.2
[INFO] [stderr]     Checking vec_map v0.8.0
[INFO] [stderr]     Checking strsim v0.7.0
[INFO] [stderr]     Checking hex v0.3.2
[INFO] [stderr]    Compiling syn v0.11.11
[INFO] [stderr]     Checking digest v0.7.2
[INFO] [stderr]     Checking crypto-mac v0.5.2
[INFO] [stderr]     Checking log v0.4.1
[INFO] [stderr]     Checking crossbeam-utils v0.3.2
[INFO] [stderr]     Checking owning_ref v0.3.3
[INFO] [stderr]     Checking arrayvec v0.4.7
[INFO] [stderr]    Compiling rustc_version v0.1.7
[INFO] [stderr]     Checking blake2 v0.7.1
[INFO] [stderr]     Checking rand v0.4.2
[INFO] [stderr]     Checking iovec v0.1.2
[INFO] [stderr]     Checking net2 v0.2.32
[INFO] [stderr]     Checking num_cpus v1.8.0
[INFO] [stderr]     Checking atty v0.2.10
[INFO] [stderr]     Checking time v0.1.39
[INFO] [stderr]     Checking crossbeam-epoch v0.4.1
[INFO] [stderr]     Checking textwrap v0.9.0
[INFO] [stderr]     Checking base64 v0.9.1
[INFO] [stderr]    Compiling unicase v2.1.0
[INFO] [stderr]     Checking log v0.3.9
[INFO] [stderr]    Compiling synstructure v0.6.1
[INFO] [stderr]     Checking num-integer v0.1.36
[INFO] [stderr]     Checking num-traits v0.1.43
[INFO] [stderr]     Checking clap v2.31.2
[INFO] [stderr]     Checking bytes v0.4.7
[INFO] [stderr]    Compiling ocl-core v0.9.0
[INFO] [stderr]    Compiling backtrace-sys v0.1.16
[INFO] [stderr]     Checking num-iter v0.1.35
[INFO] [stderr]     Checking mio v0.6.14
[INFO] [stderr]     Checking crossbeam-deque v0.3.1
[INFO] [stderr]     Checking enum_primitive v0.1.1
[INFO] [stderr]     Checking rand v0.3.22
[INFO] [stderr]     Checking parking_lot_core v0.2.14
[INFO] [stderr]     Checking tokio-executor v0.1.2
[INFO] [stderr]     Checking tokio-service v0.1.0
[INFO] [stderr]     Checking futures-cpupool v0.1.8
[INFO] [stderr]     Checking relay v0.1.1
[INFO] [stderr]     Checking qutex v0.2.1
[INFO] [stderr]     Checking tokio-io v0.1.6
[INFO] [stderr]     Checking tokio-threadpool v0.1.3
[INFO] [stderr]     Checking tokio-timer v0.2.3
[INFO] [stderr]     Checking mime v0.3.7
[INFO] [stderr]    Compiling failure_derive v0.1.1
[INFO] [stderr]     Checking parking_lot v0.5.5
[INFO] [stderr]     Checking num-bigint v0.1.43
[INFO] [stderr]     Checking num-complex v0.1.43
[INFO] [stderr]     Checking tokio-reactor v0.1.1
[INFO] [stderr]     Checking tokio-fs v0.1.0
[INFO] [stderr]     Checking tokio-udp v0.1.0
[INFO] [stderr]     Checking tokio-tcp v0.1.0
[INFO] [stderr]     Checking serde_json v1.0.17
[INFO] [stderr]     Checking num-rational v0.1.42
[INFO] [stderr]     Checking tokio v0.1.6
[INFO] [stderr]     Checking num v0.1.42
[INFO] [stderr]     Checking ocl-core-vector v0.1.0
[INFO] [stderr]     Checking tokio-core v0.1.17
[INFO] [stderr]     Checking tokio-proto v0.1.1
[INFO] [stderr]     Checking hyper v0.11.25
[INFO] [stderr]     Checking backtrace v0.3.7
[INFO] [stderr]     Checking failure v0.1.1
[INFO] [stderr]     Checking ocl v0.18.0
[INFO] [stdout] error[E0502]: cannot borrow `self.cmd.buffer.obj_core` as immutable because it is also borrowed as mutable
[INFO] [stdout]     --> /opt/rustwide/cargo-home/registry/src/github.com-1ecc6299db9ec823/ocl-0.18.0/src/standard/buffer.rs:1609:13
[INFO] [stdout]      |
[INFO] [stdout] 1606 |         let (offset, len, queue, flags, ewait, enew, /*is_mapped*/) = self.enq_details()?;
[INFO] [stdout]      |                                                                       ---- mutable borrow occurs here
[INFO] [stdout] ...
[INFO] [stdout] 1609 |             &self.cmd.buffer.obj_core, true, flags, offset, len, ewait, enew)?;
[INFO] [stdout]      |             ^^^^^^^^^^^^^^^^^^^^^^^^^ immutable borrow occurs here
[INFO] [stdout] ...
[INFO] [stdout] 1614 |             queue.clone()))
[INFO] [stdout]      |             ----- mutable borrow later used here
[INFO] [stdout] 
[INFO] [stdout] 
[INFO] [stdout] error[E0502]: cannot borrow `self.cmd.buffer.obj_core` as immutable because it is also borrowed as mutable
[INFO] [stdout]     --> /opt/rustwide/cargo-home/registry/src/github.com-1ecc6299db9ec823/ocl-0.18.0/src/standard/buffer.rs:1613:57
[INFO] [stdout]      |
[INFO] [stdout] 1606 |         let (offset, len, queue, flags, ewait, enew, /*is_mapped*/) = self.enq_details()?;
[INFO] [stdout]      |                                                                       ---- mutable borrow occurs here
[INFO] [stdout] ...
[INFO] [stdout] 1613 |         Ok(MemMap::new(mm_core, len, None, unmap_event, self.cmd.buffer.obj_core.clone(),
[INFO] [stdout]      |                                                         ^^^^^^^^^^^^^^^^^^^^^^^^ immutable borrow occurs here
[INFO] [stdout] 1614 |             queue.clone()))
[INFO] [stdout]      |             ----- mutable borrow later used here
[INFO] [stdout] 
[INFO] [stdout] 
[INFO] [stdout] error[E0502]: cannot borrow `self.cmd.buffer.obj_core` as immutable because it is also borrowed as mutable
[INFO] [stdout]     --> /opt/rustwide/cargo-home/registry/src/github.com-1ecc6299db9ec823/ocl-0.18.0/src/standard/buffer.rs:1635:13
[INFO] [stdout]      |
[INFO] [stdout] 1630 |         let (offset, len, queue, flags, ewait, enew, /*is_mapped*/) = self.enq_details()?;
[INFO] [stdout]      |                                                                       ---- mutable borrow occurs here
[INFO] [stdout] ...
[INFO] [stdout] 1635 |             &self.cmd.buffer.obj_core, false, flags, offset, len, ewait,
[INFO] [stdout]      |             ^^^^^^^^^^^^^^^^^^^^^^^^^ immutable borrow occurs here
[INFO] [stdout] ...
[INFO] [stdout] 1646 |             self.cmd.buffer.obj_core.clone(), queue.clone(), /*is_mapped*/))
[INFO] [stdout]      |                                               ----- mutable borrow later used here
[INFO] [stdout] 
[INFO] [stdout] 
[INFO] [stdout] error[E0502]: cannot borrow `self.cmd.buffer.obj_core` as immutable because it is also borrowed as mutable
[INFO] [stdout]     --> /opt/rustwide/cargo-home/registry/src/github.com-1ecc6299db9ec823/ocl-0.18.0/src/standard/buffer.rs:1646:13
[INFO] [stdout]      |
[INFO] [stdout] 1630 |         let (offset, len, queue, flags, ewait, enew, /*is_mapped*/) = self.enq_details()?;
[INFO] [stdout]      |                                                                       ---- mutable borrow occurs here
[INFO] [stdout] ...
[INFO] [stdout] 1646 |             self.cmd.buffer.obj_core.clone(), queue.clone(), /*is_mapped*/))
[INFO] [stdout]      |             ^^^^^^^^^^^^^^^^^^^^^^^^          ----- mutable borrow later used here
[INFO] [stdout]      |             |
[INFO] [stdout]      |             immutable borrow occurs here
[INFO] [stdout] 
[INFO] [stdout] 
[INFO] [stdout] error: aborting due to 4 previous errors
[INFO] [stdout] 
[INFO] [stdout] 
[INFO] [stdout] For more information about this error, try `rustc --explain E0502`.
[INFO] [stdout] 
[INFO] [stderr] error: could not compile `ocl` due to 5 previous errors
[INFO] running `Command { std: "docker" "inspect" "ce5226440742726c2203e4527c6d585860a68be3ae3d166c36497d45198f3f3b", kill_on_drop: false }`
[INFO] running `Command { std: "docker" "rm" "-f" "ce5226440742726c2203e4527c6d585860a68be3ae3d166c36497d45198f3f3b", kill_on_drop: false }`
[INFO] [stdout] ce5226440742726c2203e4527c6d585860a68be3ae3d166c36497d45198f3f3b
