[INFO] cloning repository https://github.com/viorina/raytracer
[INFO] running `Command { std: "git" "-c" "credential.helper=" "-c" "credential.helper=/workspace/cargo-home/bin/git-credential-null" "clone" "--bare" "https://github.com/viorina/raytracer" "/workspace/cache/git-repos/https%3A%2F%2Fgithub.com%2Fviorina%2Fraytracer", kill_on_drop: false }`
[INFO] [stderr] Cloning into bare repository '/workspace/cache/git-repos/https%3A%2F%2Fgithub.com%2Fviorina%2Fraytracer'...
[INFO] running `Command { std: "git" "rev-parse" "HEAD", kill_on_drop: false }`
[INFO] [stdout] 13016469e9080fd6700f1ae35d848dbfdcc17619
[INFO] checking viorina/raytracer against 1.55.0 for beta-1.56-3
[INFO] running `Command { std: "git" "clone" "/workspace/cache/git-repos/https%3A%2F%2Fgithub.com%2Fviorina%2Fraytracer" "/workspace/builds/worker-113/source", kill_on_drop: false }`
[INFO] [stderr] Cloning into '/workspace/builds/worker-113/source'...
[INFO] [stderr] done.
[INFO] validating manifest of git repo https://github.com/viorina/raytracer on toolchain 1.55.0
[INFO] running `Command { std: "/workspace/cargo-home/bin/cargo" "+1.55.0" "metadata" "--manifest-path" "Cargo.toml" "--no-deps", kill_on_drop: false }`
[INFO] started tweaking git repo https://github.com/viorina/raytracer
[INFO] finished tweaking git repo https://github.com/viorina/raytracer
[INFO] tweaked toml for git repo https://github.com/viorina/raytracer written to /workspace/builds/worker-113/source/Cargo.toml
[INFO] crate git repo https://github.com/viorina/raytracer already has a lockfile, it will not be regenerated
[INFO] running `Command { std: "/workspace/cargo-home/bin/cargo" "+1.55.0" "fetch" "--manifest-path" "Cargo.toml", kill_on_drop: false }`
[INFO] [stderr]     Blocking waiting for file lock on package cache
[INFO] [stderr]     Blocking waiting for file lock on package cache
[INFO] [stderr]  Downloading crates ...
[INFO] [stderr]   Downloaded exitcode v1.1.2
[INFO] running `Command { std: "docker" "create" "-v" "/var/lib/crater-agent-workspace/builds/worker-113/target:/opt/rustwide/target:rw,Z" "-v" "/var/lib/crater-agent-workspace/builds/worker-113/source:/opt/rustwide/workdir:ro,Z" "-v" "/var/lib/crater-agent-workspace/cargo-home:/opt/rustwide/cargo-home:ro,Z" "-v" "/var/lib/crater-agent-workspace/rustup-home:/opt/rustwide/rustup-home:ro,Z" "-e" "SOURCE_DIR=/opt/rustwide/workdir" "-e" "CARGO_TARGET_DIR=/opt/rustwide/target" "-e" "CARGO_HOME=/opt/rustwide/cargo-home" "-e" "RUSTUP_HOME=/opt/rustwide/rustup-home" "-w" "/opt/rustwide/workdir" "-m" "1610612736" "--user" "0:0" "--network" "none" "ghcr.io/rust-lang/crates-build-env/linux@sha256:a89201d6b5b9fd45c15d5952ece0a0129e7e80cb26ec023fd59cf09bc26f1604" "/opt/rustwide/cargo-home/bin/cargo" "+1.55.0" "metadata" "--no-deps" "--format-version=1", kill_on_drop: false }`
[INFO] [stdout] 3451d202741d319551f21cd7215c5dcbce95cfefdb7a602f346e7910748de411
[INFO] running `Command { std: "docker" "start" "-a" "3451d202741d319551f21cd7215c5dcbce95cfefdb7a602f346e7910748de411", kill_on_drop: false }`
[INFO] running `Command { std: "docker" "inspect" "3451d202741d319551f21cd7215c5dcbce95cfefdb7a602f346e7910748de411", kill_on_drop: false }`
[INFO] running `Command { std: "docker" "rm" "-f" "3451d202741d319551f21cd7215c5dcbce95cfefdb7a602f346e7910748de411", kill_on_drop: false }`
[INFO] [stdout] 3451d202741d319551f21cd7215c5dcbce95cfefdb7a602f346e7910748de411
[INFO] running `Command { std: "docker" "create" "-v" "/var/lib/crater-agent-workspace/builds/worker-113/target:/opt/rustwide/target:rw,Z" "-v" "/var/lib/crater-agent-workspace/builds/worker-113/source:/opt/rustwide/workdir:ro,Z" "-v" "/var/lib/crater-agent-workspace/cargo-home:/opt/rustwide/cargo-home:ro,Z" "-v" "/var/lib/crater-agent-workspace/rustup-home:/opt/rustwide/rustup-home:ro,Z" "-e" "SOURCE_DIR=/opt/rustwide/workdir" "-e" "CARGO_TARGET_DIR=/opt/rustwide/target" "-e" "CARGO_INCREMENTAL=0" "-e" "RUST_BACKTRACE=full" "-e" "RUSTFLAGS=--cap-lints=warn" "-e" "CARGO_HOME=/opt/rustwide/cargo-home" "-e" "RUSTUP_HOME=/opt/rustwide/rustup-home" "-w" "/opt/rustwide/workdir" "-m" "1610612736" "--user" "0:0" "--network" "none" "ghcr.io/rust-lang/crates-build-env/linux@sha256:a89201d6b5b9fd45c15d5952ece0a0129e7e80cb26ec023fd59cf09bc26f1604" "/opt/rustwide/cargo-home/bin/cargo" "+1.55.0" "check" "--frozen" "--all" "--all-targets" "--message-format=json", kill_on_drop: false }`
[INFO] [stdout] 62a35a5bf2226ffca3937cd43733cb4e888a7a0b44fc40240ff3669642af9439
[INFO] running `Command { std: "docker" "start" "-a" "62a35a5bf2226ffca3937cd43733cb4e888a7a0b44fc40240ff3669642af9439", kill_on_drop: false }`
[INFO] [stderr]     Blocking waiting for file lock on package cache
[INFO] [stderr]    Compiling autocfg v0.1.2
[INFO] [stderr]    Compiling libc v0.2.51
[INFO] [stderr]     Checking cfg-if v0.1.7
[INFO] [stderr]    Compiling rayon-core v1.4.1
[INFO] [stderr]    Compiling rayon v1.0.3
[INFO] [stderr]     Checking exitcode v1.1.2
[INFO] [stderr]     Checking rand_jitter v0.1.3
[INFO] [stderr]     Checking crossbeam-utils v0.2.2
[INFO] [stderr]    Compiling rand_pcg v0.1.2
[INFO] [stderr]    Compiling rand_chacha v0.1.1
[INFO] [stderr]    Compiling rand v0.6.5
[INFO] [stderr]     Checking crossbeam-epoch v0.3.1
[INFO] [stderr]     Checking num_cpus v1.10.0
[INFO] [stderr]     Checking rand_os v0.1.3
[INFO] [stderr]     Checking crossbeam-deque v0.2.0
[INFO] [stderr]     Checking raytracer v0.1.0 (/opt/rustwide/workdir)
[INFO] [stdout] warning: unused import: `std::fmt`
[INFO] [stdout]  --> src/color.rs:1:5
[INFO] [stdout]   |
[INFO] [stdout] 1 | use std::fmt;
[INFO] [stdout]   |     ^^^^^^^^
[INFO] [stdout]   |
[INFO] [stdout]   = note: `#[warn(unused_imports)]` on by default
[INFO] [stdout] 
[INFO] [stdout] 
[INFO] [stdout] warning: unused import: `std::fmt`
[INFO] [stdout]  --> src/color.rs:1:5
[INFO] [stdout]   |
[INFO] [stdout] 1 | use std::fmt;
[INFO] [stdout]   |     ^^^^^^^^
[INFO] [stdout]   |
[INFO] [stdout]   = note: `#[warn(unused_imports)]` on by default
[INFO] [stdout] 
[INFO] [stdout] 
[INFO] [stdout] error[E0507]: cannot move out of `*pixel` which is behind a shared reference
[INFO] [stdout]   --> src/image.rs:40:37
[INFO] [stdout]    |
[INFO] [stdout] 40 |             writeln!(w, "{} {} {}", pixel.r(), pixel.g(), pixel.b())?;
[INFO] [stdout]    |                                     ^^^^^ move occurs because `*pixel` has type `Color`, which does not implement the `Copy` trait
[INFO] [stdout] 
[INFO] [stdout] 
[INFO] [stdout] error[E0507]: cannot move out of `*pixel` which is behind a shared reference
[INFO] [stdout]   --> src/image.rs:40:48
[INFO] [stdout]    |
[INFO] [stdout] 40 |             writeln!(w, "{} {} {}", pixel.r(), pixel.g(), pixel.b())?;
[INFO] [stdout]    |                                                ^^^^^ move occurs because `*pixel` has type `Color`, which does not implement the `Copy` trait
[INFO] [stdout] 
[INFO] [stdout] 
[INFO] [stdout] error[E0507]: cannot move out of `*pixel` which is behind a shared reference
[INFO] [stdout]   --> src/image.rs:40:59
[INFO] [stdout]    |
[INFO] [stdout] 40 |             writeln!(w, "{} {} {}", pixel.r(), pixel.g(), pixel.b())?;
[INFO] [stdout]    |                                                           ^^^^^ move occurs because `*pixel` has type `Color`, which does not implement the `Copy` trait
[INFO] [stdout] 
[INFO] [stdout] 
[INFO] [stdout] error: aborting due to 3 previous errors; 1 warning emitted
[INFO] [stdout] 
[INFO] [stdout] 
[INFO] [stdout] For more information about this error, try `rustc --explain E0507`.
[INFO] [stdout] 
[INFO] [stderr] error: could not compile `raytracer` due to 4 previous errors; 1 warning emitted
[INFO] [stderr] warning: build failed, waiting for other jobs to finish...
[INFO] [stdout] error[E0507]: cannot move out of `*pixel` which is behind a shared reference
[INFO] [stdout]   --> src/image.rs:40:37
[INFO] [stdout]    |
[INFO] [stdout] 40 |             writeln!(w, "{} {} {}", pixel.r(), pixel.g(), pixel.b())?;
[INFO] [stdout]    |                                     ^^^^^ move occurs because `*pixel` has type `Color`, which does not implement the `Copy` trait
[INFO] [stdout] 
[INFO] [stdout] 
[INFO] [stdout] error[E0507]: cannot move out of `*pixel` which is behind a shared reference
[INFO] [stdout]   --> src/image.rs:40:48
[INFO] [stdout]    |
[INFO] [stdout] 40 |             writeln!(w, "{} {} {}", pixel.r(), pixel.g(), pixel.b())?;
[INFO] [stdout]    |                                                ^^^^^ move occurs because `*pixel` has type `Color`, which does not implement the `Copy` trait
[INFO] [stdout] 
[INFO] [stdout] 
[INFO] [stdout] error[E0507]: cannot move out of `*pixel` which is behind a shared reference
[INFO] [stdout]   --> src/image.rs:40:59
[INFO] [stdout]    |
[INFO] [stdout] 40 |             writeln!(w, "{} {} {}", pixel.r(), pixel.g(), pixel.b())?;
[INFO] [stdout]    |                                                           ^^^^^ move occurs because `*pixel` has type `Color`, which does not implement the `Copy` trait
[INFO] [stdout] 
[INFO] [stdout] 
[INFO] [stdout] error: aborting due to 3 previous errors; 1 warning emitted
[INFO] [stdout] 
[INFO] [stdout] 
[INFO] [stdout] For more information about this error, try `rustc --explain E0507`.
[INFO] [stdout] 
[INFO] [stderr] error: build failed
[INFO] running `Command { std: "docker" "inspect" "62a35a5bf2226ffca3937cd43733cb4e888a7a0b44fc40240ff3669642af9439", kill_on_drop: false }`
[INFO] running `Command { std: "docker" "rm" "-f" "62a35a5bf2226ffca3937cd43733cb4e888a7a0b44fc40240ff3669642af9439", kill_on_drop: false }`
[INFO] [stdout] 62a35a5bf2226ffca3937cd43733cb4e888a7a0b44fc40240ff3669642af9439
