[INFO] cloning repository https://github.com/veera-sivarajan/rena
[INFO] running `Command { std: "git" "-c" "credential.helper=" "-c" "credential.helper=/workspace/cargo-home/bin/git-credential-null" "clone" "--bare" "https://github.com/veera-sivarajan/rena" "/workspace/cache/git-repos/https%3A%2F%2Fgithub.com%2Fveera-sivarajan%2Frena", kill_on_drop: false }`
[INFO] [stderr] Cloning into bare repository '/workspace/cache/git-repos/https%3A%2F%2Fgithub.com%2Fveera-sivarajan%2Frena'...
[INFO] running `Command { std: "git" "rev-parse" "HEAD", kill_on_drop: false }`
[INFO] [stdout] 140fcbcad62c4f5dd2848ab6a99df3b0def5060d
[INFO] checking veera-sivarajan/rena against 1.55.0 for beta-1.56-3
[INFO] running `Command { std: "git" "clone" "/workspace/cache/git-repos/https%3A%2F%2Fgithub.com%2Fveera-sivarajan%2Frena" "/workspace/builds/worker-47/source", kill_on_drop: false }`
[INFO] [stderr] Cloning into '/workspace/builds/worker-47/source'...
[INFO] [stderr] done.
[INFO] validating manifest of git repo https://github.com/veera-sivarajan/rena on toolchain 1.55.0
[INFO] running `Command { std: "/workspace/cargo-home/bin/cargo" "+1.55.0" "metadata" "--manifest-path" "Cargo.toml" "--no-deps", kill_on_drop: false }`
[INFO] started tweaking git repo https://github.com/veera-sivarajan/rena
[INFO] finished tweaking git repo https://github.com/veera-sivarajan/rena
[INFO] tweaked toml for git repo https://github.com/veera-sivarajan/rena written to /workspace/builds/worker-47/source/Cargo.toml
[INFO] crate git repo https://github.com/veera-sivarajan/rena already has a lockfile, it will not be regenerated
[INFO] running `Command { std: "/workspace/cargo-home/bin/cargo" "+1.55.0" "fetch" "--manifest-path" "Cargo.toml", kill_on_drop: false }`
[INFO] [stderr]     Blocking waiting for file lock on package cache
[INFO] [stderr]     Blocking waiting for file lock on package cache
[INFO] running `Command { std: "docker" "create" "-v" "/var/lib/crater-agent-workspace/builds/worker-47/target:/opt/rustwide/target:rw,Z" "-v" "/var/lib/crater-agent-workspace/builds/worker-47/source:/opt/rustwide/workdir:ro,Z" "-v" "/var/lib/crater-agent-workspace/cargo-home:/opt/rustwide/cargo-home:ro,Z" "-v" "/var/lib/crater-agent-workspace/rustup-home:/opt/rustwide/rustup-home:ro,Z" "-e" "SOURCE_DIR=/opt/rustwide/workdir" "-e" "CARGO_TARGET_DIR=/opt/rustwide/target" "-e" "CARGO_HOME=/opt/rustwide/cargo-home" "-e" "RUSTUP_HOME=/opt/rustwide/rustup-home" "-w" "/opt/rustwide/workdir" "-m" "1610612736" "--user" "0:0" "--network" "none" "ghcr.io/rust-lang/crates-build-env/linux@sha256:a89201d6b5b9fd45c15d5952ece0a0129e7e80cb26ec023fd59cf09bc26f1604" "/opt/rustwide/cargo-home/bin/cargo" "+1.55.0" "metadata" "--no-deps" "--format-version=1", kill_on_drop: false }`
[INFO] [stdout] 04b950ea7be4c955dfcc6ae39d4cd1496ad0597668ddcb55bdcb20d99085b234
[INFO] running `Command { std: "docker" "start" "-a" "04b950ea7be4c955dfcc6ae39d4cd1496ad0597668ddcb55bdcb20d99085b234", kill_on_drop: false }`
[INFO] running `Command { std: "docker" "inspect" "04b950ea7be4c955dfcc6ae39d4cd1496ad0597668ddcb55bdcb20d99085b234", kill_on_drop: false }`
[INFO] running `Command { std: "docker" "rm" "-f" "04b950ea7be4c955dfcc6ae39d4cd1496ad0597668ddcb55bdcb20d99085b234", kill_on_drop: false }`
[INFO] [stdout] 04b950ea7be4c955dfcc6ae39d4cd1496ad0597668ddcb55bdcb20d99085b234
[INFO] running `Command { std: "docker" "create" "-v" "/var/lib/crater-agent-workspace/builds/worker-47/target:/opt/rustwide/target:rw,Z" "-v" "/var/lib/crater-agent-workspace/builds/worker-47/source:/opt/rustwide/workdir:ro,Z" "-v" "/var/lib/crater-agent-workspace/cargo-home:/opt/rustwide/cargo-home:ro,Z" "-v" "/var/lib/crater-agent-workspace/rustup-home:/opt/rustwide/rustup-home:ro,Z" "-e" "SOURCE_DIR=/opt/rustwide/workdir" "-e" "CARGO_TARGET_DIR=/opt/rustwide/target" "-e" "CARGO_INCREMENTAL=0" "-e" "RUST_BACKTRACE=full" "-e" "RUSTFLAGS=--cap-lints=warn" "-e" "CARGO_HOME=/opt/rustwide/cargo-home" "-e" "RUSTUP_HOME=/opt/rustwide/rustup-home" "-w" "/opt/rustwide/workdir" "-m" "1610612736" "--user" "0:0" "--network" "none" "ghcr.io/rust-lang/crates-build-env/linux@sha256:a89201d6b5b9fd45c15d5952ece0a0129e7e80cb26ec023fd59cf09bc26f1604" "/opt/rustwide/cargo-home/bin/cargo" "+1.55.0" "check" "--frozen" "--all" "--all-targets" "--message-format=json", kill_on_drop: false }`
[INFO] [stdout] 9e2f0683de1b6853494c411e9cbaf2b5fac32c2cfe96c3b11a3f1903876d8219
[INFO] running `Command { std: "docker" "start" "-a" "9e2f0683de1b6853494c411e9cbaf2b5fac32c2cfe96c3b11a3f1903876d8219", kill_on_drop: false }`
[INFO] [stderr]     Blocking waiting for file lock on package cache
[INFO] [stderr]     Checking float_eq v0.7.0
[INFO] [stderr]     Checking lazy_static v1.4.0
[INFO] [stderr]     Checking tiny-calc v0.1.0 (/opt/rustwide/workdir)
[INFO] [stdout] error[E0583]: file not found for module `environment`
[INFO] [stdout]  --> src/main.rs:5:1
[INFO] [stdout]   |
[INFO] [stdout] 5 | mod environment;
[INFO] [stdout]   | ^^^^^^^^^^^^^^^^
[INFO] [stdout]   |
[INFO] [stdout]   = help: to create the module `environment`, create file "src/environment.rs" or "src/environment/mod.rs"
[INFO] [stdout] 
[INFO] [stdout] 
[INFO] [stdout] error[E0432]: unresolved import `crate::environment::Environment`
[INFO] [stdout]  --> src/interpreter.rs:6:5
[INFO] [stdout]   |
[INFO] [stdout] 6 | use crate::environment::Environment;
[INFO] [stdout]   |     ^^^^^^^^^^^^^^^^^^^^^^^^^^^^^^^ no `Environment` in `environment`
[INFO] [stdout] 
[INFO] [stdout] 
[INFO] [stdout] error[E0583]: file not found for module `environment`
[INFO] [stdout]  --> src/main.rs:5:1
[INFO] [stdout]   |
[INFO] [stdout] 5 | mod environment;
[INFO] [stdout]   | ^^^^^^^^^^^^^^^^
[INFO] [stdout]   |
[INFO] [stdout]   = help: to create the module `environment`, create file "src/environment.rs" or "src/environment/mod.rs"
[INFO] [stdout] 
[INFO] [stdout] 
[INFO] [stdout] error[E0432]: unresolved import `crate::environment::Environment`
[INFO] [stdout]  --> src/interpreter.rs:6:5
[INFO] [stdout]   |
[INFO] [stdout] 6 | use crate::environment::Environment;
[INFO] [stdout]   |     ^^^^^^^^^^^^^^^^^^^^^^^^^^^^^^^ no `Environment` in `environment`
[INFO] [stdout] 
[INFO] [stdout] 
[INFO] [stdout] error: aborting due to 2 previous errors
[INFO] [stdout] 
[INFO] [stdout] 
[INFO] [stderr] error: could not compile `tiny-calc` due to 3 previous errors
[INFO] [stdout] Some errors have detailed explanations: E0432, E0583.
[INFO] [stdout] 
[INFO] [stderr] warning: build failed, waiting for other jobs to finish...
[INFO] [stdout] For more information about an error, try `rustc --explain E0432`.
[INFO] [stdout] 
[INFO] [stdout] error: aborting due to 2 previous errors
[INFO] [stdout] 
[INFO] [stdout] 
[INFO] [stdout] Some errors have detailed explanations: E0432, E0583.
[INFO] [stdout] 
[INFO] [stdout] For more information about an error, try `rustc --explain E0432`.
[INFO] [stdout] 
[INFO] [stderr] error: build failed
[INFO] running `Command { std: "docker" "inspect" "9e2f0683de1b6853494c411e9cbaf2b5fac32c2cfe96c3b11a3f1903876d8219", kill_on_drop: false }`
[INFO] running `Command { std: "docker" "rm" "-f" "9e2f0683de1b6853494c411e9cbaf2b5fac32c2cfe96c3b11a3f1903876d8219", kill_on_drop: false }`
[INFO] [stdout] 9e2f0683de1b6853494c411e9cbaf2b5fac32c2cfe96c3b11a3f1903876d8219
