[INFO] cloning repository https://github.com/vavrusa/rust-kres
[INFO] running `Command { std: "git" "-c" "credential.helper=" "-c" "credential.helper=/workspace/cargo-home/bin/git-credential-null" "clone" "--bare" "https://github.com/vavrusa/rust-kres" "/workspace/cache/git-repos/https%3A%2F%2Fgithub.com%2Fvavrusa%2Frust-kres", kill_on_drop: false }`
[INFO] [stderr] Cloning into bare repository '/workspace/cache/git-repos/https%3A%2F%2Fgithub.com%2Fvavrusa%2Frust-kres'...
[INFO] running `Command { std: "git" "rev-parse" "HEAD", kill_on_drop: false }`
[INFO] [stdout] 381f1adc986d02c6511942fb1de4796d823df750
[INFO] checking vavrusa/rust-kres against beta-2021-10-15 for beta-1.56-3
[INFO] running `Command { std: "git" "clone" "/workspace/cache/git-repos/https%3A%2F%2Fgithub.com%2Fvavrusa%2Frust-kres" "/workspace/builds/worker-30/source", kill_on_drop: false }`
[INFO] [stderr] Cloning into '/workspace/builds/worker-30/source'...
[INFO] [stderr] done.
[INFO] validating manifest of git repo https://github.com/vavrusa/rust-kres on toolchain beta-2021-10-15
[INFO] running `Command { std: "/workspace/cargo-home/bin/cargo" "+beta-2021-10-15" "metadata" "--manifest-path" "Cargo.toml" "--no-deps", kill_on_drop: false }`
[INFO] started tweaking git repo https://github.com/vavrusa/rust-kres
[INFO] finished tweaking git repo https://github.com/vavrusa/rust-kres
[INFO] tweaked toml for git repo https://github.com/vavrusa/rust-kres written to /workspace/builds/worker-30/source/Cargo.toml
[INFO] crate git repo https://github.com/vavrusa/rust-kres already has a lockfile, it will not be regenerated
[INFO] running `Command { std: "/workspace/cargo-home/bin/cargo" "+beta-2021-10-15" "fetch" "--manifest-path" "Cargo.toml", kill_on_drop: false }`
[INFO] [stderr]     Blocking waiting for file lock on package cache
[INFO] [stderr]     Updating git repository `https://github.com/jedisct1/dnssector`
[INFO] [stderr]     Blocking waiting for file lock on package cache
[INFO] [stderr]  Downloading crates ...
[INFO] [stderr]   Downloaded unsafe_unwrap v0.1.0
[INFO] [stderr]   Downloaded clockpro-cache v0.1.7
[INFO] [stderr]   Downloaded xfailure v0.1.0
[INFO] [stderr]   Downloaded cexpr v0.3.4
[INFO] [stderr]   Downloaded debug_stub_derive v0.3.0
[INFO] [stderr]   Downloaded nom v4.2.0
[INFO] [stderr]   Downloaded proc-macro2 v0.3.5
[INFO] [stderr]   Downloaded debugtrace v0.1.0
[INFO] [stderr]   Downloaded either v0.1.7
[INFO] [stderr]   Downloaded chomp v0.3.1
[INFO] [stderr]   Downloaded jemallocator v0.1.9
[INFO] [stderr]   Downloaded bindgen v0.43.2
[INFO] [stderr]   Downloaded jemalloc-sys v0.1.8
[INFO] running `Command { std: "docker" "create" "-v" "/var/lib/crater-agent-workspace/builds/worker-30/target:/opt/rustwide/target:rw,Z" "-v" "/var/lib/crater-agent-workspace/builds/worker-30/source:/opt/rustwide/workdir:ro,Z" "-v" "/var/lib/crater-agent-workspace/cargo-home:/opt/rustwide/cargo-home:ro,Z" "-v" "/var/lib/crater-agent-workspace/rustup-home:/opt/rustwide/rustup-home:ro,Z" "-e" "SOURCE_DIR=/opt/rustwide/workdir" "-e" "CARGO_TARGET_DIR=/opt/rustwide/target" "-e" "CARGO_HOME=/opt/rustwide/cargo-home" "-e" "RUSTUP_HOME=/opt/rustwide/rustup-home" "-w" "/opt/rustwide/workdir" "-m" "1610612736" "--user" "0:0" "--network" "none" "ghcr.io/rust-lang/crates-build-env/linux@sha256:a89201d6b5b9fd45c15d5952ece0a0129e7e80cb26ec023fd59cf09bc26f1604" "/opt/rustwide/cargo-home/bin/cargo" "+beta-2021-10-15" "metadata" "--no-deps" "--format-version=1", kill_on_drop: false }`
[INFO] [stdout] c815e5744ab43a2190566c5026faee817fbc7c593111ee5a7d4640bcc8dc6d35
[INFO] running `Command { std: "docker" "start" "-a" "c815e5744ab43a2190566c5026faee817fbc7c593111ee5a7d4640bcc8dc6d35", kill_on_drop: false }`
[INFO] running `Command { std: "docker" "inspect" "c815e5744ab43a2190566c5026faee817fbc7c593111ee5a7d4640bcc8dc6d35", kill_on_drop: false }`
[INFO] running `Command { std: "docker" "rm" "-f" "c815e5744ab43a2190566c5026faee817fbc7c593111ee5a7d4640bcc8dc6d35", kill_on_drop: false }`
[INFO] [stdout] c815e5744ab43a2190566c5026faee817fbc7c593111ee5a7d4640bcc8dc6d35
[INFO] running `Command { std: "docker" "create" "-v" "/var/lib/crater-agent-workspace/builds/worker-30/target:/opt/rustwide/target:rw,Z" "-v" "/var/lib/crater-agent-workspace/builds/worker-30/source:/opt/rustwide/workdir:ro,Z" "-v" "/var/lib/crater-agent-workspace/cargo-home:/opt/rustwide/cargo-home:ro,Z" "-v" "/var/lib/crater-agent-workspace/rustup-home:/opt/rustwide/rustup-home:ro,Z" "-e" "SOURCE_DIR=/opt/rustwide/workdir" "-e" "CARGO_TARGET_DIR=/opt/rustwide/target" "-e" "CARGO_INCREMENTAL=0" "-e" "RUST_BACKTRACE=full" "-e" "RUSTFLAGS=--cap-lints=warn" "-e" "CARGO_HOME=/opt/rustwide/cargo-home" "-e" "RUSTUP_HOME=/opt/rustwide/rustup-home" "-w" "/opt/rustwide/workdir" "-m" "1610612736" "--user" "0:0" "--network" "none" "ghcr.io/rust-lang/crates-build-env/linux@sha256:a89201d6b5b9fd45c15d5952ece0a0129e7e80cb26ec023fd59cf09bc26f1604" "/opt/rustwide/cargo-home/bin/cargo" "+beta-2021-10-15" "check" "--frozen" "--all" "--all-targets" "--message-format=json", kill_on_drop: false }`
[INFO] [stdout] 3ca9d2847a64c7e127233f26191ded1fda2433ddc84345f4e3bc2bf0510a5f2a
[INFO] running `Command { std: "docker" "start" "-a" "3ca9d2847a64c7e127233f26191ded1fda2433ddc84345f4e3bc2bf0510a5f2a", kill_on_drop: false }`
[INFO] [stderr]    Compiling libc v0.2.48
[INFO] [stderr]    Compiling cc v1.0.29
[INFO] [stderr]    Compiling autocfg v0.1.2
[INFO] [stderr]     Checking rand_core v0.4.0
[INFO] [stderr]    Compiling cfg-if v0.1.6
[INFO] [stderr]    Compiling memchr v2.1.3
[INFO] [stderr]    Compiling semver-parser v0.7.0
[INFO] [stderr]    Compiling winapi-build v0.1.1
[INFO] [stderr]    Compiling glob v0.2.11
[INFO] [stderr]    Compiling regex v1.1.0
[INFO] [stderr]    Compiling lazy_static v1.2.0
[INFO] [stderr]    Compiling ucd-util v0.1.3
[INFO] [stderr]    Compiling proc-macro2 v0.4.27
[INFO] [stderr]    Compiling unicode-width v0.1.5
[INFO] [stderr]    Compiling utf8-ranges v1.0.2
[INFO] [stderr]    Compiling quick-error v1.2.2
[INFO] [stderr]     Checking winapi v0.2.8
[INFO] [stderr]    Compiling ansi_term v0.11.0
[INFO] [stderr]    Compiling vec_map v0.8.1
[INFO] [stderr]    Compiling termcolor v1.0.4
[INFO] [stderr]    Compiling bindgen v0.43.2
[INFO] [stderr]    Compiling strsim v0.7.0
[INFO] [stderr]    Compiling peeking_take_while v0.1.2
[INFO] [stderr]    Compiling byteorder v1.3.1
[INFO] [stderr]    Compiling failure_derive v0.1.5
[INFO] [stderr]     Checking debug-builders v0.1.0
[INFO] [stderr]    Compiling fs_extra v1.1.0
[INFO] [stderr]    Compiling debugtrace v0.1.0
[INFO] [stderr]    Compiling pkg-config v0.3.14
[INFO] [stderr]     Checking custom_derive v0.1.7
[INFO] [stderr]     Checking rustc-demangle v0.1.13
[INFO] [stderr]     Checking either v0.1.7
[INFO] [stderr]     Checking bitflags v0.7.0
[INFO] [stderr]     Checking hex v0.3.2
[INFO] [stderr]     Checking xfailure v0.1.0
[INFO] [stderr]    Compiling proc-macro2 v0.3.5
[INFO] [stderr]    Compiling synom v0.11.3
[INFO] [stderr]     Checking owning_ref v0.4.0
[INFO] [stderr]     Checking smallvec v0.6.8
[INFO] [stderr]    Compiling log v0.4.6
[INFO] [stderr]    Compiling textwrap v0.10.0
[INFO] [stderr]     Checking rand_core v0.3.1
[INFO] [stderr]     Checking rand_jitter v0.1.3
[INFO] [stderr]    Compiling thread_local v0.3.6
[INFO] [stderr]     Checking conv v0.3.3
[INFO] [stderr]    Compiling dbghelp-sys v0.2.0
[INFO] [stderr]    Compiling kernel32-sys v0.2.2
[INFO] [stderr]     Checking rand_isaac v0.1.1
[INFO] [stderr]     Checking rand_hc v0.1.0
[INFO] [stderr]     Checking rand_xorshift v0.1.1
[INFO] [stderr]    Compiling syn v0.11.11
[INFO] [stderr]    Compiling regex-syntax v0.6.5
[INFO] [stderr]    Compiling libloading v0.5.0
[INFO] [stderr]    Compiling backtrace-sys v0.1.28
[INFO] [stderr]     Checking lock_api v0.1.5
[INFO] [stderr]    Compiling rand_chacha v0.1.1
[INFO] [stderr]    Compiling rand v0.6.5
[INFO] [stderr]    Compiling backtrace v0.3.13
[INFO] [stderr]    Compiling humantime v1.2.0
[INFO] [stderr]    Compiling semver v0.9.0
[INFO] [stderr]    Compiling clang-sys v0.26.4
[INFO] [stderr]    Compiling quote v0.5.2
[INFO] [stderr]    Compiling atty v0.2.11
[INFO] [stderr]    Compiling which v1.0.5
[INFO] [stderr]    Compiling quote v0.6.11
[INFO] [stderr]     Checking rand_os v0.1.2
[INFO] [stderr]     Checking iovec v0.1.2
[INFO] [stderr]     Checking socket2 v0.3.8
[INFO] [stderr]    Compiling aho-corasick v0.6.9
[INFO] [stderr]    Compiling nom v4.2.0
[INFO] [stderr]    Compiling clap v2.32.0
[INFO] [stderr]    Compiling rustc_version v0.2.3
[INFO] [stderr]    Compiling syn v0.15.26
[INFO] [stderr]     Checking bytes v0.4.11
[INFO] [stderr]    Compiling cexpr v0.3.4
[INFO] [stderr]     Checking backtrace v0.1.8
[INFO] [stderr]    Compiling rand_pcg v0.1.1
[INFO] [stderr]    Compiling parking_lot_core v0.4.0
[INFO] [stderr]    Compiling debug_stub_derive v0.3.0
[INFO] [stderr]     Checking chomp v0.3.1
[INFO] [stderr]    Compiling env_logger v0.6.0
[INFO] [stderr]     Checking parking_lot v0.7.1
[INFO] [stderr]    Compiling synstructure v0.10.1
[INFO] [stderr]     Checking failure v0.1.5
[INFO] [stderr]     Checking dnssector v0.1.3 (https://github.com/jedisct1/dnssector?rev=ef7625bbc0f97518eadc5878e5ed476fa54c19ae#ef7625bb)
[INFO] [stderr]    Compiling kres-sys v0.1.5 (/opt/rustwide/workdir/crates/kres-sys)
[INFO] [stderr] The following warnings were emitted during compilation:
[INFO] [stderr] 
[INFO] [stderr] warning: In file included from /usr/include/x86_64-linux-gnu/bits/libc-header-start.h:33,
[INFO] [stderr] warning:                  from /usr/include/stdlib.h:25,
[INFO] [stderr] warning:                  from resolve.c:1:
[INFO] [stderr] warning: /usr/include/features.h:187:3: warning: #warning "_BSD_SOURCE and _SVID_SOURCE are deprecated, use _DEFAULT_SOURCE" [-Wcpp]
[INFO] [stderr] warning:   187 | # warning "_BSD_SOURCE and _SVID_SOURCE are deprecated, use _DEFAULT_SOURCE"
[INFO] [stderr] warning:       |   ^~~~~~~
[INFO] [stderr] warning: resolve.c:8:10: fatal error: lib/resolve.h: No such file or directory
[INFO] [stderr] warning:     8 | #include "lib/resolve.h"
[INFO] [stderr] warning:       |          ^~~~~~~~~~~~~~~
[INFO] [stderr] warning: compilation terminated.
[INFO] [stderr] 
[INFO] [stderr] error: failed to run custom build command for `kres-sys v0.1.5 (/opt/rustwide/workdir/crates/kres-sys)`
[INFO] [stderr] 
[INFO] [stderr] Caused by:
[INFO] [stderr]   process didn't exit successfully: `/opt/rustwide/target/debug/build/kres-sys-3ccf32e62fdeae30/build-script-build` (exit status: 101)
[INFO] [stderr]   --- stdout
[INFO] [stderr]   TARGET = Some("x86_64-unknown-linux-gnu")
[INFO] [stderr]   OPT_LEVEL = Some("0")
[INFO] [stderr]   HOST = Some("x86_64-unknown-linux-gnu")
[INFO] [stderr]   CC_x86_64-unknown-linux-gnu = None
[INFO] [stderr]   CC_x86_64_unknown_linux_gnu = None
[INFO] [stderr]   HOST_CC = None
[INFO] [stderr]   CC = None
[INFO] [stderr]   CFLAGS_x86_64-unknown-linux-gnu = None
[INFO] [stderr]   CFLAGS_x86_64_unknown_linux_gnu = None
[INFO] [stderr]   HOST_CFLAGS = None
[INFO] [stderr]   CFLAGS = None
[INFO] [stderr]   DEBUG = Some("true")
[INFO] [stderr]   running: "cc" "-O0" "-ffunction-sections" "-fdata-sections" "-fPIC" "-g" "-fno-omit-frame-pointer" "-m64" "-I" "src/knot-resolver" "-I" "src/knot-resolver/contrib" "-Wall" "-Wextra" "-std=c99" "-D_BSD_SOURCE" "-o" "/opt/rustwide/target/debug/build/kres-sys-aa1740840802a0a5/out/resolve.o" "-c" "resolve.c"
[INFO] [stderr]   cargo:warning=In file included from /usr/include/x86_64-linux-gnu/bits/libc-header-start.h:33,
[INFO] [stderr]   cargo:warning=                 from /usr/include/stdlib.h:25,
[INFO] [stderr]   cargo:warning=                 from resolve.c:1:
[INFO] [stderr]   cargo:warning=/usr/include/features.h:187:3: warning: #warning "_BSD_SOURCE and _SVID_SOURCE are deprecated, use _DEFAULT_SOURCE" [-Wcpp]
[INFO] [stderr]   cargo:warning=  187 | # warning "_BSD_SOURCE and _SVID_SOURCE are deprecated, use _DEFAULT_SOURCE"
[INFO] [stderr]   cargo:warning=      |   ^~~~~~~
[INFO] [stderr]   cargo:warning=resolve.c:8:10: fatal error: lib/resolve.h: No such file or directory
[INFO] [stderr]   cargo:warning=    8 | #include "lib/resolve.h"
[INFO] [stderr]   cargo:warning=      |          ^~~~~~~~~~~~~~~
[INFO] [stderr]   cargo:warning=compilation terminated.
[INFO] [stderr]   exit status: 1
[INFO] [stderr] 
[INFO] [stderr]   --- stderr
[INFO] [stderr]   thread 'main' panicked at '
[INFO] [stderr] 
[INFO] [stderr]   Internal error occurred: Command "cc" "-O0" "-ffunction-sections" "-fdata-sections" "-fPIC" "-g" "-fno-omit-frame-pointer" "-m64" "-I" "src/knot-resolver" "-I" "src/knot-resolver/contrib" "-Wall" "-Wextra" "-std=c99" "-D_BSD_SOURCE" "-o" "/opt/rustwide/target/debug/build/kres-sys-aa1740840802a0a5/out/resolve.o" "-c" "resolve.c" with args "cc" did not execute successfully (status code exit status: 1).
[INFO] [stderr] 
[INFO] [stderr]   ', /opt/rustwide/cargo-home/registry/src/github.com-1ecc6299db9ec823/cc-1.0.29/src/lib.rs:2314:5
[INFO] [stderr]   stack backtrace:
[INFO] [stderr]      0:     0x561273421ccc - std::backtrace_rs::backtrace::libunwind::trace::h51faa62df48810e4
[INFO] [stderr]                                  at /rustc/58268ff091703ace98c3c2a8c5f2fb2c3aecace2/library/std/src/../../backtrace/src/backtrace/libunwind.rs:90:5
[INFO] [stderr]      1:     0x561273421ccc - std::backtrace_rs::backtrace::trace_unsynchronized::h91de4d8e16d607e4
[INFO] [stderr]                                  at /rustc/58268ff091703ace98c3c2a8c5f2fb2c3aecace2/library/std/src/../../backtrace/src/backtrace/mod.rs:66:5
[INFO] [stderr]      2:     0x561273421ccc - std::sys_common::backtrace::_print_fmt::h71b0935f97e4322c
[INFO] [stderr]                                  at /rustc/58268ff091703ace98c3c2a8c5f2fb2c3aecace2/library/std/src/sys_common/backtrace.rs:67:5
[INFO] [stderr]      3:     0x561273421ccc - <std::sys_common::backtrace::_print::DisplayBacktrace as core::fmt::Display>::fmt::h9a78218788c14e18
[INFO] [stderr]                                  at /rustc/58268ff091703ace98c3c2a8c5f2fb2c3aecace2/library/std/src/sys_common/backtrace.rs:46:22
[INFO] [stderr]      4:     0x561273448c2c - core::fmt::write::h3381b3176fe2b3d3
[INFO] [stderr]                                  at /rustc/58268ff091703ace98c3c2a8c5f2fb2c3aecace2/library/core/src/fmt/mod.rs:1150:17
[INFO] [stderr]      5:     0x56127341ded5 - std::io::Write::write_fmt::h1d5220480c7a2437
[INFO] [stderr]                                  at /rustc/58268ff091703ace98c3c2a8c5f2fb2c3aecace2/library/std/src/io/mod.rs:1667:15
[INFO] [stderr]      6:     0x561273423d50 - std::sys_common::backtrace::_print::h4b77abc4d907ed0e
[INFO] [stderr]                                  at /rustc/58268ff091703ace98c3c2a8c5f2fb2c3aecace2/library/std/src/sys_common/backtrace.rs:49:5
[INFO] [stderr]      7:     0x561273423d50 - std::sys_common::backtrace::print::hb170c60b542377ad
[INFO] [stderr]                                  at /rustc/58268ff091703ace98c3c2a8c5f2fb2c3aecace2/library/std/src/sys_common/backtrace.rs:36:9
[INFO] [stderr]      8:     0x561273423d50 - std::panicking::default_hook::{{closure}}::h12bbda9af8901ee3
[INFO] [stderr]                                  at /rustc/58268ff091703ace98c3c2a8c5f2fb2c3aecace2/library/std/src/panicking.rs:210:50
[INFO] [stderr]      9:     0x561273423907 - std::panicking::default_hook::h8c6c66d3f3ba6768
[INFO] [stderr]                                  at /rustc/58268ff091703ace98c3c2a8c5f2fb2c3aecace2/library/std/src/panicking.rs:227:9
[INFO] [stderr]     10:     0x561273424404 - std::panicking::rust_panic_with_hook::h36f2fa0bb09f4069
[INFO] [stderr]                                  at /rustc/58268ff091703ace98c3c2a8c5f2fb2c3aecace2/library/std/src/panicking.rs:624:17
[INFO] [stderr]     11:     0x561273423ee0 - std::panicking::begin_panic_handler::{{closure}}::h9c42b65a42d06a7a
[INFO] [stderr]                                  at /rustc/58268ff091703ace98c3c2a8c5f2fb2c3aecace2/library/std/src/panicking.rs:521:13
[INFO] [stderr]     12:     0x561273422194 - std::sys_common::backtrace::__rust_end_short_backtrace::hc791bddfe31e532c
[INFO] [stderr]                                  at /rustc/58268ff091703ace98c3c2a8c5f2fb2c3aecace2/library/std/src/sys_common/backtrace.rs:141:18
[INFO] [stderr]     13:     0x561273423e49 - rust_begin_unwind
[INFO] [stderr]                                  at /rustc/58268ff091703ace98c3c2a8c5f2fb2c3aecace2/library/std/src/panicking.rs:517:5
[INFO] [stderr]     14:     0x561272ee7bdb - std::panicking::begin_panic_fmt::h32ac317c038a272d
[INFO] [stderr]                                  at /rustc/58268ff091703ace98c3c2a8c5f2fb2c3aecace2/library/std/src/panicking.rs:460:5
[INFO] [stderr]     15:     0x561272f38b9b - cc::fail::hb0de6a12ee70dc51
[INFO] [stderr]                                  at /opt/rustwide/cargo-home/registry/src/github.com-1ecc6299db9ec823/cc-1.0.29/src/lib.rs:2314:5
[INFO] [stderr]     16:     0x561272f26719 - cc::Build::compile::h2b552bfd6c4d1d7f
[INFO] [stderr]                                  at /opt/rustwide/cargo-home/registry/src/github.com-1ecc6299db9ec823/cc-1.0.29/src/lib.rs:951:13
[INFO] [stderr]     17:     0x561272ef0930 - build_script_build::main::h444c3f0a06c2d94e
[INFO] [stderr]                                  at /opt/rustwide/workdir/crates/kres-sys/build.rs:13:5
[INFO] [stderr]     18:     0x561272eee01b - core::ops::function::FnOnce::call_once::h19ea734304966ca7
[INFO] [stderr]                                  at /rustc/58268ff091703ace98c3c2a8c5f2fb2c3aecace2/library/core/src/ops/function.rs:227:5
[INFO] [stderr]     19:     0x561272eed59e - std::sys_common::backtrace::__rust_begin_short_backtrace::h979a184f6259a2a9
[INFO] [stderr]                                  at /rustc/58268ff091703ace98c3c2a8c5f2fb2c3aecace2/library/std/src/sys_common/backtrace.rs:125:18
[INFO] [stderr]     20:     0x561272eed631 - std::rt::lang_start::{{closure}}::hb25c828f094cf81a
[INFO] [stderr]                                  at /rustc/58268ff091703ace98c3c2a8c5f2fb2c3aecace2/library/std/src/rt.rs:63:18
[INFO] [stderr]     21:     0x56127342490a - core::ops::function::impls::<impl core::ops::function::FnOnce<A> for &F>::call_once::hc590b210ed55e22f
[INFO] [stderr]                                  at /rustc/58268ff091703ace98c3c2a8c5f2fb2c3aecace2/library/core/src/ops/function.rs:259:13
[INFO] [stderr]     22:     0x56127342490a - std::panicking::try::do_call::h5f0600b7a33ea1af
[INFO] [stderr]                                  at /rustc/58268ff091703ace98c3c2a8c5f2fb2c3aecace2/library/std/src/panicking.rs:403:40
[INFO] [stderr]     23:     0x56127342490a - std::panicking::try::he15826df0f376a33
[INFO] [stderr]                                  at /rustc/58268ff091703ace98c3c2a8c5f2fb2c3aecace2/library/std/src/panicking.rs:367:19
[INFO] [stderr]     24:     0x56127342490a - std::panic::catch_unwind::hd8af3a578b6b4c86
[INFO] [stderr]                                  at /rustc/58268ff091703ace98c3c2a8c5f2fb2c3aecace2/library/std/src/panic.rs:129:14
[INFO] [stderr]     25:     0x56127342490a - std::rt::lang_start_internal::{{closure}}::h301d1329324ae1f0
[INFO] [stderr]                                  at /rustc/58268ff091703ace98c3c2a8c5f2fb2c3aecace2/library/std/src/rt.rs:45:48
[INFO] [stderr]     26:     0x56127342490a - std::panicking::try::do_call::h941e8fdb0bd03655
[INFO] [stderr]                                  at /rustc/58268ff091703ace98c3c2a8c5f2fb2c3aecace2/library/std/src/panicking.rs:403:40
[INFO] [stderr]     27:     0x56127342490a - std::panicking::try::ha20a77bf65530f63
[INFO] [stderr]                                  at /rustc/58268ff091703ace98c3c2a8c5f2fb2c3aecace2/library/std/src/panicking.rs:367:19
[INFO] [stderr]     28:     0x56127342490a - std::panic::catch_unwind::h33afc061cc69ef90
[INFO] [stderr]                                  at /rustc/58268ff091703ace98c3c2a8c5f2fb2c3aecace2/library/std/src/panic.rs:129:14
[INFO] [stderr]     29:     0x56127342490a - std::rt::lang_start_internal::hc05c244593147106
[INFO] [stderr]                                  at /rustc/58268ff091703ace98c3c2a8c5f2fb2c3aecace2/library/std/src/rt.rs:45:20
[INFO] [stderr]     30:     0x561272eed600 - std::rt::lang_start::h2baef125ac8f266f
[INFO] [stderr]                                  at /rustc/58268ff091703ace98c3c2a8c5f2fb2c3aecace2/library/std/src/rt.rs:62:5
[INFO] [stderr]     31:     0x561272ef1c2c - main
[INFO] [stderr]     32:     0x7fe01e0350b3 - __libc_start_main
[INFO] [stderr]     33:     0x561272ee90fe - _start
[INFO] [stderr]     34:                0x0 - <unknown>
[INFO] running `Command { std: "docker" "inspect" "3ca9d2847a64c7e127233f26191ded1fda2433ddc84345f4e3bc2bf0510a5f2a", kill_on_drop: false }`
[INFO] running `Command { std: "docker" "rm" "-f" "3ca9d2847a64c7e127233f26191ded1fda2433ddc84345f4e3bc2bf0510a5f2a", kill_on_drop: false }`
[INFO] [stdout] 3ca9d2847a64c7e127233f26191ded1fda2433ddc84345f4e3bc2bf0510a5f2a
