[INFO] cloning repository https://github.com/vapvin/rust-chat
[INFO] running `Command { std: "git" "-c" "credential.helper=" "-c" "credential.helper=/workspace/cargo-home/bin/git-credential-null" "clone" "--bare" "https://github.com/vapvin/rust-chat" "/workspace/cache/git-repos/https%3A%2F%2Fgithub.com%2Fvapvin%2Frust-chat", kill_on_drop: false }`
[INFO] [stderr] Cloning into bare repository '/workspace/cache/git-repos/https%3A%2F%2Fgithub.com%2Fvapvin%2Frust-chat'...
[INFO] running `Command { std: "git" "rev-parse" "HEAD", kill_on_drop: false }`
[INFO] [stdout] de9e76f14cfead2170290cb0d83e7ace676c5f48
[INFO] checking vapvin/rust-chat against 1.55.0 for beta-1.56-3
[INFO] running `Command { std: "git" "clone" "/workspace/cache/git-repos/https%3A%2F%2Fgithub.com%2Fvapvin%2Frust-chat" "/workspace/builds/worker-30/source", kill_on_drop: false }`
[INFO] [stderr] Cloning into '/workspace/builds/worker-30/source'...
[INFO] [stderr] done.
[INFO] validating manifest of git repo https://github.com/vapvin/rust-chat on toolchain 1.55.0
[INFO] running `Command { std: "/workspace/cargo-home/bin/cargo" "+1.55.0" "metadata" "--manifest-path" "Cargo.toml" "--no-deps", kill_on_drop: false }`
[INFO] started tweaking git repo https://github.com/vapvin/rust-chat
[INFO] finished tweaking git repo https://github.com/vapvin/rust-chat
[INFO] tweaked toml for git repo https://github.com/vapvin/rust-chat written to /workspace/builds/worker-30/source/Cargo.toml
[INFO] crate git repo https://github.com/vapvin/rust-chat already has a lockfile, it will not be regenerated
[INFO] running `Command { std: "/workspace/cargo-home/bin/cargo" "+1.55.0" "fetch" "--manifest-path" "Cargo.toml", kill_on_drop: false }`
[INFO] [stderr]     Blocking waiting for file lock on package cache
[INFO] [stderr]  Downloading crates ...
[INFO] [stderr]   Downloaded indexmap v1.5.2
[INFO] running `Command { std: "docker" "create" "-v" "/var/lib/crater-agent-workspace/builds/worker-30/target:/opt/rustwide/target:rw,Z" "-v" "/var/lib/crater-agent-workspace/builds/worker-30/source:/opt/rustwide/workdir:ro,Z" "-v" "/var/lib/crater-agent-workspace/cargo-home:/opt/rustwide/cargo-home:ro,Z" "-v" "/var/lib/crater-agent-workspace/rustup-home:/opt/rustwide/rustup-home:ro,Z" "-e" "SOURCE_DIR=/opt/rustwide/workdir" "-e" "CARGO_TARGET_DIR=/opt/rustwide/target" "-e" "CARGO_HOME=/opt/rustwide/cargo-home" "-e" "RUSTUP_HOME=/opt/rustwide/rustup-home" "-w" "/opt/rustwide/workdir" "-m" "1610612736" "--user" "0:0" "--network" "none" "ghcr.io/rust-lang/crates-build-env/linux@sha256:a89201d6b5b9fd45c15d5952ece0a0129e7e80cb26ec023fd59cf09bc26f1604" "/opt/rustwide/cargo-home/bin/cargo" "+1.55.0" "metadata" "--no-deps" "--format-version=1", kill_on_drop: false }`
[INFO] [stdout] 757bb8766cfac59238ba1d547eb3218027a19ebb1eb7707fb537c1563406fe8c
[INFO] running `Command { std: "docker" "start" "-a" "757bb8766cfac59238ba1d547eb3218027a19ebb1eb7707fb537c1563406fe8c", kill_on_drop: false }`
[INFO] running `Command { std: "docker" "inspect" "757bb8766cfac59238ba1d547eb3218027a19ebb1eb7707fb537c1563406fe8c", kill_on_drop: false }`
[INFO] running `Command { std: "docker" "rm" "-f" "757bb8766cfac59238ba1d547eb3218027a19ebb1eb7707fb537c1563406fe8c", kill_on_drop: false }`
[INFO] [stdout] 757bb8766cfac59238ba1d547eb3218027a19ebb1eb7707fb537c1563406fe8c
[INFO] running `Command { std: "docker" "create" "-v" "/var/lib/crater-agent-workspace/builds/worker-30/target:/opt/rustwide/target:rw,Z" "-v" "/var/lib/crater-agent-workspace/builds/worker-30/source:/opt/rustwide/workdir:ro,Z" "-v" "/var/lib/crater-agent-workspace/cargo-home:/opt/rustwide/cargo-home:ro,Z" "-v" "/var/lib/crater-agent-workspace/rustup-home:/opt/rustwide/rustup-home:ro,Z" "-e" "SOURCE_DIR=/opt/rustwide/workdir" "-e" "CARGO_TARGET_DIR=/opt/rustwide/target" "-e" "CARGO_INCREMENTAL=0" "-e" "RUST_BACKTRACE=full" "-e" "RUSTFLAGS=--cap-lints=warn" "-e" "CARGO_HOME=/opt/rustwide/cargo-home" "-e" "RUSTUP_HOME=/opt/rustwide/rustup-home" "-w" "/opt/rustwide/workdir" "-m" "1610612736" "--user" "0:0" "--network" "none" "ghcr.io/rust-lang/crates-build-env/linux@sha256:a89201d6b5b9fd45c15d5952ece0a0129e7e80cb26ec023fd59cf09bc26f1604" "/opt/rustwide/cargo-home/bin/cargo" "+1.55.0" "check" "--frozen" "--all" "--all-targets" "--message-format=json", kill_on_drop: false }`
[INFO] [stdout] 0339044f44b3e67d27e470c536287c0d46b67cc5e46b7622eaad0c7f269417ad
[INFO] running `Command { std: "docker" "start" "-a" "0339044f44b3e67d27e470c536287c0d46b67cc5e46b7622eaad0c7f269417ad", kill_on_drop: false }`
[INFO] [stderr]     Blocking waiting for file lock on package cache
[INFO] [stderr]    Compiling proc-macro2 v1.0.20
[INFO] [stderr]    Compiling syn v1.0.39
[INFO] [stderr]    Compiling log v0.4.11
[INFO] [stderr]    Compiling wasm-bindgen-shared v0.2.67
[INFO] [stderr]    Compiling wasm-bindgen v0.2.67
[INFO] [stderr]    Compiling pin-project-internal v0.4.23
[INFO] [stderr]    Compiling proc-macro-nested v0.1.6
[INFO] [stderr]    Compiling serde_derive v1.0.115
[INFO] [stderr]    Compiling memchr v2.3.3
[INFO] [stderr]     Checking futures-core v0.3.5
[INFO] [stderr]     Checking futures-sink v0.3.5
[INFO] [stderr]    Compiling serde v1.0.115
[INFO] [stderr]    Compiling proc-macro-hack v0.5.18
[INFO] [stderr]     Checking once_cell v1.4.1
[INFO] [stderr]    Compiling ryu v1.0.5
[INFO] [stderr]     Checking futures-io v0.3.5
[INFO] [stderr]     Checking itoa v0.4.6
[INFO] [stderr]    Compiling anyhow v1.0.32
[INFO] [stderr]    Compiling yew v0.17.3 (https://github.com/DenisKolodin/yew#fef03e38)
[INFO] [stderr]    Compiling boolinator v2.4.0
[INFO] [stderr]     Checking bytes v0.5.6
[INFO] [stderr]     Checking anymap v0.12.1
[INFO] [stderr]     Checking cfg-match v0.2.1
[INFO] [stderr]    Compiling hashbrown v0.8.2
[INFO] [stderr]    Compiling indexmap v1.5.2
[INFO] [stderr]    Compiling serde_json v1.0.57
[INFO] [stderr]     Checking futures-task v0.3.5
[INFO] [stderr]     Checking futures-channel v0.3.5
[INFO] [stderr]     Checking http v0.2.1
[INFO] [stderr]    Compiling quote v1.0.7
[INFO] [stderr]    Compiling wasm-bindgen-backend v0.2.67
[INFO] [stderr]    Compiling wasm-bindgen-macro-support v0.2.67
[INFO] [stderr]    Compiling futures-macro v0.3.5
[INFO] [stderr]    Compiling thiserror-impl v1.0.20
[INFO] [stderr]    Compiling yew-macro v0.17.0 (https://github.com/DenisKolodin/yew#fef03e38)
[INFO] [stderr]    Compiling wasm-bindgen-macro v0.2.67
[INFO] [stderr]     Checking thiserror v1.0.20
[INFO] [stderr]     Checking js-sys v0.3.44
[INFO] [stderr]     Checking console_error_panic_hook v0.1.6
[INFO] [stderr]     Checking pin-project v0.4.23
[INFO] [stderr]     Checking futures-util v0.3.5
[INFO] [stderr]     Checking web-sys v0.3.44
[INFO] [stderr]     Checking wasm-bindgen-futures v0.4.17
[INFO] [stderr]     Checking futures-executor v0.3.5
[INFO] [stderr]     Checking futures v0.3.5
[INFO] [stderr]     Checking bincode v1.3.1
[INFO] [stderr]     Checking gloo-events v0.1.1
[INFO] [stderr]     Checking gloo-timers v0.2.1
[INFO] [stderr]     Checking gloo-console-timer v0.1.0
[INFO] [stderr]     Checking gloo-file v0.1.0
[INFO] [stderr]     Checking gloo v0.2.1
[INFO] [stderr]     Checking rust-chat v0.1.0 (/opt/rustwide/workdir)
[INFO] [stdout] error: only one root html element is allowed (hint: you can wrap multiple html elements in a fragment `<></>`)
[INFO] [stdout]    --> src/main.rs:116:13
[INFO] [stdout]     |
[INFO] [stdout] 116 |             <button onclick = move |_| Msg::Remove(i),>{"X"}</button></li>
[INFO] [stdout]     |             ^^^^^^^^^^^^^^^^^^^^^^^^^^^^^^^^^^^^^^^^^^^^^^^^^^^^^^^^^^^^^^
[INFO] [stdout] 
[INFO] [stdout] 
[INFO] [stdout] error: only one root html element is allowed (hint: you can wrap multiple html elements in a fragment `<></>`)
[INFO] [stdout]    --> src/main.rs:131:13
[INFO] [stdout]     |
[INFO] [stdout] 131 | /             <div>
[INFO] [stdout] 132 | |                 <button onclick = |_| Msg::RemoveAll, >{"Delete all Todos!"}</button>
[INFO] [stdout] 133 | |             </div>
[INFO] [stdout] 134 | |             <div>
[INFO] [stdout] ...   |
[INFO] [stdout] 137 | |                 </ul>
[INFO] [stdout] 138 | |             </div>
[INFO] [stdout]     | |__________________^
[INFO] [stdout] 
[INFO] [stdout] 
[INFO] [stdout] error[E0437]: type `Msg` is not a member of trait `Component`
[INFO] [stdout]   --> src/main.rs:35:5
[INFO] [stdout]    |
[INFO] [stdout] 35 |     type Msg = Msg;
[INFO] [stdout]    |     ^^^^^^^^^^^^^^^ not a member of trait `Component`
[INFO] [stdout] 
[INFO] [stdout] 
[INFO] [stdout] error[E0412]: cannot find type `Env` in this scope
[INFO] [stdout]   --> src/main.rs:38:23
[INFO] [stdout]    |
[INFO] [stdout] 38 |     fn create(_: &mut Env<Context, Self>) -> Self {
[INFO] [stdout]    |                       ^^^ not found in this scope
[INFO] [stdout] 
[INFO] [stdout] 
[INFO] [stdout] error[E0412]: cannot find type `Env` in this scope
[INFO] [stdout]   --> src/main.rs:47:50
[INFO] [stdout]    |
[INFO] [stdout] 47 |     fn update(&mut self, msg: Self::Msg, _: &mut Env<Context, Self>) -> ShouldRender {
[INFO] [stdout]    |                                                  ^^^ not found in this scope
[INFO] [stdout] 
[INFO] [stdout] 
[INFO] [stdout] error[E0405]: cannot find trait `Renderable` in this scope
[INFO] [stdout]   --> src/main.rs:91:6
[INFO] [stdout]    |
[INFO] [stdout] 91 | impl Renderable<Context, Model> for Model {
[INFO] [stdout]    |      ^^^^^^^^^^ not found in this scope
[INFO] [stdout] 
[INFO] [stdout] 
[INFO] [stdout] error[E0412]: cannot find type `KeyData` in this scope
[INFO] [stdout]   --> src/main.rs:99:41
[INFO] [stdout]    |
[INFO] [stdout] 99 |                     onkeypress=move |e: KeyData| {
[INFO] [stdout]    |                                         ^^^^^^^ not found in this scope
[INFO] [stdout] 
[INFO] [stdout] 
[INFO] [stdout] warning: unused `#[macro_use]` import
[INFO] [stdout]  --> src/main.rs:1:1
[INFO] [stdout]   |
[INFO] [stdout] 1 | #[macro_use]
[INFO] [stdout]   | ^^^^^^^^^^^^
[INFO] [stdout]   |
[INFO] [stdout]   = note: `#[warn(unused_imports)]` on by default
[INFO] [stdout] 
[INFO] [stdout] 
[INFO] [stdout] error[E0107]: this trait takes 0 generic arguments but 1 generic argument was supplied
[INFO] [stdout]   --> src/main.rs:34:6
[INFO] [stdout]    |
[INFO] [stdout] 34 | impl Component<Context> for Model {
[INFO] [stdout]    |      ^^^^^^^^^--------- help: remove these generics
[INFO] [stdout]    |      |
[INFO] [stdout]    |      expected 0 generic arguments
[INFO] [stdout]    |
[INFO] [stdout] note: trait defined here, with 0 generic parameters
[INFO] [stdout]   --> /opt/rustwide/cargo-home/git/checkouts/yew-cffb4df3674cc4fb/fef03e3/yew/src/html/mod.rs:38:11
[INFO] [stdout]    |
[INFO] [stdout] 38 | pub trait Component: Sized + 'static {
[INFO] [stdout]    |           ^^^^^^^^^
[INFO] [stdout] 
[INFO] [stdout] 
[INFO] [stdout] error: aborting due to 8 previous errors; 1 warning emitted
[INFO] [stdout] 
[INFO] [stdout] 
[INFO] [stdout] Some errors have detailed explanations: E0107, E0405, E0412, E0437.
[INFO] [stdout] 
[INFO] [stdout] For more information about an error, try `rustc --explain E0107`.
[INFO] [stdout] 
[INFO] [stderr] error: could not compile `rust-chat` due to 9 previous errors; 1 warning emitted
[INFO] [stderr] warning: build failed, waiting for other jobs to finish...
[INFO] [stdout] error: only one root html element is allowed (hint: you can wrap multiple html elements in a fragment `<></>`)
[INFO] [stdout]    --> src/main.rs:116:13
[INFO] [stdout]     |
[INFO] [stdout] 116 |             <button onclick = move |_| Msg::Remove(i),>{"X"}</button></li>
[INFO] [stdout]     |             ^^^^^^^^^^^^^^^^^^^^^^^^^^^^^^^^^^^^^^^^^^^^^^^^^^^^^^^^^^^^^^
[INFO] [stdout] 
[INFO] [stdout] 
[INFO] [stdout] error: only one root html element is allowed (hint: you can wrap multiple html elements in a fragment `<></>`)
[INFO] [stdout]    --> src/main.rs:131:13
[INFO] [stdout]     |
[INFO] [stdout] 131 | /             <div>
[INFO] [stdout] 132 | |                 <button onclick = |_| Msg::RemoveAll, >{"Delete all Todos!"}</button>
[INFO] [stdout] 133 | |             </div>
[INFO] [stdout] 134 | |             <div>
[INFO] [stdout] ...   |
[INFO] [stdout] 137 | |                 </ul>
[INFO] [stdout] 138 | |             </div>
[INFO] [stdout]     | |__________________^
[INFO] [stdout] 
[INFO] [stdout] 
[INFO] [stdout] error[E0437]: type `Msg` is not a member of trait `Component`
[INFO] [stdout]   --> src/main.rs:35:5
[INFO] [stdout]    |
[INFO] [stdout] 35 |     type Msg = Msg;
[INFO] [stdout]    |     ^^^^^^^^^^^^^^^ not a member of trait `Component`
[INFO] [stdout] 
[INFO] [stdout] 
[INFO] [stdout] error[E0412]: cannot find type `Env` in this scope
[INFO] [stdout]   --> src/main.rs:38:23
[INFO] [stdout]    |
[INFO] [stdout] 38 |     fn create(_: &mut Env<Context, Self>) -> Self {
[INFO] [stdout]    |                       ^^^ not found in this scope
[INFO] [stdout] 
[INFO] [stdout] 
[INFO] [stdout] error[E0412]: cannot find type `Env` in this scope
[INFO] [stdout]   --> src/main.rs:47:50
[INFO] [stdout]    |
[INFO] [stdout] 47 |     fn update(&mut self, msg: Self::Msg, _: &mut Env<Context, Self>) -> ShouldRender {
[INFO] [stdout]    |                                                  ^^^ not found in this scope
[INFO] [stdout] 
[INFO] [stdout] 
[INFO] [stdout] error[E0405]: cannot find trait `Renderable` in this scope
[INFO] [stdout]   --> src/main.rs:91:6
[INFO] [stdout]    |
[INFO] [stdout] 91 | impl Renderable<Context, Model> for Model {
[INFO] [stdout]    |      ^^^^^^^^^^ not found in this scope
[INFO] [stdout] 
[INFO] [stdout] 
[INFO] [stdout] error[E0412]: cannot find type `KeyData` in this scope
[INFO] [stdout]   --> src/main.rs:99:41
[INFO] [stdout]    |
[INFO] [stdout] 99 |                     onkeypress=move |e: KeyData| {
[INFO] [stdout]    |                                         ^^^^^^^ not found in this scope
[INFO] [stdout] 
[INFO] [stdout] 
[INFO] [stdout] warning: unused `#[macro_use]` import
[INFO] [stdout]  --> src/main.rs:1:1
[INFO] [stdout]   |
[INFO] [stdout] 1 | #[macro_use]
[INFO] [stdout]   | ^^^^^^^^^^^^
[INFO] [stdout]   |
[INFO] [stdout]   = note: `#[warn(unused_imports)]` on by default
[INFO] [stdout] 
[INFO] [stdout] 
[INFO] [stdout] error[E0107]: this trait takes 0 generic arguments but 1 generic argument was supplied
[INFO] [stdout]   --> src/main.rs:34:6
[INFO] [stdout]    |
[INFO] [stdout] 34 | impl Component<Context> for Model {
[INFO] [stdout]    |      ^^^^^^^^^--------- help: remove these generics
[INFO] [stdout]    |      |
[INFO] [stdout]    |      expected 0 generic arguments
[INFO] [stdout]    |
[INFO] [stdout] note: trait defined here, with 0 generic parameters
[INFO] [stdout]   --> /opt/rustwide/cargo-home/git/checkouts/yew-cffb4df3674cc4fb/fef03e3/yew/src/html/mod.rs:38:11
[INFO] [stdout]    |
[INFO] [stdout] 38 | pub trait Component: Sized + 'static {
[INFO] [stdout]    |           ^^^^^^^^^
[INFO] [stdout] 
[INFO] [stdout] 
[INFO] [stdout] error: aborting due to 8 previous errors; 1 warning emitted
[INFO] [stdout] 
[INFO] [stdout] 
[INFO] [stdout] Some errors have detailed explanations: E0107, E0405, E0412, E0437.
[INFO] [stdout] 
[INFO] [stdout] For more information about an error, try `rustc --explain E0107`.
[INFO] [stdout] 
[INFO] [stderr] error: build failed
[INFO] running `Command { std: "docker" "inspect" "0339044f44b3e67d27e470c536287c0d46b67cc5e46b7622eaad0c7f269417ad", kill_on_drop: false }`
[INFO] running `Command { std: "docker" "rm" "-f" "0339044f44b3e67d27e470c536287c0d46b67cc5e46b7622eaad0c7f269417ad", kill_on_drop: false }`
[INFO] [stdout] 0339044f44b3e67d27e470c536287c0d46b67cc5e46b7622eaad0c7f269417ad
