[INFO] cloning repository https://github.com/usey11/basic_shell
[INFO] running `Command { std: "git" "-c" "credential.helper=" "-c" "credential.helper=/workspace/cargo-home/bin/git-credential-null" "clone" "--bare" "https://github.com/usey11/basic_shell" "/workspace/cache/git-repos/https%3A%2F%2Fgithub.com%2Fusey11%2Fbasic_shell", kill_on_drop: false }`
[INFO] [stderr] Cloning into bare repository '/workspace/cache/git-repos/https%3A%2F%2Fgithub.com%2Fusey11%2Fbasic_shell'...
[INFO] running `Command { std: "git" "rev-parse" "HEAD", kill_on_drop: false }`
[INFO] [stdout] b925f1e61b9ce78c1a394e8a9362ec04c1c7d77f
[INFO] checking usey11/basic_shell against 1.55.0 for beta-1.56-3
[INFO] running `Command { std: "git" "clone" "/workspace/cache/git-repos/https%3A%2F%2Fgithub.com%2Fusey11%2Fbasic_shell" "/workspace/builds/worker-69/source", kill_on_drop: false }`
[INFO] [stderr] Cloning into '/workspace/builds/worker-69/source'...
[INFO] [stderr] done.
[INFO] validating manifest of git repo https://github.com/usey11/basic_shell on toolchain 1.55.0
[INFO] running `Command { std: "/workspace/cargo-home/bin/cargo" "+1.55.0" "metadata" "--manifest-path" "Cargo.toml" "--no-deps", kill_on_drop: false }`
[INFO] started tweaking git repo https://github.com/usey11/basic_shell
[INFO] finished tweaking git repo https://github.com/usey11/basic_shell
[INFO] tweaked toml for git repo https://github.com/usey11/basic_shell written to /workspace/builds/worker-69/source/Cargo.toml
[INFO] crate git repo https://github.com/usey11/basic_shell already has a lockfile, it will not be regenerated
[INFO] running `Command { std: "/workspace/cargo-home/bin/cargo" "+1.55.0" "fetch" "--manifest-path" "Cargo.toml", kill_on_drop: false }`
[INFO] [stderr]     Blocking waiting for file lock on package cache
[INFO] [stderr]     Blocking waiting for file lock on package cache
[INFO] running `Command { std: "docker" "create" "-v" "/var/lib/crater-agent-workspace/builds/worker-69/target:/opt/rustwide/target:rw,Z" "-v" "/var/lib/crater-agent-workspace/builds/worker-69/source:/opt/rustwide/workdir:ro,Z" "-v" "/var/lib/crater-agent-workspace/cargo-home:/opt/rustwide/cargo-home:ro,Z" "-v" "/var/lib/crater-agent-workspace/rustup-home:/opt/rustwide/rustup-home:ro,Z" "-e" "SOURCE_DIR=/opt/rustwide/workdir" "-e" "CARGO_TARGET_DIR=/opt/rustwide/target" "-e" "CARGO_HOME=/opt/rustwide/cargo-home" "-e" "RUSTUP_HOME=/opt/rustwide/rustup-home" "-w" "/opt/rustwide/workdir" "-m" "1610612736" "--user" "0:0" "--network" "none" "ghcr.io/rust-lang/crates-build-env/linux@sha256:a89201d6b5b9fd45c15d5952ece0a0129e7e80cb26ec023fd59cf09bc26f1604" "/opt/rustwide/cargo-home/bin/cargo" "+1.55.0" "metadata" "--no-deps" "--format-version=1", kill_on_drop: false }`
[INFO] [stdout] 3b0f91672464c5b05de3fe1dfaf0a6711397ff00bb06207dae6d4df0bb9b9d30
[INFO] running `Command { std: "docker" "start" "-a" "3b0f91672464c5b05de3fe1dfaf0a6711397ff00bb06207dae6d4df0bb9b9d30", kill_on_drop: false }`
[INFO] running `Command { std: "docker" "inspect" "3b0f91672464c5b05de3fe1dfaf0a6711397ff00bb06207dae6d4df0bb9b9d30", kill_on_drop: false }`
[INFO] running `Command { std: "docker" "rm" "-f" "3b0f91672464c5b05de3fe1dfaf0a6711397ff00bb06207dae6d4df0bb9b9d30", kill_on_drop: false }`
[INFO] [stdout] 3b0f91672464c5b05de3fe1dfaf0a6711397ff00bb06207dae6d4df0bb9b9d30
[INFO] running `Command { std: "docker" "create" "-v" "/var/lib/crater-agent-workspace/builds/worker-69/target:/opt/rustwide/target:rw,Z" "-v" "/var/lib/crater-agent-workspace/builds/worker-69/source:/opt/rustwide/workdir:ro,Z" "-v" "/var/lib/crater-agent-workspace/cargo-home:/opt/rustwide/cargo-home:ro,Z" "-v" "/var/lib/crater-agent-workspace/rustup-home:/opt/rustwide/rustup-home:ro,Z" "-e" "SOURCE_DIR=/opt/rustwide/workdir" "-e" "CARGO_TARGET_DIR=/opt/rustwide/target" "-e" "CARGO_INCREMENTAL=0" "-e" "RUST_BACKTRACE=full" "-e" "RUSTFLAGS=--cap-lints=warn" "-e" "CARGO_HOME=/opt/rustwide/cargo-home" "-e" "RUSTUP_HOME=/opt/rustwide/rustup-home" "-w" "/opt/rustwide/workdir" "-m" "1610612736" "--user" "0:0" "--network" "none" "ghcr.io/rust-lang/crates-build-env/linux@sha256:a89201d6b5b9fd45c15d5952ece0a0129e7e80cb26ec023fd59cf09bc26f1604" "/opt/rustwide/cargo-home/bin/cargo" "+1.55.0" "check" "--frozen" "--all" "--all-targets" "--message-format=json", kill_on_drop: false }`
[INFO] [stdout] e8135ba218495f09586c34c84c2d94312483e44b7eb1d9f67e370b88f8a4bd21
[INFO] running `Command { std: "docker" "start" "-a" "e8135ba218495f09586c34c84c2d94312483e44b7eb1d9f67e370b88f8a4bd21", kill_on_drop: false }`
[INFO] [stderr]    Compiling libc v0.2.60
[INFO] [stderr]    Compiling nix v0.15.0
[INFO] [stderr]     Checking basic_shell v0.1.0 (/opt/rustwide/workdir)
[INFO] [stdout] warning: unnecessary trailing semicolon
[INFO] [stdout]   --> src/main.rs:76:25
[INFO] [stdout]    |
[INFO] [stdout] 76 |                         ;
[INFO] [stdout]    |                         ^ help: remove this semicolon
[INFO] [stdout]    |
[INFO] [stdout]    = note: `#[warn(redundant_semicolons)]` on by default
[INFO] [stdout] 
[INFO] [stdout] 
[INFO] [stdout] warning: unnecessary trailing semicolon
[INFO] [stdout]   --> src/main.rs:76:25
[INFO] [stdout]    |
[INFO] [stdout] 76 |                         ;
[INFO] [stdout]    |                         ^ help: remove this semicolon
[INFO] [stdout]    |
[INFO] [stdout]    = note: `#[warn(redundant_semicolons)]` on by default
[INFO] [stdout] 
[INFO] [stdout] 
[INFO] [stdout] error[E0599]: no method named `flush` found for struct `Stdout` in the current scope
[INFO] [stdout]     --> src/main.rs:23:22
[INFO] [stdout]      |
[INFO] [stdout] 23   |         io::stdout().flush().unwrap();
[INFO] [stdout]      |                      ^^^^^ method not found in `Stdout`
[INFO] [stdout]      |
[INFO] [stdout]      = help: items from traits can only be used if the trait is in scope
[INFO] [stdout] help: the following trait is implemented but not in scope; perhaps add a `use` for it:
[INFO] [stdout]      |
[INFO] [stdout] 3    | use std::io::Write;
[INFO] [stdout]      |
[INFO] [stdout] 
[INFO] [stdout] 
[INFO] [stdout] error[E0599]: no method named `flush` found for struct `Stdout` in the current scope
[INFO] [stdout]     --> src/main.rs:57:18
[INFO] [stdout]      |
[INFO] [stdout] 57   |     io::stdout().flush().unwrap();
[INFO] [stdout]      |                  ^^^^^ method not found in `Stdout`
[INFO] [stdout]      |
[INFO] [stdout]      = help: items from traits can only be used if the trait is in scope
[INFO] [stdout] help: the following trait is implemented but not in scope; perhaps add a `use` for it:
[INFO] [stdout]      |
[INFO] [stdout] 3    | use std::io::Write;
[INFO] [stdout]      |
[INFO] [stdout] 
[INFO] [stdout] 
[INFO] [stdout] error[E0599]: no method named `flush` found for struct `Stdout` in the current scope
[INFO] [stdout]     --> src/main.rs:23:22
[INFO] [stdout]      |
[INFO] [stdout] 23   |         io::stdout().flush().unwrap();
[INFO] [stdout]      |                      ^^^^^ method not found in `Stdout`
[INFO] [stdout]      |
[INFO] [stdout]      = help: items from traits can only be used if the trait is in scope
[INFO] [stdout] help: the following trait is implemented but not in scope; perhaps add a `use` for it:
[INFO] [stdout]      |
[INFO] [stdout] 3    | use std::io::Write;
[INFO] [stdout]      |
[INFO] [stdout] 
[INFO] [stdout] 
[INFO] [stdout] error: aborting due to 2 previous errors; 1 warning emitted
[INFO] [stdout] 
[INFO] [stdout] 
[INFO] [stdout] For more information about this error, try `rustc --explain E0599`.
[INFO] [stdout] 
[INFO] [stdout] error[E0599]: no method named `flush` found for struct `Stdout` in the current scope
[INFO] [stdout]     --> src/main.rs:57:18
[INFO] [stdout]      |
[INFO] [stdout] 57   |     io::stdout().flush().unwrap();
[INFO] [stdout]      |                  ^^^^^ method not found in `Stdout`
[INFO] [stdout]      |
[INFO] [stdout]      = help: items from traits can only be used if the trait is in scope
[INFO] [stdout] help: the following trait is implemented but not in scope; perhaps add a `use` for it:
[INFO] [stdout]      |
[INFO] [stdout] 3    | use std::io::Write;
[INFO] [stdout]      |
[INFO] [stdout] 
[INFO] [stdout] 
[INFO] [stdout] error: aborting due to 2 previous errors; 1 warning emitted
[INFO] [stdout] 
[INFO] [stdout] 
[INFO] [stdout] For more information about this error, try `rustc --explain E0599`.
[INFO] [stdout] 
[INFO] [stderr] error: could not compile `basic_shell` due to 3 previous errors; 1 warning emitted
[INFO] [stderr] warning: build failed, waiting for other jobs to finish...
[INFO] [stderr] error: build failed
[INFO] running `Command { std: "docker" "inspect" "e8135ba218495f09586c34c84c2d94312483e44b7eb1d9f67e370b88f8a4bd21", kill_on_drop: false }`
[INFO] running `Command { std: "docker" "rm" "-f" "e8135ba218495f09586c34c84c2d94312483e44b7eb1d9f67e370b88f8a4bd21", kill_on_drop: false }`
[INFO] [stdout] e8135ba218495f09586c34c84c2d94312483e44b7eb1d9f67e370b88f8a4bd21
