[INFO] cloning repository https://github.com/uni-arts-chain/evm-nft-tracker
[INFO] running `Command { std: "git" "-c" "credential.helper=" "-c" "credential.helper=/workspace/cargo-home/bin/git-credential-null" "clone" "--bare" "https://github.com/uni-arts-chain/evm-nft-tracker" "/workspace/cache/git-repos/https%3A%2F%2Fgithub.com%2Funi-arts-chain%2Fevm-nft-tracker", kill_on_drop: false }`
[INFO] [stderr] Cloning into bare repository '/workspace/cache/git-repos/https%3A%2F%2Fgithub.com%2Funi-arts-chain%2Fevm-nft-tracker'...
[INFO] running `Command { std: "git" "rev-parse" "HEAD", kill_on_drop: false }`
[INFO] [stdout] cfdcdb11eae87b3bed5b6dc713eaf41d88fc12c7
[INFO] checking uni-arts-chain/evm-nft-tracker against beta-2021-10-15 for beta-1.56-3
[INFO] running `Command { std: "git" "clone" "/workspace/cache/git-repos/https%3A%2F%2Fgithub.com%2Funi-arts-chain%2Fevm-nft-tracker" "/workspace/builds/worker-67/source", kill_on_drop: false }`
[INFO] [stderr] Cloning into '/workspace/builds/worker-67/source'...
[INFO] [stderr] done.
[INFO] validating manifest of git repo https://github.com/uni-arts-chain/evm-nft-tracker on toolchain beta-2021-10-15
[INFO] running `Command { std: "/workspace/cargo-home/bin/cargo" "+beta-2021-10-15" "metadata" "--manifest-path" "Cargo.toml" "--no-deps", kill_on_drop: false }`
[INFO] started tweaking git repo https://github.com/uni-arts-chain/evm-nft-tracker
[INFO] finished tweaking git repo https://github.com/uni-arts-chain/evm-nft-tracker
[INFO] tweaked toml for git repo https://github.com/uni-arts-chain/evm-nft-tracker written to /workspace/builds/worker-67/source/Cargo.toml
[INFO] crate git repo https://github.com/uni-arts-chain/evm-nft-tracker already has a lockfile, it will not be regenerated
[INFO] running `Command { std: "/workspace/cargo-home/bin/cargo" "+beta-2021-10-15" "fetch" "--manifest-path" "Cargo.toml", kill_on_drop: false }`
[INFO] [stderr]     Blocking waiting for file lock on package cache
[INFO] [stderr]     Updating git repository `https://github.com/wuminzhe/rust-web3.git`
[INFO] [stderr]     Blocking waiting for file lock on package cache
[INFO] running `Command { std: "docker" "create" "-v" "/var/lib/crater-agent-workspace/builds/worker-67/target:/opt/rustwide/target:rw,Z" "-v" "/var/lib/crater-agent-workspace/builds/worker-67/source:/opt/rustwide/workdir:ro,Z" "-v" "/var/lib/crater-agent-workspace/cargo-home:/opt/rustwide/cargo-home:ro,Z" "-v" "/var/lib/crater-agent-workspace/rustup-home:/opt/rustwide/rustup-home:ro,Z" "-e" "SOURCE_DIR=/opt/rustwide/workdir" "-e" "CARGO_TARGET_DIR=/opt/rustwide/target" "-e" "CARGO_HOME=/opt/rustwide/cargo-home" "-e" "RUSTUP_HOME=/opt/rustwide/rustup-home" "-w" "/opt/rustwide/workdir" "-m" "1610612736" "--user" "0:0" "--network" "none" "ghcr.io/rust-lang/crates-build-env/linux@sha256:a89201d6b5b9fd45c15d5952ece0a0129e7e80cb26ec023fd59cf09bc26f1604" "/opt/rustwide/cargo-home/bin/cargo" "+beta-2021-10-15" "metadata" "--no-deps" "--format-version=1", kill_on_drop: false }`
[INFO] [stdout] ac6431a098aff5e9c6b2d8cd9b3dcd45ab24b39a736f987c84d5cc3a9c5cec6a
[INFO] running `Command { std: "docker" "start" "-a" "ac6431a098aff5e9c6b2d8cd9b3dcd45ab24b39a736f987c84d5cc3a9c5cec6a", kill_on_drop: false }`
[INFO] running `Command { std: "docker" "inspect" "ac6431a098aff5e9c6b2d8cd9b3dcd45ab24b39a736f987c84d5cc3a9c5cec6a", kill_on_drop: false }`
[INFO] running `Command { std: "docker" "rm" "-f" "ac6431a098aff5e9c6b2d8cd9b3dcd45ab24b39a736f987c84d5cc3a9c5cec6a", kill_on_drop: false }`
[INFO] [stdout] ac6431a098aff5e9c6b2d8cd9b3dcd45ab24b39a736f987c84d5cc3a9c5cec6a
[INFO] running `Command { std: "docker" "create" "-v" "/var/lib/crater-agent-workspace/builds/worker-67/target:/opt/rustwide/target:rw,Z" "-v" "/var/lib/crater-agent-workspace/builds/worker-67/source:/opt/rustwide/workdir:ro,Z" "-v" "/var/lib/crater-agent-workspace/cargo-home:/opt/rustwide/cargo-home:ro,Z" "-v" "/var/lib/crater-agent-workspace/rustup-home:/opt/rustwide/rustup-home:ro,Z" "-e" "SOURCE_DIR=/opt/rustwide/workdir" "-e" "CARGO_TARGET_DIR=/opt/rustwide/target" "-e" "CARGO_INCREMENTAL=0" "-e" "RUST_BACKTRACE=full" "-e" "RUSTFLAGS=--cap-lints=warn" "-e" "CARGO_HOME=/opt/rustwide/cargo-home" "-e" "RUSTUP_HOME=/opt/rustwide/rustup-home" "-w" "/opt/rustwide/workdir" "-m" "1610612736" "--user" "0:0" "--network" "none" "ghcr.io/rust-lang/crates-build-env/linux@sha256:a89201d6b5b9fd45c15d5952ece0a0129e7e80cb26ec023fd59cf09bc26f1604" "/opt/rustwide/cargo-home/bin/cargo" "+beta-2021-10-15" "check" "--frozen" "--all" "--all-targets" "--message-format=json", kill_on_drop: false }`
[INFO] [stdout] 43dfeef20c59194c5bfb3533e2bc6a6ea8d9189ba8d7cb9eabbcdd00d21ec3db
[INFO] running `Command { std: "docker" "start" "-a" "43dfeef20c59194c5bfb3533e2bc6a6ea8d9189ba8d7cb9eabbcdd00d21ec3db", kill_on_drop: false }`
[INFO] [stderr]     Blocking waiting for file lock on package cache
[INFO] [stderr]    Compiling libc v0.2.98
[INFO] [stderr]    Compiling proc-macro2 v1.0.28
[INFO] [stderr]    Compiling syn v1.0.74
[INFO] [stderr]    Compiling serde_derive v1.0.127
[INFO] [stderr]    Compiling serde v1.0.127
[INFO] [stderr]    Compiling log v0.4.14
[INFO] [stderr]     Checking once_cell v1.8.0
[INFO] [stderr]    Compiling cc v1.0.69
[INFO] [stderr]    Compiling futures-core v0.3.16
[INFO] [stderr]    Compiling futures-task v0.3.16
[INFO] [stderr]    Compiling proc-macro-nested v0.1.7
[INFO] [stderr]     Checking futures-sink v0.3.16
[INFO] [stderr]    Compiling futures-channel v0.3.16
[INFO] [stderr]     Checking futures-io v0.3.16
[INFO] [stderr]    Compiling radium v0.6.2
[INFO] [stderr]    Compiling crunchy v0.2.2
[INFO] [stderr]     Checking rustc-hex v2.1.0
[INFO] [stderr]    Compiling serde_json v1.0.66
[INFO] [stderr]     Checking tap v1.0.1
[INFO] [stderr]     Checking funty v1.1.0
[INFO] [stderr]     Checking block-padding v0.2.1
[INFO] [stderr]     Checking wyz v0.2.0
[INFO] [stderr]     Checking byteorder v1.4.3
[INFO] [stderr]     Checking arrayvec v0.7.1
[INFO] [stderr]     Checking byte-slice-cast v1.0.0
[INFO] [stderr]    Compiling tiny-keccak v2.0.2
[INFO] [stderr]     Checking hex v0.4.3
[INFO] [stderr]    Compiling async-trait v0.1.51
[INFO] [stderr]     Checking cpufeatures v0.1.5
[INFO] [stderr]     Checking base64 v0.13.0
[INFO] [stderr]    Compiling anyhow v1.0.42
[INFO] [stderr]     Checking keccak v0.1.0
[INFO] [stderr]    Compiling convert_case v0.4.0
[INFO] [stderr]     Checking regex-syntax v0.6.25
[INFO] [stderr]     Checking futures-timer v3.0.2
[INFO] [stderr]     Checking arrayvec v0.5.2
[INFO] [stderr]     Checking array-bytes v1.3.3
[INFO] [stderr]     Checking fallible-iterator v0.2.0
[INFO] [stderr]     Checking fallible-streaming-iterator v0.1.9
[INFO] [stderr]     Checking dtoa v0.4.8
[INFO] [stderr]     Checking instant v0.1.10
[INFO] [stderr]    Compiling futures-macro v0.3.16
[INFO] [stderr]    Compiling futures-util v0.3.16
[INFO] [stderr]    Compiling tokio v1.9.0
[INFO] [stderr]    Compiling ahash v0.7.4
[INFO] [stderr]     Checking tinyvec v1.3.1
[INFO] [stderr]    Compiling libsqlite3-sys v0.22.2
[INFO] [stderr]    Compiling indexmap v1.7.0
[INFO] [stderr]     Checking tracing v0.1.26
[INFO] [stderr]     Checking http-body v0.4.2
[INFO] [stderr]     Checking aho-corasick v0.7.18
[INFO] [stderr]     Checking combine v4.6.1
[INFO] [stderr]     Checking rlp v0.5.1
[INFO] [stderr]     Checking block-buffer v0.9.0
[INFO] [stderr]     Checking want v0.3.0
[INFO] [stderr]     Checking bitvec v0.20.4
[INFO] [stderr]     Checking impl-rlp v0.3.0
[INFO] [stderr]     Checking uint v0.9.1
[INFO] [stderr]     Checking unicode-normalization v0.1.19
[INFO] [stderr]     Checking regex v1.5.4
[INFO] [stderr]    Compiling quote v1.0.9
[INFO] [stderr]     Checking sha-1 v0.9.7
[INFO] [stderr]     Checking sha3 v0.9.1
[INFO] [stderr]     Checking getrandom v0.2.3
[INFO] [stderr]     Checking parking_lot_core v0.8.3
[INFO] [stderr]     Checking mio v0.7.13
[INFO] [stderr]     Checking num_cpus v1.13.0
[INFO] [stderr]     Checking signal-hook-registry v1.4.0
[INFO] [stderr]     Checking socket2 v0.4.1
[INFO] [stderr]     Checking time v0.1.43
[INFO] [stderr]     Checking atty v0.2.14
[INFO] [stderr]     Checking dirs-sys v0.3.6
[INFO] [stderr]     Checking dirs-sys-next v0.1.2
[INFO] [stderr]    Compiling openssl-sys v0.9.65
[INFO] [stderr]    Compiling secp256k1-sys v0.4.1
[INFO] [stderr]     Checking parking_lot v0.11.1
[INFO] [stderr]     Checking directories-next v2.0.0
[INFO] [stderr]     Checking directories v2.0.2
[INFO] [stderr]     Checking rand_core v0.6.3
[INFO] [stderr]     Checking headers v0.3.4
[INFO] [stderr]     Checking idna v0.2.3
[INFO] [stderr]     Checking env_logger v0.8.4
[INFO] [stderr]     Checking rand_chacha v0.3.1
[INFO] [stderr]     Checking scheduled-thread-pool v0.2.5
[INFO] [stderr]     Checking hashbrown v0.11.2
[INFO] [stderr]     Checking r2d2 v0.8.9
[INFO] [stderr]     Checking rand v0.8.4
[INFO] [stderr]    Compiling openssl v0.10.35
[INFO] [stderr]    Compiling native-tls v0.2.7
[INFO] [stderr]     Checking url v2.2.2
[INFO] [stderr]     Checking hashlink v0.7.0
[INFO] [stderr]     Checking rusqlite v0.25.3
[INFO] [stderr]     Checking fixed-hash v0.7.0
[INFO] [stderr]     Checking secp256k1 v0.20.3
[INFO] [stderr]    Compiling thiserror-impl v1.0.26
[INFO] [stderr]    Compiling tokio-macros v1.3.0
[INFO] [stderr]    Compiling impl-trait-for-tuples v0.2.1
[INFO] [stderr]    Compiling pin-project-internal v1.0.8
[INFO] [stderr]    Compiling derive_more v0.99.16
[INFO] [stderr]    Compiling thiserror v1.0.26
[INFO] [stderr]     Checking redis v0.20.2
[INFO] [stderr]     Checking pin-project v1.0.8
[INFO] [stderr]     Checking tokio-util v0.6.7
[INFO] [stderr]     Checking tokio-native-tls v0.3.0
[INFO] [stderr]     Checking web3-async-native-tls v0.4.0
[INFO] [stderr]     Checking tokio-stream v0.1.7
[INFO] [stderr]     Checking futures-executor v0.3.16
[INFO] [stderr]     Checking futures v0.3.16
[INFO] [stderr]     Checking r2d2_redis v0.14.0
[INFO] [stderr]     Checking h2 v0.3.3
[INFO] [stderr]     Checking soketto v0.5.0
[INFO] [stderr]     Checking hyper v0.14.11
[INFO] [stderr]     Checking impl-serde v0.3.1
[INFO] [stderr]     Checking serde_urlencoded v0.7.0
[INFO] [stderr]     Checking toml v0.5.8
[INFO] [stderr]     Checking ethbloom v0.11.0
[INFO] [stderr]     Checking jsonrpc-core v17.1.0
[INFO] [stderr]     Checking sidekiq v0.9.1
[INFO] [stderr]     Checking confy v0.4.0
[INFO] [stderr]    Compiling proc-macro-crate v1.0.0
[INFO] [stderr]    Compiling parity-scale-codec-derive v2.2.0
[INFO] [stderr]     Checking hyper-tls v0.5.0
[INFO] [stderr]     Checking reqwest v0.11.4
[INFO] [stderr]     Checking parity-scale-codec v2.2.0
[INFO] [stderr]     Checking impl-codec v0.5.1
[INFO] [stderr]     Checking primitive-types v0.9.1
[INFO] [stderr]     Checking ethereum-types v0.11.0
[INFO] [stderr]     Checking ethabi v14.1.0
[INFO] [stderr]     Checking web3 v0.16.0 (https://github.com/wuminzhe/rust-web3.git?branch=master#b03cf9d1)
[INFO] [stderr]     Checking nft-events v0.1.0 (/opt/rustwide/workdir/libs/nft-events)
[INFO] [stdout] error[E0554]: `#![feature]` may not be used on the beta release channel
[INFO] [stdout]  --> libs/nft-events/src/lib.rs:1:1
[INFO] [stdout]   |
[INFO] [stdout] 1 | #![feature(backtrace)]
[INFO] [stdout]   | ^^^^^^^^^^^^^^^^^^^^^^
[INFO] [stdout] 
[INFO] [stdout] 
[INFO] [stdout] warning: unused import: `jsonrpc_core::error`
[INFO] [stdout]  --> libs/nft-events/src/events_helper.rs:3:5
[INFO] [stdout]   |
[INFO] [stdout] 3 | use jsonrpc_core::error;
[INFO] [stdout]   |     ^^^^^^^^^^^^^^^^^^^
[INFO] [stdout]   |
[INFO] [stdout]   = note: `#[warn(unused_imports)]` on by default
[INFO] [stdout] 
[INFO] [stdout] 
[INFO] [stdout] warning: unused import: `error::Error`
[INFO] [stdout]  --> libs/nft-events/src/tracker.rs:2:11
[INFO] [stdout]   |
[INFO] [stdout] 2 | use std::{error::Error, time::Duration};
[INFO] [stdout]   |           ^^^^^^^^^^^^
[INFO] [stdout] 
[INFO] [stdout] 
[INFO] [stdout] error[E0554]: `#![feature]` may not be used on the beta release channel
[INFO] [stdout]  --> libs/nft-events/src/lib.rs:1:1
[INFO] [stdout]   |
[INFO] [stdout] 1 | #![feature(backtrace)]
[INFO] [stdout]   | ^^^^^^^^^^^^^^^^^^^^^^
[INFO] [stdout] 
[INFO] [stdout] 
[INFO] [stdout] warning: unused import: `jsonrpc_core::error`
[INFO] [stdout]  --> libs/nft-events/src/events_helper.rs:3:5
[INFO] [stdout]   |
[INFO] [stdout] 3 | use jsonrpc_core::error;
[INFO] [stdout]   |     ^^^^^^^^^^^^^^^^^^^
[INFO] [stdout]   |
[INFO] [stdout]   = note: `#[warn(unused_imports)]` on by default
[INFO] [stdout] 
[INFO] [stdout] 
[INFO] [stdout] warning: unused import: `error::Error`
[INFO] [stdout]  --> libs/nft-events/src/tracker.rs:2:11
[INFO] [stdout]   |
[INFO] [stdout] 2 | use std::{error::Error, time::Duration};
[INFO] [stdout]   |           ^^^^^^^^^^^^
[INFO] [stdout] 
[INFO] [stdout] 
[INFO] [stdout] error: aborting due to previous error; 2 warnings emitted
[INFO] [stdout] 
[INFO] [stdout] 
[INFO] [stdout] For more information about this error, try `rustc --explain E0554`.
[INFO] [stdout] 
[INFO] [stderr] error: could not compile `nft-events` due to 2 previous errors; 2 warnings emitted
[INFO] [stderr] warning: build failed, waiting for other jobs to finish...
[INFO] [stdout] error[E0599]: no method named `is_visual_erc1155` found for struct `evm_client::EvmClient` in the current scope
[INFO] [stdout]    --> libs/nft-events/src/evm_client.rs:294:33
[INFO] [stdout]     |
[INFO] [stdout] 14  | pub struct EvmClient {
[INFO] [stdout]     | -------------------- method `is_visual_erc1155` not found for this
[INFO] [stdout] ...
[INFO] [stdout] 294 |         assert_eq!(true, client.is_visual_erc1155(address).await.unwrap());
[INFO] [stdout]     |                                 ^^^^^^^^^^^^^^^^^ method not found in `evm_client::EvmClient`
[INFO] [stdout] 
[INFO] [stdout] 
[INFO] [stdout] error[E0599]: no method named `is_visual_erc1155` found for struct `evm_client::EvmClient` in the current scope
[INFO] [stdout]    --> libs/nft-events/src/evm_client.rs:298:34
[INFO] [stdout]     |
[INFO] [stdout] 14  | pub struct EvmClient {
[INFO] [stdout]     | -------------------- method `is_visual_erc1155` not found for this
[INFO] [stdout] ...
[INFO] [stdout] 298 |         assert_eq!(false, client.is_visual_erc1155(address).await.unwrap());
[INFO] [stdout]     |                                  ^^^^^^^^^^^^^^^^^ method not found in `evm_client::EvmClient`
[INFO] [stdout] 
[INFO] [stdout] 
[INFO] [stdout] error[E0599]: no method named `is_visual_erc1155` found for struct `evm_client::EvmClient` in the current scope
[INFO] [stdout]    --> libs/nft-events/src/evm_client.rs:302:34
[INFO] [stdout]     |
[INFO] [stdout] 14  | pub struct EvmClient {
[INFO] [stdout]     | -------------------- method `is_visual_erc1155` not found for this
[INFO] [stdout] ...
[INFO] [stdout] 302 |         assert_eq!(false, client.is_visual_erc1155(address).await.unwrap());
[INFO] [stdout]     |                                  ^^^^^^^^^^^^^^^^^ method not found in `evm_client::EvmClient`
[INFO] [stdout] 
[INFO] [stdout] 
[INFO] [stdout] error[E0599]: no method named `is_visual_erc1155` found for struct `evm_client::EvmClient` in the current scope
[INFO] [stdout]    --> libs/nft-events/src/evm_client.rs:306:34
[INFO] [stdout]     |
[INFO] [stdout] 14  | pub struct EvmClient {
[INFO] [stdout]     | -------------------- method `is_visual_erc1155` not found for this
[INFO] [stdout] ...
[INFO] [stdout] 306 |         assert_eq!(false, client.is_visual_erc1155(address).await.unwrap());
[INFO] [stdout]     |                                  ^^^^^^^^^^^^^^^^^ method not found in `evm_client::EvmClient`
[INFO] [stdout] 
[INFO] [stdout] 
[INFO] [stdout] error[E0599]: no method named `is_visual_erc1155` found for struct `evm_client::EvmClient` in the current scope
[INFO] [stdout]    --> libs/nft-events/src/evm_client.rs:315:34
[INFO] [stdout]     |
[INFO] [stdout] 14  | pub struct EvmClient {
[INFO] [stdout]     | -------------------- method `is_visual_erc1155` not found for this
[INFO] [stdout] ...
[INFO] [stdout] 315 |         assert_eq!(false, client.is_visual_erc1155(address).await.unwrap());
[INFO] [stdout]     |                                  ^^^^^^^^^^^^^^^^^ method not found in `evm_client::EvmClient`
[INFO] [stdout] 
[INFO] [stdout] 
[INFO] [stdout] error[E0599]: no method named `get_erc721_metadata` found for struct `evm_client::EvmClient` in the current scope
[INFO] [stdout]    --> libs/nft-events/src/evm_client.rs:326:14
[INFO] [stdout]     |
[INFO] [stdout] 14  | pub struct EvmClient {
[INFO] [stdout]     | -------------------- method `get_erc721_metadata` not found for this
[INFO] [stdout] ...
[INFO] [stdout] 326 |             .get_erc721_metadata(&address, &token_id)
[INFO] [stdout]     |              ^^^^^^^^^^^^^^^^^^^ method not found in `evm_client::EvmClient`
[INFO] [stdout] 
[INFO] [stdout] 
[INFO] [stdout] error[E0599]: no method named `unwrap` found for struct `std::string::String` in the current scope
[INFO] [stdout]    --> libs/nft-events/src/evm_client.rs:405:14
[INFO] [stdout]     |
[INFO] [stdout] 405 |             .unwrap();
[INFO] [stdout]     |              ^^^^^^ method not found in `std::string::String`
[INFO] [stdout] 
[INFO] [stdout] 
[INFO] [stdout] error[E0599]: no method named `get_erc721_total_supply` found for struct `evm_client::EvmClient` in the current scope
[INFO] [stdout]    --> libs/nft-events/src/evm_client.rs:416:14
[INFO] [stdout]     |
[INFO] [stdout] 14  | pub struct EvmClient {
[INFO] [stdout]     | -------------------- method `get_erc721_total_supply` not found for this
[INFO] [stdout] ...
[INFO] [stdout] 416 |             .get_erc721_total_supply(&address, None)
[INFO] [stdout]     |              ^^^^^^^^^^^^^^^^^^^^^^^ method not found in `evm_client::EvmClient`
[INFO] [stdout] 
[INFO] [stdout] 
[INFO] [stdout] error[E0308]: mismatched types
[INFO] [stdout]    --> libs/nft-events/src/evm_client.rs:437:9
[INFO] [stdout]     |
[INFO] [stdout] 437 |         assert_eq!(None, token_uri);
[INFO] [stdout]     |         ^^^^^^^^^^^^^^^^^^^^^^^^^^^^ expected enum `std::option::Option`, found struct `std::string::String`
[INFO] [stdout]     |
[INFO] [stdout]     = note: expected enum `std::option::Option<_>`
[INFO] [stdout]              found struct `std::string::String`
[INFO] [stdout]     = note: this error originates in the macro `assert_eq` (in Nightly builds, run with -Z macro-backtrace for more info)
[INFO] [stdout] 
[INFO] [stdout] 
[INFO] [stdout] error: aborting due to 10 previous errors; 2 warnings emitted
[INFO] [stdout] 
[INFO] [stdout] 
[INFO] [stdout] Some errors have detailed explanations: E0308, E0554, E0599.
[INFO] [stdout] 
[INFO] [stdout] For more information about an error, try `rustc --explain E0308`.
[INFO] [stdout] 
[INFO] [stderr] error: build failed
[INFO] running `Command { std: "docker" "inspect" "43dfeef20c59194c5bfb3533e2bc6a6ea8d9189ba8d7cb9eabbcdd00d21ec3db", kill_on_drop: false }`
[INFO] running `Command { std: "docker" "rm" "-f" "43dfeef20c59194c5bfb3533e2bc6a6ea8d9189ba8d7cb9eabbcdd00d21ec3db", kill_on_drop: false }`
[INFO] [stdout] 43dfeef20c59194c5bfb3533e2bc6a6ea8d9189ba8d7cb9eabbcdd00d21ec3db
