[INFO] cloning repository https://github.com/turnetwork/turing-node
[INFO] running `Command { std: "git" "-c" "credential.helper=" "-c" "credential.helper=/workspace/cargo-home/bin/git-credential-null" "clone" "--bare" "https://github.com/turnetwork/turing-node" "/workspace/cache/git-repos/https%3A%2F%2Fgithub.com%2Fturnetwork%2Fturing-node", kill_on_drop: false }`
[INFO] [stderr] Cloning into bare repository '/workspace/cache/git-repos/https%3A%2F%2Fgithub.com%2Fturnetwork%2Fturing-node'...
[INFO] running `Command { std: "git" "rev-parse" "HEAD", kill_on_drop: false }`
[INFO] [stdout] e54cc7ff42effbf4fd247c6a6fe70276cf3da3a8
[INFO] checking turnetwork/turing-node against 1.55.0 for beta-1.56-3
[INFO] running `Command { std: "git" "clone" "/workspace/cache/git-repos/https%3A%2F%2Fgithub.com%2Fturnetwork%2Fturing-node" "/workspace/builds/worker-10/source", kill_on_drop: false }`
[INFO] [stderr] Cloning into '/workspace/builds/worker-10/source'...
[INFO] [stderr] done.
[INFO] validating manifest of git repo https://github.com/turnetwork/turing-node on toolchain 1.55.0
[INFO] running `Command { std: "/workspace/cargo-home/bin/cargo" "+1.55.0" "metadata" "--manifest-path" "Cargo.toml" "--no-deps", kill_on_drop: false }`
[INFO] started tweaking git repo https://github.com/turnetwork/turing-node
[INFO] finished tweaking git repo https://github.com/turnetwork/turing-node
[INFO] tweaked toml for git repo https://github.com/turnetwork/turing-node written to /workspace/builds/worker-10/source/Cargo.toml
[INFO] crate git repo https://github.com/turnetwork/turing-node already has a lockfile, it will not be regenerated
[INFO] running `Command { std: "/workspace/cargo-home/bin/cargo" "+1.55.0" "fetch" "--manifest-path" "Cargo.toml", kill_on_drop: false }`
[INFO] [stderr]     Blocking waiting for file lock on package cache
[INFO] [stderr]  Downloading crates ...
[INFO] [stderr]   Downloaded heapsize v0.4.2
[INFO] [stderr]   Downloaded backtrace v0.3.32
[INFO] [stderr]   Downloaded cc v1.0.26
[INFO] [stderr]   Downloaded get_if_addrs v0.5.3
[INFO] [stderr]   Downloaded once_cell v0.1.8
[INFO] [stderr]   Downloaded parity-codec-derive v3.3.0
[INFO] [stderr]   Downloaded parity-wasm v0.31.3
[INFO] [stderr]   Downloaded toml v0.5.1
[INFO] [stderr]   Downloaded wasm-bindgen-shared v0.2.47
[INFO] [stderr]   Downloaded data-encoding v2.1.2
[INFO] [stderr]   Downloaded unsigned-varint v0.2.2
[INFO] [stderr]   Downloaded quick-error v0.1.4
[INFO] [stderr]   Downloaded tokio-tls v0.2.1
[INFO] [stderr]   Downloaded getrandom v0.1.6
[INFO] [stderr]   Downloaded nohash-hasher v0.1.1
[INFO] [stderr]   Downloaded parity-multiaddr v0.4.1
[INFO] [stderr]   Downloaded wasm-bindgen-webidl v0.2.47
[INFO] [stderr]   Downloaded termcolor v1.0.5
[INFO] [stderr]   Downloaded hashbrown v0.1.8
[INFO] [stderr]   Downloaded aio-limited v0.1.0
[INFO] [stderr]   Downloaded aes-soft v0.3.3
[INFO] [stderr]   Downloaded rand_chacha v0.2.0
[INFO] [stderr]   Downloaded parity-util-mem v0.1.0
[INFO] [stderr]   Downloaded rustc-hex v2.0.1
[INFO] [stderr]   Downloaded hash-db v0.12.4
[INFO] [stderr]   Downloaded malloc_size_of_derive v0.1.0
[INFO] [stderr]   Downloaded impl-codec v0.2.0
[INFO] [stderr]   Downloaded aes v0.3.2
[INFO] [stderr]   Downloaded crunchy v0.1.6
[INFO] [stderr]   Downloaded yamux v0.2.1
[INFO] [stderr]   Downloaded trie-db v0.12.4
[INFO] [stderr]   Downloaded libloading v0.5.1
[INFO] [stderr]   Downloaded structopt-derive v0.2.18
[INFO] [stderr]   Downloaded doc-comment v0.3.1
[INFO] [stderr]   Downloaded proc-macro-hack-impl v0.4.1
[INFO] [stderr]   Downloaded structopt v0.2.18
[INFO] [stderr]   Downloaded exit-future v0.1.4
[INFO] [stderr]   Downloaded send_wrapper v0.2.0
[INFO] [stderr]   Downloaded fdlimit v0.1.1
[INFO] [stderr]   Downloaded ctrlc v3.1.3
[INFO] [stderr]   Downloaded interleaved-ordered v0.1.1
[INFO] [stderr]   Downloaded cexpr v0.3.5
[INFO] [stderr]   Downloaded linked_hash_set v0.1.3
[INFO] [stderr]   Downloaded unicase v2.4.0
[INFO] [stderr]   Downloaded jsonrpc-server-utils v10.1.0
[INFO] [stderr]   Downloaded http v0.1.17
[INFO] [stderr]   Downloaded digest v0.7.6
[INFO] [stderr]   Downloaded cuckoofilter v0.3.2
[INFO] [stderr]   Downloaded js-sys v0.3.24
[INFO] [stderr]   Downloaded serde v1.0.94
[INFO] [stderr]   Downloaded block-buffer v0.3.3
[INFO] [stderr]   Downloaded sha2 v0.7.1
[INFO] [stderr]   Downloaded bindgen v0.47.3
[INFO] [stderr]   Downloaded h2 v0.1.25
[INFO] [stderr]   Downloaded hmac v0.6.3
[INFO] [stderr]   Downloaded paste-impl v0.1.5
[INFO] [stderr]   Downloaded jsonrpc-ws-server v10.1.0
[INFO] [stderr]   Downloaded asn1_der v0.6.2
[INFO] [stderr]   Downloaded regex-syntax v0.6.7
[INFO] [stderr]   Downloaded tk-listen v0.2.1
[INFO] [stderr]   Downloaded strum v0.14.0
[INFO] [stderr]   Downloaded pbkdf2 v0.2.3
[INFO] [stderr]   Downloaded strum_macros v0.14.0
[INFO] [stderr]   Downloaded curve25519-dalek v1.2.1
[INFO] [stderr]   Downloaded proc-macro-hack v0.4.1
[INFO] [stderr]   Downloaded libsecp256k1 v0.2.2
[INFO] [stderr]   Downloaded snow v0.5.2
[INFO] [stderr]   Downloaded tiny-keccak v1.5.0
[INFO] [stderr]   Downloaded clang-sys v0.26.4
[INFO] [stderr]   Downloaded vergen v3.0.4
[INFO] [stderr]   Downloaded crypto-mac v0.6.2
[INFO] [stderr]   Downloaded libp2p-mplex v0.7.0
[INFO] [stderr]   Downloaded static_slice v0.0.3
[INFO] [stderr]   Downloaded fs-swap v0.2.4
[INFO] [stderr]   Downloaded pwasm-utils v0.6.2
[INFO] [stderr]   Downloaded ripemd160 v0.8.0
[INFO] [stderr]   Downloaded libp2p-ping v0.7.0
[INFO] [stderr]   Downloaded bstr v0.2.1
[INFO] [stderr]   Downloaded rocksdb v0.11.0
[INFO] [stderr]   Downloaded scrypt v0.1.2
[INFO] [stderr]   Downloaded termion v1.5.3
[INFO] [stderr]   Downloaded jsonrpc-derive v10.1.0
[INFO] [stderr]   Downloaded finality-grandpa v0.6.0
[INFO] [stderr]   Downloaded parity-codec v3.5.4
[INFO] [stderr]   Downloaded ed25519-dalek v1.0.0-pre.1
[INFO] [stderr]   Downloaded libp2p-websocket v0.7.0
[INFO] [stderr]   Downloaded libp2p-core-derive v0.7.0
[INFO] [stderr]   Downloaded crossbeam-deque v0.6.3
[INFO] [stderr]   Downloaded wasmi v0.4.5
[INFO] [stderr]   Downloaded parity-crypto v0.3.1
[INFO] [stderr]   Downloaded rand_core v0.5.0
[INFO] [stderr]   Downloaded bitmask v0.5.0
[INFO] [stderr]   Downloaded protobuf v2.6.2
[INFO] [stderr]   Downloaded parity-ws v0.8.0
[INFO] [stderr]   Downloaded serde_derive v1.0.94
[INFO] [stderr]   Downloaded elastic-array v0.10.2
[INFO] [stderr]   Downloaded hex-literal-impl v0.1.2
[INFO] [stderr]   Downloaded static_assertions v0.2.5
[INFO] [stderr]   Downloaded sha2 v0.6.0
[INFO] [stderr]   Downloaded openssl-sys v0.9.47
[INFO] [stderr]   Downloaded schnorrkel v0.1.1
[INFO] [stderr]   Downloaded environmental v1.0.1
[INFO] [stderr]   Downloaded constant_time_eq v0.1.3
[INFO] [stderr]   Downloaded wasm-bindgen-macro v0.2.47
[INFO] [stderr]   Downloaded weedle v0.9.0
[INFO] [stderr]   Downloaded primitive-types v0.2.4
[INFO] [stderr]   Downloaded libp2p-uds v0.7.0
[INFO] [stderr]   Downloaded uint v0.7.1
[INFO] [stderr]   Downloaded libp2p-tcp v0.7.2
[INFO] [stderr]   Downloaded utf8-ranges v1.0.3
[INFO] [stderr]   Downloaded libp2p-yamux v0.7.0
[INFO] [stderr]   Downloaded hmac v0.4.2
[INFO] [stderr]   Downloaded tokio-trace-core v0.2.0
[INFO] [stderr]   Downloaded libp2p-ratelimit v0.7.0
[INFO] [stderr]   Downloaded chrono v0.4.7
[INFO] [stderr]   Downloaded arrayref v0.3.5
[INFO] [stderr]   Downloaded libp2p-floodsub v0.7.0
[INFO] [stderr]   Downloaded hmac v0.7.0
[INFO] [stderr]   Downloaded libp2p-noise v0.5.0
[INFO] [stderr]   Downloaded hyper v0.12.31
[INFO] [stderr]   Downloaded twofish v0.2.0
[INFO] [stderr]   Downloaded crossbeam-channel v0.3.8
[INFO] [stderr]   Downloaded backtrace-sys v0.1.30
[INFO] [stderr]   Downloaded stream-cipher v0.3.0
[INFO] [stderr]   Downloaded asn1_der_derive v0.1.1
[INFO] [stderr]   Downloaded libp2p-plaintext v0.7.0
[INFO] [stderr]   Downloaded fixed-hash v0.3.2
[INFO] [stderr]   Downloaded zeroize v0.5.2
[INFO] [stderr]   Downloaded ring v0.14.6
[INFO] [stderr]   Downloaded crossbeam v0.6.0
[INFO] [stderr]   Downloaded trie-root v0.12.4
[INFO] [stderr]   Downloaded libp2p v0.7.0
[INFO] [stderr]   Downloaded openssl v0.10.23
[INFO] [stderr]   Downloaded jsonrpc-pubsub v10.1.0
[INFO] [stderr]   Downloaded libp2p-secio v0.7.0
[INFO] [stderr]   Downloaded proc-macro-hack v0.5.7
[INFO] [stderr]   Downloaded libp2p-mdns v0.7.0
[INFO] [stderr]   Downloaded integer-sqrt v0.1.2
[INFO] [stderr]   Downloaded ctr v0.3.2
[INFO] [stderr]   Downloaded multistream-select v0.4.0
[INFO] [stderr]   Downloaded tokio-dns-unofficial v0.4.0
[INFO] [stderr]   Downloaded memory-db v0.12.4
[INFO] [stderr]   Downloaded aesni v0.6.0
[INFO] [stderr]   Downloaded libp2p-core v0.7.1
[INFO] [stderr]   Downloaded sha2 v0.8.0
[INFO] [stderr]   Downloaded rayon v1.1.0
[INFO] [stderr]   Downloaded libp2p-identify v0.7.0
[INFO] [stderr]   Downloaded secp256k1 v0.12.2
[INFO] [stderr]   Downloaded rw-stream-sink v0.1.2
[INFO] [stderr]   Downloaded sha3 v0.8.2
[INFO] [stderr]   Downloaded jsonrpc-http-server v10.1.0
[INFO] [stderr]   Downloaded libp2p-dns v0.7.0
[INFO] [stderr]   Downloaded wasm-bindgen v0.2.47
[INFO] [stderr]   Downloaded rayon-core v1.5.0
[INFO] [stderr]   Downloaded libp2p-kad v0.7.0
[INFO] [stderr]   Downloaded tokio v0.1.21
[INFO] [stderr]   Downloaded regex v1.1.7
[INFO] [stderr]   Downloaded slog-json v2.3.0
[INFO] [stderr]   Downloaded twox-hash v1.4.1
[INFO] [stderr]   Downloaded rustc-demangle v0.1.15
[INFO] [stderr]   Downloaded get_if_addrs-sys v0.1.1
[INFO] [stderr]   Downloaded impl-serde v0.1.1
[INFO] [stderr]   Downloaded globset v0.4.4
[INFO] [stderr]   Downloaded crypto-mac v0.4.0
[INFO] [stderr]   Downloaded safe-mix v1.0.0
[INFO] [stderr]   Downloaded hmac-drbg v0.1.2
[INFO] [stderr]   Downloaded block-buffer v0.2.0
[INFO] [stderr]   Downloaded target_info v0.1.0
[INFO] [stderr]   Downloaded paste v0.1.5
[INFO] [stderr]   Downloaded x25519-dalek v0.5.2
[INFO] [stderr]   Downloaded block-cipher-trait v0.6.2
[INFO] [stderr]   Downloaded web-sys v0.3.24
[INFO] [stderr]   Downloaded sysinfo v0.8.6
[INFO] [stderr]   Downloaded impl-serde v0.2.0
[INFO] [stderr]   Downloaded bigint v4.4.1
[INFO] [stderr]   Downloaded wasm-bindgen-futures v0.3.24
[INFO] [stderr]   Downloaded jsonrpc-core v10.1.0
[INFO] [stderr]   Downloaded c_linked_list v1.1.1
[INFO] [stderr]   Downloaded block-modes v0.3.3
[INFO] [stderr]   Downloaded slog-scope v4.1.1
[INFO] [stderr]   Downloaded hashmap_core v0.1.10
[INFO] [stderr]   Downloaded digest v0.6.2
[INFO] [stderr]   Downloaded hash256-std-hasher v0.12.4
[INFO] [stderr]   Downloaded subtle v2.1.0
[INFO] [stderr]   Downloaded merlin v1.1.0
[INFO] [stderr]   Downloaded aes-ctr v0.3.0
[INFO] [stderr]   Downloaded bs58 v0.2.2
[INFO] [stderr]   Downloaded wasm-bindgen-backend v0.2.47
[INFO] [stderr]   Downloaded clear_on_drop v0.2.3
[INFO] [stderr]   Downloaded parity-multihash v0.1.2
[INFO] [stderr]   Downloaded bumpalo v2.4.3
[INFO] [stderr]   Downloaded websocket v0.22.4
[INFO] [stderr]   Downloaded blake2 v0.8.0
[INFO] [stderr]   Downloaded aho-corasick v0.7.3
[INFO] [stderr]   Downloaded wasm-bindgen-macro-support v0.2.47
[INFO] [stderr]   Downloaded hex-literal v0.1.4
[INFO] [stderr]   Downloaded wasmi-validation v0.1.0
[INFO] [stderr]   Downloaded tiny-bip39 v0.6.2
[INFO] [stderr]   Downloaded syn v0.15.39
[INFO] [stderr]   Downloaded librocksdb-sys v5.18.3
[INFO] running `Command { std: "docker" "create" "-v" "/var/lib/crater-agent-workspace/builds/worker-10/target:/opt/rustwide/target:rw,Z" "-v" "/var/lib/crater-agent-workspace/builds/worker-10/source:/opt/rustwide/workdir:ro,Z" "-v" "/var/lib/crater-agent-workspace/cargo-home:/opt/rustwide/cargo-home:ro,Z" "-v" "/var/lib/crater-agent-workspace/rustup-home:/opt/rustwide/rustup-home:ro,Z" "-e" "SOURCE_DIR=/opt/rustwide/workdir" "-e" "CARGO_TARGET_DIR=/opt/rustwide/target" "-e" "CARGO_HOME=/opt/rustwide/cargo-home" "-e" "RUSTUP_HOME=/opt/rustwide/rustup-home" "-w" "/opt/rustwide/workdir" "-m" "1610612736" "--user" "0:0" "--network" "none" "ghcr.io/rust-lang/crates-build-env/linux@sha256:a89201d6b5b9fd45c15d5952ece0a0129e7e80cb26ec023fd59cf09bc26f1604" "/opt/rustwide/cargo-home/bin/cargo" "+1.55.0" "metadata" "--no-deps" "--format-version=1", kill_on_drop: false }`
[INFO] [stdout] 65499379a904ec43f710806b6cc71efae908842bb56dbcd03854d3b9cb165e98
[INFO] [stderr] WARNING: Your kernel does not support swap limit capabilities or the cgroup is not mounted. Memory limited without swap.
[INFO] running `Command { std: "docker" "start" "-a" "65499379a904ec43f710806b6cc71efae908842bb56dbcd03854d3b9cb165e98", kill_on_drop: false }`
[INFO] running `Command { std: "docker" "inspect" "65499379a904ec43f710806b6cc71efae908842bb56dbcd03854d3b9cb165e98", kill_on_drop: false }`
[INFO] running `Command { std: "docker" "rm" "-f" "65499379a904ec43f710806b6cc71efae908842bb56dbcd03854d3b9cb165e98", kill_on_drop: false }`
[INFO] [stdout] 65499379a904ec43f710806b6cc71efae908842bb56dbcd03854d3b9cb165e98
[INFO] running `Command { std: "docker" "create" "-v" "/var/lib/crater-agent-workspace/builds/worker-10/target:/opt/rustwide/target:rw,Z" "-v" "/var/lib/crater-agent-workspace/builds/worker-10/source:/opt/rustwide/workdir:ro,Z" "-v" "/var/lib/crater-agent-workspace/cargo-home:/opt/rustwide/cargo-home:ro,Z" "-v" "/var/lib/crater-agent-workspace/rustup-home:/opt/rustwide/rustup-home:ro,Z" "-e" "SOURCE_DIR=/opt/rustwide/workdir" "-e" "CARGO_TARGET_DIR=/opt/rustwide/target" "-e" "CARGO_INCREMENTAL=0" "-e" "RUST_BACKTRACE=full" "-e" "RUSTFLAGS=--cap-lints=warn" "-e" "CARGO_HOME=/opt/rustwide/cargo-home" "-e" "RUSTUP_HOME=/opt/rustwide/rustup-home" "-w" "/opt/rustwide/workdir" "-m" "1610612736" "--user" "0:0" "--network" "none" "ghcr.io/rust-lang/crates-build-env/linux@sha256:a89201d6b5b9fd45c15d5952ece0a0129e7e80cb26ec023fd59cf09bc26f1604" "/opt/rustwide/cargo-home/bin/cargo" "+1.55.0" "check" "--frozen" "--all" "--all-targets" "--message-format=json", kill_on_drop: false }`
[INFO] [stdout] 3b435293fd5c62c5411825e78a20b287f545f49f14ffc6ffefd505a799f629b4
[INFO] [stderr] WARNING: Your kernel does not support swap limit capabilities or the cgroup is not mounted. Memory limited without swap.
[INFO] running `Command { std: "docker" "start" "-a" "3b435293fd5c62c5411825e78a20b287f545f49f14ffc6ffefd505a799f629b4", kill_on_drop: false }`
[INFO] [stderr]     Blocking waiting for file lock on package cache
[INFO] [stderr]    Compiling libc v0.2.58
[INFO] [stderr]    Compiling arrayvec v0.4.10
[INFO] [stderr]    Compiling byteorder v1.3.2
[INFO] [stderr]     Checking cfg-if v0.1.9
[INFO] [stderr]    Compiling spin v0.5.0
[INFO] [stderr]    Compiling nodrop v0.1.13
[INFO] [stderr]    Compiling rayon-core v1.5.0
[INFO] [stderr]    Compiling scopeguard v0.3.3
[INFO] [stderr]    Compiling autocfg v0.1.4
[INFO] [stderr]    Compiling memoffset v0.2.1
[INFO] [stderr]    Compiling proc-macro2 v0.4.30
[INFO] [stderr]    Compiling unicode-xid v0.1.0
[INFO] [stderr]    Compiling either v1.5.2
[INFO] [stderr]    Compiling syn v0.15.39
[INFO] [stderr]     Checking rand_core v0.4.0
[INFO] [stderr]    Compiling typenum v1.10.0
[INFO] [stderr]    Compiling semver-parser v0.7.0
[INFO] [stderr]     Checking smallvec v0.6.10
[INFO] [stderr]     Checking stable_deref_trait v1.1.1
[INFO] [stderr]    Compiling serde v1.0.94
[INFO] [stderr]    Compiling failure_derive v0.1.5
[INFO] [stderr]     Checking byte-tools v0.3.1
[INFO] [stderr]     Checking opaque-debug v0.2.2
[INFO] [stderr]     Checking fake-simd v0.1.2
[INFO] [stderr]     Checking rustc-demangle v0.1.15
[INFO] [stderr]     Checking subtle v1.0.0
[INFO] [stderr]     Checking futures v0.1.28
[INFO] [stderr]    Compiling subtle v2.1.0
[INFO] [stderr]     Checking keccak v0.1.0
[INFO] [stderr]    Compiling memchr v2.2.0
[INFO] [stderr]     Checking untrusted v0.6.2
[INFO] [stderr]     Checking arrayref v0.3.5
[INFO] [stderr]    Compiling regex v1.1.7
[INFO] [stderr]     Checking slab v0.4.2
[INFO] [stderr]     Checking constant_time_eq v0.1.3
[INFO] [stderr]    Compiling heapsize v0.4.2
[INFO] [stderr]     Checking ucd-util v0.1.3
[INFO] [stderr]     Checking utf8-ranges v1.0.3
[INFO] [stderr]    Compiling crunchy v0.2.2
[INFO] [stderr]     Checking fnv v1.0.6
[INFO] [stderr]     Checking rustc-hex v2.0.1
[INFO] [stderr]    Compiling proc-macro-hack-impl v0.4.1
[INFO] [stderr]     Checking hash-db v0.12.4
[INFO] [stderr]     Checking static_assertions v0.2.5
[INFO] [stderr]    Compiling version_check v0.1.5
[INFO] [stderr]     Checking memory_units v0.3.0
[INFO] [stderr]     Checking base58 v0.1.0
[INFO] [stderr]     Checking hex v0.3.2
[INFO] [stderr]     Checking byte-tools v0.2.0
[INFO] [stderr]     Checking matches v0.1.8
[INFO] [stderr]     Checking percent-encoding v1.0.1
[INFO] [stderr]    Compiling bitflags v1.1.0
[INFO] [stderr]     Checking hashmap_core v0.1.10
[INFO] [stderr]     Checking quick-error v1.2.2
[INFO] [stderr]     Checking environmental v1.0.1
[INFO] [stderr]    Compiling protobuf v2.6.2
[INFO] [stderr]     Checking integer-sqrt v0.1.2
[INFO] [stderr]     Checking void v1.0.2
[INFO] [stderr]     Checking bs58 v0.2.2
[INFO] [stderr]     Checking data-encoding v2.1.2
[INFO] [stderr]     Checking zeroize v0.5.2
[INFO] [stderr]     Checking itoa v0.4.4
[INFO] [stderr]    Compiling pkg-config v0.3.14
[INFO] [stderr]    Compiling ryu v1.0.0
[INFO] [stderr]    Compiling httparse v1.3.3
[INFO] [stderr]     Checking foreign-types-shared v0.1.1
[INFO] [stderr]    Compiling openssl v0.10.23
[INFO] [stderr]    Compiling unicode-segmentation v1.3.0
[INFO] [stderr]     Checking sha1 v0.6.0
[INFO] [stderr]    Compiling native-tls v0.2.3
[INFO] [stderr]     Checking openssl-probe v0.1.2
[INFO] [stderr]    Compiling crunchy v0.1.6
[INFO] [stderr]     Checking safemem v0.3.0
[INFO] [stderr]     Checking traitobject v0.1.0
[INFO] [stderr]     Checking language-tags v0.2.2
[INFO] [stderr]     Checking typeable v0.1.2
[INFO] [stderr]     Checking quick-error v0.1.4
[INFO] [stderr]     Checking strum v0.14.0
[INFO] [stderr]    Compiling slog v2.4.1
[INFO] [stderr]     Checking byteorder v0.5.3
[INFO] [stderr]     Checking c_linked_list v1.1.1
[INFO] [stderr]     Checking nohash-hasher v0.1.1
[INFO] [stderr]     Checking static_slice v0.0.3
[INFO] [stderr]     Checking lazycell v1.2.1
[INFO] [stderr]     Checking take_mut v0.2.2
[INFO] [stderr]     Checking bitmask v0.5.0
[INFO] [stderr]     Checking parity-bytes v0.1.0 (https://github.com/paritytech/parity-common?rev=b0317f649ab2c665b7987b8475878fc4d2e1f81d#b0317f64)
[INFO] [stderr]    Compiling glob v0.2.11
[INFO] [stderr]    Compiling unicode-width v0.1.5
[INFO] [stderr]     Checking linked-hash-map v0.5.2
[INFO] [stderr]    Compiling vec_map v0.8.1
[INFO] [stderr]    Compiling bindgen v0.47.3
[INFO] [stderr]    Compiling ansi_term v0.11.0
[INFO] [stderr]    Compiling termcolor v1.0.5
[INFO] [stderr]    Compiling strsim v0.7.0
[INFO] [stderr]    Compiling peeking_take_while v0.1.2
[INFO] [stderr]     Checking try-lock v0.2.2
[INFO] [stderr]     Checking indexmap v1.0.2
[INFO] [stderr]     Checking interleaved-ordered v0.1.1
[INFO] [stderr]    Compiling doc-comment v0.3.1
[INFO] [stderr]    Compiling sysinfo v0.8.6
[INFO] [stderr]    Compiling nix v0.14.1
[INFO] [stderr]    Compiling names v0.11.0
[INFO] [stderr]     Checking target_info v0.1.0
[INFO] [stderr]     Checking xdg v2.2.0
[INFO] [stderr]    Compiling lazy_static v1.3.0
[INFO] [stderr]    Compiling log v0.4.6
[INFO] [stderr]     Checking rand_core v0.3.1
[INFO] [stderr]     Checking rand_jitter v0.1.4
[INFO] [stderr]    Compiling semver v0.9.0
[INFO] [stderr]     Checking owning_ref v0.4.0
[INFO] [stderr]     Checking owning_ref v0.3.3
[INFO] [stderr]     Checking unicode-normalization v0.1.8
[INFO] [stderr]     Checking block-padding v0.1.4
[INFO] [stderr]    Compiling rand_pcg v0.1.2
[INFO] [stderr]    Compiling rand_chacha v0.1.1
[INFO] [stderr]    Compiling rand v0.6.5
[INFO] [stderr]    Compiling num-traits v0.2.8
[INFO] [stderr]    Compiling num-integer v0.1.41
[INFO] [stderr]     Checking trie-root v0.12.4
[INFO] [stderr]     Checking regex-syntax v0.6.7
[INFO] [stderr]     Checking unicode-bidi v0.3.4
[INFO] [stderr]     Checking humantime v1.2.0
[INFO] [stderr]     Checking block-buffer v0.3.3
[INFO] [stderr]     Checking foreign-types v0.3.2
[INFO] [stderr]    Compiling unicase v1.4.2
[INFO] [stderr]    Compiling error-chain v0.12.1
[INFO] [stderr]    Compiling nom v4.2.3
[INFO] [stderr]    Compiling unicase v2.4.0
[INFO] [stderr]    Compiling proc-macro-hack v0.4.1
[INFO] [stderr]    Compiling heck v0.3.1
[INFO] [stderr]    Compiling textwrap v0.10.0
[INFO] [stderr]     Checking tokio-sync v0.1.6
[INFO] [stderr]     Checking lru-cache v0.1.2
[INFO] [stderr]     Checking linked_hash_set v0.1.3
[INFO] [stderr]     Checking app_dirs v1.2.1
[INFO] [stderr]    Compiling crossbeam-utils v0.6.5
[INFO] [stderr]    Compiling thread_local v0.3.6
[INFO] [stderr]     Checking rand_isaac v0.1.1
[INFO] [stderr]     Checking rand_xorshift v0.1.1
[INFO] [stderr]     Checking rand_hc v0.1.0
[INFO] [stderr]     Checking tokio-trace-core v0.2.0
[INFO] [stderr]     Checking log v0.3.9
[INFO] [stderr]     Checking want v0.2.0
[INFO] [stderr]     Checking lock_api v0.1.5
[INFO] [stderr]    Compiling clang-sys v0.26.4
[INFO] [stderr]    Compiling rustc_version v0.2.3
[INFO] [stderr]    Compiling hex-literal-impl v0.1.2
[INFO] [stderr]    Compiling crossbeam-queue v0.1.2
[INFO] [stderr]     Checking idna v0.1.5
[INFO] [stderr]     Checking mime v0.2.6
[INFO] [stderr]     Checking tokio-executor v0.1.7
[INFO] [stderr]     Checking crossbeam-channel v0.3.8
[INFO] [stderr]     Checking hash256-std-hasher v0.12.4
[INFO] [stderr]     Checking tiny-keccak v1.5.0
[INFO] [stderr]    Compiling hashbrown v0.1.8
[INFO] [stderr]     Checking parity-wasm v0.31.3
[INFO] [stderr]     Checking base64 v0.9.3
[INFO] [stderr]     Checking base64 v0.10.1
[INFO] [stderr]     Checking dns-parser v0.8.0
[INFO] [stderr]    Compiling parking_lot_core v0.4.0
[INFO] [stderr]    Compiling sr-std v1.0.0 (https://github.com/paritytech/substrate.git?rev=783ca1892892454e05e234cda5f7a2e42a54461e#783ca189)
[INFO] [stderr]    Compiling sr-io v1.0.0 (https://github.com/paritytech/substrate.git?rev=783ca1892892454e05e234cda5f7a2e42a54461e#783ca189)
[INFO] [stderr]    Compiling parking_lot_core v0.3.1
[INFO] [stderr]    Compiling snow v0.5.2
[INFO] [stderr]    Compiling safe-mix v1.0.0
[INFO] [stderr]    Compiling hyper v0.12.31
[INFO] [stderr]    Compiling sr-sandbox v1.0.0 (https://github.com/paritytech/substrate.git?rev=783ca1892892454e05e234cda5f7a2e42a54461e#783ca189)
[INFO] [stderr]     Checking uint v0.7.1
[INFO] [stderr]     Checking elastic-array v0.10.2
[INFO] [stderr]    Compiling quote v0.6.12
[INFO] [stderr]     Checking rand_os v0.1.3
[INFO] [stderr]     Checking num_cpus v1.10.1
[INFO] [stderr]     Checking iovec v0.1.2
[INFO] [stderr]     Checking rand v0.4.6
[INFO] [stderr]     Checking rand v0.5.6
[INFO] [stderr]     Checking net2 v0.2.33
[INFO] [stderr]     Checking time v0.1.42
[INFO] [stderr]     Checking get_if_addrs v0.5.3
[INFO] [stderr]     Checking fs-swap v0.2.4
[INFO] [stderr]     Checking atty v0.2.11
[INFO] [stderr]     Checking fdlimit v0.1.1
[INFO] [stderr]     Checking aho-corasick v0.7.3
[INFO] [stderr]     Checking bstr v0.2.1
[INFO] [stderr]     Checking bigint v4.4.1
[INFO] [stderr]    Compiling crossbeam-epoch v0.7.1
[INFO] [stderr]    Compiling blake2-rfc v0.2.18
[INFO] [stderr]    Compiling generic-array v0.12.3
[INFO] [stderr]     Checking generic-array v0.8.3
[INFO] [stderr]     Checking generic-array v0.9.0
[INFO] [stderr]     Checking tokio-timer v0.2.11
[INFO] [stderr]     Checking tokio-current-thread v0.1.6
[INFO] [stderr]     Checking slog-async v2.3.0
[INFO] [stderr]     Checking hex-literal v0.1.4
[INFO] [stderr]     Checking url v1.7.2
[INFO] [stderr]     Checking futures-cpupool v0.1.8
[INFO] [stderr]     Checking bytes v0.4.12
[INFO] [stderr]     Checking kvdb v0.1.0 (https://github.com/paritytech/parity-common?rev=b0317f649ab2c665b7987b8475878fc4d2e1f81d#b0317f64)
[INFO] [stderr]     Checking clap v2.32.0
[INFO] [stderr]     Checking mio v0.6.19
[INFO] [stderr]     Checking wasmi-validation v0.1.0
[INFO] [stderr]     Checking pwasm-utils v0.6.2
[INFO] [stderr]    Compiling crossbeam-deque v0.6.3
[INFO] [stderr]     Checking parking_lot_core v0.2.14
[INFO] [stderr]     Checking rand v0.3.23
[INFO] [stderr]     Checking fixed-hash v0.3.2
[INFO] [stderr]     Checking crossbeam-deque v0.7.1
[INFO] [stderr]    Compiling digest v0.8.1
[INFO] [stderr]     Checking digest v0.6.2
[INFO] [stderr]     Checking crypto-mac v0.4.0
[INFO] [stderr]     Checking block-buffer v0.2.0
[INFO] [stderr]     Checking block-buffer v0.7.3
[INFO] [stderr]     Checking crypto-mac v0.7.0
[INFO] [stderr]     Checking block-cipher-trait v0.6.2
[INFO] [stderr]     Checking stream-cipher v0.3.0
[INFO] [stderr]     Checking digest v0.7.6
[INFO] [stderr]     Checking crypto-mac v0.6.2
[INFO] [stderr]    Compiling cexpr v0.3.5
[INFO] [stderr]     Checking cuckoofilter v0.3.2
[INFO] [stderr]     Checking tokio-io v0.1.12
[INFO] [stderr]     Checking http v0.1.17
[INFO] [stderr]     Checking tokio-buf v0.1.1
[INFO] [stderr]     Checking string v0.2.1
[INFO] [stderr]     Checking parking_lot v0.5.5
[INFO] [stderr]     Checking wasmi v0.4.5
[INFO] [stderr]     Checking hyper v0.10.16
[INFO] [stderr]     Checking globset v0.4.4
[INFO] [stderr]     Checking env_logger v0.6.2
[INFO] [stderr]     Checking hmac v0.4.2
[INFO] [stderr]     Checking sha2 v0.6.0
[INFO] [stderr]     Checking aes-soft v0.3.3
[INFO] [stderr]     Checking twofish v0.2.0
[INFO] [stderr]     Checking block-modes v0.3.3
[INFO] [stderr]     Checking hmac v0.7.0
[INFO] [stderr]     Checking blake2 v0.8.0
[INFO] [stderr]     Checking mio-uds v0.6.7
[INFO] [stderr]     Checking ctr v0.3.2
[INFO] [stderr]     Checking mio-extras v2.0.5
[INFO] [stderr]     Checking sha2 v0.7.1
[INFO] [stderr]     Checking sha2 v0.8.0
[INFO] [stderr]     Checking sha3 v0.8.2
[INFO] [stderr]     Checking sha-1 v0.8.1
[INFO] [stderr]     Checking ripemd160 v0.8.0
[INFO] [stderr]     Checking hmac v0.6.3
[INFO] [stderr]     Checking pbkdf2 v0.2.3
[INFO] [stderr]     Checking twox-hash v1.4.1
[INFO] [stderr]     Checking trie-db v0.12.4
[INFO] [stderr]     Checking tokio-threadpool v0.1.14
[INFO] [stderr]    Compiling chrono v0.4.7
[INFO] [stderr]     Checking parking_lot v0.6.4
[INFO] [stderr]    Compiling rayon v1.1.0
[INFO] [stderr]     Checking tokio-codec v0.1.1
[INFO] [stderr]     Checking rw-stream-sink v0.1.2
[INFO] [stderr]     Checking aio-limited v0.1.0
[INFO] [stderr]     Checking hmac-drbg v0.1.2
[INFO] [stderr]     Checking aes v0.3.2
[INFO] [stderr]     Checking aes-ctr v0.3.0
[INFO] [stderr]     Checking ctrlc v3.1.3
[INFO] [stderr]     Checking parity-ws v0.8.0
[INFO] [stderr]     Checking scrypt v0.1.2
[INFO] [stderr]     Checking parking_lot v0.7.1
[INFO] [stderr]     Checking unsigned-varint v0.2.2
[INFO] [stderr]     Checking yamux v0.2.1
[INFO] [stderr]     Checking libsecp256k1 v0.2.2
[INFO] [stderr]     Checking tokio-fs v0.1.6
[INFO] [stderr]     Checking h2 v0.1.25
[INFO] [stderr]     Checking http-body v0.1.0
[INFO] [stderr]     Checking once_cell v0.1.8
[INFO] [stderr]     Checking tokio-reactor v0.1.9
[INFO] [stderr]     Checking crossbeam v0.6.0
[INFO] [stderr]     Checking exit-future v0.1.4
[INFO] [stderr]     Checking parity-multihash v0.1.2
[INFO] [stderr]     Checking multistream-select v0.4.0
[INFO] [stderr]     Checking slog-scope v4.1.1
[INFO] [stderr]     Checking tokio-tcp v0.1.3
[INFO] [stderr]     Checking tokio-udp v0.1.3
[INFO] [stderr]     Checking tokio-uds v0.2.5
[INFO] [stderr]    Compiling vergen v3.0.4
[INFO] [stderr]     Checking tokio v0.1.21
[INFO] [stderr]     Checking pbkdf2 v0.3.0
[INFO] [stderr]     Checking tokio-dns-unofficial v0.4.0
[INFO] [stderr]     Checking tk-listen v0.2.1
[INFO] [stderr]    Compiling cc v1.0.26
[INFO] [stderr]    Compiling backtrace-sys v0.1.30
[INFO] [stderr]    Compiling clear_on_drop v0.2.3
[INFO] [stderr]    Compiling ring v0.14.6
[INFO] [stderr]    Compiling secp256k1 v0.12.2
[INFO] [stderr]    Compiling openssl-sys v0.9.47
[INFO] [stderr]    Compiling libloading v0.5.1
[INFO] [stderr]    Compiling synstructure v0.10.2
[INFO] [stderr] error: failed to run custom build command for `clear_on_drop v0.2.3`
[INFO] [stderr] 
[INFO] [stderr] Caused by:
[INFO] [stderr]   process didn't exit successfully: `/opt/rustwide/target/debug/build/clear_on_drop-9d5ba682ed737db3/build-script-build` (signal: 6, SIGABRT: process abort signal)
[INFO] [stderr]   --- stdout
[INFO] [stderr]   TARGET = Some("x86_64-unknown-linux-gnu")
[INFO] [stderr]   OPT_LEVEL = Some("0")
[INFO] [stderr]   HOST = Some("x86_64-unknown-linux-gnu")
[INFO] [stderr]   CC_x86_64-unknown-linux-gnu = None
[INFO] [stderr]   CC_x86_64_unknown_linux_gnu = None
[INFO] [stderr]   HOST_CC = None
[INFO] [stderr]   CC = None
[INFO] [stderr]   CFLAGS_x86_64-unknown-linux-gnu = None
[INFO] [stderr]   CFLAGS_x86_64_unknown_linux_gnu = None
[INFO] [stderr]   HOST_CFLAGS = None
[INFO] [stderr]   CFLAGS = None
[INFO] [stderr]   DEBUG = Some("true")
[INFO] [stderr]   running: "cc" "-O0" "-ffunction-sections" "-fdata-sections" "-fPIC" "-g" "-fno-omit-frame-pointer" "-m64" "-Wall" "-Wextra" "-o" "/opt/rustwide/target/debug/build/clear_on_drop-09a3343d555766f8/out/src/hide.o" "-c" "src/hide.c"
[INFO] [stderr]   exit status: 0
[INFO] [stderr]   AR_x86_64-unknown-linux-gnu = None
[INFO] [stderr]   AR_x86_64_unknown_linux_gnu = None
[INFO] [stderr]   HOST_AR = None
[INFO] [stderr]   AR = None
[INFO] [stderr]   running: "ar" "crs" "/opt/rustwide/target/debug/build/clear_on_drop-09a3343d555766f8/out/libclear_on_drop.a" "/opt/rustwide/target/debug/build/clear_on_drop-09a3343d555766f8/out/src/hide.o"
[INFO] [stderr] 
[INFO] [stderr]   --- stderr
[INFO] [stderr]   thread '<unnamed>' panicked at 'attempted to leave type `internal::Local` uninitialized, which is invalid', /rustc/c8dfcfe046a7680554bf4eb612bad840e7631c4b/library/core/src/mem/mod.rs:thread 'thread 'thread '663<unnamed>:<unnamed><unnamed>' panicked at '9' panicked at '' panicked at 'attempted to leave type `internal::Local` uninitialized, which is invalid
[INFO] [stderr]   attempted to leave type `internal::Local` uninitialized, which is invalidattempted to leave type `internal::Local` uninitialized, which is invalid', ', ', /rustc/c8dfcfe046a7680554bf4eb612bad840e7631c4b/library/core/src/mem/mod.rs/rustc/c8dfcfe046a7680554bf4eb612bad840e7631c4b/library/core/src/mem/mod.rs/rustc/c8dfcfe046a7680554bf4eb612bad840e7631c4b/library/core/src/mem/mod.rs:::663663:663:9:9
[INFO] [stderr]   9
[INFO] [stderr] 
[INFO] [stderr]   stack backtrace:
[INFO] [stderr]   thread '<unnamed>' panicked at 'attempted to leave type `internal::Local` uninitialized, which is invalid', /rustc/c8dfcfe046a7680554bf4eb612bad840e7631c4b/library/core/src/mem/mod.rs:663:9
[INFO] [stderr]   thread '<unnamed>' panicked at 'attempted to leave type `internal::Local` uninitialized, which is invalid', /rustc/c8dfcfe046a7680554bf4eb612bad840e7631c4b/library/core/src/mem/mod.rs:663:9
[INFO] [stderr]   thread '<unnamed>' panicked at 'attempted to leave type `internal::Local` uninitialized, which is invalid', /rustc/c8dfcfe046a7680554bf4eb612bad840e7631c4b/library/core/src/mem/mod.rs:663:9
[INFO] [stderr]   thread 'thread '<unnamed>' panicked at 'attempted to leave type `internal::Local` uninitialized, which is invalid', /rustc/c8dfcfe046a7680554bf4eb612bad840e7631c4b/library/core/src/mem/mod.rs:663:9
[INFO] [stderr]   thread '<unnamed>' panicked at 'attempted to leave type `internal::Local` uninitialized, which is invalid', /rustc/c8dfcfe046a7680554bf4eb612bad840e7631c4b/library/core/src/mem/mod.rs:663:9
[INFO] [stderr]   <unnamed>' panicked at 'attempted to leave type `internal::Local` uninitialized, which is invalid', /rustc/c8dfcfe046a7680554bf4eb612bad840e7631c4b/library/core/src/mem/mod.rs:663:9
[INFO] [stderr]   thread '<unnamed>' panicked at 'attempted to leave type `internal::Local` uninitialized, which is invalid', /rustc/c8dfcfe046a7680554bf4eb612bad840e7631c4b/library/core/src/mem/mod.rs:663:9
[INFO] [stderr]   thread '<unnamed>' panicked at 'attempted to leave type `internal::Local` uninitialized, which is invalid', /rustc/c8dfcfe046a7680554bf4eb612bad840e7631c4b/library/core/src/mem/mod.rs:663:9
[INFO] [stderr]   thread '<unnamed>' panicked at 'attempted to leave type `internal::Local` uninitialized, which is invalid', /rustc/c8dfcfe046a7680554bf4eb612bad840e7631c4b/library/core/src/mem/mod.rs:663:9
[INFO] [stderr]   thread '<unnamed>' panicked at 'attempted to leave type `internal::Local` uninitialized, which is invalid', /rustc/c8dfcfe046a7680554bf4eb612bad840e7631c4b/library/core/src/mem/mod.rs:663:9
[INFO] [stderr]   thread '<unnamed>' panicked at 'attempted to leave type `internal::Local` uninitialized, which is invalid', /rustc/c8dfcfe046a7680554bf4eb612bad840e7631c4b/library/core/src/mem/mod.rs:663:9
[INFO] [stderr]   thread '<unnamed>' panicked at 'attempted to leave type `internal::Local` uninitialized, which is invalid', /rustc/c8dfcfe046a7680554bf4eb612bad840e7631c4b/library/core/src/mem/mod.rs:663:9
[INFO] [stderr]      0:     0x55d6734ab260 - std::backtrace_rs::backtrace::libunwind::trace::ha0ad43e8a952bfe7
[INFO] [stderr]                                  at /rustc/c8dfcfe046a7680554bf4eb612bad840e7631c4b/library/std/src/../../backtrace/src/backtrace/libunwind.rs:90:5
[INFO] [stderr]      1:     0x55d6734ab260 - std::backtrace_rs::backtrace::trace_unsynchronized::h6830419c0c4130dc
[INFO] [stderr]                                  at /rustc/c8dfcfe046a7680554bf4eb612bad840e7631c4b/library/std/src/../../backtrace/src/backtrace/mod.rs:66:5
[INFO] [stderr]      2:     0x55d6734ab260 - std::sys_common::backtrace::_print_fmt::h8f3516631ffa1ef5
[INFO] [stderr]                                  at /rustc/c8dfcfe046a7680554bf4eb612bad840e7631c4b/library/std/src/sys_common/backtrace.rs:67:5
[INFO] [stderr]      3:     0x55d6734ab260 - <std::sys_common::backtrace::_print::DisplayBacktrace as core::fmt::Display>::fmt::he1640d5f0d93f618
[INFO] [stderr]                                  at /rustc/c8dfcfe046a7680554bf4eb612bad840e7631c4b/library/std/src/sys_common/backtrace.rs:46:22
[INFO] [stderr]      4:     0x55d6734caa4c - core::fmt::write::h88012e1f01caeebf
[INFO] [stderr]                                  at /rustc/c8dfcfe046a7680554bf4eb612bad840e7631c4b/library/core/src/fmt/mod.rs:1115:17
[INFO] [stderr]      5:     0x55d6734a7aa5 - std::io::Write::write_fmt::h360fa85b30182555
[INFO] [stderr]                                  at /rustc/c8dfcfe046a7680554bf4eb612bad840e7631c4b/library/std/src/io/mod.rs:1665:15
[INFO] [stderr]      6:     0x55d6734ad45b - std::sys_common::backtrace::_print::ha1f00492f406a015
[INFO] [stderr]                                  at /rustc/c8dfcfe046a7680554bf4eb612bad840e7631c4b/library/std/src/sys_common/backtrace.rs:49:5
[INFO] [stderr]      7:     0x55d6734ad45b - std::sys_common::backtrace::print::hd54561b13feb6af3
[INFO] [stderr]                                  at /rustc/c8dfcfe046a7680554bf4eb612bad840e7631c4b/library/std/src/sys_common/backtrace.rs:36:9
[INFO] [stderr]      8:     0x55d6734ad45b - std::panicking::default_hook::{{closure}}::h84fe124cd0864662
[INFO] [stderr]                                  at /rustc/c8dfcfe046a7680554bf4eb612bad840e7631c4b/library/std/src/panicking.rs:208:50
[INFO] [stderr]      9:     0x55d6734acf31 - std::panicking::default_hook::h5a8e74a76ce290a7
[INFO] [stderr]                                  at /rustc/c8dfcfe046a7680554bf4eb612bad840e7631c4b/library/std/src/panicking.rs:225:9
[INFO] [stderr]     10:     0x55d6734adb24 - std::panicking::rust_panic_with_hook::h67c812a4fe9d4c91
[INFO] [stderr]                                  at /rustc/c8dfcfe046a7680554bf4eb612bad840e7631c4b/library/std/src/panicking.rs:622:17
[INFO] [stderr]     11:     0x55d6734ad5d7 - std::panicking::begin_panic_handler::{{closure}}::h33f9c1b96af300d7
[INFO] [stderr]                                  at /rustc/c8dfcfe046a7680554bf4eb612bad840e7631c4b/library/std/src/panicking.rs:517:13
[INFO] [stderr]     12:     0x55d6734ab75c - std::sys_common::backtrace::__rust_end_short_backtrace::h51bae64be5921f0e
[INFO] [stderr]                                  at /rustc/c8dfcfe046a7680554bf4eb612bad840e7631c4b/library/std/src/sys_common/backtrace.rs:141:18
[INFO] [stderr]     13:     0x55d6734ad569 - rust_begin_unwind
[INFO] [stderr]                                  at /rustc/c8dfcfe046a7680554bf4eb612bad840e7631c4b/library/std/src/panicking.rs:515:5
[INFO] [stderr]     14:     0x55d6734073a1 - core::panicking::panic_fmt::h12a3a3c256485fca
[INFO] [stderr]                                  at /rustc/c8dfcfe046a7680554bf4eb612bad840e7631c4b/library/core/src/panicking.rs:92:14
[INFO] [stderr]     15:     0x55d6734072ed - core::panicking::panic::h344f23ad26057b48
[INFO] [stderr]                                  at /rustc/c8dfcfe046a7680554bf4eb612bad840e7631c4b/library/core/src/panicking.rs:50:5
[INFO] [stderr]     16:     0x55d673486fc3 - core::mem::uninitialized::hab28de51468d0aae
[INFO] [stderr]                                  at /rustc/c8dfcfe046a7680554bf4eb612bad840e7631c4b/library/core/src/mem/mod.rs:663:9
[INFO] [stderr]     17:     0x55d673486fc3 - <crossbeam_epoch::internal::Local as crossbeam_epoch::sync::list::IsElement<crossbeam_epoch::internal::Local>>::entry_of::h17777c9f1fe7931a
[INFO] [stderr]                                  at /opt/rustwide/cargo-home/registry/src/github.com-1ecc6299db9ec823/crossbeam-epoch-0.7.1/src/internal.rs:493:59
[INFO] [stderr]     18:     0x55d673490010 - crossbeam_epoch::sync::list::List<T,C>::insert::h2af9ef7440eeabe8
[INFO] [stderr]                                  at /opt/rustwide/cargo-home/registry/src/github.com-1ecc6299db9ec823/crossbeam-epoch-0.7.1/src/sync/list.rs:176:29
[INFO] [stderr]     19:     0x55d673486425 - crossbeam_epoch::internal::Local::register::h9376df2d457a330c
[INFO] [stderr]                                  at /opt/rustwide/cargo-home/registry/src/github.com-1ecc6299db9ec823/crossbeam-epoch-0.7.1/src/internal.rs:291:13
[INFO] [stderr]     20:     0x55d67348bc9e - crossbeam_epoch::collector::Collector::register::h02240bed680ef82e
[INFO] [stderr]                                  at /opt/rustwide/cargo-home/registry/src/github.com-1ecc6299db9ec823/crossbeam-epoch-0.7.1/src/collector.rs:39:9
[INFO] [stderr]     21:     0x55d67348fe81 - crossbeam_epoch::default::HANDLE::__init::h7b4f70da11901002
[INFO] [stderr]                                  at /opt/rustwide/cargo-home/registry/src/github.com-1ecc6299db9ec823/crossbeam-epoch-0.7.1/src/default.rs:17:34
[INFO] [stderr]     22:     0x55d67348d819 - core::ops::function::FnOnce::call_once::h90ad7ef4d0a14bcc
[INFO] [stderr]                                  at /rustc/c8dfcfe046a7680554bf4eb612bad840e7631c4b/library/core/src/ops/function.rs:227:5
[INFO] [stderr]     23:     0x55d67348b4dc - std::thread::local::lazy::LazyKeyInner<T>::initialize::h604c7069fe2da936
[INFO] [stderr]                                  at /rustc/c8dfcfe046a7680554bf4eb612bad840e7631c4b/library/std/src/thread/local.rs:431:25
[INFO] [stderr]     24:     0x55d6734889a0 - std::thread::local::fast::Key<T>::try_initialize::h9bac5023a90a7fdb
[INFO] [stderr]                                  at /rustc/c8dfcfe046a7680554bf4eb612bad840e7631c4b/library/std/src/thread/local.rs:609:31
[INFO] [stderr]     25:     0x55d673488ae7 - std::thread::local::fast::Key<T>::get::h266f05568c3572c3
[INFO] [stderr]                                  at /rustc/c8dfcfe046a7680554bf4eb612bad840e7631c4b/library/std/src/thread/local.rs:592:29
[INFO] [stderr]     26:     0x55d6734728dd - crossbeam_epoch::default::HANDLE::__getit::hc799114e5efe426a
[INFO] [stderr]                                  at /rustc/c8dfcfe046a7680554bf4eb612bad840e7631c4b/library/std/src/thread/local.rs:311:26
[INFO] [stderr]     27:     0x55d673472b85 - std::thread::local::LocalKey<T>::try_with::h833f63eedd37fb7f
[INFO] [stderr]                                  at /rustc/c8dfcfe046a7680554bf4eb612bad840e7631c4b/library/std/src/thread/local.rs:398:32
[INFO] [stderr]     28:     0x55d673472673 - crossbeam_epoch::default::with_handle::hf3d66c10ab559eb2
[INFO] [stderr]                                  at /opt/rustwide/cargo-home/registry/src/github.com-1ecc6299db9ec823/crossbeam-epoch-0.7.1/src/default.rs:42:5
[INFO] [stderr]     29:     0x55d6734728f7 - crossbeam_epoch::default::is_pinned::h61cb0290544fc474
[INFO] [stderr]                                  at /opt/rustwide/cargo-home/registry/src/github.com-1ecc6299db9ec823/crossbeam-epoch-0.7.1/src/default.rs:29:5
[INFO] [stderr]     30:     0x55d673470fe0 - crossbeam_deque::Stealer<T>::steal::h958552c23856e523
[INFO] [stderr]                                  at /opt/rustwide/cargo-home/registry/src/github.com-1ecc6299db9ec823/crossbeam-deque-0.6.3/src/lib.rs:660:12
[INFO] [stderr]     31:     0x55d67346c82d - rayon_core::registry::WorkerThread::steal::{{closure}}::h8086c58f9596a659
[INFO] [stderr]                                  at /opt/rustwide/cargo-home/registry/src/github.com-1ecc6299db9ec823/rayon-core-1.5.0/src/registry.rs:764:27
[INFO] [stderr]     32:     0x55d67346966b - core::ops::function::impls::<impl core::ops::function::FnMut<A> for &mut F>::call_mut::ha01c6f016fa2ad03
[INFO] [stderr]                                  at /rustc/c8dfcfe046a7680554bf4eb612bad840e7631c4b/library/core/src/ops/function.rs:269:13
[INFO] [stderr]     33:     0x55d673466071 - core::iter::traits::iterator::Iterator::find_map::check::{{closure}}::hf8f0efea5b70750a
[INFO] [stderr]                                  at /rustc/c8dfcfe046a7680554bf4eb612bad840e7631c4b/library/core/src/iter/traits/iterator.rs:2411:32
[INFO] [stderr]     34:     0x55d6734612f1 - core::iter::adapters::filter::filter_try_fold::{{closure}}::h95a1699c37961e4c
[INFO] [stderr]                                  at /rustc/c8dfcfe046a7680554bf4eb612bad840e7631c4b/library/core/src/iter/adapters/filter.rs:44:44
[INFO] [stderr]     35:     0x55d67345f89c - core::ops::function::impls::<impl core::ops::function::FnMut<A> for &mut F>::call_mut::h0ca7db9bfde793c2
[INFO] [stderr]                                  at /rustc/c8dfcfe046a7680554bf4eb612bad840e7631c4b/library/core/src/ops/function.rs:269:13
[INFO] [stderr]     36:     0x55d673466213 - core::iter::traits::iterator::Iterator::try_fold::h2f06cea3a584d042
[INFO] [stderr]                                  at /rustc/c8dfcfe046a7680554bf4eb612bad840e7631c4b/library/core/src/iter/traits/iterator.rs:1998:21
[INFO] [stderr]     37:     0x55d6734566ee - <core::iter::adapters::chain::Chain<A,B> as core::iter::traits::iterator::Iterator>::try_fold::ha87e3f0ed5fe25b3
[INFO] [stderr]                                  at /rustc/c8dfcfe046a7680554bf4eb612bad840e7631c4b/library/core/src/iter/adapters/chain.rs:104:19
[INFO] [stderr]     38:     0x55d67345f21c - <core::iter::adapters::filter::Filter<I,P> as core::iter::traits::iterator::Iterator>::try_fold::h2bc3bb1321fc28e7
[INFO] [stderr]                                  at /rustc/c8dfcfe046a7680554bf4eb612bad840e7631c4b/library/core/src/iter/adapters/filter.rs:93:9
[INFO] [stderr]     39:     0x55d6734611cb - core::iter::traits::iterator::Iterator::find_map::hce0afa36d15158cc
[INFO] [stderr]                                  at /rustc/c8dfcfe046a7680554bf4eb612bad840e7631c4b/library/core/src/iter/traits/iterator.rs:2417:9
[INFO] [stderr]     40:     0x55d67345aa19 - <core::iter::adapters::filter_map::FilterMap<I,F> as core::iter::traits::iterator::Iterator>::next::h695577e64405c355
[INFO] [stderr]                                  at /rustc/c8dfcfe046a7680554bf4eb612bad840e7631c4b/library/core/src/iter/adapters/filter_map.rs:61:9
[INFO] [stderr]     41:     0x55d67346c762 - rayon_core::registry::WorkerThread::steal::hbb588dfa00b74d8f
[INFO] [stderr]                                  at /opt/rustwide/cargo-home/registry/src/github.com-1ecc6299db9ec823/rayon-core-1.5.0/src/registry.rs:758:9
[INFO] [stderr]     42:     0x55d67346c4a2 - rayon_core::registry::WorkerThread::wait_until_cold::{{closure}}::h7825da9d4b7993aa
[INFO] [stderr]                                  at /opt/rustwide/cargo-home/registry/src/github.com-1ecc6299db9ec823/rayon-core-1.5.0/src/registry.rs:714:29
[INFO] [stderr]     43:     0x55d673461c21 - core::option::Option<T>::or_else::ha94239ecbb5c767e
[INFO] [stderr]                                  at /rustc/c8dfcfe046a7680554bf4eb612bad840e7631c4b/library/core/src/option.rs:1124:21
[INFO] [stderr]     44:     0x55d67346bd9a - rayon_core::registry::WorkerThread::wait_until_cold::h12aa0addb2b84027
[INFO] [stderr]                                  at /opt/rustwide/cargo-home/registry/src/github.com-1ecc6299db9ec823/rayon-core-1.5.0/src/registry.rs:712:32
[INFO] [stderr]     45:     0x55d67346bc8f - rayon_core::registry::WorkerThread::wait_until::hb0cd0b4e9fd7c239
[INFO] [stderr]                                  at /opt/rustwide/cargo-home/registry/src/github.com-1ecc6299db9ec823/rayon-core-1.5.0/src/registry.rs:692:13
[INFO] [stderr]     46:     0x55d67346ce80 - rayon_core::registry::main_loop::hd67539914c08b8e1
[INFO] [stderr]                                  at /opt/rustwide/cargo-home/registry/src/github.com-1ecc6299db9ec823/rayon-core-1.5.0/src/registry.rs:812:5
[INFO] [stderr]     47:     0x55d67346990d - rayon_core::registry::ThreadBuilder::run::hfe5c7a6441f26cb6
[INFO] [stderr]                                  at /opt/rustwide/cargo-home/registry/src/github.com-1ecc6299db9ec823/rayon-core-1.5.0/src/registry.rs:58:18
[INFO] [stderr]     48:     0x55d673469e3d - <rayon_core::registry::DefaultSpawn as rayon_core::registry::ThreadSpawn>::spawn::{{closure}}::hb8955a95f2ea6732
[INFO] [stderr]                                  at /opt/rustwide/cargo-home/registry/src/github.com-1ecc6299db9ec823/rayon-core-1.5.0/src/registry.rs:103:20
[INFO] [stderr]     49:     0x55d6734549f0 - std::sys_common::backtrace::__rust_begin_short_backtrace::hab334e1a1d6dea44
[INFO] [stderr]                                  at /rustc/c8dfcfe046a7680554bf4eb612bad840e7631c4b/library/std/src/sys_common/backtrace.rs:125:18
[INFO] [stderr]     50:     0x55d6734590dd - std::thread::Builder::spawn_unchecked::{{closure}}::{{closure}}::h6e29a70032404ff5
[INFO] [stderr]                                  at /rustc/c8dfcfe046a7680554bf4eb612bad840e7631c4b/library/std/src/thread/mod.rs:476:17
[INFO] [stderr]     51:     0x55d67345a9b1 - <std::panic::AssertUnwindSafe<F> as core::ops::function::FnOnce<()>>::call_once::h1cd9a85ecaf69bf8
[INFO] [stderr]                                  at /rustc/c8dfcfe046a7680554bf4eb612bad840e7631c4b/library/std/src/panic.rs:347:9
[INFO] [stderr]     52:     0x55d67346e29c - std::panicking::try::do_call::h3c546bc64552e440
[INFO] [stderr]                                  at /rustc/c8dfcfe046a7680554bf4eb612bad840e7631c4b/library/std/src/panicking.rs:401:40
[INFO] [stderr]     53:     0x55d67346f52d - __rust_try
[INFO] [stderr]     54:     0x55d67346dfc7 - std::panicking::try::hac9ab9b56d5e6694
[INFO] [stderr]                                  at /rustc/c8dfcfe046a7680554bf4eb612bad840e7631c4b/library/std/src/panicking.rs:365:19
[INFO] [stderr]     55:     0x55d67345b1f1 - std::panic::catch_unwind::hcab48f6e9f414c88
[INFO] [stderr]                                  at /rustc/c8dfcfe046a7680554bf4eb612bad840e7631c4b/library/std/src/panic.rs:434:14
[INFO] [stderr]     56:     0x55d673458eec - std::thread::Builder::spawn_unchecked::{{closure}}::h5856cb33b4eb8cca
[INFO] [stderr]                                  at /rustc/c8dfcfe046a7680554bf4eb612bad840e7631c4b/library/std/src/thread/mod.rs:475:30
[INFO] [stderr]     57:     0x55d67345f8ef - core::ops::function::FnOnce::call_once{{vtable.shim}}::hdb7c2400a70eb247
[INFO] [stderr]                                  at /rustc/c8dfcfe046a7680554bf4eb612bad840e7631c4b/library/core/src/ops/function.rs:227:5
[INFO] [stderr]     58:     0x55d6734b38a7 - <alloc::boxed::Box<F,A> as core::ops::function::FnOnce<Args>>::call_once::h6bff7798948b1075
[INFO] [stderr]                                  at /rustc/c8dfcfe046a7680554bf4eb612bad840e7631c4b/library/alloc/src/boxed.rs:1572:9
[INFO] [stderr]     59:     0x55d6734b38a7 - <alloc::boxed::Box<F,A> as core::ops::function::FnOnce<Args>>::call_once::hc2d25ac38f6b2342
[INFO] [stderr]                                  at /rustc/c8dfcfe046a7680554bf4eb612bad840e7631c4b/library/alloc/src/boxed.rs:1572:9
[INFO] [stderr]     60:     0x55d6734b38a7 - std::sys::unix::thread::Thread::new::thread_start::hbba5bc368baac205
[INFO] [stderr]                                  at /rustc/c8dfcfe046a7680554bf4eb612bad840e7631c4b/library/std/src/sys/unix/thread.rs:74:17
[INFO] [stderr]     61:     0x7f1c13afe609 - start_thread
[INFO] [stderr]     62:     0x7f1c138d0293 - clone
[INFO] [stderr]     63:                0x0 - <unknown>
[INFO] [stderr]   Rayon: detected unexpected panic; aborting
[INFO] [stderr] warning: build failed, waiting for other jobs to finish...
[INFO] [stderr] error: build failed
[INFO] running `Command { std: "docker" "inspect" "3b435293fd5c62c5411825e78a20b287f545f49f14ffc6ffefd505a799f629b4", kill_on_drop: false }`
[INFO] running `Command { std: "docker" "rm" "-f" "3b435293fd5c62c5411825e78a20b287f545f49f14ffc6ffefd505a799f629b4", kill_on_drop: false }`
[INFO] [stdout] 3b435293fd5c62c5411825e78a20b287f545f49f14ffc6ffefd505a799f629b4
