[INFO] cloning repository https://github.com/tuminfei/hero-chain
[INFO] running `Command { std: "git" "-c" "credential.helper=" "-c" "credential.helper=/workspace/cargo-home/bin/git-credential-null" "clone" "--bare" "https://github.com/tuminfei/hero-chain" "/workspace/cache/git-repos/https%3A%2F%2Fgithub.com%2Ftuminfei%2Fhero-chain", kill_on_drop: false }`
[INFO] [stderr] Cloning into bare repository '/workspace/cache/git-repos/https%3A%2F%2Fgithub.com%2Ftuminfei%2Fhero-chain'...
[INFO] running `Command { std: "git" "rev-parse" "HEAD", kill_on_drop: false }`
[INFO] [stdout] 186a7a9237d50ac9fed76c0a92b2fab38a79f22e
[INFO] checking tuminfei/hero-chain against 1.55.0 for beta-1.56-3
[INFO] running `Command { std: "git" "clone" "/workspace/cache/git-repos/https%3A%2F%2Fgithub.com%2Ftuminfei%2Fhero-chain" "/workspace/builds/worker-8/source", kill_on_drop: false }`
[INFO] [stderr] Cloning into '/workspace/builds/worker-8/source'...
[INFO] [stderr] done.
[INFO] validating manifest of git repo https://github.com/tuminfei/hero-chain on toolchain 1.55.0
[INFO] running `Command { std: "/workspace/cargo-home/bin/cargo" "+1.55.0" "metadata" "--manifest-path" "Cargo.toml" "--no-deps", kill_on_drop: false }`
[INFO] started tweaking git repo https://github.com/tuminfei/hero-chain
[INFO] finished tweaking git repo https://github.com/tuminfei/hero-chain
[INFO] tweaked toml for git repo https://github.com/tuminfei/hero-chain written to /workspace/builds/worker-8/source/Cargo.toml
[INFO] crate git repo https://github.com/tuminfei/hero-chain already has a lockfile, it will not be regenerated
[INFO] running `Command { std: "/workspace/cargo-home/bin/cargo" "+1.55.0" "fetch" "--manifest-path" "Cargo.toml", kill_on_drop: false }`
[INFO] running `Command { std: "docker" "create" "-v" "/var/lib/crater-agent-workspace/builds/worker-8/target:/opt/rustwide/target:rw,Z" "-v" "/var/lib/crater-agent-workspace/builds/worker-8/source:/opt/rustwide/workdir:ro,Z" "-v" "/var/lib/crater-agent-workspace/cargo-home:/opt/rustwide/cargo-home:ro,Z" "-v" "/var/lib/crater-agent-workspace/rustup-home:/opt/rustwide/rustup-home:ro,Z" "-e" "SOURCE_DIR=/opt/rustwide/workdir" "-e" "CARGO_TARGET_DIR=/opt/rustwide/target" "-e" "CARGO_HOME=/opt/rustwide/cargo-home" "-e" "RUSTUP_HOME=/opt/rustwide/rustup-home" "-w" "/opt/rustwide/workdir" "-m" "1610612736" "--user" "0:0" "--network" "none" "ghcr.io/rust-lang/crates-build-env/linux@sha256:a89201d6b5b9fd45c15d5952ece0a0129e7e80cb26ec023fd59cf09bc26f1604" "/opt/rustwide/cargo-home/bin/cargo" "+1.55.0" "metadata" "--no-deps" "--format-version=1", kill_on_drop: false }`
[INFO] [stdout] 5bb4e3b67f68d2412af2ca836e14bff74ff7fb17101098d6657665fc9fa8d05b
[INFO] [stderr] WARNING: Your kernel does not support swap limit capabilities or the cgroup is not mounted. Memory limited without swap.
[INFO] running `Command { std: "docker" "start" "-a" "5bb4e3b67f68d2412af2ca836e14bff74ff7fb17101098d6657665fc9fa8d05b", kill_on_drop: false }`
[INFO] running `Command { std: "docker" "inspect" "5bb4e3b67f68d2412af2ca836e14bff74ff7fb17101098d6657665fc9fa8d05b", kill_on_drop: false }`
[INFO] running `Command { std: "docker" "rm" "-f" "5bb4e3b67f68d2412af2ca836e14bff74ff7fb17101098d6657665fc9fa8d05b", kill_on_drop: false }`
[INFO] [stdout] 5bb4e3b67f68d2412af2ca836e14bff74ff7fb17101098d6657665fc9fa8d05b
[INFO] running `Command { std: "docker" "create" "-v" "/var/lib/crater-agent-workspace/builds/worker-8/target:/opt/rustwide/target:rw,Z" "-v" "/var/lib/crater-agent-workspace/builds/worker-8/source:/opt/rustwide/workdir:ro,Z" "-v" "/var/lib/crater-agent-workspace/cargo-home:/opt/rustwide/cargo-home:ro,Z" "-v" "/var/lib/crater-agent-workspace/rustup-home:/opt/rustwide/rustup-home:ro,Z" "-e" "SOURCE_DIR=/opt/rustwide/workdir" "-e" "CARGO_TARGET_DIR=/opt/rustwide/target" "-e" "CARGO_INCREMENTAL=0" "-e" "RUST_BACKTRACE=full" "-e" "RUSTFLAGS=--cap-lints=warn" "-e" "CARGO_HOME=/opt/rustwide/cargo-home" "-e" "RUSTUP_HOME=/opt/rustwide/rustup-home" "-w" "/opt/rustwide/workdir" "-m" "1610612736" "--user" "0:0" "--network" "none" "ghcr.io/rust-lang/crates-build-env/linux@sha256:a89201d6b5b9fd45c15d5952ece0a0129e7e80cb26ec023fd59cf09bc26f1604" "/opt/rustwide/cargo-home/bin/cargo" "+1.55.0" "check" "--frozen" "--all" "--all-targets" "--message-format=json", kill_on_drop: false }`
[INFO] [stdout] 7cbd3fcd24441cd23f569f4062866ab5dfbd4a7ac6ab2216c466f804155b03fb
[INFO] [stderr] WARNING: Your kernel does not support swap limit capabilities or the cgroup is not mounted. Memory limited without swap.
[INFO] running `Command { std: "docker" "start" "-a" "7cbd3fcd24441cd23f569f4062866ab5dfbd4a7ac6ab2216c466f804155b03fb", kill_on_drop: false }`
[INFO] [stderr]    Compiling libc v0.2.59
[INFO] [stderr]    Compiling arrayvec v0.4.10
[INFO] [stderr]    Compiling byteorder v1.3.2
[INFO] [stderr]    Compiling spin v0.5.0
[INFO] [stderr]    Compiling nodrop v0.1.13
[INFO] [stderr]    Compiling cfg-if v0.1.9
[INFO] [stderr]    Compiling rayon-core v1.5.0
[INFO] [stderr]    Compiling scopeguard v0.3.3
[INFO] [stderr]    Compiling autocfg v0.1.4
[INFO] [stderr]    Compiling memoffset v0.2.1
[INFO] [stderr]    Compiling either v1.5.2
[INFO] [stderr]    Compiling syn v0.15.39
[INFO] [stderr]     Checking rand_core v0.4.0
[INFO] [stderr]     Checking smallvec v0.6.10
[INFO] [stderr]     Checking stable_deref_trait v1.1.1
[INFO] [stderr]    Compiling serde v1.0.94
[INFO] [stderr]    Compiling failure_derive v0.1.5
[INFO] [stderr]     Checking byte-tools v0.3.1
[INFO] [stderr]     Checking opaque-debug v0.2.2
[INFO] [stderr]     Checking rustc-demangle v0.1.15
[INFO] [stderr]     Checking futures v0.1.28
[INFO] [stderr]     Checking subtle v1.0.0
[INFO] [stderr]    Compiling subtle v2.1.0
[INFO] [stderr]     Checking keccak v0.1.0
[INFO] [stderr]     Checking untrusted v0.6.2
[INFO] [stderr]    Compiling memchr v2.2.1
[INFO] [stderr]     Checking arrayref v0.3.5
[INFO] [stderr]    Compiling regex v1.1.9
[INFO] [stderr]     Checking slab v0.4.2
[INFO] [stderr]    Compiling heapsize v0.4.2
[INFO] [stderr]     Checking fnv v1.0.6
[INFO] [stderr]     Checking ucd-util v0.1.3
[INFO] [stderr]     Checking utf8-ranges v1.0.3
[INFO] [stderr]    Compiling crunchy v0.2.2
[INFO] [stderr]    Compiling version_check v0.1.5
[INFO] [stderr]    Compiling proc-macro-hack-impl v0.4.1
[INFO] [stderr]     Checking rustc-hex v2.0.1
[INFO] [stderr]     Checking hash-db v0.12.4
[INFO] [stderr]     Checking static_assertions v0.2.5
[INFO] [stderr]     Checking matches v0.1.8
[INFO] [stderr]     Checking memory_units v0.3.0
[INFO] [stderr]     Checking base58 v0.1.0
[INFO] [stderr]     Checking hex v0.3.2
[INFO] [stderr]     Checking quick-error v1.2.2
[INFO] [stderr]     Checking hashmap_core v0.1.10
[INFO] [stderr]    Compiling protobuf v2.7.0
[INFO] [stderr]     Checking bs58 v0.2.2
[INFO] [stderr]     Checking data-encoding v2.1.2
[INFO] [stderr]     Checking zeroize v0.5.2
[INFO] [stderr]     Checking environmental v1.0.1
[INFO] [stderr]     Checking integer-sqrt v0.1.2
[INFO] [stderr]     Checking itoa v0.4.4
[INFO] [stderr]    Compiling pkg-config v0.3.14
[INFO] [stderr]    Compiling constant_time_eq v0.1.3
[INFO] [stderr]    Compiling ryu v1.0.0
[INFO] [stderr]    Compiling httparse v1.3.4
[INFO] [stderr]    Compiling openssl v0.10.23
[INFO] [stderr]     Checking sha1 v0.6.0
[INFO] [stderr]    Compiling native-tls v0.2.3
[INFO] [stderr]    Compiling unicode-segmentation v1.3.0
[INFO] [stderr]    Compiling crunchy v0.1.6
[INFO] [stderr]     Checking safemem v0.3.0
[INFO] [stderr]     Checking traitobject v0.1.0
[INFO] [stderr]     Checking typeable v0.1.2
[INFO] [stderr]     Checking nohash-hasher v0.1.1
[INFO] [stderr]     Checking quick-error v0.1.4
[INFO] [stderr]    Compiling slog v2.4.1
[INFO] [stderr]     Checking c_linked_list v1.1.1
[INFO] [stderr]     Checking static_slice v0.0.3
[INFO] [stderr]     Checking byteorder v0.5.3
[INFO] [stderr]     Checking lazycell v1.2.1
[INFO] [stderr]     Checking strum v0.14.0
[INFO] [stderr]     Checking parity-bytes v0.1.0 (https://github.com/paritytech/parity-common?rev=b0317f649ab2c665b7987b8475878fc4d2e1f81d#b0317f64)
[INFO] [stderr]     Checking take_mut v0.2.2
[INFO] [stderr]     Checking bitmask v0.5.0
[INFO] [stderr]    Compiling glob v0.2.11
[INFO] [stderr]    Compiling unicode-width v0.1.5
[INFO] [stderr]    Compiling termcolor v1.0.5
[INFO] [stderr]    Compiling strsim v0.7.0
[INFO] [stderr]    Compiling ansi_term v0.11.0
[INFO] [stderr]    Compiling vec_map v0.8.1
[INFO] [stderr]     Checking linked-hash-map v0.5.2
[INFO] [stderr]    Compiling bindgen v0.47.3
[INFO] [stderr]    Compiling peeking_take_while v0.1.2
[INFO] [stderr]     Checking indexmap v1.0.2
[INFO] [stderr]     Checking try-lock v0.2.2
[INFO] [stderr]    Compiling doc-comment v0.3.1
[INFO] [stderr]     Checking interleaved-ordered v0.1.1
[INFO] [stderr]    Compiling nix v0.14.1
[INFO] [stderr]    Compiling sysinfo v0.8.6
[INFO] [stderr]    Compiling names v0.11.0
[INFO] [stderr]     Checking target_info v0.1.0
[INFO] [stderr]     Checking log v0.4.6
[INFO] [stderr]     Checking owning_ref v0.4.0
[INFO] [stderr]     Checking owning_ref v0.3.3
[INFO] [stderr]    Compiling lazy_static v1.3.0
[INFO] [stderr]     Checking rand_core v0.3.1
[INFO] [stderr]     Checking rand_jitter v0.1.4
[INFO] [stderr]     Checking block-padding v0.1.4
[INFO] [stderr]     Checking unicode-normalization v0.1.8
[INFO] [stderr]    Compiling rand_chacha v0.1.1
[INFO] [stderr]    Compiling rand_pcg v0.1.2
[INFO] [stderr]    Compiling rand v0.6.5
[INFO] [stderr]    Compiling num-traits v0.2.8
[INFO] [stderr]    Compiling num-integer v0.1.41
[INFO] [stderr]     Checking regex-syntax v0.6.8
[INFO] [stderr]     Checking block-buffer v0.3.3
[INFO] [stderr]     Checking trie-root v0.12.4
[INFO] [stderr]     Checking unicode-bidi v0.3.4
[INFO] [stderr]     Checking humantime v1.2.0
[INFO] [stderr]    Compiling unicase v1.4.2
[INFO] [stderr]    Compiling error-chain v0.12.1
[INFO] [stderr]    Compiling nom v4.2.3
[INFO] [stderr]    Compiling unicase v2.4.0
[INFO] [stderr]    Compiling proc-macro-hack v0.4.1
[INFO] [stderr]     Checking tokio-sync v0.1.6
[INFO] [stderr]    Compiling heck v0.3.1
[INFO] [stderr]    Compiling textwrap v0.10.0
[INFO] [stderr]     Checking lru-cache v0.1.2
[INFO] [stderr]     Checking linked_hash_set v0.1.3
[INFO] [stderr]    Compiling typenum v1.10.0
[INFO] [stderr]     Checking log v0.3.9
[INFO] [stderr]     Checking want v0.2.0
[INFO] [stderr]     Checking lock_api v0.1.5
[INFO] [stderr]    Compiling crossbeam-utils v0.6.5
[INFO] [stderr]    Compiling thread_local v0.3.6
[INFO] [stderr]     Checking rand_xorshift v0.1.1
[INFO] [stderr]     Checking rand_hc v0.1.0
[INFO] [stderr]     Checking rand_isaac v0.1.1
[INFO] [stderr]    Compiling bitflags v1.1.0
[INFO] [stderr]    Compiling clang-sys v0.26.4
[INFO] [stderr]    Compiling hex-literal-impl v0.1.2
[INFO] [stderr]    Compiling quote v0.6.12
[INFO] [stderr]     Checking generic-array v0.12.3
[INFO] [stderr]     Checking generic-array v0.8.3
[INFO] [stderr]    Compiling parking_lot_core v0.4.0
[INFO] [stderr]    Compiling sr-std v1.0.0 (https://github.com/paritytech/substrate.git?branch=v1.0#2e30b732)
[INFO] [stderr]    Compiling sr-io v1.0.0 (https://github.com/paritytech/substrate.git?branch=v1.0#2e30b732)
[INFO] [stderr]    Compiling parking_lot_core v0.3.1
[INFO] [stderr]    Compiling snow v0.5.2
[INFO] [stderr]    Compiling safe-mix v1.0.0
[INFO] [stderr]    Compiling hyper v0.12.32
[INFO] [stderr]    Compiling sr-sandbox v1.0.0 (https://github.com/paritytech/substrate.git?branch=v1.0#2e30b732)
[INFO] [stderr]     Checking mime v0.2.6
[INFO] [stderr]    Compiling crossbeam-queue v0.1.2
[INFO] [stderr]     Checking idna v0.1.5
[INFO] [stderr]     Checking hash256-std-hasher v0.12.4
[INFO] [stderr]     Checking tiny-keccak v1.5.0
[INFO] [stderr]     Checking tokio-executor v0.1.8
[INFO] [stderr]     Checking crossbeam-channel v0.3.8
[INFO] [stderr]     Checking parity-wasm v0.31.3
[INFO] [stderr]     Checking hashbrown v0.1.8
[INFO] [stderr]     Checking base64 v0.9.3
[INFO] [stderr]     Checking base64 v0.10.1
[INFO] [stderr]     Checking dns-parser v0.8.0
[INFO] [stderr]     Checking aho-corasick v0.7.4
[INFO] [stderr]     Checking bstr v0.2.1
[INFO] [stderr]    Compiling crossbeam-epoch v0.7.1
[INFO] [stderr]    Compiling blake2-rfc v0.2.18
[INFO] [stderr]     Checking rand_os v0.1.3
[INFO] [stderr]     Checking iovec v0.1.2
[INFO] [stderr]     Checking rand v0.4.6
[INFO] [stderr]     Checking rand v0.5.6
[INFO] [stderr]     Checking num_cpus v1.10.1
[INFO] [stderr]     Checking net2 v0.2.33
[INFO] [stderr]     Checking time v0.1.42
[INFO] [stderr]     Checking get_if_addrs v0.5.3
[INFO] [stderr]     Checking atty v0.2.11
[INFO] [stderr]     Checking fs-swap v0.2.4
[INFO] [stderr]     Checking fdlimit v0.1.1
[INFO] [stderr]     Checking uint v0.7.1
[INFO] [stderr]     Checking elastic-array v0.10.2
[INFO] [stderr]     Checking bigint v4.4.1
[INFO] [stderr]     Checking crypto-mac v0.6.2
[INFO] [stderr]     Checking digest v0.7.6
[INFO] [stderr]     Checking digest v0.6.2
[INFO] [stderr]     Checking crypto-mac v0.4.0
[INFO] [stderr]     Checking block-buffer v0.2.0
[INFO] [stderr]     Checking digest v0.8.1
[INFO] [stderr]     Checking block-buffer v0.7.3
[INFO] [stderr]     Checking crypto-mac v0.7.0
[INFO] [stderr]     Checking block-cipher-trait v0.6.2
[INFO] [stderr]     Checking stream-cipher v0.3.0
[INFO] [stderr]     Checking hex-literal v0.1.4
[INFO] [stderr]     Checking slog-async v2.3.0
[INFO] [stderr]     Checking tokio-timer v0.2.11
[INFO] [stderr]     Checking tokio-current-thread v0.1.6
[INFO] [stderr]    Compiling crossbeam-deque v0.6.3
[INFO] [stderr]     Checking url v1.7.2
[INFO] [stderr]     Checking bytes v0.4.12
[INFO] [stderr]     Checking futures-cpupool v0.1.8
[INFO] [stderr]     Checking clap v2.32.0
[INFO] [stderr]     Checking mio v0.6.19
[INFO] [stderr]     Checking crossbeam-deque v0.7.1
[INFO] [stderr]     Checking sha2 v0.7.1
[INFO] [stderr]     Checking pbkdf2 v0.2.3
[INFO] [stderr]     Checking hmac v0.6.3
[INFO] [stderr]     Checking kvdb v0.1.0 (https://github.com/paritytech/parity-common?rev=b0317f649ab2c665b7987b8475878fc4d2e1f81d#b0317f64)
[INFO] [stderr]     Checking rand v0.3.23
[INFO] [stderr]     Checking parking_lot_core v0.2.14
[INFO] [stderr]     Checking hmac v0.4.2
[INFO] [stderr]     Checking sha2 v0.6.0
[INFO] [stderr]     Checking wasmi-validation v0.1.0
[INFO] [stderr]     Checking pwasm-utils v0.6.2
[INFO] [stderr]     Checking hmac v0.7.0
[INFO] [stderr]     Checking pbkdf2 v0.3.0
[INFO] [stderr]     Checking blake2 v0.8.0
[INFO] [stderr]     Checking aes-soft v0.3.3
[INFO] [stderr]     Checking twofish v0.2.0
[INFO] [stderr]     Checking block-modes v0.3.3
[INFO] [stderr]     Checking sha2 v0.8.0
[INFO] [stderr]     Checking sha3 v0.8.2
[INFO] [stderr]     Checking sha-1 v0.8.1
[INFO] [stderr]     Checking ripemd160 v0.8.0
[INFO] [stderr]     Checking ctr v0.3.2
[INFO] [stderr]     Checking fixed-hash v0.3.2
[INFO] [stderr]    Compiling cexpr v0.3.5
[INFO] [stderr]     Checking tokio-io v0.1.12
[INFO] [stderr]     Checking http v0.1.17
[INFO] [stderr]     Checking tokio-buf v0.1.1
[INFO] [stderr]     Checking string v0.2.1
[INFO] [stderr]     Checking hyper v0.10.16
[INFO] [stderr]     Checking scrypt v0.1.2
[INFO] [stderr]     Checking cuckoofilter v0.3.2
[INFO] [stderr]     Checking hmac-drbg v0.1.2
[INFO] [stderr]     Checking mio-uds v0.6.7
[INFO] [stderr]     Checking mio-extras v2.0.5
[INFO] [stderr]     Checking parking_lot v0.5.5
[INFO] [stderr]     Checking globset v0.4.4
[INFO] [stderr]     Checking env_logger v0.6.2
[INFO] [stderr]     Checking wasmi v0.4.5
[INFO] [stderr]     Checking aes v0.3.2
[INFO] [stderr]     Checking aes-ctr v0.3.0
[INFO] [stderr]     Checking twox-hash v1.4.2
[INFO] [stderr]     Checking trie-db v0.12.4
[INFO] [stderr]     Checking tokio-threadpool v0.1.15
[INFO] [stderr]     Checking parking_lot v0.6.4
[INFO] [stderr]    Compiling rayon v1.1.0
[INFO] [stderr]     Checking chrono v0.4.7
[INFO] [stderr]     Checking tokio-codec v0.1.1
[INFO] [stderr]     Checking rw-stream-sink v0.1.2
[INFO] [stderr]     Checking libsecp256k1 v0.2.2
[INFO] [stderr]     Checking parity-ws v0.8.0
[INFO] [stderr]     Checking ctrlc v3.1.3
[INFO] [stderr]     Checking aio-limited v0.1.0
[INFO] [stderr]     Checking parking_lot v0.7.1
[INFO] [stderr]     Checking unsigned-varint v0.2.2
[INFO] [stderr]     Checking yamux v0.2.1
[INFO] [stderr]     Checking tokio-fs v0.1.6
[INFO] [stderr]     Checking once_cell v0.1.8
[INFO] [stderr]     Checking tokio-reactor v0.1.9
[INFO] [stderr]     Checking crossbeam v0.6.0
[INFO] [stderr]     Checking exit-future v0.1.4
[INFO] [stderr]     Checking parity-multihash v0.1.2
[INFO] [stderr]     Checking multistream-select v0.4.0
[INFO] [stderr]     Checking slog-scope v4.1.1
[INFO] [stderr]     Checking http-body v0.1.0
[INFO] [stderr]     Checking h2 v0.1.25
[INFO] [stderr]     Checking tokio-tcp v0.1.3
[INFO] [stderr]     Checking tokio-uds v0.2.5
[INFO] [stderr]     Checking tokio-udp v0.1.3
[INFO] [stderr]    Compiling vergen v3.0.4
[INFO] [stderr]    Compiling cc v1.0.26
[INFO] [stderr]     Checking tokio v0.1.22
[INFO] [stderr]     Checking tk-listen v0.2.1
[INFO] [stderr]     Checking tokio-dns-unofficial v0.4.0
[INFO] [stderr]    Compiling synstructure v0.10.2
[INFO] [stderr]    Compiling backtrace-sys v0.1.30
[INFO] [stderr]    Compiling clear_on_drop v0.2.3
[INFO] [stderr]    Compiling ring v0.14.6
[INFO] [stderr]    Compiling secp256k1 v0.12.2
[INFO] [stderr]    Compiling openssl-sys v0.9.47
[INFO] [stderr]    Compiling libloading v0.5.2
[INFO] [stderr] error: failed to run custom build command for `backtrace-sys v0.1.30`
[INFO] [stderr] 
[INFO] [stderr] Caused by:
[INFO] [stderr]   process didn't exit successfully: `/opt/rustwide/target/debug/build/backtrace-sys-543744363e00e805/build-script-build` (signal: 6, SIGABRT: process abort signal)
[INFO] [stderr]   --- stdout
[INFO] [stderr]   cargo:rustc-cfg=rbt
[INFO] [stderr] 
[INFO] [stderr]   --- stderr
[INFO] [stderr]   thread '<unnamed>' panicked at 'attempted to leave type `internal::Local` uninitialized, which is invalid', /rustc/c8dfcfe046a7680554bf4eb612bad840e7631c4b/library/core/src/mem/mod.rs:663:9
[INFO] [stderr]   thread 'thread '<unnamed><unnamed>' panicked at '' panicked at 'stack backtrace:
[INFO] [stderr]   attempted to leave type `internal::Local` uninitialized, which is invalidattempted to leave type `internal::Local` uninitialized, which is invalid', ', /rustc/c8dfcfe046a7680554bf4eb612bad840e7631c4b/library/core/src/mem/mod.rs/rustc/c8dfcfe046a7680554bf4eb612bad840e7631c4b/library/core/src/mem/mod.rs::663663::99
[INFO] [stderr] 
[INFO] [stderr]   thread '<unnamed>' panicked at 'attempted to leave type `internal::Local` uninitialized, which is invalid', /rustc/c8dfcfe046a7680554bf4eb612bad840e7631c4b/library/core/src/mem/mod.rs:663:9
[INFO] [stderr]   thread '<unnamed>' panicked at 'attempted to leave type `internal::Local` uninitialized, which is invalid', /rustc/c8dfcfe046a7680554bf4eb612bad840e7631c4b/library/core/src/mem/mod.rs:663:9
[INFO] [stderr]   thread '<unnamed>' panicked at 'attempted to leave type `internal::Local` uninitialized, which is invalid', /rustc/c8dfcfe046a7680554bf4eb612bad840e7631c4b/library/core/src/mem/mod.rs:663:9
[INFO] [stderr]   thread '<unnamed>' panicked at 'attempted to leave type `internal::Local` uninitialized, which is invalid', /rustc/c8dfcfe046a7680554bf4eb612bad840e7631c4b/library/core/src/mem/mod.rs:663:9
[INFO] [stderr]   thread '<unnamed>' panicked at 'attempted to leave type `internal::Local` uninitialized, which is invalid', /rustc/c8dfcfe046a7680554bf4eb612bad840e7631c4b/library/core/src/mem/mod.rs:663:9
[INFO] [stderr]   thread '<unnamed>' panicked at 'attempted to leave type `internal::Local` uninitialized, which is invalid', /rustc/c8dfcfe046a7680554bf4eb612bad840e7631c4b/library/core/src/mem/mod.rs:663:9
[INFO] [stderr]   thread '<unnamed>' panicked at 'attempted to leave type `internal::Local` uninitialized, which is invalid', /rustc/c8dfcfe046a7680554bf4eb612bad840e7631c4b/library/core/src/mem/mod.rs:663:9
[INFO] [stderr]   thread '<unnamed>' panicked at 'attempted to leave type `internal::Local` uninitialized, which is invalid', /rustc/c8dfcfe046a7680554bf4eb612bad840e7631c4b/library/core/src/mem/mod.rs:663:9
[INFO] [stderr]   thread '<unnamed>' panicked at 'attempted to leave type `internal::Local` uninitialized, which is invalid', /rustc/c8dfcfe046a7680554bf4eb612bad840e7631c4b/library/core/src/mem/mod.rs:663:9
[INFO] [stderr]   thread 'thread '<unnamed>' panicked at 'attempted to leave type `internal::Local` uninitialized, which is invalid', /rustc/c8dfcfe046a7680554bf4eb612bad840e7631c4b/library/core/src/mem/mod.rs:<unnamed>663' panicked at ':attempted to leave type `internal::Local` uninitialized, which is invalid9', 
[INFO] [stderr]   /rustc/c8dfcfe046a7680554bf4eb612bad840e7631c4b/library/core/src/mem/mod.rs:663:9
[INFO] [stderr]   thread '<unnamed>' panicked at 'attempted to leave type `internal::Local` uninitialized, which is invalid', /rustc/c8dfcfe046a7680554bf4eb612bad840e7631c4b/library/core/src/mem/mod.rs:663:9
[INFO] [stderr]   thread '<unnamed>' panicked at 'attempted to leave type `internal::Local` uninitialized, which is invalid', /rustc/c8dfcfe046a7680554bf4eb612bad840e7631c4b/library/core/src/mem/mod.rs:663:9
[INFO] [stderr]      0:     0x562beee050f0 - std::backtrace_rs::backtrace::libunwind::trace::ha0ad43e8a952bfe7
[INFO] [stderr]                                  at /rustc/c8dfcfe046a7680554bf4eb612bad840e7631c4b/library/std/src/../../backtrace/src/backtrace/libunwind.rs:90:5
[INFO] [stderr]      1:     0x562beee050f0 - std::backtrace_rs::backtrace::trace_unsynchronized::h6830419c0c4130dc
[INFO] [stderr]                                  at /rustc/c8dfcfe046a7680554bf4eb612bad840e7631c4b/library/std/src/../../backtrace/src/backtrace/mod.rs:66:5
[INFO] [stderr]      2:     0x562beee050f0 - std::sys_common::backtrace::_print_fmt::h8f3516631ffa1ef5
[INFO] [stderr]                                  at /rustc/c8dfcfe046a7680554bf4eb612bad840e7631c4b/library/std/src/sys_common/backtrace.rs:67:5
[INFO] [stderr]      3:     0x562beee050f0 - <std::sys_common::backtrace::_print::DisplayBacktrace as core::fmt::Display>::fmt::he1640d5f0d93f618
[INFO] [stderr]                                  at /rustc/c8dfcfe046a7680554bf4eb612bad840e7631c4b/library/std/src/sys_common/backtrace.rs:46:22
[INFO] [stderr]      4:     0x562beee2495c - core::fmt::write::h88012e1f01caeebf
[INFO] [stderr]                                  at /rustc/c8dfcfe046a7680554bf4eb612bad840e7631c4b/library/core/src/fmt/mod.rs:1115:17
[INFO] [stderr]      5:     0x562beee01935 - std::io::Write::write_fmt::h360fa85b30182555
[INFO] [stderr]                                  at /rustc/c8dfcfe046a7680554bf4eb612bad840e7631c4b/library/std/src/io/mod.rs:1665:15
[INFO] [stderr]      6:     0x562beee072eb - std::sys_common::backtrace::_print::ha1f00492f406a015
[INFO] [stderr]                                  at /rustc/c8dfcfe046a7680554bf4eb612bad840e7631c4b/library/std/src/sys_common/backtrace.rs:49:5
[INFO] [stderr]      7:     0x562beee072eb - std::sys_common::backtrace::print::hd54561b13feb6af3
[INFO] [stderr]                                  at /rustc/c8dfcfe046a7680554bf4eb612bad840e7631c4b/library/std/src/sys_common/backtrace.rs:36:9
[INFO] [stderr]      8:     0x562beee072eb - std::panicking::default_hook::{{closure}}::h84fe124cd0864662
[INFO] [stderr]                                  at /rustc/c8dfcfe046a7680554bf4eb612bad840e7631c4b/library/std/src/panicking.rs:208:50
[INFO] [stderr]      9:     0x562beee06dc1 - std::panicking::default_hook::h5a8e74a76ce290a7
[INFO] [stderr]                                  at /rustc/c8dfcfe046a7680554bf4eb612bad840e7631c4b/library/std/src/panicking.rs:225:9
[INFO] [stderr]     10:     0x562beee079b4 - std::panicking::rust_panic_with_hook::h67c812a4fe9d4c91
[INFO] [stderr]                                  at /rustc/c8dfcfe046a7680554bf4eb612bad840e7631c4b/library/std/src/panicking.rs:622:17
[INFO] [stderr]     11:     0x562beee07467 - std::panicking::begin_panic_handler::{{closure}}::h33f9c1b96af300d7
[INFO] [stderr]                                  at /rustc/c8dfcfe046a7680554bf4eb612bad840e7631c4b/library/std/src/panicking.rs:517:13
[INFO] [stderr]     12:     0x562beee055ec - std::sys_common::backtrace::__rust_end_short_backtrace::h51bae64be5921f0e
[INFO] [stderr]                                  at /rustc/c8dfcfe046a7680554bf4eb612bad840e7631c4b/library/std/src/sys_common/backtrace.rs:141:18
[INFO] [stderr]     13:     0x562beee073f9 - rust_begin_unwind
[INFO] [stderr]                                  at /rustc/c8dfcfe046a7680554bf4eb612bad840e7631c4b/library/std/src/panicking.rs:515:5
[INFO] [stderr]     14:     0x562beed5e3a1 - core::panicking::panic_fmt::h12a3a3c256485fca
[INFO] [stderr]                                  at /rustc/c8dfcfe046a7680554bf4eb612bad840e7631c4b/library/core/src/panicking.rs:92:14
[INFO] [stderr]     15:     0x562beed5e2ed - core::panicking::panic::h344f23ad26057b48
[INFO] [stderr]                                  at /rustc/c8dfcfe046a7680554bf4eb612bad840e7631c4b/library/core/src/panicking.rs:50:5
[INFO] [stderr]     16:     0x562beede0e33 - core::mem::uninitialized::hab28de51468d0aae
[INFO] [stderr]                                  at /rustc/c8dfcfe046a7680554bf4eb612bad840e7631c4b/library/core/src/mem/mod.rs:663:9
[INFO] [stderr]     17:     0x562beede0e33 - <crossbeam_epoch::internal::Local as crossbeam_epoch::sync::list::IsElement<crossbeam_epoch::internal::Local>>::entry_of::h17777c9f1fe7931a
[INFO] [stderr]                                  at /opt/rustwide/cargo-home/registry/src/github.com-1ecc6299db9ec823/crossbeam-epoch-0.7.1/src/internal.rs:493:59
[INFO] [stderr]     18:     0x562beede9e80 - crossbeam_epoch::sync::list::List<T,C>::insert::h2af9ef7440eeabe8
[INFO] [stderr]                                  at /opt/rustwide/cargo-home/registry/src/github.com-1ecc6299db9ec823/crossbeam-epoch-0.7.1/src/sync/list.rs:176:29
[INFO] [stderr]     19:     0x562beede0295 - crossbeam_epoch::internal::Local::register::h9376df2d457a330c
[INFO] [stderr]                                  at /opt/rustwide/cargo-home/registry/src/github.com-1ecc6299db9ec823/crossbeam-epoch-0.7.1/src/internal.rs:291:13
[INFO] [stderr]     20:     0x562beede5b0e - crossbeam_epoch::collector::Collector::register::h02240bed680ef82e
[INFO] [stderr]                                  at /opt/rustwide/cargo-home/registry/src/github.com-1ecc6299db9ec823/crossbeam-epoch-0.7.1/src/collector.rs:39:9
[INFO] [stderr]     21:     0x562beede9cf1 - crossbeam_epoch::default::HANDLE::__init::h7b4f70da11901002
[INFO] [stderr]                                  at /opt/rustwide/cargo-home/registry/src/github.com-1ecc6299db9ec823/crossbeam-epoch-0.7.1/src/default.rs:17:34
[INFO] [stderr]     22:     0x562beede7689 - core::ops::function::FnOnce::call_once::h90ad7ef4d0a14bcc
[INFO] [stderr]                                  at /rustc/c8dfcfe046a7680554bf4eb612bad840e7631c4b/library/core/src/ops/function.rs:227:5
[INFO] [stderr]     23:     0x562beede534c - std::thread::local::lazy::LazyKeyInner<T>::initialize::h604c7069fe2da936
[INFO] [stderr]                                  at /rustc/c8dfcfe046a7680554bf4eb612bad840e7631c4b/library/std/src/thread/local.rs:431:25
[INFO] [stderr]     24:     0x562beede2810 - std::thread::local::fast::Key<T>::try_initialize::h9bac5023a90a7fdb
[INFO] [stderr]                                  at /rustc/c8dfcfe046a7680554bf4eb612bad840e7631c4b/library/std/src/thread/local.rs:609:31
[INFO] [stderr]     25:     0x562beede2957 - std::thread::local::fast::Key<T>::get::h266f05568c3572c3
[INFO] [stderr]                                  at /rustc/c8dfcfe046a7680554bf4eb612bad840e7631c4b/library/std/src/thread/local.rs:592:29
[INFO] [stderr]     26:     0x562beedcc6dd - crossbeam_epoch::default::HANDLE::__getit::habb53168075cc5be
[INFO] [stderr]                                  at /rustc/c8dfcfe046a7680554bf4eb612bad840e7631c4b/library/std/src/thread/local.rs:311:26
[INFO] [stderr]     27:     0x562beedccc75 - std::thread::local::LocalKey<T>::try_with::hdffdc4c0781dc1ee
[INFO] [stderr]                                  at /rustc/c8dfcfe046a7680554bf4eb612bad840e7631c4b/library/std/src/thread/local.rs:398:32
[INFO] [stderr]     28:     0x562beedcc3e3 - crossbeam_epoch::default::with_handle::h3393c71537674964
[INFO] [stderr]                                  at /opt/rustwide/cargo-home/registry/src/github.com-1ecc6299db9ec823/crossbeam-epoch-0.7.1/src/default.rs:42:5
[INFO] [stderr]     29:     0x562beedcc6f7 - crossbeam_epoch::default::is_pinned::hb2d1a0e8d4c8422c
[INFO] [stderr]                                  at /opt/rustwide/cargo-home/registry/src/github.com-1ecc6299db9ec823/crossbeam-epoch-0.7.1/src/default.rs:29:5
[INFO] [stderr]     30:     0x562beedcade0 - crossbeam_deque::Stealer<T>::steal::h3e6202b0cf4e4bde
[INFO] [stderr]                                  at /opt/rustwide/cargo-home/registry/src/github.com-1ecc6299db9ec823/crossbeam-deque-0.6.3/src/lib.rs:660:12
[INFO] [stderr]     31:     0x562beedc662d - rayon_core::registry::WorkerThread::steal::{{closure}}::h7820256e29f3f67e
[INFO] [stderr]                                  at /opt/rustwide/cargo-home/registry/src/github.com-1ecc6299db9ec823/rayon-core-1.5.0/src/registry.rs:764:27
[INFO] [stderr]     32:     0x562beedc346b - core::ops::function::impls::<impl core::ops::function::FnMut<A> for &mut F>::call_mut::h6ee1340d0ecf3fef
[INFO] [stderr]                                  at /rustc/c8dfcfe046a7680554bf4eb612bad840e7631c4b/library/core/src/ops/function.rs:269:13
[INFO] [stderr]     33:     0x562beedbfe71 - core::iter::traits::iterator::Iterator::find_map::check::{{closure}}::h2fadaf0c1d4837ac
[INFO] [stderr]                                  at /rustc/c8dfcfe046a7680554bf4eb612bad840e7631c4b/library/core/src/iter/traits/iterator.rs:2411:32
[INFO] [stderr]     34:     0x562beedbb131 - core::iter::adapters::filter::filter_try_fold::{{closure}}::h9508c829ddc4a97a
[INFO] [stderr]                                  at /rustc/c8dfcfe046a7680554bf4eb612bad840e7631c4b/library/core/src/iter/adapters/filter.rs:44:44
[INFO] [stderr]     35:     0x562beedb972c - core::ops::function::impls::<impl core::ops::function::FnMut<A> for &mut F>::call_mut::h7e4c367e1bee22f7
[INFO] [stderr]                                  at /rustc/c8dfcfe046a7680554bf4eb612bad840e7631c4b/library/core/src/ops/function.rs:269:13
[INFO] [stderr]     36:     0x562beedc0013 - core::iter::traits::iterator::Iterator::try_fold::h50556bfc0a09e067
[INFO] [stderr]                                  at /rustc/c8dfcfe046a7680554bf4eb612bad840e7631c4b/library/core/src/iter/traits/iterator.rs:1998:21
[INFO] [stderr]     37:     0x562beedb055e - <core::iter::adapters::chain::Chain<A,B> as core::iter::traits::iterator::Iterator>::try_fold::hc70a622f914faa38
[INFO] [stderr]                                  at /rustc/c8dfcfe046a7680554bf4eb612bad840e7631c4b/library/core/src/iter/adapters/chain.rs:104:19
[INFO] [stderr]     38:     0x562beedb8fac - <core::iter::adapters::filter::Filter<I,P> as core::iter::traits::iterator::Iterator>::try_fold::h41053e0ddfdc799c
[INFO] [stderr]                                  at /rustc/c8dfcfe046a7680554bf4eb612bad840e7631c4b/library/core/src/iter/adapters/filter.rs:93:9
[INFO] [stderr]     39:     0x562beedbb00b - core::iter::traits::iterator::Iterator::find_map::h5bb4c016f4ef7c72
[INFO] [stderr]                                  at /rustc/c8dfcfe046a7680554bf4eb612bad840e7631c4b/library/core/src/iter/traits/iterator.rs:2417:9
[INFO] [stderr]     40:     0x562beedb4819 - <core::iter::adapters::filter_map::FilterMap<I,F> as core::iter::traits::iterator::Iterator>::next::hfc6ab2bd2cb117cb
[INFO] [stderr]                                  at /rustc/c8dfcfe046a7680554bf4eb612bad840e7631c4b/library/core/src/iter/adapters/filter_map.rs:61:9
[INFO] [stderr]     41:     0x562beedc6562 - rayon_core::registry::WorkerThread::steal::h64a7580e675531a1
[INFO] [stderr]                                  at /opt/rustwide/cargo-home/registry/src/github.com-1ecc6299db9ec823/rayon-core-1.5.0/src/registry.rs:758:9
[INFO] [stderr]     42:     0x562beedc62a2 - rayon_core::registry::WorkerThread::wait_until_cold::{{closure}}::he58bfdb8f7244d4d
[INFO] [stderr]                                  at /opt/rustwide/cargo-home/registry/src/github.com-1ecc6299db9ec823/rayon-core-1.5.0/src/registry.rs:714:29
[INFO] [stderr]     43:     0x562beedbbc21 - core::option::Option<T>::or_else::he9f23fd2bd7e9445
[INFO] [stderr]                                  at /rustc/c8dfcfe046a7680554bf4eb612bad840e7631c4b/library/core/src/option.rs:1124:21
[INFO] [stderr]     44:     0x562beedc5f7a - rayon_core::registry::WorkerThread::wait_until_cold::hec6903ae423f77d1
[INFO] [stderr]                                  at /opt/rustwide/cargo-home/registry/src/github.com-1ecc6299db9ec823/rayon-core-1.5.0/src/registry.rs:712:32
[INFO] [stderr]     45:     0x562beedc5a8f - rayon_core::registry::WorkerThread::wait_until::hf0e1aaac5a319e77
[INFO] [stderr]                                  at /opt/rustwide/cargo-home/registry/src/github.com-1ecc6299db9ec823/rayon-core-1.5.0/src/registry.rs:692:13
[INFO] [stderr]     46:     0x562beedc6c80 - rayon_core::registry::main_loop::hcebf503900681fce
[INFO] [stderr]                                  at /opt/rustwide/cargo-home/registry/src/github.com-1ecc6299db9ec823/rayon-core-1.5.0/src/registry.rs:812:5
[INFO] [stderr]     47:     0x562beedc370d - rayon_core::registry::ThreadBuilder::run::h28ed7aed24c0ac80
[INFO] [stderr]                                  at /opt/rustwide/cargo-home/registry/src/github.com-1ecc6299db9ec823/rayon-core-1.5.0/src/registry.rs:58:18
[INFO] [stderr]     48:     0x562beedc3c3d - <rayon_core::registry::DefaultSpawn as rayon_core::registry::ThreadSpawn>::spawn::{{closure}}::hf86e08d7fe170c7d
[INFO] [stderr]                                  at /opt/rustwide/cargo-home/registry/src/github.com-1ecc6299db9ec823/rayon-core-1.5.0/src/registry.rs:103:20
[INFO] [stderr]     49:     0x562beedae860 - std::sys_common::backtrace::__rust_begin_short_backtrace::h17a7227ad445f767
[INFO] [stderr]                                  at /rustc/c8dfcfe046a7680554bf4eb612bad840e7631c4b/library/std/src/sys_common/backtrace.rs:125:18
[INFO] [stderr]     50:     0x562beedb2fbd - std::thread::Builder::spawn_unchecked::{{closure}}::{{closure}}::h82c26c15416e643a
[INFO] [stderr]                                  at /rustc/c8dfcfe046a7680554bf4eb612bad840e7631c4b/library/std/src/thread/mod.rs:476:17
[INFO] [stderr]     51:     0x562beedb47b1 - <std::panic::AssertUnwindSafe<F> as core::ops::function::FnOnce<()>>::call_once::h5f16b782ec8a991d
[INFO] [stderr]                                  at /rustc/c8dfcfe046a7680554bf4eb612bad840e7631c4b/library/std/src/panic.rs:347:9
[INFO] [stderr]     52:     0x562beedc804c - std::panicking::try::do_call::h32fdd0043233c75f
[INFO] [stderr]                                  at /rustc/c8dfcfe046a7680554bf4eb612bad840e7631c4b/library/std/src/panicking.rs:401:40
[INFO] [stderr]     53:     0x562beedc932d - __rust_try
[INFO] [stderr]     54:     0x562beedc7f87 - std::panicking::try::hbaa71e508de4ef8b
[INFO] [stderr]                                  at /rustc/c8dfcfe046a7680554bf4eb612bad840e7631c4b/library/std/src/panicking.rs:365:19
[INFO] [stderr]     55:     0x562beedb4ff1 - std::panic::catch_unwind::h7c30cef0d20cb9ed
[INFO] [stderr]                                  at /rustc/c8dfcfe046a7680554bf4eb612bad840e7631c4b/library/std/src/panic.rs:434:14
[INFO] [stderr]     56:     0x562beedb2dcc - std::thread::Builder::spawn_unchecked::{{closure}}::hc394087781a583be
[INFO] [stderr]                                  at /rustc/c8dfcfe046a7680554bf4eb612bad840e7631c4b/library/std/src/thread/mod.rs:475:30
[INFO] [stderr]     57:     0x562beedb975f - core::ops::function::FnOnce::call_once{{vtable.shim}}::h6912954b2b22c238
[INFO] [stderr]                                  at /rustc/c8dfcfe046a7680554bf4eb612bad840e7631c4b/library/core/src/ops/function.rs:227:5
[INFO] [stderr]     58:     0x562beee0d7b7 - <alloc::boxed::Box<F,A> as core::ops::function::FnOnce<Args>>::call_once::h6bff7798948b1075
[INFO] [stderr]                                  at /rustc/c8dfcfe046a7680554bf4eb612bad840e7631c4b/library/alloc/src/boxed.rs:1572:9
[INFO] [stderr]     59:     0x562beee0d7b7 - <alloc::boxed::Box<F,A> as core::ops::function::FnOnce<Args>>::call_once::hc2d25ac38f6b2342
[INFO] [stderr]                                  at /rustc/c8dfcfe046a7680554bf4eb612bad840e7631c4b/library/alloc/src/boxed.rs:1572:9
[INFO] [stderr]     60:     0x562beee0d7b7 - std::sys::unix::thread::Thread::new::thread_start::hbba5bc368baac205
[INFO] [stderr]                                  at /rustc/c8dfcfe046a7680554bf4eb612bad840e7631c4b/library/std/src/sys/unix/thread.rs:74:17
[INFO] [stderr]     61:     0x7f51966b9609 - start_thread
[INFO] [stderr]     62:     0x7f519648b293 - clone
[INFO] [stderr]     63:                0x0 - <unknown>
[INFO] [stderr]   Rayon: detected unexpected panic; aborting
[INFO] [stderr] warning: build failed, waiting for other jobs to finish...
[INFO] [stderr] error: build failed
[INFO] running `Command { std: "docker" "inspect" "7cbd3fcd24441cd23f569f4062866ab5dfbd4a7ac6ab2216c466f804155b03fb", kill_on_drop: false }`
[INFO] running `Command { std: "docker" "rm" "-f" "7cbd3fcd24441cd23f569f4062866ab5dfbd4a7ac6ab2216c466f804155b03fb", kill_on_drop: false }`
[INFO] [stdout] 7cbd3fcd24441cd23f569f4062866ab5dfbd4a7ac6ab2216c466f804155b03fb
