[INFO] cloning repository https://github.com/trusch/snakeos
[INFO] running `Command { std: "git" "-c" "credential.helper=" "-c" "credential.helper=/workspace/cargo-home/bin/git-credential-null" "clone" "--bare" "https://github.com/trusch/snakeos" "/workspace/cache/git-repos/https%3A%2F%2Fgithub.com%2Ftrusch%2Fsnakeos", kill_on_drop: false }`
[INFO] [stderr] Cloning into bare repository '/workspace/cache/git-repos/https%3A%2F%2Fgithub.com%2Ftrusch%2Fsnakeos'...
[INFO] running `Command { std: "git" "rev-parse" "HEAD", kill_on_drop: false }`
[INFO] [stdout] 46e27f0b8a7b37424d847682d4a0d0473b7b2215
[INFO] checking trusch/snakeos against 1.55.0 for beta-1.56-3
[INFO] running `Command { std: "git" "clone" "/workspace/cache/git-repos/https%3A%2F%2Fgithub.com%2Ftrusch%2Fsnakeos" "/workspace/builds/worker-14/source", kill_on_drop: false }`
[INFO] [stderr] Cloning into '/workspace/builds/worker-14/source'...
[INFO] [stderr] done.
[INFO] validating manifest of git repo https://github.com/trusch/snakeos on toolchain 1.55.0
[INFO] running `Command { std: "/workspace/cargo-home/bin/cargo" "+1.55.0" "metadata" "--manifest-path" "Cargo.toml" "--no-deps", kill_on_drop: false }`
[INFO] removed /workspace/builds/worker-14/source/.cargo/config.toml
[INFO] started tweaking git repo https://github.com/trusch/snakeos
[INFO] finished tweaking git repo https://github.com/trusch/snakeos
[INFO] tweaked toml for git repo https://github.com/trusch/snakeos written to /workspace/builds/worker-14/source/Cargo.toml
[INFO] crate git repo https://github.com/trusch/snakeos already has a lockfile, it will not be regenerated
[INFO] running `Command { std: "/workspace/cargo-home/bin/cargo" "+1.55.0" "fetch" "--manifest-path" "Cargo.toml", kill_on_drop: false }`
[INFO] running `Command { std: "docker" "create" "-v" "/var/lib/crater-agent-workspace/builds/worker-14/target:/opt/rustwide/target:rw,Z" "-v" "/var/lib/crater-agent-workspace/builds/worker-14/source:/opt/rustwide/workdir:ro,Z" "-v" "/var/lib/crater-agent-workspace/cargo-home:/opt/rustwide/cargo-home:ro,Z" "-v" "/var/lib/crater-agent-workspace/rustup-home:/opt/rustwide/rustup-home:ro,Z" "-e" "SOURCE_DIR=/opt/rustwide/workdir" "-e" "CARGO_TARGET_DIR=/opt/rustwide/target" "-e" "CARGO_HOME=/opt/rustwide/cargo-home" "-e" "RUSTUP_HOME=/opt/rustwide/rustup-home" "-w" "/opt/rustwide/workdir" "-m" "1610612736" "--user" "0:0" "--network" "none" "ghcr.io/rust-lang/crates-build-env/linux@sha256:a89201d6b5b9fd45c15d5952ece0a0129e7e80cb26ec023fd59cf09bc26f1604" "/opt/rustwide/cargo-home/bin/cargo" "+1.55.0" "metadata" "--no-deps" "--format-version=1", kill_on_drop: false }`
[INFO] [stdout] 1cb72050194774d94312c8b3164fc277ce49dc974ddb1f426fd185eeea8cc6d6
[INFO] [stderr] WARNING: Your kernel does not support swap limit capabilities or the cgroup is not mounted. Memory limited without swap.
[INFO] running `Command { std: "docker" "start" "-a" "1cb72050194774d94312c8b3164fc277ce49dc974ddb1f426fd185eeea8cc6d6", kill_on_drop: false }`
[INFO] running `Command { std: "docker" "inspect" "1cb72050194774d94312c8b3164fc277ce49dc974ddb1f426fd185eeea8cc6d6", kill_on_drop: false }`
[INFO] running `Command { std: "docker" "rm" "-f" "1cb72050194774d94312c8b3164fc277ce49dc974ddb1f426fd185eeea8cc6d6", kill_on_drop: false }`
[INFO] [stdout] 1cb72050194774d94312c8b3164fc277ce49dc974ddb1f426fd185eeea8cc6d6
[INFO] running `Command { std: "docker" "create" "-v" "/var/lib/crater-agent-workspace/builds/worker-14/target:/opt/rustwide/target:rw,Z" "-v" "/var/lib/crater-agent-workspace/builds/worker-14/source:/opt/rustwide/workdir:ro,Z" "-v" "/var/lib/crater-agent-workspace/cargo-home:/opt/rustwide/cargo-home:ro,Z" "-v" "/var/lib/crater-agent-workspace/rustup-home:/opt/rustwide/rustup-home:ro,Z" "-e" "SOURCE_DIR=/opt/rustwide/workdir" "-e" "CARGO_TARGET_DIR=/opt/rustwide/target" "-e" "CARGO_INCREMENTAL=0" "-e" "RUST_BACKTRACE=full" "-e" "RUSTFLAGS=--cap-lints=warn" "-e" "CARGO_HOME=/opt/rustwide/cargo-home" "-e" "RUSTUP_HOME=/opt/rustwide/rustup-home" "-w" "/opt/rustwide/workdir" "-m" "1610612736" "--user" "0:0" "--network" "none" "ghcr.io/rust-lang/crates-build-env/linux@sha256:a89201d6b5b9fd45c15d5952ece0a0129e7e80cb26ec023fd59cf09bc26f1604" "/opt/rustwide/cargo-home/bin/cargo" "+1.55.0" "check" "--frozen" "--all" "--all-targets" "--message-format=json", kill_on_drop: false }`
[INFO] [stdout] 20b56bdeb3821a444ade4cfdc3c71aff62df4dfa01aa569d402172e2a4a092fa
[INFO] [stderr] WARNING: Your kernel does not support swap limit capabilities or the cgroup is not mounted. Memory limited without swap.
[INFO] running `Command { std: "docker" "start" "-a" "20b56bdeb3821a444ade4cfdc3c71aff62df4dfa01aa569d402172e2a4a092fa", kill_on_drop: false }`
[INFO] [stderr]    Compiling x86_64 v0.14.4
[INFO] [stderr]     Checking bit_field v0.9.0
[INFO] [stderr]    Compiling futures-core v0.3.16
[INFO] [stderr]     Checking volatile v0.4.4
[INFO] [stderr]    Compiling futures-task v0.3.16
[INFO] [stderr]     Checking json v0.12.4
[INFO] [stderr]    Compiling bootloader v0.10.7
[INFO] [stderr]     Checking rand_core v0.6.3
[INFO] [stderr]     Checking pin-project-lite v0.2.7
[INFO] [stderr]     Checking conquer-util v0.2.0
[INFO] [stderr]     Checking font8x8 v0.2.7
[INFO] [stderr]     Checking pc-keyboard v0.5.1
[INFO] [stderr]     Checking volatile v0.2.7
[INFO] [stderr]    Compiling crossbeam-utils v0.7.2
[INFO] [stderr]    Compiling futures-util v0.3.16
[INFO] [stderr]     Checking lock_api v0.4.4
[INFO] [stderr]     Checking lazy_static v1.4.0
[INFO] [stderr]     Checking conquer-once v0.2.1
[INFO] [stdout] error[E0554]: `#![feature]` may not be used on the stable release channel
[INFO] [stdout]   --> /opt/rustwide/cargo-home/registry/src/github.com-1ecc6299db9ec823/lock_api-0.4.4/src/lib.rs:91:34
[INFO] [stdout]    |
[INFO] [stdout] 91 | #![cfg_attr(feature = "nightly", feature(const_fn_trait_bound))]
[INFO] [stdout]    |                                  ^^^^^^^^^^^^^^^^^^^^^^^^^^^^^
[INFO] [stdout] 
[INFO] [stdout] 
[INFO] [stderr]     Checking rand v0.8.4
[INFO] [stdout] error: aborting due to previous error
[INFO] [stdout] 
[INFO] [stdout] 
[INFO] [stdout] For more information about this error, try `rustc --explain E0554`.
[INFO] [stdout] 
[INFO] [stderr] error: could not compile `lock_api` due to 2 previous errors
[INFO] [stderr] warning: build failed, waiting for other jobs to finish...
[INFO] [stdout] error[E0554]: `#![feature]` may not be used on the stable release channel
[INFO] [stdout]   --> /opt/rustwide/cargo-home/registry/src/github.com-1ecc6299db9ec823/bootloader-0.10.7/src/lib.rs:69:1
[INFO] [stdout]    |
[INFO] [stdout] 69 | #![feature(asm)]
[INFO] [stdout]    | ^^^^^^^^^^^^^^^^
[INFO] [stdout] 
[INFO] [stdout] 
[INFO] [stdout] error[E0554]: `#![feature]` may not be used on the stable release channel
[INFO] [stdout]   --> /opt/rustwide/cargo-home/registry/src/github.com-1ecc6299db9ec823/bootloader-0.10.7/src/lib.rs:70:1
[INFO] [stdout]    |
[INFO] [stdout] 70 | #![feature(maybe_uninit_extra)]
[INFO] [stdout]    | ^^^^^^^^^^^^^^^^^^^^^^^^^^^^^^^
[INFO] [stdout] 
[INFO] [stdout] 
[INFO] [stdout] error[E0554]: `#![feature]` may not be used on the stable release channel
[INFO] [stdout]   --> /opt/rustwide/cargo-home/registry/src/github.com-1ecc6299db9ec823/bootloader-0.10.7/src/lib.rs:71:1
[INFO] [stdout]    |
[INFO] [stdout] 71 | #![feature(maybe_uninit_slice)]
[INFO] [stdout]    | ^^^^^^^^^^^^^^^^^^^^^^^^^^^^^^^
[INFO] [stdout] 
[INFO] [stdout] 
[INFO] [stdout] error: aborting due to 3 previous errors
[INFO] [stdout] 
[INFO] [stdout] 
[INFO] [stdout] For more information about this error, try `rustc --explain E0554`.
[INFO] [stdout] 
[INFO] [stderr] error: build failed
[INFO] running `Command { std: "docker" "inspect" "20b56bdeb3821a444ade4cfdc3c71aff62df4dfa01aa569d402172e2a4a092fa", kill_on_drop: false }`
[INFO] running `Command { std: "docker" "rm" "-f" "20b56bdeb3821a444ade4cfdc3c71aff62df4dfa01aa569d402172e2a4a092fa", kill_on_drop: false }`
[INFO] [stdout] 20b56bdeb3821a444ade4cfdc3c71aff62df4dfa01aa569d402172e2a4a092fa
