[INFO] cloning repository https://github.com/trueb2/vaccine-dashboard-api
[INFO] running `Command { std: "git" "-c" "credential.helper=" "-c" "credential.helper=/workspace/cargo-home/bin/git-credential-null" "clone" "--bare" "https://github.com/trueb2/vaccine-dashboard-api" "/workspace/cache/git-repos/https%3A%2F%2Fgithub.com%2Ftrueb2%2Fvaccine-dashboard-api", kill_on_drop: false }`
[INFO] [stderr] Cloning into bare repository '/workspace/cache/git-repos/https%3A%2F%2Fgithub.com%2Ftrueb2%2Fvaccine-dashboard-api'...
[INFO] running `Command { std: "git" "rev-parse" "HEAD", kill_on_drop: false }`
[INFO] [stdout] f57cc6f07f9ba6cc6dac1e5490c0dd7baebf2d9e
[INFO] checking trueb2/vaccine-dashboard-api against beta-2021-10-15 for beta-1.56-3
[INFO] running `Command { std: "git" "clone" "/workspace/cache/git-repos/https%3A%2F%2Fgithub.com%2Ftrueb2%2Fvaccine-dashboard-api" "/workspace/builds/worker-11/source", kill_on_drop: false }`
[INFO] [stderr] Cloning into '/workspace/builds/worker-11/source'...
[INFO] [stderr] done.
[INFO] validating manifest of git repo https://github.com/trueb2/vaccine-dashboard-api on toolchain beta-2021-10-15
[INFO] running `Command { std: "/workspace/cargo-home/bin/cargo" "+beta-2021-10-15" "metadata" "--manifest-path" "Cargo.toml" "--no-deps", kill_on_drop: false }`
[INFO] started tweaking git repo https://github.com/trueb2/vaccine-dashboard-api
[INFO] finished tweaking git repo https://github.com/trueb2/vaccine-dashboard-api
[INFO] tweaked toml for git repo https://github.com/trueb2/vaccine-dashboard-api written to /workspace/builds/worker-11/source/Cargo.toml
[INFO] crate git repo https://github.com/trueb2/vaccine-dashboard-api already has a lockfile, it will not be regenerated
[INFO] running `Command { std: "/workspace/cargo-home/bin/cargo" "+beta-2021-10-15" "fetch" "--manifest-path" "Cargo.toml", kill_on_drop: false }`
[INFO] [stderr]  Downloading crates ...
[INFO] [stderr]   Downloaded env_logger v0.8.2
[INFO] [stderr]   Downloaded ipnetwork v0.16.0
[INFO] [stderr]   Downloaded ipnetwork v0.17.0
[INFO] [stderr]   Downloaded serde_derive v1.0.119
[INFO] [stderr]   Downloaded actix-cors v0.5.4
[INFO] [stderr]   Downloaded actix-web-httpauth v0.5.0
[INFO] [stderr]   Downloaded serde v1.0.119
[INFO] running `Command { std: "docker" "create" "-v" "/var/lib/crater-agent-workspace/builds/worker-11/target:/opt/rustwide/target:rw,Z" "-v" "/var/lib/crater-agent-workspace/builds/worker-11/source:/opt/rustwide/workdir:ro,Z" "-v" "/var/lib/crater-agent-workspace/cargo-home:/opt/rustwide/cargo-home:ro,Z" "-v" "/var/lib/crater-agent-workspace/rustup-home:/opt/rustwide/rustup-home:ro,Z" "-e" "SOURCE_DIR=/opt/rustwide/workdir" "-e" "CARGO_TARGET_DIR=/opt/rustwide/target" "-e" "CARGO_HOME=/opt/rustwide/cargo-home" "-e" "RUSTUP_HOME=/opt/rustwide/rustup-home" "-w" "/opt/rustwide/workdir" "-m" "1610612736" "--user" "0:0" "--network" "none" "ghcr.io/rust-lang/crates-build-env/linux@sha256:a89201d6b5b9fd45c15d5952ece0a0129e7e80cb26ec023fd59cf09bc26f1604" "/opt/rustwide/cargo-home/bin/cargo" "+beta-2021-10-15" "metadata" "--no-deps" "--format-version=1", kill_on_drop: false }`
[INFO] [stdout] 1f57f1f233be6aa6518e4f80406621d42a21f4478c83d15a475ae006d5ef9ec7
[INFO] [stderr] WARNING: Your kernel does not support swap limit capabilities or the cgroup is not mounted. Memory limited without swap.
[INFO] running `Command { std: "docker" "start" "-a" "1f57f1f233be6aa6518e4f80406621d42a21f4478c83d15a475ae006d5ef9ec7", kill_on_drop: false }`
[INFO] running `Command { std: "docker" "inspect" "1f57f1f233be6aa6518e4f80406621d42a21f4478c83d15a475ae006d5ef9ec7", kill_on_drop: false }`
[INFO] running `Command { std: "docker" "rm" "-f" "1f57f1f233be6aa6518e4f80406621d42a21f4478c83d15a475ae006d5ef9ec7", kill_on_drop: false }`
[INFO] [stdout] 1f57f1f233be6aa6518e4f80406621d42a21f4478c83d15a475ae006d5ef9ec7
[INFO] running `Command { std: "docker" "create" "-v" "/var/lib/crater-agent-workspace/builds/worker-11/target:/opt/rustwide/target:rw,Z" "-v" "/var/lib/crater-agent-workspace/builds/worker-11/source:/opt/rustwide/workdir:ro,Z" "-v" "/var/lib/crater-agent-workspace/cargo-home:/opt/rustwide/cargo-home:ro,Z" "-v" "/var/lib/crater-agent-workspace/rustup-home:/opt/rustwide/rustup-home:ro,Z" "-e" "SOURCE_DIR=/opt/rustwide/workdir" "-e" "CARGO_TARGET_DIR=/opt/rustwide/target" "-e" "CARGO_INCREMENTAL=0" "-e" "RUST_BACKTRACE=full" "-e" "RUSTFLAGS=--cap-lints=warn" "-e" "CARGO_HOME=/opt/rustwide/cargo-home" "-e" "RUSTUP_HOME=/opt/rustwide/rustup-home" "-w" "/opt/rustwide/workdir" "-m" "1610612736" "--user" "0:0" "--network" "none" "ghcr.io/rust-lang/crates-build-env/linux@sha256:a89201d6b5b9fd45c15d5952ece0a0129e7e80cb26ec023fd59cf09bc26f1604" "/opt/rustwide/cargo-home/bin/cargo" "+beta-2021-10-15" "check" "--frozen" "--all" "--all-targets" "--message-format=json", kill_on_drop: false }`
[INFO] [stdout] 02ed622a1538d2371767cb6dbfacf9fce7ba60867f78051d47b39eb6610b8b7f
[INFO] [stderr] WARNING: Your kernel does not support swap limit capabilities or the cgroup is not mounted. Memory limited without swap.
[INFO] running `Command { std: "docker" "start" "-a" "02ed622a1538d2371767cb6dbfacf9fce7ba60867f78051d47b39eb6610b8b7f", kill_on_drop: false }`
[INFO] [stderr]    Compiling libc v0.2.82
[INFO] [stderr]    Compiling syn v1.0.58
[INFO] [stderr]    Compiling log v0.4.13
[INFO] [stderr]    Compiling serde_derive v1.0.119
[INFO] [stderr]     Checking futures-core v0.3.12
[INFO] [stderr]     Checking slab v0.4.2
[INFO] [stderr]    Compiling serde v1.0.119
[INFO] [stderr]     Checking futures-sink v0.3.12
[INFO] [stderr]     Checking pin-project-lite v0.2.4
[INFO] [stderr]     Checking futures-io v0.3.12
[INFO] [stderr]     Checking futures v0.1.30
[INFO] [stderr]    Compiling pin-project-internal v0.4.27
[INFO] [stderr]     Checking pin-project-lite v0.1.11
[INFO] [stderr]    Compiling typenum v1.12.0
[INFO] [stderr]     Checking itoa v0.4.7
[INFO] [stderr]     Checking copyless v0.1.5
[INFO] [stderr]     Checking adler v0.2.3
[INFO] [stderr]     Checking byteorder v1.4.2
[INFO] [stderr]     Checking bytes v1.0.1
[INFO] [stderr]     Checking gimli v0.23.0
[INFO] [stderr]     Checking object v0.22.0
[INFO] [stderr]     Checking rustc-demangle v0.1.18
[INFO] [stderr]    Compiling const_fn v0.4.5
[INFO] [stderr]    Compiling pq-sys v0.4.6
[INFO] [stderr]     Checking match_cfg v0.1.0
[INFO] [stderr]    Compiling scopeguard v1.1.0
[INFO] [stderr]     Checking linked-hash-map v0.5.4
[INFO] [stderr]     Checking quick-error v1.2.3
[INFO] [stderr]    Compiling crc32fast v1.2.1
[INFO] [stderr]    Compiling smallvec v1.6.1
[INFO] [stderr]    Compiling httparse v1.3.4
[INFO] [stderr]    Compiling serde_json v1.0.61
[INFO] [stderr]    Compiling encoding_rs v0.8.26
[INFO] [stderr]    Compiling getrandom v0.2.1
[INFO] [stderr]     Checking cpuid-bool v0.1.2
[INFO] [stderr]    Compiling gcc v0.3.55
[INFO] [stderr]     Checking base64 v0.12.3
[INFO] [stderr]     Checking humantime v2.1.0
[INFO] [stderr]     Checking rustc-serialize v0.3.24
[INFO] [stderr]     Checking dotenv v0.15.0
[INFO] [stderr]    Compiling generic-array v0.14.4
[INFO] [stderr]    Compiling num-traits v0.2.14
[INFO] [stderr]    Compiling miniz_oxide v0.4.3
[INFO] [stderr]    Compiling standback v0.2.14
[INFO] [stderr]    Compiling num-integer v0.1.44
[INFO] [stderr]    Compiling time v0.2.24
[INFO] [stderr]     Checking tracing-core v0.1.17
[INFO] [stderr]    Compiling cookie v0.14.3
[INFO] [stderr]     Checking uuid v0.6.5
[INFO] [stderr]     Checking futures-task v0.3.12
[INFO] [stderr]    Compiling instant v0.1.9
[INFO] [stderr]     Checking futures-channel v0.3.12
[INFO] [stderr]    Compiling brotli-sys v0.3.2
[INFO] [stderr]     Checking fxhash v0.2.1
[INFO] [stderr]    Compiling lock_api v0.4.2
[INFO] [stderr]     Checking http v0.2.3
[INFO] [stderr]     Checking bytestring v1.0.0
[INFO] [stderr]     Checking lru-cache v0.1.2
[INFO] [stderr]    Compiling bitflags v1.2.1
[INFO] [stderr]     Checking tracing v0.1.22
[INFO] [stderr]    Compiling rust-crypto v0.2.36
[INFO] [stderr]    Compiling parking_lot_core v0.8.2
[INFO] [stderr]    Compiling time v0.1.44
[INFO] [stderr]     Checking net2 v0.2.37
[INFO] [stderr]     Checking iovec v0.1.4
[INFO] [stderr]     Checking signal-hook-registry v1.3.0
[INFO] [stderr]     Checking num_cpus v1.13.0
[INFO] [stderr]     Checking getrandom v0.1.16
[INFO] [stderr]     Checking hostname v0.3.1
[INFO] [stderr]     Checking socket2 v0.3.19
[INFO] [stderr]     Checking rand v0.4.6
[INFO] [stderr]     Checking atty v0.2.14
[INFO] [stderr]     Checking listenfd v0.3.3
[INFO] [stderr]     Checking flate2 v1.0.19
[INFO] [stderr]     Checking mio v0.6.23
[INFO] [stderr]    Compiling parking_lot v0.11.1
[INFO] [stderr]     Checking addr2line v0.14.1
[INFO] [stderr]     Checking threadpool v1.8.1
[INFO] [stderr]     Checking resolv-conf v0.7.0
[INFO] [stderr]     Checking rand_core v0.5.1
[INFO] [stderr]     Checking env_logger v0.8.2
[INFO] [stderr]     Checking rand_core v0.6.1
[INFO] [stderr]     Checking backtrace v0.3.55
[INFO] [stderr]    Compiling scheduled-thread-pool v0.2.5
[INFO] [stderr]     Checking rand_chacha v0.2.2
[INFO] [stderr]     Checking digest v0.9.0
[INFO] [stderr]     Checking block-buffer v0.9.0
[INFO] [stderr]     Checking cipher v0.2.5
[INFO] [stderr]     Checking rand_chacha v0.3.0
[INFO] [stderr]     Checking rand v0.7.3
[INFO] [stderr]     Checking sha-1 v0.9.2
[INFO] [stderr]     Checking r2d2 v0.8.9
[INFO] [stderr]     Checking mio-uds v0.6.8
[INFO] [stderr]     Checking rand v0.3.23
[INFO] [stderr]     Checking blowfish v0.7.0
[INFO] [stderr]     Checking rand v0.8.2
[INFO] [stderr]     Checking tokio v0.2.24
[INFO] [stderr]     Checking bcrypt v0.9.0
[INFO] [stderr]     Checking brotli2 v0.3.2
[INFO] [stderr]     Checking tokio-util v0.3.1
[INFO] [stderr]    Compiling futures-macro v0.3.12
[INFO] [stderr]    Compiling derive_more v0.99.11
[INFO] [stderr]    Compiling actix-macros v0.1.3
[INFO] [stderr]    Compiling thiserror-impl v1.0.23
[INFO] [stderr]    Compiling enum-as-inner v0.3.3
[INFO] [stderr]    Compiling time-macros-impl v0.1.1
[INFO] [stderr]    Compiling async-trait v0.1.42
[INFO] [stderr]    Compiling pin-project-internal v1.0.4
[INFO] [stderr]    Compiling diesel_derives v1.4.1
[INFO] [stderr]    Compiling actix-web-codegen v0.4.0
[INFO] [stderr]     Checking time-macros v0.1.1
[INFO] [stderr]     Checking futures-util v0.3.12
[INFO] [stderr]     Checking thiserror v1.0.23
[INFO] [stderr]     Checking pin-project v1.0.4
[INFO] [stderr]     Checking pin-project v0.4.27
[INFO] [stderr]     Checking actix-codec v0.3.0
[INFO] [stderr]     Checking tracing-futures v0.2.4
[INFO] [stderr]     Checking actix-threadpool v0.3.3
[INFO] [stderr]     Checking actix-service v1.0.6
[INFO] [stderr]     Checking actix-rt v1.1.1
[INFO] [stderr]     Checking futures-executor v0.3.12
[INFO] [stderr]     Checking h2 v0.2.7
[INFO] [stderr]     Checking futures v0.3.12
[INFO] [stderr]     Checking trust-dns-proto v0.19.6
[INFO] [stderr]     Checking actix-utils v2.0.0
[INFO] [stderr]     Checking actix-server v1.0.4
[INFO] [stderr]     Checking actix-tls v2.0.0
[INFO] [stderr]     Checking actix-testing v1.0.1
[INFO] [stderr]     Checking trust-dns-resolver v0.19.6
[INFO] [stderr]     Checking actix-connect v2.0.0
[INFO] [stderr]     Checking serde_urlencoded v0.7.0
[INFO] [stderr]     Checking actix-router v0.2.6
[INFO] [stderr]     Checking chrono v0.4.19
[INFO] [stderr]     Checking ipnetwork v0.16.0
[INFO] [stderr]     Checking ipnetwork v0.17.0
[INFO] [stderr]     Checking uuid v0.8.2
[INFO] [stderr]     Checking diesel v1.4.5
[INFO] [stderr]     Checking actix-http v2.2.0
[INFO] [stderr]     Checking awc v2.0.3
[INFO] [stderr]     Checking actix-web v3.3.2
[INFO] [stderr]     Checking actix-web-httpauth v0.5.0
[INFO] [stderr]     Checking actix-cors v0.5.4
[INFO] [stderr]     Checking migrations_internals v1.4.1
[INFO] [stderr]    Compiling migrations_macros v1.4.2
[INFO] [stderr]     Checking diesel_migrations v1.4.0
[INFO] [stderr]     Checking vaccine-dashboard-api v0.1.0 (/opt/rustwide/workdir)
[INFO] [stdout] error[E0433]: failed to resolve: use of undeclared crate or module `asset_tags`
[INFO] [stdout]    --> src/main.rs:153:34
[INFO] [stdout]     |
[INFO] [stdout] 153 |         let _protected_resp: Vec<asset_tags::AssetTag> =
[INFO] [stdout]     |                                  ^^^^^^^^^^ use of undeclared crate or module `asset_tags`
[INFO] [stdout] 
[INFO] [stdout] 
[INFO] [stdout] error[E0433]: failed to resolve: use of undeclared crate or module `asset_tags`
[INFO] [stdout]    --> src/main.rs:206:34
[INFO] [stdout]     |
[INFO] [stdout] 206 |         let _protected_resp: Vec<asset_tags::AssetTag> =
[INFO] [stdout]     |                                  ^^^^^^^^^^ use of undeclared crate or module `asset_tags`
[INFO] [stdout] 
[INFO] [stdout] 
[INFO] [stdout] error[E0433]: failed to resolve: use of undeclared crate or module `asset_tags`
[INFO] [stdout]    --> src/main.rs:248:34
[INFO] [stdout]     |
[INFO] [stdout] 248 |         let _protected_resp: Vec<asset_tags::AssetTag> =
[INFO] [stdout]     |                                  ^^^^^^^^^^ use of undeclared crate or module `asset_tags`
[INFO] [stdout] 
[INFO] [stdout] 
[INFO] [stdout] error[E0433]: failed to resolve: use of undeclared crate or module `asset_tags`
[INFO] [stdout]    --> src/main.rs:259:34
[INFO] [stdout]     |
[INFO] [stdout] 259 |         let _protected_resp: Vec<asset_tags::AssetTag> =
[INFO] [stdout]     |                                  ^^^^^^^^^^ use of undeclared crate or module `asset_tags`
[INFO] [stdout] 
[INFO] [stdout] 
[INFO] [stdout] error: aborting due to 4 previous errors
[INFO] [stdout] 
[INFO] [stdout] 
[INFO] [stdout] For more information about this error, try `rustc --explain E0433`.
[INFO] [stdout] 
[INFO] [stderr] error: could not compile `vaccine-dashboard-api` due to 5 previous errors
[INFO] running `Command { std: "docker" "inspect" "02ed622a1538d2371767cb6dbfacf9fce7ba60867f78051d47b39eb6610b8b7f", kill_on_drop: false }`
[INFO] running `Command { std: "docker" "rm" "-f" "02ed622a1538d2371767cb6dbfacf9fce7ba60867f78051d47b39eb6610b8b7f", kill_on_drop: false }`
[INFO] [stdout] 02ed622a1538d2371767cb6dbfacf9fce7ba60867f78051d47b39eb6610b8b7f
