[INFO] cloning repository https://github.com/tristan/adventofcode2020
[INFO] running `Command { std: "git" "-c" "credential.helper=" "-c" "credential.helper=/workspace/cargo-home/bin/git-credential-null" "clone" "--bare" "https://github.com/tristan/adventofcode2020" "/workspace/cache/git-repos/https%3A%2F%2Fgithub.com%2Ftristan%2Fadventofcode2020", kill_on_drop: false }`
[INFO] [stderr] Cloning into bare repository '/workspace/cache/git-repos/https%3A%2F%2Fgithub.com%2Ftristan%2Fadventofcode2020'...
[INFO] running `Command { std: "git" "rev-parse" "HEAD", kill_on_drop: false }`
[INFO] [stdout] 44a55bddeedee868b915243e157c8cdbfbaf8348
[INFO] checking tristan/adventofcode2020 against 1.55.0 for beta-1.56-3
[INFO] running `Command { std: "git" "clone" "/workspace/cache/git-repos/https%3A%2F%2Fgithub.com%2Ftristan%2Fadventofcode2020" "/workspace/builds/worker-10/source", kill_on_drop: false }`
[INFO] [stderr] Cloning into '/workspace/builds/worker-10/source'...
[INFO] [stderr] done.
[INFO] validating manifest of git repo https://github.com/tristan/adventofcode2020 on toolchain 1.55.0
[INFO] running `Command { std: "/workspace/cargo-home/bin/cargo" "+1.55.0" "metadata" "--manifest-path" "Cargo.toml" "--no-deps", kill_on_drop: false }`
[INFO] started tweaking git repo https://github.com/tristan/adventofcode2020
[INFO] finished tweaking git repo https://github.com/tristan/adventofcode2020
[INFO] tweaked toml for git repo https://github.com/tristan/adventofcode2020 written to /workspace/builds/worker-10/source/Cargo.toml
[INFO] crate git repo https://github.com/tristan/adventofcode2020 already has a lockfile, it will not be regenerated
[INFO] running `Command { std: "/workspace/cargo-home/bin/cargo" "+1.55.0" "fetch" "--manifest-path" "Cargo.toml", kill_on_drop: false }`
[INFO] running `Command { std: "docker" "create" "-v" "/var/lib/crater-agent-workspace/builds/worker-10/target:/opt/rustwide/target:rw,Z" "-v" "/var/lib/crater-agent-workspace/builds/worker-10/source:/opt/rustwide/workdir:ro,Z" "-v" "/var/lib/crater-agent-workspace/cargo-home:/opt/rustwide/cargo-home:ro,Z" "-v" "/var/lib/crater-agent-workspace/rustup-home:/opt/rustwide/rustup-home:ro,Z" "-e" "SOURCE_DIR=/opt/rustwide/workdir" "-e" "CARGO_TARGET_DIR=/opt/rustwide/target" "-e" "CARGO_HOME=/opt/rustwide/cargo-home" "-e" "RUSTUP_HOME=/opt/rustwide/rustup-home" "-w" "/opt/rustwide/workdir" "-m" "1610612736" "--user" "0:0" "--network" "none" "ghcr.io/rust-lang/crates-build-env/linux@sha256:a89201d6b5b9fd45c15d5952ece0a0129e7e80cb26ec023fd59cf09bc26f1604" "/opt/rustwide/cargo-home/bin/cargo" "+1.55.0" "metadata" "--no-deps" "--format-version=1", kill_on_drop: false }`
[INFO] [stderr] WARNING: Your kernel does not support swap limit capabilities or the cgroup is not mounted. Memory limited without swap.
[INFO] [stdout] c400754837260cb776caf5f42d4642545e0f1ed1f10c1e8fdbd3d1536dff05c2
[INFO] running `Command { std: "docker" "start" "-a" "c400754837260cb776caf5f42d4642545e0f1ed1f10c1e8fdbd3d1536dff05c2", kill_on_drop: false }`
[INFO] running `Command { std: "docker" "inspect" "c400754837260cb776caf5f42d4642545e0f1ed1f10c1e8fdbd3d1536dff05c2", kill_on_drop: false }`
[INFO] running `Command { std: "docker" "rm" "-f" "c400754837260cb776caf5f42d4642545e0f1ed1f10c1e8fdbd3d1536dff05c2", kill_on_drop: false }`
[INFO] [stdout] c400754837260cb776caf5f42d4642545e0f1ed1f10c1e8fdbd3d1536dff05c2
[INFO] running `Command { std: "docker" "create" "-v" "/var/lib/crater-agent-workspace/builds/worker-10/target:/opt/rustwide/target:rw,Z" "-v" "/var/lib/crater-agent-workspace/builds/worker-10/source:/opt/rustwide/workdir:ro,Z" "-v" "/var/lib/crater-agent-workspace/cargo-home:/opt/rustwide/cargo-home:ro,Z" "-v" "/var/lib/crater-agent-workspace/rustup-home:/opt/rustwide/rustup-home:ro,Z" "-e" "SOURCE_DIR=/opt/rustwide/workdir" "-e" "CARGO_TARGET_DIR=/opt/rustwide/target" "-e" "CARGO_INCREMENTAL=0" "-e" "RUST_BACKTRACE=full" "-e" "RUSTFLAGS=--cap-lints=warn" "-e" "CARGO_HOME=/opt/rustwide/cargo-home" "-e" "RUSTUP_HOME=/opt/rustwide/rustup-home" "-w" "/opt/rustwide/workdir" "-m" "1610612736" "--user" "0:0" "--network" "none" "ghcr.io/rust-lang/crates-build-env/linux@sha256:a89201d6b5b9fd45c15d5952ece0a0129e7e80cb26ec023fd59cf09bc26f1604" "/opt/rustwide/cargo-home/bin/cargo" "+1.55.0" "check" "--frozen" "--all" "--all-targets" "--message-format=json", kill_on_drop: false }`
[INFO] [stdout] dfa6a84a9bbb37342c5b648621a2f4aa9f721b2558b5132b9fb7864b8c29422f
[INFO] [stderr] WARNING: Your kernel does not support swap limit capabilities or the cgroup is not mounted. Memory limited without swap.
[INFO] running `Command { std: "docker" "start" "-a" "dfa6a84a9bbb37342c5b648621a2f4aa9f721b2558b5132b9fb7864b8c29422f", kill_on_drop: false }`
[INFO] [stderr]     Checking adventofcode2020 v0.1.0 (/opt/rustwide/workdir)
[INFO] [stdout] warning: unused import: `HashSet`
[INFO] [stdout]  --> src/day_20.rs:3:33
[INFO] [stdout]   |
[INFO] [stdout] 3 | use std::collections::{HashMap, HashSet};
[INFO] [stdout]   |                                 ^^^^^^^
[INFO] [stdout]   |
[INFO] [stdout]   = note: `#[warn(unused_imports)]` on by default
[INFO] [stdout] 
[INFO] [stdout] 
[INFO] [stdout] warning: 1 warning emitted
[INFO] [stdout] 
[INFO] [stdout] 
[INFO] [stdout] warning: unused import: `HashSet`
[INFO] [stdout]  --> src/day_20.rs:3:33
[INFO] [stdout]   |
[INFO] [stdout] 3 | use std::collections::{HashMap, HashSet};
[INFO] [stdout]   |                                 ^^^^^^^
[INFO] [stdout]   |
[INFO] [stdout]   = note: `#[warn(unused_imports)]` on by default
[INFO] [stdout] 
[INFO] [stdout] 
[INFO] [stdout] error[E0425]: cannot find function `part1` in this scope
[INFO] [stdout]   --> src/day_15.rs:28:20
[INFO] [stdout]    |
[INFO] [stdout] 28 |         assert_eq!(part1(&[0,3,6], 2020), 436);
[INFO] [stdout]    |                    ^^^^^ not found in this scope
[INFO] [stdout] 
[INFO] [stdout] 
[INFO] [stdout] error[E0425]: cannot find function `part1` in this scope
[INFO] [stdout]   --> src/day_15.rs:29:20
[INFO] [stdout]    |
[INFO] [stdout] 29 |         assert_eq!(part1(&[1,3,2], 2020), 1);
[INFO] [stdout]    |                    ^^^^^ not found in this scope
[INFO] [stdout] 
[INFO] [stdout] 
[INFO] [stdout] error[E0425]: cannot find function `part1` in this scope
[INFO] [stdout]   --> src/day_15.rs:30:20
[INFO] [stdout]    |
[INFO] [stdout] 30 |         assert_eq!(part1(&[2,1,3], 2020), 10);
[INFO] [stdout]    |                    ^^^^^ not found in this scope
[INFO] [stdout] 
[INFO] [stdout] 
[INFO] [stdout] error[E0425]: cannot find function `part1` in this scope
[INFO] [stdout]   --> src/day_15.rs:31:20
[INFO] [stdout]    |
[INFO] [stdout] 31 |         assert_eq!(part1(&[1,2,3], 2020), 27);
[INFO] [stdout]    |                    ^^^^^ not found in this scope
[INFO] [stdout] 
[INFO] [stdout] 
[INFO] [stdout] error[E0425]: cannot find function `part1` in this scope
[INFO] [stdout]   --> src/day_15.rs:32:20
[INFO] [stdout]    |
[INFO] [stdout] 32 |         assert_eq!(part1(&[2,3,1], 2020), 78);
[INFO] [stdout]    |                    ^^^^^ not found in this scope
[INFO] [stdout] 
[INFO] [stdout] 
[INFO] [stdout] error[E0425]: cannot find function `part1` in this scope
[INFO] [stdout]   --> src/day_15.rs:33:20
[INFO] [stdout]    |
[INFO] [stdout] 33 |         assert_eq!(part1(&[3,2,1], 2020), 438);
[INFO] [stdout]    |                    ^^^^^ not found in this scope
[INFO] [stdout] 
[INFO] [stdout] 
[INFO] [stdout] error[E0425]: cannot find function `part1` in this scope
[INFO] [stdout]   --> src/day_15.rs:34:20
[INFO] [stdout]    |
[INFO] [stdout] 34 |         assert_eq!(part1(&[3,1,2], 2020), 1836);
[INFO] [stdout]    |                    ^^^^^ not found in this scope
[INFO] [stdout] 
[INFO] [stdout] 
[INFO] [stdout] warning: unused import: `super::*`
[INFO] [stdout]   --> src/day_15.rs:24:9
[INFO] [stdout]    |
[INFO] [stdout] 24 |     use super::*;
[INFO] [stdout]    |         ^^^^^^^^
[INFO] [stdout]    |
[INFO] [stdout]    = note: `#[warn(unused_imports)]` on by default
[INFO] [stdout] 
[INFO] [stdout] 
[INFO] [stdout] error: aborting due to 7 previous errors; 1 warning emitted
[INFO] [stdout] 
[INFO] [stdout] 
[INFO] [stdout] For more information about this error, try `rustc --explain E0425`.
[INFO] [stdout] 
[INFO] [stderr] error: could not compile `adventofcode2020` due to 8 previous errors; 1 warning emitted
[INFO] [stderr] warning: build failed, waiting for other jobs to finish...
[INFO] [stdout] warning: 1 warning emitted
[INFO] [stdout] 
[INFO] [stdout] 
[INFO] [stdout] warning: associated function is never used: `print`
[INFO] [stdout]    --> src/day_17.rs:106:8
[INFO] [stdout]     |
[INFO] [stdout] 106 |     fn print(&self) {
[INFO] [stdout]     |        ^^^^^
[INFO] [stdout]     |
[INFO] [stdout]     = note: `#[warn(dead_code)]` on by default
[INFO] [stdout] 
[INFO] [stdout] 
[INFO] [stdout] warning: 1 warning emitted
[INFO] [stdout] 
[INFO] [stdout] 
[INFO] [stderr] error: build failed
[INFO] running `Command { std: "docker" "inspect" "dfa6a84a9bbb37342c5b648621a2f4aa9f721b2558b5132b9fb7864b8c29422f", kill_on_drop: false }`
[INFO] running `Command { std: "docker" "rm" "-f" "dfa6a84a9bbb37342c5b648621a2f4aa9f721b2558b5132b9fb7864b8c29422f", kill_on_drop: false }`
[INFO] [stdout] dfa6a84a9bbb37342c5b648621a2f4aa9f721b2558b5132b9fb7864b8c29422f
