[INFO] cloning repository https://github.com/triplewy/simpledb-client-rs
[INFO] running `Command { std: "git" "-c" "credential.helper=" "-c" "credential.helper=/workspace/cargo-home/bin/git-credential-null" "clone" "--bare" "https://github.com/triplewy/simpledb-client-rs" "/workspace/cache/git-repos/https%3A%2F%2Fgithub.com%2Ftriplewy%2Fsimpledb-client-rs", kill_on_drop: false }`
[INFO] [stderr] Cloning into bare repository '/workspace/cache/git-repos/https%3A%2F%2Fgithub.com%2Ftriplewy%2Fsimpledb-client-rs'...
[INFO] running `Command { std: "git" "rev-parse" "HEAD", kill_on_drop: false }`
[INFO] [stdout] 7ac50c8fb62d44a9c1e4ca5b174fca580ec082c0
[INFO] checking triplewy/simpledb-client-rs against 1.55.0 for beta-1.56-3
[INFO] running `Command { std: "git" "clone" "/workspace/cache/git-repos/https%3A%2F%2Fgithub.com%2Ftriplewy%2Fsimpledb-client-rs" "/workspace/builds/worker-7/source", kill_on_drop: false }`
[INFO] [stderr] Cloning into '/workspace/builds/worker-7/source'...
[INFO] [stderr] done.
[INFO] validating manifest of git repo https://github.com/triplewy/simpledb-client-rs on toolchain 1.55.0
[INFO] running `Command { std: "/workspace/cargo-home/bin/cargo" "+1.55.0" "metadata" "--manifest-path" "Cargo.toml" "--no-deps", kill_on_drop: false }`
[INFO] started tweaking git repo https://github.com/triplewy/simpledb-client-rs
[INFO] finished tweaking git repo https://github.com/triplewy/simpledb-client-rs
[INFO] tweaked toml for git repo https://github.com/triplewy/simpledb-client-rs written to /workspace/builds/worker-7/source/Cargo.toml
[INFO] crate git repo https://github.com/triplewy/simpledb-client-rs already has a lockfile, it will not be regenerated
[INFO] running `Command { std: "/workspace/cargo-home/bin/cargo" "+1.55.0" "fetch" "--manifest-path" "Cargo.toml", kill_on_drop: false }`
[INFO] [stderr]     Blocking waiting for file lock on package cache
[INFO] running `Command { std: "docker" "create" "-v" "/var/lib/crater-agent-workspace/builds/worker-7/target:/opt/rustwide/target:rw,Z" "-v" "/var/lib/crater-agent-workspace/builds/worker-7/source:/opt/rustwide/workdir:ro,Z" "-v" "/var/lib/crater-agent-workspace/cargo-home:/opt/rustwide/cargo-home:ro,Z" "-v" "/var/lib/crater-agent-workspace/rustup-home:/opt/rustwide/rustup-home:ro,Z" "-e" "SOURCE_DIR=/opt/rustwide/workdir" "-e" "CARGO_TARGET_DIR=/opt/rustwide/target" "-e" "CARGO_HOME=/opt/rustwide/cargo-home" "-e" "RUSTUP_HOME=/opt/rustwide/rustup-home" "-w" "/opt/rustwide/workdir" "-m" "1610612736" "--user" "0:0" "--network" "none" "ghcr.io/rust-lang/crates-build-env/linux@sha256:a89201d6b5b9fd45c15d5952ece0a0129e7e80cb26ec023fd59cf09bc26f1604" "/opt/rustwide/cargo-home/bin/cargo" "+1.55.0" "metadata" "--no-deps" "--format-version=1", kill_on_drop: false }`
[INFO] [stdout] 0d68a49dbccd7a6418f346db6922cb93d8687e7fc8fa3c9bcf1567d9ed6e9f89
[INFO] [stderr] WARNING: Your kernel does not support swap limit capabilities or the cgroup is not mounted. Memory limited without swap.
[INFO] running `Command { std: "docker" "start" "-a" "0d68a49dbccd7a6418f346db6922cb93d8687e7fc8fa3c9bcf1567d9ed6e9f89", kill_on_drop: false }`
[INFO] running `Command { std: "docker" "inspect" "0d68a49dbccd7a6418f346db6922cb93d8687e7fc8fa3c9bcf1567d9ed6e9f89", kill_on_drop: false }`
[INFO] running `Command { std: "docker" "rm" "-f" "0d68a49dbccd7a6418f346db6922cb93d8687e7fc8fa3c9bcf1567d9ed6e9f89", kill_on_drop: false }`
[INFO] [stdout] 0d68a49dbccd7a6418f346db6922cb93d8687e7fc8fa3c9bcf1567d9ed6e9f89
[INFO] running `Command { std: "docker" "create" "-v" "/var/lib/crater-agent-workspace/builds/worker-7/target:/opt/rustwide/target:rw,Z" "-v" "/var/lib/crater-agent-workspace/builds/worker-7/source:/opt/rustwide/workdir:ro,Z" "-v" "/var/lib/crater-agent-workspace/cargo-home:/opt/rustwide/cargo-home:ro,Z" "-v" "/var/lib/crater-agent-workspace/rustup-home:/opt/rustwide/rustup-home:ro,Z" "-e" "SOURCE_DIR=/opt/rustwide/workdir" "-e" "CARGO_TARGET_DIR=/opt/rustwide/target" "-e" "CARGO_INCREMENTAL=0" "-e" "RUST_BACKTRACE=full" "-e" "RUSTFLAGS=--cap-lints=warn" "-e" "CARGO_HOME=/opt/rustwide/cargo-home" "-e" "RUSTUP_HOME=/opt/rustwide/rustup-home" "-w" "/opt/rustwide/workdir" "-m" "1610612736" "--user" "0:0" "--network" "none" "ghcr.io/rust-lang/crates-build-env/linux@sha256:a89201d6b5b9fd45c15d5952ece0a0129e7e80cb26ec023fd59cf09bc26f1604" "/opt/rustwide/cargo-home/bin/cargo" "+1.55.0" "check" "--frozen" "--all" "--all-targets" "--message-format=json", kill_on_drop: false }`
[INFO] [stderr] WARNING: Your kernel does not support swap limit capabilities or the cgroup is not mounted. Memory limited without swap.
[INFO] [stdout] dd24dcbed5c3bd7e425ff6c61e112123ab1fe15c6edd6f97b0807fb468ec27ae
[INFO] running `Command { std: "docker" "start" "-a" "dd24dcbed5c3bd7e425ff6c61e112123ab1fe15c6edd6f97b0807fb468ec27ae", kill_on_drop: false }`
[INFO] [stderr]    Compiling libc v0.2.66
[INFO] [stderr]    Compiling cc v1.0.48
[INFO] [stderr]    Compiling cfg-if v0.1.10
[INFO] [stderr]    Compiling getrandom v0.1.13
[INFO] [stderr]    Compiling protobuf v2.8.1
[INFO] [stderr]    Compiling syn v1.0.11
[INFO] [stderr]    Compiling log v0.4.8
[INFO] [stderr]    Compiling ppv-lite86 v0.2.6
[INFO] [stderr]    Compiling failure_derive v0.1.6
[INFO] [stderr]    Compiling serde v1.0.104
[INFO] [stderr]    Compiling remove_dir_all v0.5.2
[INFO] [stderr]    Compiling rustc-demangle v0.1.16
[INFO] [stderr]    Compiling pkg-config v0.3.17
[INFO] [stderr]     Checking encode_unicode v0.3.6
[INFO] [stderr]     Checking unicode-width v0.1.7
[INFO] [stderr]     Checking futures v0.1.29
[INFO] [stderr]    Compiling c2-chacha v0.2.3
[INFO] [stderr]    Compiling protoc v2.8.1
[INFO] [stderr]    Compiling cmake v0.1.42
[INFO] [stderr]    Compiling backtrace-sys v0.1.32
[INFO] [stderr]    Compiling grpcio-sys v0.4.7
[INFO] [stderr]     Checking memchr v2.2.1
[INFO] [stderr]     Checking dirs v1.0.5
[INFO] [stderr]     Checking atty v0.2.13
[INFO] [stderr]     Checking dirs-sys v0.3.4
[INFO] [stderr]     Checking dirs v2.0.2
[INFO] [stderr]     Checking term v0.5.2
[INFO] [stderr]    Compiling rand_core v0.5.1
[INFO] [stderr]     Checking csv-core v0.1.6
[INFO] [stderr]    Compiling rand_chacha v0.2.1
[INFO] [stderr]    Compiling rand v0.7.2
[INFO] [stderr]    Compiling backtrace v0.3.40
[INFO] [stderr]    Compiling tempfile v3.1.0
[INFO] [stderr]    Compiling synstructure v0.12.3
[INFO] [stderr]     Checking bstr v0.2.8
[INFO] [stderr]    Compiling protobuf-codegen v2.8.1
[INFO] [stderr]    Compiling grpcio-compiler v0.5.0-alpha.6
[INFO] [stderr]     Checking csv v1.1.1
[INFO] [stderr]     Checking prettytable-rs v0.8.0
[INFO] [stderr]     Checking shrust v0.0.7
[INFO] [stderr]    Compiling failure v0.1.6
[INFO] [stderr]    Compiling protoc-grpcio v1.1.0
[INFO] [stderr]    Compiling simpledb-client-rust v0.1.0 (/opt/rustwide/workdir)
[INFO] [stderr] error: failed to run custom build command for `simpledb-client-rust v0.1.0 (/opt/rustwide/workdir)`
[INFO] [stderr] 
[INFO] [stderr] Caused by:
[INFO] [stderr]   process didn't exit successfully: `/opt/rustwide/target/debug/build/simpledb-client-rust-69cbe66e02244f17/build-script-build` (exit status: 101)
[INFO] [stderr]   --- stdout
[INFO] [stderr]   cargo:rerun-if-changed=src/protos
[INFO] [stderr] 
[INFO] [stderr]   --- stderr
[INFO] [stderr]   thread 'main' panicked at 'Failed to compile gRPC definitions!: Os { code: 30, kind: ReadOnlyFilesystem, message: "Read-only file system" }
[INFO] [stderr] 
[INFO] [stderr]   stack backtrace:
[INFO] [stderr]      0: failure::backtrace::internal::InternalBacktrace::new
[INFO] [stderr]                at /opt/rustwide/cargo-home/registry/src/github.com-1ecc6299db9ec823/failure-0.1.6/src/backtrace/internal.rs:46
[INFO] [stderr]      1: failure::backtrace::Backtrace::new
[INFO] [stderr]                at /opt/rustwide/cargo-home/registry/src/github.com-1ecc6299db9ec823/failure-0.1.6/src/backtrace/mod.rs:121
[INFO] [stderr]      2: <failure::error::error_impl::ErrorImpl as core::convert::From<F>>::from
[INFO] [stderr]                at /opt/rustwide/cargo-home/registry/src/github.com-1ecc6299db9ec823/failure-0.1.6/src/error/error_impl.rs:19
[INFO] [stderr]      3: <failure::error::Error as core::convert::From<F>>::from
[INFO] [stderr]                at /opt/rustwide/cargo-home/registry/src/github.com-1ecc6299db9ec823/failure-0.1.6/src/error/mod.rs:36
[INFO] [stderr]      4: <T as core::convert::Into<U>>::into
[INFO] [stderr]                at /rustc/c8dfcfe046a7680554bf4eb612bad840e7631c4b/library/core/src/convert/mod.rs:540
[INFO] [stderr]      5: failure::context::Context<D>::with_err
[INFO] [stderr]                at /opt/rustwide/cargo-home/registry/src/github.com-1ecc6299db9ec823/failure-0.1.6/src/context.rs:105
[INFO] [stderr]      6: failure::Fail::context
[INFO] [stderr]                at /opt/rustwide/cargo-home/registry/src/github.com-1ecc6299db9ec823/failure-0.1.6/src/lib.rs:160
[INFO] [stderr]      7: <core::result::Result<T,E> as failure::result_ext::ResultExt<T,E>>::context::{{closure}}
[INFO] [stderr]                at /opt/rustwide/cargo-home/registry/src/github.com-1ecc6299db9ec823/failure-0.1.6/src/result_ext.rs:164
[INFO] [stderr]      8: core::result::Result<T,E>::map_err
[INFO] [stderr]                at /rustc/c8dfcfe046a7680554bf4eb612bad840e7631c4b/library/core/src/result.rs:835
[INFO] [stderr]      9: <core::result::Result<T,E> as failure::result_ext::ResultExt<T,E>>::context
[INFO] [stderr]                at /opt/rustwide/cargo-home/registry/src/github.com-1ecc6299db9ec823/failure-0.1.6/src/result_ext.rs:164
[INFO] [stderr]     10: protoc_grpcio::write_out_generated_files
[INFO] [stderr]                at /opt/rustwide/cargo-home/registry/src/github.com-1ecc6299db9ec823/protoc-grpcio-1.1.0/src/lib.rs:91
[INFO] [stderr]     11: protoc_grpcio::compile_grpc_protos
[INFO] [stderr]                at /opt/rustwide/cargo-home/registry/src/github.com-1ecc6299db9ec823/protoc-grpcio-1.1.0/src/lib.rs:260
[INFO] [stderr]     12: build_script_build::main
[INFO] [stderr]                at build.rs:6
[INFO] [stderr]     13: core::ops::function::FnOnce::call_once
[INFO] [stderr]                at /rustc/c8dfcfe046a7680554bf4eb612bad840e7631c4b/library/core/src/ops/function.rs:227
[INFO] [stderr]     14: std::sys_common::backtrace::__rust_begin_short_backtrace
[INFO] [stderr]                at /rustc/c8dfcfe046a7680554bf4eb612bad840e7631c4b/library/std/src/sys_common/backtrace.rs:125
[INFO] [stderr]     15: std::rt::lang_start::{{closure}}
[INFO] [stderr]                at /rustc/c8dfcfe046a7680554bf4eb612bad840e7631c4b/library/std/src/rt.rs:63
[INFO] [stderr]     16: core::ops::function::impls::<impl core::ops::function::FnOnce<A> for &F>::call_once
[INFO] [stderr]                at /rustc/c8dfcfe046a7680554bf4eb612bad840e7631c4b/library/core/src/ops/function.rs:259
[INFO] [stderr]         std::panicking::try::do_call
[INFO] [stderr]                at library/std/src/panicking.rs:401
[INFO] [stderr]         std::panicking::try
[INFO] [stderr]                at library/std/src/panicking.rs:365
[INFO] [stderr]         std::panic::catch_unwind
[INFO] [stderr]                at library/std/src/panic.rs:434
[INFO] [stderr]         std::rt::lang_start_internal::{{closure}}
[INFO] [stderr]                at library/std/src/rt.rs:45
[INFO] [stderr]         std::panicking::try::do_call
[INFO] [stderr]                at library/std/src/panicking.rs:401
[INFO] [stderr]         std::panicking::try
[INFO] [stderr]                at library/std/src/panicking.rs:365
[INFO] [stderr]         std::panic::catch_unwind
[INFO] [stderr]                at library/std/src/panic.rs:434
[INFO] [stderr]         std::rt::lang_start_internal
[INFO] [stderr]                at library/std/src/rt.rs:45
[INFO] [stderr]     17: std::rt::lang_start
[INFO] [stderr]                at /rustc/c8dfcfe046a7680554bf4eb612bad840e7631c4b/library/std/src/rt.rs:62
[INFO] [stderr]     18: main
[INFO] [stderr]     19: __libc_start_main
[INFO] [stderr]     20: _start
[INFO] [stderr] 
[INFO] [stderr] 
[INFO] [stderr]   failed to create "src/protos/simpledb_grpc.rs"
[INFO] [stderr] 
[INFO] [stderr]   failed to write generated grpc definitions', build.rs:12:6
[INFO] [stderr]   stack backtrace:
[INFO] [stderr]      0:     0x55838466a650 - std::backtrace_rs::backtrace::libunwind::trace::ha0ad43e8a952bfe7
[INFO] [stderr]                                  at /rustc/c8dfcfe046a7680554bf4eb612bad840e7631c4b/library/std/src/../../backtrace/src/backtrace/libunwind.rs:90:5
[INFO] [stderr]      1:     0x55838466a650 - std::backtrace_rs::backtrace::trace_unsynchronized::h6830419c0c4130dc
[INFO] [stderr]                                  at /rustc/c8dfcfe046a7680554bf4eb612bad840e7631c4b/library/std/src/../../backtrace/src/backtrace/mod.rs:66:5
[INFO] [stderr]      2:     0x55838466a650 - std::sys_common::backtrace::_print_fmt::h8f3516631ffa1ef5
[INFO] [stderr]                                  at /rustc/c8dfcfe046a7680554bf4eb612bad840e7631c4b/library/std/src/sys_common/backtrace.rs:67:5
[INFO] [stderr]      3:     0x55838466a650 - <std::sys_common::backtrace::_print::DisplayBacktrace as core::fmt::Display>::fmt::he1640d5f0d93f618
[INFO] [stderr]                                  at /rustc/c8dfcfe046a7680554bf4eb612bad840e7631c4b/library/std/src/sys_common/backtrace.rs:46:22
[INFO] [stderr]      4:     0x55838468e89c - core::fmt::write::h88012e1f01caeebf
[INFO] [stderr]                                  at /rustc/c8dfcfe046a7680554bf4eb612bad840e7631c4b/library/core/src/fmt/mod.rs:1115:17
[INFO] [stderr]      5:     0x558384668185 - std::io::Write::write_fmt::h360fa85b30182555
[INFO] [stderr]                                  at /rustc/c8dfcfe046a7680554bf4eb612bad840e7631c4b/library/std/src/io/mod.rs:1665:15
[INFO] [stderr]      6:     0x55838466c5bb - std::sys_common::backtrace::_print::ha1f00492f406a015
[INFO] [stderr]                                  at /rustc/c8dfcfe046a7680554bf4eb612bad840e7631c4b/library/std/src/sys_common/backtrace.rs:49:5
[INFO] [stderr]      7:     0x55838466c5bb - std::sys_common::backtrace::print::hd54561b13feb6af3
[INFO] [stderr]                                  at /rustc/c8dfcfe046a7680554bf4eb612bad840e7631c4b/library/std/src/sys_common/backtrace.rs:36:9
[INFO] [stderr]      8:     0x55838466c5bb - std::panicking::default_hook::{{closure}}::h84fe124cd0864662
[INFO] [stderr]                                  at /rustc/c8dfcfe046a7680554bf4eb612bad840e7631c4b/library/std/src/panicking.rs:208:50
[INFO] [stderr]      9:     0x55838466c091 - std::panicking::default_hook::h5a8e74a76ce290a7
[INFO] [stderr]                                  at /rustc/c8dfcfe046a7680554bf4eb612bad840e7631c4b/library/std/src/panicking.rs:225:9
[INFO] [stderr]     10:     0x55838466cc84 - std::panicking::rust_panic_with_hook::h67c812a4fe9d4c91
[INFO] [stderr]                                  at /rustc/c8dfcfe046a7680554bf4eb612bad840e7631c4b/library/std/src/panicking.rs:622:17
[INFO] [stderr]     11:     0x55838466c767 - std::panicking::begin_panic_handler::{{closure}}::h33f9c1b96af300d7
[INFO] [stderr]                                  at /rustc/c8dfcfe046a7680554bf4eb612bad840e7631c4b/library/std/src/panicking.rs:519:13
[INFO] [stderr]     12:     0x55838466ab4c - std::sys_common::backtrace::__rust_end_short_backtrace::h51bae64be5921f0e
[INFO] [stderr]                                  at /rustc/c8dfcfe046a7680554bf4eb612bad840e7631c4b/library/std/src/sys_common/backtrace.rs:141:18
[INFO] [stderr]     13:     0x55838466c6c9 - rust_begin_unwind
[INFO] [stderr]                                  at /rustc/c8dfcfe046a7680554bf4eb612bad840e7631c4b/library/std/src/panicking.rs:515:5
[INFO] [stderr]     14:     0x5583843977d1 - core::panicking::panic_fmt::h12a3a3c256485fca
[INFO] [stderr]                                  at /rustc/c8dfcfe046a7680554bf4eb612bad840e7631c4b/library/core/src/panicking.rs:92:14
[INFO] [stderr]     15:     0x5583843978c3 - core::result::unwrap_failed::h2d8d0952e3250de9
[INFO] [stderr]                                  at /rustc/c8dfcfe046a7680554bf4eb612bad840e7631c4b/library/core/src/result.rs:1599:5
[INFO] [stderr]     16:     0x55838439b70b - core::result::Result<T,E>::expect::hb2a95d328578818b
[INFO] [stderr]                                  at /rustc/c8dfcfe046a7680554bf4eb612bad840e7631c4b/library/core/src/result.rs:1241:23
[INFO] [stderr]     17:     0x55838439e759 - build_script_build::main::h3bd6596a41af2b86
[INFO] [stderr]                                  at /opt/rustwide/workdir/build.rs:6:5
[INFO] [stderr]     18:     0x5583843a10cb - core::ops::function::FnOnce::call_once::hd02879ecbba1643a
[INFO] [stderr]                                  at /rustc/c8dfcfe046a7680554bf4eb612bad840e7631c4b/library/core/src/ops/function.rs:227:5
[INFO] [stderr]     19:     0x55838439ea4e - std::sys_common::backtrace::__rust_begin_short_backtrace::h53eb835b2a0ebf0b
[INFO] [stderr]                                  at /rustc/c8dfcfe046a7680554bf4eb612bad840e7631c4b/library/std/src/sys_common/backtrace.rs:125:18
[INFO] [stderr]     20:     0x5583843ad3c1 - std::rt::lang_start::{{closure}}::hf22efcdc129f8203
[INFO] [stderr]                                  at /rustc/c8dfcfe046a7680554bf4eb612bad840e7631c4b/library/std/src/rt.rs:63:18
[INFO] [stderr]     21:     0x55838466d18a - core::ops::function::impls::<impl core::ops::function::FnOnce<A> for &F>::call_once::ha9408abe89f69dc4
[INFO] [stderr]                                  at /rustc/c8dfcfe046a7680554bf4eb612bad840e7631c4b/library/core/src/ops/function.rs:259:13
[INFO] [stderr]     22:     0x55838466d18a - std::panicking::try::do_call::h5b0cc9e9102acb65
[INFO] [stderr]                                  at /rustc/c8dfcfe046a7680554bf4eb612bad840e7631c4b/library/std/src/panicking.rs:401:40
[INFO] [stderr]     23:     0x55838466d18a - std::panicking::try::hddc7f8229138b3ba
[INFO] [stderr]                                  at /rustc/c8dfcfe046a7680554bf4eb612bad840e7631c4b/library/std/src/panicking.rs:365:19
[INFO] [stderr]     24:     0x55838466d18a - std::panic::catch_unwind::hfa401ff8bab2986e
[INFO] [stderr]                                  at /rustc/c8dfcfe046a7680554bf4eb612bad840e7631c4b/library/std/src/panic.rs:434:14
[INFO] [stderr]     25:     0x55838466d18a - std::rt::lang_start_internal::{{closure}}::h8163422320d11405
[INFO] [stderr]                                  at /rustc/c8dfcfe046a7680554bf4eb612bad840e7631c4b/library/std/src/rt.rs:45:48
[INFO] [stderr]     26:     0x55838466d18a - std::panicking::try::do_call::hc742cc7bb4f0fb20
[INFO] [stderr]                                  at /rustc/c8dfcfe046a7680554bf4eb612bad840e7631c4b/library/std/src/panicking.rs:401:40
[INFO] [stderr]     27:     0x55838466d18a - std::panicking::try::ha37d8d2dd1acf7d3
[INFO] [stderr]                                  at /rustc/c8dfcfe046a7680554bf4eb612bad840e7631c4b/library/std/src/panicking.rs:365:19
[INFO] [stderr]     28:     0x55838466d18a - std::panic::catch_unwind::h8a5381d5ecf437bc
[INFO] [stderr]                                  at /rustc/c8dfcfe046a7680554bf4eb612bad840e7631c4b/library/std/src/panic.rs:434:14
[INFO] [stderr]     29:     0x55838466d18a - std::rt::lang_start_internal::h7e2cee8c90d4a4d3
[INFO] [stderr]                                  at /rustc/c8dfcfe046a7680554bf4eb612bad840e7631c4b/library/std/src/rt.rs:45:20
[INFO] [stderr]     30:     0x5583843ad390 - std::rt::lang_start::h21d173d8ad043d36
[INFO] [stderr]                                  at /rustc/c8dfcfe046a7680554bf4eb612bad840e7631c4b/library/std/src/rt.rs:62:5
[INFO] [stderr]     31:     0x55838439e78c - main
[INFO] [stderr]     32:     0x7f7b5389b0b3 - __libc_start_main
[INFO] [stderr]     33:     0x558384397f8e - _start
[INFO] [stderr]     34:                0x0 - <unknown>
[INFO] [stderr] warning: build failed, waiting for other jobs to finish...
[INFO] [stderr] error: build failed
[INFO] running `Command { std: "docker" "inspect" "dd24dcbed5c3bd7e425ff6c61e112123ab1fe15c6edd6f97b0807fb468ec27ae", kill_on_drop: false }`
[INFO] running `Command { std: "docker" "rm" "-f" "dd24dcbed5c3bd7e425ff6c61e112123ab1fe15c6edd6f97b0807fb468ec27ae", kill_on_drop: false }`
[INFO] [stdout] dd24dcbed5c3bd7e425ff6c61e112123ab1fe15c6edd6f97b0807fb468ec27ae
