[INFO] cloning repository https://github.com/trip-flip/sample-engine
[INFO] running `Command { std: "git" "-c" "credential.helper=" "-c" "credential.helper=/workspace/cargo-home/bin/git-credential-null" "clone" "--bare" "https://github.com/trip-flip/sample-engine" "/workspace/cache/git-repos/https%3A%2F%2Fgithub.com%2Ftrip-flip%2Fsample-engine", kill_on_drop: false }`
[INFO] [stderr] Cloning into bare repository '/workspace/cache/git-repos/https%3A%2F%2Fgithub.com%2Ftrip-flip%2Fsample-engine'...
[INFO] running `Command { std: "git" "rev-parse" "HEAD", kill_on_drop: false }`
[INFO] [stdout] 9b61312f82bb36c53ccea602c2c4d2f920e75a9d
[INFO] checking trip-flip/sample-engine against beta-2021-10-15 for beta-1.56-3
[INFO] running `Command { std: "git" "clone" "/workspace/cache/git-repos/https%3A%2F%2Fgithub.com%2Ftrip-flip%2Fsample-engine" "/workspace/builds/worker-9/source", kill_on_drop: false }`
[INFO] [stderr] Cloning into '/workspace/builds/worker-9/source'...
[INFO] [stderr] done.
[INFO] validating manifest of git repo https://github.com/trip-flip/sample-engine on toolchain beta-2021-10-15
[INFO] running `Command { std: "/workspace/cargo-home/bin/cargo" "+beta-2021-10-15" "metadata" "--manifest-path" "Cargo.toml" "--no-deps", kill_on_drop: false }`
[INFO] started tweaking git repo https://github.com/trip-flip/sample-engine
[INFO] finished tweaking git repo https://github.com/trip-flip/sample-engine
[INFO] tweaked toml for git repo https://github.com/trip-flip/sample-engine written to /workspace/builds/worker-9/source/Cargo.toml
[INFO] crate git repo https://github.com/trip-flip/sample-engine already has a lockfile, it will not be regenerated
[INFO] running `Command { std: "/workspace/cargo-home/bin/cargo" "+beta-2021-10-15" "fetch" "--manifest-path" "Cargo.toml", kill_on_drop: false }`
[INFO] [stderr]     Blocking waiting for file lock on package cache
[INFO] [stderr]  Downloading crates ...
[INFO] [stderr]   Downloaded gltf-derive v0.16.0
[INFO] [stderr]   Downloaded gltf-json v0.16.0
[INFO] [stderr]   Downloaded gltf v0.16.0
[INFO] [stderr]   Downloaded serde_derive v1.0.129
[INFO] [stderr]   Downloaded serde v1.0.129
[INFO] [stderr]   Downloaded glam v0.17.2
[INFO] running `Command { std: "docker" "create" "-v" "/var/lib/crater-agent-workspace/builds/worker-9/target:/opt/rustwide/target:rw,Z" "-v" "/var/lib/crater-agent-workspace/builds/worker-9/source:/opt/rustwide/workdir:ro,Z" "-v" "/var/lib/crater-agent-workspace/cargo-home:/opt/rustwide/cargo-home:ro,Z" "-v" "/var/lib/crater-agent-workspace/rustup-home:/opt/rustwide/rustup-home:ro,Z" "-e" "SOURCE_DIR=/opt/rustwide/workdir" "-e" "CARGO_TARGET_DIR=/opt/rustwide/target" "-e" "CARGO_HOME=/opt/rustwide/cargo-home" "-e" "RUSTUP_HOME=/opt/rustwide/rustup-home" "-w" "/opt/rustwide/workdir" "-m" "1610612736" "--user" "0:0" "--network" "none" "ghcr.io/rust-lang/crates-build-env/linux@sha256:a89201d6b5b9fd45c15d5952ece0a0129e7e80cb26ec023fd59cf09bc26f1604" "/opt/rustwide/cargo-home/bin/cargo" "+beta-2021-10-15" "metadata" "--no-deps" "--format-version=1", kill_on_drop: false }`
[INFO] [stdout] 8c8d12b701cd4321f4e250775bc079f26ece24376d586eef145a8e314b2cb451
[INFO] [stderr] WARNING: Your kernel does not support swap limit capabilities or the cgroup is not mounted. Memory limited without swap.
[INFO] running `Command { std: "docker" "start" "-a" "8c8d12b701cd4321f4e250775bc079f26ece24376d586eef145a8e314b2cb451", kill_on_drop: false }`
[INFO] running `Command { std: "docker" "inspect" "8c8d12b701cd4321f4e250775bc079f26ece24376d586eef145a8e314b2cb451", kill_on_drop: false }`
[INFO] running `Command { std: "docker" "rm" "-f" "8c8d12b701cd4321f4e250775bc079f26ece24376d586eef145a8e314b2cb451", kill_on_drop: false }`
[INFO] [stdout] 8c8d12b701cd4321f4e250775bc079f26ece24376d586eef145a8e314b2cb451
[INFO] running `Command { std: "docker" "create" "-v" "/var/lib/crater-agent-workspace/builds/worker-9/target:/opt/rustwide/target:rw,Z" "-v" "/var/lib/crater-agent-workspace/builds/worker-9/source:/opt/rustwide/workdir:ro,Z" "-v" "/var/lib/crater-agent-workspace/cargo-home:/opt/rustwide/cargo-home:ro,Z" "-v" "/var/lib/crater-agent-workspace/rustup-home:/opt/rustwide/rustup-home:ro,Z" "-e" "SOURCE_DIR=/opt/rustwide/workdir" "-e" "CARGO_TARGET_DIR=/opt/rustwide/target" "-e" "CARGO_INCREMENTAL=0" "-e" "RUST_BACKTRACE=full" "-e" "RUSTFLAGS=--cap-lints=warn" "-e" "CARGO_HOME=/opt/rustwide/cargo-home" "-e" "RUSTUP_HOME=/opt/rustwide/rustup-home" "-w" "/opt/rustwide/workdir" "-m" "1610612736" "--user" "0:0" "--network" "none" "ghcr.io/rust-lang/crates-build-env/linux@sha256:a89201d6b5b9fd45c15d5952ece0a0129e7e80cb26ec023fd59cf09bc26f1604" "/opt/rustwide/cargo-home/bin/cargo" "+beta-2021-10-15" "check" "--frozen" "--all" "--all-targets" "--message-format=json", kill_on_drop: false }`
[INFO] [stdout] e11283c03828f08a0fd36ee3c1e3bb2f18d61ec620fb226c3f1b6ddaa2a1d971
[INFO] [stderr] WARNING: Your kernel does not support swap limit capabilities or the cgroup is not mounted. Memory limited without swap.
[INFO] running `Command { std: "docker" "start" "-a" "e11283c03828f08a0fd36ee3c1e3bb2f18d61ec620fb226c3f1b6ddaa2a1d971", kill_on_drop: false }`
[INFO] [stderr]     Blocking waiting for file lock on package cache
[INFO] [stderr]    Compiling crossbeam-utils v0.8.5
[INFO] [stderr]    Compiling crossbeam-epoch v0.9.5
[INFO] [stderr]    Compiling rayon-core v1.9.1
[INFO] [stderr]    Compiling syn v1.0.75
[INFO] [stderr]    Compiling version-compare v0.0.10
[INFO] [stderr]    Compiling serde v1.0.129
[INFO] [stderr]     Checking adler32 v1.2.0
[INFO] [stderr]    Compiling crc32fast v1.2.1
[INFO] [stderr]     Checking adler v1.0.2
[INFO] [stderr]    Compiling serde_derive v1.0.129
[INFO] [stderr]    Compiling serde_json v1.0.66
[INFO] [stderr]     Checking weezl v0.1.5
[INFO] [stderr]     Checking itoa v0.4.8
[INFO] [stderr]    Compiling inflections v1.1.1
[INFO] [stderr]     Checking color_quant v1.1.0
[INFO] [stderr]     Checking bytemuck v1.7.2
[INFO] [stderr]    Compiling sdl2 v0.34.5
[INFO] [stderr]     Checking base64 v0.12.3
[INFO] [stderr]     Checking glam v0.17.2
[INFO] [stderr]    Compiling memoffset v0.6.4
[INFO] [stderr]    Compiling num-traits v0.2.14
[INFO] [stderr]    Compiling num-integer v0.1.44
[INFO] [stderr]    Compiling rayon v1.5.1
[INFO] [stderr]    Compiling miniz_oxide v0.4.4
[INFO] [stderr]    Compiling num-iter v0.1.42
[INFO] [stderr]    Compiling num-rational v0.3.2
[INFO] [stderr]     Checking itertools v0.10.1
[INFO] [stderr]     Checking miniz_oxide v0.3.7
[INFO] [stderr]     Checking deflate v0.8.6
[INFO] [stderr]     Checking gif v0.11.2
[INFO] [stderr]    Compiling log v0.4.14
[INFO] [stderr]    Compiling sdl2-sys v0.34.5
[INFO] [stderr]     Checking num_cpus v1.13.0
[INFO] [stderr]    Compiling gl_generator v0.14.0
[INFO] [stderr]     Checking crossbeam-channel v0.5.1
[INFO] [stderr]     Checking png v0.16.8
[INFO] [stderr]     Checking crossbeam-deque v0.8.1
[INFO] [stderr]    Compiling gl v0.14.0
[INFO] [stderr]    Compiling gltf-derive v0.16.0
[INFO] [stderr]     Checking jpeg-decoder v0.1.22
[INFO] [stderr]     Checking tiff v0.6.1
[INFO] [stderr]     Checking image v0.23.14
[INFO] [stderr]     Checking gltf-json v0.16.0
[INFO] [stderr]     Checking gltf v0.16.0
[INFO] [stderr]     Checking sample-core v0.1.0 (/opt/rustwide/workdir/sample-core)
[INFO] [stdout] warning: unused variable: `path`
[INFO] [stdout]   --> sample-core/src/assets.rs:26:35
[INFO] [stdout]    |
[INFO] [stdout] 26 |     pub fn import<P: AsRef<Path>>(path: P) {
[INFO] [stdout]    |                                   ^^^^ help: if this is intentional, prefix it with an underscore: `_path`
[INFO] [stdout]    |
[INFO] [stdout]    = note: `#[warn(unused_variables)]` on by default
[INFO] [stdout] 
[INFO] [stdout] 
[INFO] [stdout] warning: unused variable: `name`
[INFO] [stdout]   --> sample-core/src/assets.rs:30:28
[INFO] [stdout]    |
[INFO] [stdout] 30 |     pub fn get_mesh(&self, name: &str) -> Option<Rc<Mesh>> {
[INFO] [stdout]    |                            ^^^^ help: if this is intentional, prefix it with an underscore: `_name`
[INFO] [stdout] 
[INFO] [stdout] 
[INFO] [stdout] warning: field is never read: `meshes`
[INFO] [stdout]   --> sample-core/src/assets.rs:10:5
[INFO] [stdout]    |
[INFO] [stdout] 10 |     meshes: HashMap<String, Rc<Mesh>>,
[INFO] [stdout]    |     ^^^^^^^^^^^^^^^^^^^^^^^^^^^^^^^^^
[INFO] [stdout]    |
[INFO] [stdout]    = note: `#[warn(dead_code)]` on by default
[INFO] [stdout] 
[INFO] [stdout] 
[INFO] [stdout] warning: field is never read: `shaders`
[INFO] [stdout]   --> sample-core/src/assets.rs:11:5
[INFO] [stdout]    |
[INFO] [stdout] 11 |     shaders: HashMap<String, Rc<Shader>>,
[INFO] [stdout]    |     ^^^^^^^^^^^^^^^^^^^^^^^^^^^^^^^^^^^^
[INFO] [stdout] 
[INFO] [stdout] 
[INFO] [stdout] warning: field is never read: `textures`
[INFO] [stdout]   --> sample-core/src/assets.rs:12:5
[INFO] [stdout]    |
[INFO] [stdout] 12 |     textures: HashMap<String, Rc<Texture>>,
[INFO] [stdout]    |     ^^^^^^^^^^^^^^^^^^^^^^^^^^^^^^^^^^^^^^
[INFO] [stdout] 
[INFO] [stdout] 
[INFO] [stdout] warning: 5 warnings emitted
[INFO] [stdout] 
[INFO] [stdout] 
[INFO] [stderr]     Checking sample-engine v0.1.0 (/opt/rustwide/workdir)
[INFO] [stdout] error[E0583]: file not found for module `scripts`
[INFO] [stdout]   --> src/main.rs:18:1
[INFO] [stdout]    |
[INFO] [stdout] 18 | mod scripts;
[INFO] [stdout]    | ^^^^^^^^^^^^
[INFO] [stdout]    |
[INFO] [stdout]    = help: to create the module `scripts`, create file "src/scripts.rs" or "src/scripts/mod.rs"
[INFO] [stdout] 
[INFO] [stdout] 
[INFO] [stdout] error[E0583]: file not found for module `scripts`
[INFO] [stdout]   --> src/main.rs:18:1
[INFO] [stdout]    |
[INFO] [stdout] 18 | mod scripts;
[INFO] [stdout]    | ^^^^^^^^^^^^
[INFO] [stdout]    |
[INFO] [stdout]    = help: to create the module `scripts`, create file "src/scripts.rs" or "src/scripts/mod.rs"
[INFO] [stdout] 
[INFO] [stdout] 
[INFO] [stdout] error[E0432]: unresolved import `scripts::plane`
[INFO] [stdout]   --> src/main.rs:19:14
[INFO] [stdout]    |
[INFO] [stdout] 19 | use scripts::plane::Plane;
[INFO] [stdout]    |              ^^^^^ could not find `plane` in `scripts`
[INFO] [stdout] 
[INFO] [stdout] 
[INFO] [stdout] warning: unused import: `texture::Texture`
[INFO] [stdout]   --> src/main.rs:10:5
[INFO] [stdout]    |
[INFO] [stdout] 10 |     texture::Texture,
[INFO] [stdout]    |     ^^^^^^^^^^^^^^^^
[INFO] [stdout]    |
[INFO] [stdout]    = note: `#[warn(unused_imports)]` on by default
[INFO] [stdout] 
[INFO] [stdout] 
[INFO] [stdout] error[E0432]: unresolved import `scripts::plane`
[INFO] [stdout]   --> src/main.rs:19:14
[INFO] [stdout]    |
[INFO] [stdout] 19 | use scripts::plane::Plane;
[INFO] [stdout]    |              ^^^^^ could not find `plane` in `scripts`
[INFO] [stdout] 
[INFO] [stdout] 
[INFO] [stdout] error: aborting due to 2 previous errors; 1 warning emitted
[INFO] [stdout] 
[INFO] [stdout] 
[INFO] [stdout] Some errors have detailed explanations: E0432, E0583.
[INFO] [stdout] 
[INFO] [stdout] For more information about an error, try `rustc --explain E0432`.
[INFO] [stdout] 
[INFO] [stderr] error: could not compile `sample-engine` due to 3 previous errors; 1 warning emitted
[INFO] [stderr] warning: build failed, waiting for other jobs to finish...
[INFO] [stdout] warning: unused import: `texture::Texture`
[INFO] [stdout]   --> src/main.rs:10:5
[INFO] [stdout]    |
[INFO] [stdout] 10 |     texture::Texture,
[INFO] [stdout]    |     ^^^^^^^^^^^^^^^^
[INFO] [stdout]    |
[INFO] [stdout]    = note: `#[warn(unused_imports)]` on by default
[INFO] [stdout] 
[INFO] [stdout] 
[INFO] [stdout] error: aborting due to 2 previous errors; 1 warning emitted
[INFO] [stdout] 
[INFO] [stdout] 
[INFO] [stdout] Some errors have detailed explanations: E0432, E0583.
[INFO] [stdout] 
[INFO] [stdout] For more information about an error, try `rustc --explain E0432`.
[INFO] [stdout] 
[INFO] [stderr] error: build failed
[INFO] running `Command { std: "docker" "inspect" "e11283c03828f08a0fd36ee3c1e3bb2f18d61ec620fb226c3f1b6ddaa2a1d971", kill_on_drop: false }`
[INFO] running `Command { std: "docker" "rm" "-f" "e11283c03828f08a0fd36ee3c1e3bb2f18d61ec620fb226c3f1b6ddaa2a1d971", kill_on_drop: false }`
[INFO] [stdout] e11283c03828f08a0fd36ee3c1e3bb2f18d61ec620fb226c3f1b6ddaa2a1d971
