[INFO] cloning repository https://github.com/trecement/safe_client_libs
[INFO] running `Command { std: "git" "-c" "credential.helper=" "-c" "credential.helper=/workspace/cargo-home/bin/git-credential-null" "clone" "--bare" "https://github.com/trecement/safe_client_libs" "/workspace/cache/git-repos/https%3A%2F%2Fgithub.com%2Ftrecement%2Fsafe_client_libs", kill_on_drop: false }`
[INFO] [stderr] Cloning into bare repository '/workspace/cache/git-repos/https%3A%2F%2Fgithub.com%2Ftrecement%2Fsafe_client_libs'...
[INFO] running `Command { std: "git" "rev-parse" "HEAD", kill_on_drop: false }`
[INFO] [stdout] dba893f43ec0bb022cedaf1c93e4f80e9fa3c5ab
[INFO] checking trecement/safe_client_libs against 1.55.0 for beta-1.56-3
[INFO] running `Command { std: "git" "clone" "/workspace/cache/git-repos/https%3A%2F%2Fgithub.com%2Ftrecement%2Fsafe_client_libs" "/workspace/builds/worker-8/source", kill_on_drop: false }`
[INFO] [stderr] Cloning into '/workspace/builds/worker-8/source'...
[INFO] [stderr] done.
[INFO] validating manifest of git repo https://github.com/trecement/safe_client_libs on toolchain 1.55.0
[INFO] running `Command { std: "/workspace/cargo-home/bin/cargo" "+1.55.0" "metadata" "--manifest-path" "Cargo.toml" "--no-deps", kill_on_drop: false }`
[INFO] started tweaking git repo https://github.com/trecement/safe_client_libs
[INFO] finished tweaking git repo https://github.com/trecement/safe_client_libs
[INFO] tweaked toml for git repo https://github.com/trecement/safe_client_libs written to /workspace/builds/worker-8/source/Cargo.toml
[INFO] crate git repo https://github.com/trecement/safe_client_libs already has a lockfile, it will not be regenerated
[INFO] running `Command { std: "/workspace/cargo-home/bin/cargo" "+1.55.0" "fetch" "--manifest-path" "Cargo.toml", kill_on_drop: false }`
[INFO] running `Command { std: "docker" "create" "-v" "/var/lib/crater-agent-workspace/builds/worker-8/target:/opt/rustwide/target:rw,Z" "-v" "/var/lib/crater-agent-workspace/builds/worker-8/source:/opt/rustwide/workdir:ro,Z" "-v" "/var/lib/crater-agent-workspace/cargo-home:/opt/rustwide/cargo-home:ro,Z" "-v" "/var/lib/crater-agent-workspace/rustup-home:/opt/rustwide/rustup-home:ro,Z" "-e" "SOURCE_DIR=/opt/rustwide/workdir" "-e" "CARGO_TARGET_DIR=/opt/rustwide/target" "-e" "CARGO_HOME=/opt/rustwide/cargo-home" "-e" "RUSTUP_HOME=/opt/rustwide/rustup-home" "-w" "/opt/rustwide/workdir" "-m" "1610612736" "--user" "0:0" "--network" "none" "ghcr.io/rust-lang/crates-build-env/linux@sha256:a89201d6b5b9fd45c15d5952ece0a0129e7e80cb26ec023fd59cf09bc26f1604" "/opt/rustwide/cargo-home/bin/cargo" "+1.55.0" "metadata" "--no-deps" "--format-version=1", kill_on_drop: false }`
[INFO] [stdout] 3c31618a8de66f6a0aa8ac6d945cf857f9e21b53756592b5ccbe5057f28186b2
[INFO] [stderr] WARNING: Your kernel does not support swap limit capabilities or the cgroup is not mounted. Memory limited without swap.
[INFO] running `Command { std: "docker" "start" "-a" "3c31618a8de66f6a0aa8ac6d945cf857f9e21b53756592b5ccbe5057f28186b2", kill_on_drop: false }`
[INFO] running `Command { std: "docker" "inspect" "3c31618a8de66f6a0aa8ac6d945cf857f9e21b53756592b5ccbe5057f28186b2", kill_on_drop: false }`
[INFO] running `Command { std: "docker" "rm" "-f" "3c31618a8de66f6a0aa8ac6d945cf857f9e21b53756592b5ccbe5057f28186b2", kill_on_drop: false }`
[INFO] [stdout] 3c31618a8de66f6a0aa8ac6d945cf857f9e21b53756592b5ccbe5057f28186b2
[INFO] running `Command { std: "docker" "create" "-v" "/var/lib/crater-agent-workspace/builds/worker-8/target:/opt/rustwide/target:rw,Z" "-v" "/var/lib/crater-agent-workspace/builds/worker-8/source:/opt/rustwide/workdir:ro,Z" "-v" "/var/lib/crater-agent-workspace/cargo-home:/opt/rustwide/cargo-home:ro,Z" "-v" "/var/lib/crater-agent-workspace/rustup-home:/opt/rustwide/rustup-home:ro,Z" "-e" "SOURCE_DIR=/opt/rustwide/workdir" "-e" "CARGO_TARGET_DIR=/opt/rustwide/target" "-e" "CARGO_INCREMENTAL=0" "-e" "RUST_BACKTRACE=full" "-e" "RUSTFLAGS=--cap-lints=warn" "-e" "CARGO_HOME=/opt/rustwide/cargo-home" "-e" "RUSTUP_HOME=/opt/rustwide/rustup-home" "-w" "/opt/rustwide/workdir" "-m" "1610612736" "--user" "0:0" "--network" "none" "ghcr.io/rust-lang/crates-build-env/linux@sha256:a89201d6b5b9fd45c15d5952ece0a0129e7e80cb26ec023fd59cf09bc26f1604" "/opt/rustwide/cargo-home/bin/cargo" "+1.55.0" "check" "--frozen" "--all" "--all-targets" "--message-format=json", kill_on_drop: false }`
[INFO] [stdout] 8644c430a114a6303d569b5b76834b06cea33bb5123a16ab01a8e09c4232cb1e
[INFO] [stderr] WARNING: Your kernel does not support swap limit capabilities or the cgroup is not mounted. Memory limited without swap.
[INFO] running `Command { std: "docker" "start" "-a" "8644c430a114a6303d569b5b76834b06cea33bb5123a16ab01a8e09c4232cb1e", kill_on_drop: false }`
[INFO] [stderr]    Compiling libc v0.2.43
[INFO] [stderr]    Compiling cfg-if v0.1.5
[INFO] [stderr]    Compiling cc v1.0.22
[INFO] [stderr]    Compiling proc-macro2 v0.4.15
[INFO] [stderr]    Compiling serde v1.0.75
[INFO] [stderr]    Compiling byteorder v1.1.0
[INFO] [stderr]    Compiling lazy_static v1.0.2
[INFO] [stderr]    Compiling void v1.0.2
[INFO] [stderr]    Compiling num-traits v0.2.5
[INFO] [stderr]    Compiling version_check v0.1.4
[INFO] [stderr]    Compiling futures v0.1.25
[INFO] [stderr]    Compiling rand_core v0.2.1
[INFO] [stderr]    Compiling slab v0.4.1
[INFO] [stderr]    Compiling ryu v0.2.6
[INFO] [stderr]    Compiling crossbeam-utils v0.5.0
[INFO] [stderr]    Compiling lazycell v0.6.0
[INFO] [stderr]    Compiling httparse v1.3.2
[INFO] [stderr]    Compiling stable_deref_trait v1.1.1
[INFO] [stderr]    Compiling nodrop v0.1.12
[INFO] [stderr]    Compiling bitflags v0.9.1
[INFO] [stderr]    Compiling percent-encoding v1.0.1
[INFO] [stderr]    Compiling matches v0.1.8
[INFO] [stderr]    Compiling itoa v0.4.2
[INFO] [stderr]    Compiling build_const v0.2.1
[INFO] [stderr]    Compiling unicode-normalization v0.1.7
[INFO] [stderr]    Compiling safemem v0.2.0
[INFO] [stderr]    Compiling adler32 v1.0.3
[INFO] [stderr]    Compiling foreign-types-shared v0.1.1
[INFO] [stderr]    Compiling language-tags v0.2.2
[INFO] [stderr]    Compiling scoped-tls v0.1.2
[INFO] [stderr]    Compiling dtoa v0.4.3
[INFO] [stderr]    Compiling unwrap v1.2.1
[INFO] [stderr]    Compiling try-lock v0.1.0
[INFO] [stderr]    Compiling arrayref v0.3.5
[INFO] [stderr]    Compiling byte-tools v0.2.0
[INFO] [stderr]    Compiling fake-simd v0.1.2
[INFO] [stderr]    Compiling podio v0.1.6
[INFO] [stderr]    Compiling ucd-util v0.1.1
[INFO] [stderr]    Compiling utf8-ranges v1.0.1
[INFO] [stderr]    Compiling same-file v1.0.3
[INFO] [stderr]    Compiling traitobject v0.1.0
[INFO] [stderr]    Compiling linked-hash-map v0.5.1
[INFO] [stderr]    Compiling either v1.5.0
[INFO] [stderr]    Compiling term v0.4.6
[INFO] [stderr]    Compiling bitflags v0.7.0
[INFO] [stderr]    Compiling unicode-segmentation v1.1.0
[INFO] [stderr]    Compiling rustc-demangle v0.1.9
[INFO] [stderr]    Compiling crossbeam v0.2.12
[INFO] [stderr]    Compiling regex v1.0.4
[INFO] [stderr]    Compiling antidote v1.0.0
[INFO] [stderr]    Compiling fnv v1.0.6
[INFO] [stderr]    Compiling ascii v0.9.1
[INFO] [stderr]    Compiling strsim v0.6.0
[INFO] [stderr]    Compiling log-mdc v0.1.0
[INFO] [stderr]    Compiling sha1 v0.2.0
[INFO] [stderr]    Compiling slab v0.3.0
[INFO] [stderr]    Compiling typeable v0.1.2
[INFO] [stderr]    Compiling ansi_term v0.9.0
[INFO] [stderr]    Compiling jni-sys v0.3.0
[INFO] [stderr]    Compiling rustfmt v0.10.0
[INFO] [stderr]    Compiling cesu8 v1.1.0
[INFO] [stderr]    Compiling c_linked_list v1.1.1
[INFO] [stderr]    Compiling tiny-keccak v1.3.1
[INFO] [stderr]    Compiling diff v0.1.11
[INFO] [stderr]    Compiling fixedbitset v0.1.9
[INFO] [stderr]    Compiling rustc-serialize v0.3.24
[INFO] [stderr]    Compiling ordermap v0.3.5
[INFO] [stderr]    Compiling lru_time_cache v0.8.0
[INFO] [stderr]    Compiling hex v0.3.2
[INFO] [stderr]     Checking alloc-no-stdlib v1.2.0
[INFO] [stderr]    Compiling fake_clock v0.2.0
[INFO] [stderr]     Checking linked-hash-map v0.4.2
[INFO] [stderr]     Checking data-encoding v2.1.1
[INFO] [stderr]     Checking iovec v0.1.2
[INFO] [stderr]     Checking rand v0.4.3
[INFO] [stderr]     Checking memchr v2.0.2
[INFO] [stderr]     Checking time v0.1.40
[INFO] [stderr]     Checking fs2 v0.4.3
[INFO] [stderr]     Checking term_size v0.3.1
[INFO] [stderr]     Checking atty v0.2.2
[INFO] [stderr]     Checking termion v1.4.0
[INFO] [stderr]     Checking memmap v0.5.2
[INFO] [stderr]    Compiling log v0.4.6
[INFO] [stderr]    Compiling encoding_rs v0.8.6
[INFO] [stderr]    Compiling thread_local v0.3.6
[INFO] [stderr]    Compiling unreachable v1.0.0
[INFO] [stderr]    Compiling unreachable v0.1.1
[INFO] [stderr]     Checking net2 v0.2.33
[INFO] [stderr]    Compiling owning_ref v0.3.3
[INFO] [stderr]    Compiling arrayvec v0.4.7
[INFO] [stderr]    Compiling unicode-bidi v0.3.4
[INFO] [stderr]    Compiling base64 v0.9.2
[INFO] [stderr]    Compiling base64 v0.6.0
[INFO] [stderr]    Compiling unicase v1.4.2
[INFO] [stderr]    Compiling unicase v2.1.0
[INFO] [stderr]    Compiling crc v1.8.1
[INFO] [stderr]    Compiling foreign-types v0.3.2
[INFO] [stderr]    Compiling rand v0.5.5
[INFO] [stderr]    Compiling num_cpus v1.8.0
[INFO] [stderr]    Compiling miniz_oxide v0.1.3
[INFO] [stderr]    Compiling filetime v0.2.1
[INFO] [stderr]    Compiling xattr v0.2.2
[INFO] [stderr]    Compiling block-buffer v0.3.3
[INFO] [stderr]    Compiling getopts v0.2.18
[INFO] [stderr]    Compiling regex-syntax v0.5.6
[INFO] [stderr]    Compiling regex-syntax v0.6.2
[INFO] [stderr]    Compiling humantime v1.1.1
[INFO] [stderr]    Compiling unsafe-any v0.4.2
[INFO] [stderr]    Compiling walkdir v2.0.1
[INFO] [stderr]    Compiling itertools v0.7.8
[INFO] [stderr]    Compiling yaml-rust v0.4.0
[INFO] [stderr]    Compiling xml-rs v0.3.6
[INFO] [stderr]    Compiling tokio-executor v0.1.4
[INFO] [stderr]    Compiling tokio-service v0.1.0
[INFO] [stderr]    Compiling relay v0.1.1
[INFO] [stderr]    Compiling get_if_addrs v0.4.1
[INFO] [stderr]    Compiling miniz-sys v0.1.10
[INFO] [stderr]    Compiling openssl-sys v0.9.35
[INFO] [stderr]    Compiling bzip2-sys v0.1.6
[INFO] [stderr]    Compiling miniz_oxide_c_api v0.1.3
[INFO] [stderr]    Compiling backtrace-sys v0.1.24
[INFO] [stderr]     Checking brotli-decompressor v1.3.0
[INFO] [stderr]    Compiling petgraph v0.4.13
[INFO] [stderr]     Checking aho-corasick v0.6.8
[INFO] [stderr]     Checking bytes v0.4.9
[INFO] [stderr]     Checking lru-cache v0.1.1
[INFO] [stderr]     Checking textwrap v0.6.0
[INFO] [stderr]    Compiling smallvec v0.6.5
[INFO] [stderr]    Compiling want v0.0.4
[INFO] [stderr]    Compiling log v0.3.9
[INFO] [stderr]    Compiling lock_api v0.1.3
[INFO] [stderr]     Checking combine v3.6.2
[INFO] [stderr]     Checking mio v0.6.15
[INFO] [stderr]    Compiling crossbeam-epoch v0.5.2
[INFO] [stderr]    Compiling idna v0.1.5
[INFO] [stderr]     Checking rand v0.3.22
[INFO] [stderr]    Compiling futures-cpupool v0.1.8
[INFO] [stderr]    Compiling tar v0.4.16
[INFO] [stderr]    Compiling msdos_time v0.1.6
[INFO] [stderr]    Compiling typemap v0.3.3
[INFO] [stderr]    Compiling uuid v0.6.5
[INFO] [stderr]    Compiling jni v0.10.2
[INFO] [stderr]    Compiling tokio-current-thread v0.1.1
[INFO] [stderr]    Compiling tokio-timer v0.2.6
[INFO] [stderr]    Compiling xmltree v0.3.2
[INFO] [stderr]     Checking clap v2.25.1
[INFO] [stderr]     Checking regex v0.2.11
[INFO] [stderr]     Checking parking_lot_core v0.3.0
[INFO] [stderr]    Compiling generic-array v0.9.0
[INFO] [stderr]    Compiling mime v0.2.6
[INFO] [stderr]    Compiling strings v0.1.1
[INFO] [stderr]     Checking tokio-io v0.1.8
[INFO] [stderr]    Compiling crossbeam-deque v0.6.1
[INFO] [stderr]     Checking mio-uds v0.6.6
[INFO] [stderr]    Compiling quote v0.6.8
[INFO] [stderr]     Checking brotli v2.1.0
[INFO] [stderr]    Compiling extprim v1.6.0
[INFO] [stderr]    Compiling url v1.5.1
[INFO] [stderr]    Compiling num-integer v0.1.39
[INFO] [stderr]    Compiling num-traits v0.1.43
[INFO] [stderr]     Checking parking_lot v0.6.4
[INFO] [stderr]    Compiling digest v0.7.5
[INFO] [stderr]    Compiling openssl v0.9.24
[INFO] [stderr] error: failed to run custom build command for `openssl v0.9.24`
[INFO] [stderr] 
[INFO] [stderr] Caused by:
[INFO] [stderr]   process didn't exit successfully: `/opt/rustwide/target/debug/build/openssl-534fd150f9e6f0da/build-script-build` (exit status: 101)
[INFO] [stderr]   --- stderr
[INFO] [stderr]   thread 'main' panicked at 'Unable to detect OpenSSL version', /opt/rustwide/cargo-home/registry/src/github.com-1ecc6299db9ec823/openssl-0.9.24/build.rs:16:14
[INFO] [stderr]   stack backtrace:
[INFO] [stderr]      0:     0x55fb5870da50 - std::backtrace_rs::backtrace::libunwind::trace::ha0ad43e8a952bfe7
[INFO] [stderr]                                  at /rustc/c8dfcfe046a7680554bf4eb612bad840e7631c4b/library/std/src/../../backtrace/src/backtrace/libunwind.rs:90:5
[INFO] [stderr]      1:     0x55fb5870da50 - std::backtrace_rs::backtrace::trace_unsynchronized::h6830419c0c4130dc
[INFO] [stderr]                                  at /rustc/c8dfcfe046a7680554bf4eb612bad840e7631c4b/library/std/src/../../backtrace/src/backtrace/mod.rs:66:5
[INFO] [stderr]      2:     0x55fb5870da50 - std::sys_common::backtrace::_print_fmt::h8f3516631ffa1ef5
[INFO] [stderr]                                  at /rustc/c8dfcfe046a7680554bf4eb612bad840e7631c4b/library/std/src/sys_common/backtrace.rs:67:5
[INFO] [stderr]      3:     0x55fb5870da50 - <std::sys_common::backtrace::_print::DisplayBacktrace as core::fmt::Display>::fmt::he1640d5f0d93f618
[INFO] [stderr]                                  at /rustc/c8dfcfe046a7680554bf4eb612bad840e7631c4b/library/std/src/sys_common/backtrace.rs:46:22
[INFO] [stderr]      4:     0x55fb587274fc - core::fmt::write::h88012e1f01caeebf
[INFO] [stderr]                                  at /rustc/c8dfcfe046a7680554bf4eb612bad840e7631c4b/library/core/src/fmt/mod.rs:1115:17
[INFO] [stderr]      5:     0x55fb5870c225 - std::io::Write::write_fmt::h360fa85b30182555
[INFO] [stderr]                                  at /rustc/c8dfcfe046a7680554bf4eb612bad840e7631c4b/library/std/src/io/mod.rs:1665:15
[INFO] [stderr]      6:     0x55fb5870f68b - std::sys_common::backtrace::_print::ha1f00492f406a015
[INFO] [stderr]                                  at /rustc/c8dfcfe046a7680554bf4eb612bad840e7631c4b/library/std/src/sys_common/backtrace.rs:49:5
[INFO] [stderr]      7:     0x55fb5870f68b - std::sys_common::backtrace::print::hd54561b13feb6af3
[INFO] [stderr]                                  at /rustc/c8dfcfe046a7680554bf4eb612bad840e7631c4b/library/std/src/sys_common/backtrace.rs:36:9
[INFO] [stderr]      8:     0x55fb5870f68b - std::panicking::default_hook::{{closure}}::h84fe124cd0864662
[INFO] [stderr]                                  at /rustc/c8dfcfe046a7680554bf4eb612bad840e7631c4b/library/std/src/panicking.rs:208:50
[INFO] [stderr]      9:     0x55fb5870f161 - std::panicking::default_hook::h5a8e74a76ce290a7
[INFO] [stderr]                                  at /rustc/c8dfcfe046a7680554bf4eb612bad840e7631c4b/library/std/src/panicking.rs:225:9
[INFO] [stderr]     10:     0x55fb5870fd54 - std::panicking::rust_panic_with_hook::h67c812a4fe9d4c91
[INFO] [stderr]                                  at /rustc/c8dfcfe046a7680554bf4eb612bad840e7631c4b/library/std/src/panicking.rs:622:17
[INFO] [stderr]     11:     0x55fb586fd2ef - std::panicking::begin_panic::{{closure}}::hb8cb5b3a1d187eb4
[INFO] [stderr]                                  at /rustc/c8dfcfe046a7680554bf4eb612bad840e7631c4b/library/std/src/panicking.rs:542:9
[INFO] [stderr]     12:     0x55fb586fd148 - std::sys_common::backtrace::__rust_end_short_backtrace::h9e5b30f17f88cfd3
[INFO] [stderr]                                  at /rustc/c8dfcfe046a7680554bf4eb612bad840e7631c4b/library/std/src/sys_common/backtrace.rs:141:18
[INFO] [stderr]     13:     0x55fb586fd235 - std::panicking::begin_panic::hcf874f939e4e5d98
[INFO] [stderr]                                  at /rustc/c8dfcfe046a7680554bf4eb612bad840e7631c4b/library/std/src/panicking.rs:541:12
[INFO] [stderr]     14:     0x55fb586fe358 - build_script_build::main::h5a536e5956e0e19f
[INFO] [stderr]                                  at /opt/rustwide/cargo-home/registry/src/github.com-1ecc6299db9ec823/openssl-0.9.24/build.rs:16:14
[INFO] [stderr]     15:     0x55fb586fbaeb - core::ops::function::FnOnce::call_once::hc3825429258f4d3c
[INFO] [stderr]                                  at /rustc/c8dfcfe046a7680554bf4eb612bad840e7631c4b/library/core/src/ops/function.rs:227:5
[INFO] [stderr]     16:     0x55fb586fd18e - std::sys_common::backtrace::__rust_begin_short_backtrace::h9148add27a486d75
[INFO] [stderr]                                  at /rustc/c8dfcfe046a7680554bf4eb612bad840e7631c4b/library/std/src/sys_common/backtrace.rs:125:18
[INFO] [stderr]     17:     0x55fb586fc1f1 - std::rt::lang_start::{{closure}}::h489cb377d2892615
[INFO] [stderr]                                  at /rustc/c8dfcfe046a7680554bf4eb612bad840e7631c4b/library/std/src/rt.rs:63:18
[INFO] [stderr]     18:     0x55fb5871025a - core::ops::function::impls::<impl core::ops::function::FnOnce<A> for &F>::call_once::ha9408abe89f69dc4
[INFO] [stderr]                                  at /rustc/c8dfcfe046a7680554bf4eb612bad840e7631c4b/library/core/src/ops/function.rs:259:13
[INFO] [stderr]     19:     0x55fb5871025a - std::panicking::try::do_call::h5b0cc9e9102acb65
[INFO] [stderr]                                  at /rustc/c8dfcfe046a7680554bf4eb612bad840e7631c4b/library/std/src/panicking.rs:401:40
[INFO] [stderr]     20:     0x55fb5871025a - std::panicking::try::hddc7f8229138b3ba
[INFO] [stderr]                                  at /rustc/c8dfcfe046a7680554bf4eb612bad840e7631c4b/library/std/src/panicking.rs:365:19
[INFO] [stderr]     21:     0x55fb5871025a - std::panic::catch_unwind::hfa401ff8bab2986e
[INFO] [stderr]                                  at /rustc/c8dfcfe046a7680554bf4eb612bad840e7631c4b/library/std/src/panic.rs:434:14
[INFO] [stderr]     22:     0x55fb5871025a - std::rt::lang_start_internal::{{closure}}::h8163422320d11405
[INFO] [stderr]                                  at /rustc/c8dfcfe046a7680554bf4eb612bad840e7631c4b/library/std/src/rt.rs:45:48
[INFO] [stderr]     23:     0x55fb5871025a - std::panicking::try::do_call::hc742cc7bb4f0fb20
[INFO] [stderr]                                  at /rustc/c8dfcfe046a7680554bf4eb612bad840e7631c4b/library/std/src/panicking.rs:401:40
[INFO] [stderr]     24:     0x55fb5871025a - std::panicking::try::ha37d8d2dd1acf7d3
[INFO] [stderr]                                  at /rustc/c8dfcfe046a7680554bf4eb612bad840e7631c4b/library/std/src/panicking.rs:365:19
[INFO] [stderr]     25:     0x55fb5871025a - std::panic::catch_unwind::h8a5381d5ecf437bc
[INFO] [stderr]                                  at /rustc/c8dfcfe046a7680554bf4eb612bad840e7631c4b/library/std/src/panic.rs:434:14
[INFO] [stderr]     26:     0x55fb5871025a - std::rt::lang_start_internal::h7e2cee8c90d4a4d3
[INFO] [stderr]                                  at /rustc/c8dfcfe046a7680554bf4eb612bad840e7631c4b/library/std/src/rt.rs:45:20
[INFO] [stderr]     27:     0x55fb586fc1c0 - std::rt::lang_start::h7ce79fe408781da0
[INFO] [stderr]                                  at /rustc/c8dfcfe046a7680554bf4eb612bad840e7631c4b/library/std/src/rt.rs:62:5
[INFO] [stderr]     28:     0x55fb586fea5c - main
[INFO] [stderr]     29:     0x7fbce616d0b3 - __libc_start_main
[INFO] [stderr]     30:     0x55fb586f970e - _start
[INFO] [stderr]     31:                0x0 - <unknown>
[INFO] [stderr] warning: build failed, waiting for other jobs to finish...
[INFO] [stdout] error[E0713]: borrow may still be in use when destructor runs
[INFO] [stdout]    --> /opt/rustwide/cargo-home/registry/src/github.com-1ecc6299db9ec823/url-1.5.1/src/form_urlencoded.rs:251:40
[INFO] [stdout]     |
[INFO] [stdout] 249 | impl<'a> Target for ::UrlQuery<'a> {
[INFO] [stdout]     |      -- lifetime `'a` defined here
[INFO] [stdout] 250 |     fn as_mut_string(&mut self) -> &mut String { &mut self.url.serialization }
[INFO] [stdout] 251 |     fn finish(self) -> &'a mut ::Url { self.url }
[INFO] [stdout]     |                                        ^^^^^^^^ - here, drop of `self` needs exclusive access to `*self.url`, because the type `UrlQuery<'_>` implements the `Drop` trait
[INFO] [stdout]     |                                        |
[INFO] [stdout]     |                                        returning this value requires that `*self.url` is borrowed for `'a`
[INFO] [stdout] 
[INFO] [stdout] 
[INFO] [stdout] error: aborting due to previous error
[INFO] [stdout] 
[INFO] [stdout] 
[INFO] [stdout] For more information about this error, try `rustc --explain E0713`.
[INFO] [stdout] 
[INFO] [stdout] error[E0713]: borrow may still be in use when destructor runs
[INFO] [stdout]    --> /opt/rustwide/cargo-home/registry/src/github.com-1ecc6299db9ec823/url-1.5.1/src/form_urlencoded.rs:251:40
[INFO] [stdout]     |
[INFO] [stdout] 249 | impl<'a> Target for ::UrlQuery<'a> {
[INFO] [stdout]     |      -- lifetime `'a` defined here
[INFO] [stdout] 250 |     fn as_mut_string(&mut self) -> &mut String { &mut self.url.serialization }
[INFO] [stdout] 251 |     fn finish(self) -> &'a mut ::Url { self.url }
[INFO] [stdout]     |                                        ^^^^^^^^ - here, drop of `self` needs exclusive access to `*self.url`, because the type `UrlQuery<'_>` implements the `Drop` trait
[INFO] [stdout]     |                                        |
[INFO] [stdout]     |                                        returning this value requires that `*self.url` is borrowed for `'a`
[INFO] [stdout] 
[INFO] [stdout] 
[INFO] [stdout] error: aborting due to previous error
[INFO] [stdout] 
[INFO] [stdout] 
[INFO] [stdout] For more information about this error, try `rustc --explain E0713`.
[INFO] [stdout] 
[INFO] [stderr] error: build failed
[INFO] running `Command { std: "docker" "inspect" "8644c430a114a6303d569b5b76834b06cea33bb5123a16ab01a8e09c4232cb1e", kill_on_drop: false }`
[INFO] running `Command { std: "docker" "rm" "-f" "8644c430a114a6303d569b5b76834b06cea33bb5123a16ab01a8e09c4232cb1e", kill_on_drop: false }`
[INFO] [stdout] 8644c430a114a6303d569b5b76834b06cea33bb5123a16ab01a8e09c4232cb1e
