[INFO] cloning repository https://github.com/tqma113/sha1
[INFO] running `Command { std: "git" "-c" "credential.helper=" "-c" "credential.helper=/workspace/cargo-home/bin/git-credential-null" "clone" "--bare" "https://github.com/tqma113/sha1" "/workspace/cache/git-repos/https%3A%2F%2Fgithub.com%2Ftqma113%2Fsha1", kill_on_drop: false }`
[INFO] [stderr] Cloning into bare repository '/workspace/cache/git-repos/https%3A%2F%2Fgithub.com%2Ftqma113%2Fsha1'...
[INFO] running `Command { std: "git" "rev-parse" "HEAD", kill_on_drop: false }`
[INFO] [stdout] 389be5fdf7d160d1c5009152b4b03196f877648d
[INFO] checking tqma113/sha1 against 1.55.0 for beta-1.56-3
[INFO] running `Command { std: "git" "clone" "/workspace/cache/git-repos/https%3A%2F%2Fgithub.com%2Ftqma113%2Fsha1" "/workspace/builds/worker-11/source", kill_on_drop: false }`
[INFO] [stderr] Cloning into '/workspace/builds/worker-11/source'...
[INFO] [stderr] done.
[INFO] validating manifest of git repo https://github.com/tqma113/sha1 on toolchain 1.55.0
[INFO] running `Command { std: "/workspace/cargo-home/bin/cargo" "+1.55.0" "metadata" "--manifest-path" "Cargo.toml" "--no-deps", kill_on_drop: false }`
[INFO] started tweaking git repo https://github.com/tqma113/sha1
[INFO] finished tweaking git repo https://github.com/tqma113/sha1
[INFO] tweaked toml for git repo https://github.com/tqma113/sha1 written to /workspace/builds/worker-11/source/Cargo.toml
[INFO] crate git repo https://github.com/tqma113/sha1 already has a lockfile, it will not be regenerated
[INFO] running `Command { std: "/workspace/cargo-home/bin/cargo" "+1.55.0" "fetch" "--manifest-path" "Cargo.toml", kill_on_drop: false }`
[INFO] running `Command { std: "docker" "create" "-v" "/var/lib/crater-agent-workspace/builds/worker-11/target:/opt/rustwide/target:rw,Z" "-v" "/var/lib/crater-agent-workspace/builds/worker-11/source:/opt/rustwide/workdir:ro,Z" "-v" "/var/lib/crater-agent-workspace/cargo-home:/opt/rustwide/cargo-home:ro,Z" "-v" "/var/lib/crater-agent-workspace/rustup-home:/opt/rustwide/rustup-home:ro,Z" "-e" "SOURCE_DIR=/opt/rustwide/workdir" "-e" "CARGO_TARGET_DIR=/opt/rustwide/target" "-e" "CARGO_HOME=/opt/rustwide/cargo-home" "-e" "RUSTUP_HOME=/opt/rustwide/rustup-home" "-w" "/opt/rustwide/workdir" "-m" "1610612736" "--user" "0:0" "--network" "none" "ghcr.io/rust-lang/crates-build-env/linux@sha256:a89201d6b5b9fd45c15d5952ece0a0129e7e80cb26ec023fd59cf09bc26f1604" "/opt/rustwide/cargo-home/bin/cargo" "+1.55.0" "metadata" "--no-deps" "--format-version=1", kill_on_drop: false }`
[INFO] [stdout] f1ddc52f11124740997eaf1b10bce21d6349613ad4fbfd43f3c5baaffeb1832b
[INFO] [stderr] WARNING: Your kernel does not support swap limit capabilities or the cgroup is not mounted. Memory limited without swap.
[INFO] running `Command { std: "docker" "start" "-a" "f1ddc52f11124740997eaf1b10bce21d6349613ad4fbfd43f3c5baaffeb1832b", kill_on_drop: false }`
[INFO] running `Command { std: "docker" "inspect" "f1ddc52f11124740997eaf1b10bce21d6349613ad4fbfd43f3c5baaffeb1832b", kill_on_drop: false }`
[INFO] running `Command { std: "docker" "rm" "-f" "f1ddc52f11124740997eaf1b10bce21d6349613ad4fbfd43f3c5baaffeb1832b", kill_on_drop: false }`
[INFO] [stdout] f1ddc52f11124740997eaf1b10bce21d6349613ad4fbfd43f3c5baaffeb1832b
[INFO] running `Command { std: "docker" "create" "-v" "/var/lib/crater-agent-workspace/builds/worker-11/target:/opt/rustwide/target:rw,Z" "-v" "/var/lib/crater-agent-workspace/builds/worker-11/source:/opt/rustwide/workdir:ro,Z" "-v" "/var/lib/crater-agent-workspace/cargo-home:/opt/rustwide/cargo-home:ro,Z" "-v" "/var/lib/crater-agent-workspace/rustup-home:/opt/rustwide/rustup-home:ro,Z" "-e" "SOURCE_DIR=/opt/rustwide/workdir" "-e" "CARGO_TARGET_DIR=/opt/rustwide/target" "-e" "CARGO_INCREMENTAL=0" "-e" "RUST_BACKTRACE=full" "-e" "RUSTFLAGS=--cap-lints=warn" "-e" "CARGO_HOME=/opt/rustwide/cargo-home" "-e" "RUSTUP_HOME=/opt/rustwide/rustup-home" "-w" "/opt/rustwide/workdir" "-m" "1610612736" "--user" "0:0" "--network" "none" "ghcr.io/rust-lang/crates-build-env/linux@sha256:a89201d6b5b9fd45c15d5952ece0a0129e7e80cb26ec023fd59cf09bc26f1604" "/opt/rustwide/cargo-home/bin/cargo" "+1.55.0" "check" "--frozen" "--all" "--all-targets" "--message-format=json", kill_on_drop: false }`
[INFO] [stdout] a1107a3eda612e7baf544493ad1c54e2f2e942a15c3a58a80f100569d9e3aed7
[INFO] [stderr] WARNING: Your kernel does not support swap limit capabilities or the cgroup is not mounted. Memory limited without swap.
[INFO] running `Command { std: "docker" "start" "-a" "a1107a3eda612e7baf544493ad1c54e2f2e942a15c3a58a80f100569d9e3aed7", kill_on_drop: false }`
[INFO] [stderr]     Checking sha1 v0.1.0 (/opt/rustwide/workdir)
[INFO] [stdout] warning: panic message is not a string literal
[INFO] [stdout]   --> src/main.rs:11:20
[INFO] [stdout]    |
[INFO] [stdout] 11 |             panic!(e);
[INFO] [stdout]    |                    ^
[INFO] [stdout]    |
[INFO] [stdout]    = note: `#[warn(non_fmt_panics)]` on by default
[INFO] [stdout]    = note: this usage of panic!() is deprecated; it will be a hard error in Rust 2021
[INFO] [stdout]    = note: for more information, see <https://doc.rust-lang.org/nightly/edition-guide/rust-2021/panic-macro-consistency.html>
[INFO] [stdout] help: add a "{}" format string to Display the message
[INFO] [stdout]    |
[INFO] [stdout] 11 |             panic!("{}", e);
[INFO] [stdout]    |                    ^^^^^
[INFO] [stdout] help: or use std::panic::panic_any instead
[INFO] [stdout]    |
[INFO] [stdout] 11 |             std::panic::panic_any(e);
[INFO] [stdout]    |             ^^^^^^^^^^^^^^^^^^^^^
[INFO] [stdout] 
[INFO] [stdout] 
[INFO] [stdout] warning: 1 warning emitted
[INFO] [stdout] 
[INFO] [stdout] 
[INFO] [stdout] error[E0308]: mismatched types
[INFO] [stdout]    --> src/sha1.rs:249:38
[INFO] [stdout]     |
[INFO] [stdout] 249 |             let result = super::sha1(&input.as_bytes());
[INFO] [stdout]     |                                      ^^^^^^^^^^^^^^^^^ expected struct `String`, found `&[u8]`
[INFO] [stdout]     |
[INFO] [stdout]     = note: expected reference `&String`
[INFO] [stdout]                found reference `&&[u8]`
[INFO] [stdout] 
[INFO] [stdout] 
[INFO] [stdout] error[E0308]: mismatched types
[INFO] [stdout]    --> src/sha1.rs:261:38
[INFO] [stdout]     |
[INFO] [stdout] 261 |             let result = super::sha1(&input.as_bytes());
[INFO] [stdout]     |                                      ^^^^^^^^^^^^^^^^^ expected struct `String`, found `&[u8]`
[INFO] [stdout]     |
[INFO] [stdout]     = note: expected reference `&String`
[INFO] [stdout]                found reference `&&[u8]`
[INFO] [stdout] 
[INFO] [stdout] 
[INFO] [stdout] error[E0308]: mismatched types
[INFO] [stdout]    --> src/sha1.rs:273:38
[INFO] [stdout]     |
[INFO] [stdout] 273 |             let result = super::sha1(&input.as_bytes());
[INFO] [stdout]     |                                      ^^^^^^^^^^^^^^^^^ expected struct `String`, found `&[u8]`
[INFO] [stdout]     |
[INFO] [stdout]     = note: expected reference `&String`
[INFO] [stdout]                found reference `&&[u8]`
[INFO] [stdout] 
[INFO] [stdout] 
[INFO] [stdout] error[E0308]: mismatched types
[INFO] [stdout]    --> src/sha1.rs:285:38
[INFO] [stdout]     |
[INFO] [stdout] 285 |             let result = super::sha1(&input.as_bytes());
[INFO] [stdout]     |                                      ^^^^^^^^^^^^^^^^^ expected struct `String`, found `&[u8]`
[INFO] [stdout]     |
[INFO] [stdout]     = note: expected reference `&String`
[INFO] [stdout]                found reference `&&[u8]`
[INFO] [stdout] 
[INFO] [stdout] 
[INFO] [stdout] error[E0308]: mismatched types
[INFO] [stdout]    --> src/sha1.rs:297:38
[INFO] [stdout]     |
[INFO] [stdout] 297 |             let result = super::sha1(&input.as_bytes());
[INFO] [stdout]     |                                      ^^^^^^^^^^^^^^^^^ expected struct `String`, found `&[u8]`
[INFO] [stdout]     |
[INFO] [stdout]     = note: expected reference `&String`
[INFO] [stdout]                found reference `&&[u8]`
[INFO] [stdout] 
[INFO] [stdout] 
[INFO] [stdout] error: aborting due to 5 previous errors
[INFO] [stdout] 
[INFO] [stdout] 
[INFO] [stdout] For more information about this error, try `rustc --explain E0308`.
[INFO] [stdout] 
[INFO] [stderr] error: could not compile `sha1` due to 6 previous errors
[INFO] running `Command { std: "docker" "inspect" "a1107a3eda612e7baf544493ad1c54e2f2e942a15c3a58a80f100569d9e3aed7", kill_on_drop: false }`
[INFO] running `Command { std: "docker" "rm" "-f" "a1107a3eda612e7baf544493ad1c54e2f2e942a15c3a58a80f100569d9e3aed7", kill_on_drop: false }`
[INFO] [stdout] a1107a3eda612e7baf544493ad1c54e2f2e942a15c3a58a80f100569d9e3aed7
