[INFO] cloning repository https://github.com/tootoobeepbeep/raytrace
[INFO] running `Command { std: "git" "-c" "credential.helper=" "-c" "credential.helper=/workspace/cargo-home/bin/git-credential-null" "clone" "--bare" "https://github.com/tootoobeepbeep/raytrace" "/workspace/cache/git-repos/https%3A%2F%2Fgithub.com%2Ftootoobeepbeep%2Fraytrace", kill_on_drop: false }`
[INFO] [stderr] Cloning into bare repository '/workspace/cache/git-repos/https%3A%2F%2Fgithub.com%2Ftootoobeepbeep%2Fraytrace'...
[INFO] running `Command { std: "git" "rev-parse" "HEAD", kill_on_drop: false }`
[INFO] [stdout] 8e8cd4a124a4c9e7ece090ce582c450cce0dacad
[INFO] checking tootoobeepbeep/raytrace against 1.55.0 for beta-1.56-3
[INFO] running `Command { std: "git" "clone" "/workspace/cache/git-repos/https%3A%2F%2Fgithub.com%2Ftootoobeepbeep%2Fraytrace" "/workspace/builds/worker-114/source", kill_on_drop: false }`
[INFO] [stderr] Cloning into '/workspace/builds/worker-114/source'...
[INFO] [stderr] done.
[INFO] validating manifest of git repo https://github.com/tootoobeepbeep/raytrace on toolchain 1.55.0
[INFO] running `Command { std: "/workspace/cargo-home/bin/cargo" "+1.55.0" "metadata" "--manifest-path" "Cargo.toml" "--no-deps", kill_on_drop: false }`
[INFO] started tweaking git repo https://github.com/tootoobeepbeep/raytrace
[INFO] finished tweaking git repo https://github.com/tootoobeepbeep/raytrace
[INFO] tweaked toml for git repo https://github.com/tootoobeepbeep/raytrace written to /workspace/builds/worker-114/source/Cargo.toml
[INFO] crate git repo https://github.com/tootoobeepbeep/raytrace already has a lockfile, it will not be regenerated
[INFO] running `Command { std: "/workspace/cargo-home/bin/cargo" "+1.55.0" "fetch" "--manifest-path" "Cargo.toml", kill_on_drop: false }`
[INFO] [stderr]     Blocking waiting for file lock on package cache
[INFO] [stderr]     Blocking waiting for file lock on package cache
[INFO] running `Command { std: "docker" "create" "-v" "/var/lib/crater-agent-workspace/builds/worker-114/target:/opt/rustwide/target:rw,Z" "-v" "/var/lib/crater-agent-workspace/builds/worker-114/source:/opt/rustwide/workdir:ro,Z" "-v" "/var/lib/crater-agent-workspace/cargo-home:/opt/rustwide/cargo-home:ro,Z" "-v" "/var/lib/crater-agent-workspace/rustup-home:/opt/rustwide/rustup-home:ro,Z" "-e" "SOURCE_DIR=/opt/rustwide/workdir" "-e" "CARGO_TARGET_DIR=/opt/rustwide/target" "-e" "CARGO_HOME=/opt/rustwide/cargo-home" "-e" "RUSTUP_HOME=/opt/rustwide/rustup-home" "-w" "/opt/rustwide/workdir" "-m" "1610612736" "--user" "0:0" "--network" "none" "ghcr.io/rust-lang/crates-build-env/linux@sha256:a89201d6b5b9fd45c15d5952ece0a0129e7e80cb26ec023fd59cf09bc26f1604" "/opt/rustwide/cargo-home/bin/cargo" "+1.55.0" "metadata" "--no-deps" "--format-version=1", kill_on_drop: false }`
[INFO] [stdout] 3b76124b6475ebd9442b85c67e1f0faba81e7c5b1c9db3f7d027a83fc9425334
[INFO] running `Command { std: "docker" "start" "-a" "3b76124b6475ebd9442b85c67e1f0faba81e7c5b1c9db3f7d027a83fc9425334", kill_on_drop: false }`
[INFO] running `Command { std: "docker" "inspect" "3b76124b6475ebd9442b85c67e1f0faba81e7c5b1c9db3f7d027a83fc9425334", kill_on_drop: false }`
[INFO] running `Command { std: "docker" "rm" "-f" "3b76124b6475ebd9442b85c67e1f0faba81e7c5b1c9db3f7d027a83fc9425334", kill_on_drop: false }`
[INFO] [stdout] 3b76124b6475ebd9442b85c67e1f0faba81e7c5b1c9db3f7d027a83fc9425334
[INFO] running `Command { std: "docker" "create" "-v" "/var/lib/crater-agent-workspace/builds/worker-114/target:/opt/rustwide/target:rw,Z" "-v" "/var/lib/crater-agent-workspace/builds/worker-114/source:/opt/rustwide/workdir:ro,Z" "-v" "/var/lib/crater-agent-workspace/cargo-home:/opt/rustwide/cargo-home:ro,Z" "-v" "/var/lib/crater-agent-workspace/rustup-home:/opt/rustwide/rustup-home:ro,Z" "-e" "SOURCE_DIR=/opt/rustwide/workdir" "-e" "CARGO_TARGET_DIR=/opt/rustwide/target" "-e" "CARGO_INCREMENTAL=0" "-e" "RUST_BACKTRACE=full" "-e" "RUSTFLAGS=--cap-lints=warn" "-e" "CARGO_HOME=/opt/rustwide/cargo-home" "-e" "RUSTUP_HOME=/opt/rustwide/rustup-home" "-w" "/opt/rustwide/workdir" "-m" "1610612736" "--user" "0:0" "--network" "none" "ghcr.io/rust-lang/crates-build-env/linux@sha256:a89201d6b5b9fd45c15d5952ece0a0129e7e80cb26ec023fd59cf09bc26f1604" "/opt/rustwide/cargo-home/bin/cargo" "+1.55.0" "check" "--frozen" "--all" "--all-targets" "--message-format=json", kill_on_drop: false }`
[INFO] [stdout] 37a03846822b6521d3e05bd61b1eae4be5b695a852cd855feeca061821033265
[INFO] running `Command { std: "docker" "start" "-a" "37a03846822b6521d3e05bd61b1eae4be5b695a852cd855feeca061821033265", kill_on_drop: false }`
[INFO] [stderr]     Blocking waiting for file lock on package cache
[INFO] [stderr]     Checking raytracer v0.1.0 (/opt/rustwide/workdir)
[INFO] [stdout] warning: unnecessary parentheses around block return value
[INFO] [stdout]   --> src/vec3.rs:15:9
[INFO] [stdout]    |
[INFO] [stdout] 15 |         (self.e[0]*self.e[0]+self.e[1]*self.e[1]+self.e[2]*self.e[2])
[INFO] [stdout]    |         ^^^^^^^^^^^^^^^^^^^^^^^^^^^^^^^^^^^^^^^^^^^^^^^^^^^^^^^^^^^^^ help: remove these parentheses
[INFO] [stdout]    |
[INFO] [stdout]    = note: `#[warn(unused_parens)]` on by default
[INFO] [stdout] 
[INFO] [stdout] 
[INFO] [stdout] warning: unused variable: `other`
[INFO] [stdout]   --> src/vec3.rs:14:23
[INFO] [stdout]    |
[INFO] [stdout] 14 |     pub fn dot(&self, other: Vec3) -> f64 {
[INFO] [stdout]    |                       ^^^^^ help: if this is intentional, prefix it with an underscore: `_other`
[INFO] [stdout]    |
[INFO] [stdout]    = note: `#[warn(unused_variables)]` on by default
[INFO] [stdout] 
[INFO] [stdout] 
[INFO] [stdout] warning: variable does not need to be mutable
[INFO] [stdout]   --> src/main.rs:29:9
[INFO] [stdout]    |
[INFO] [stdout] 29 |     let mut f = File::create("test.ppm")?;
[INFO] [stdout]    |         ----^
[INFO] [stdout]    |         |
[INFO] [stdout]    |         help: remove this `mut`
[INFO] [stdout]    |
[INFO] [stdout]    = note: `#[warn(unused_mut)]` on by default
[INFO] [stdout] 
[INFO] [stdout] 
[INFO] [stdout] error[E0596]: cannot borrow `buffer` as mutable, as it is not declared as mutable
[INFO] [stdout]   --> src/main.rs:38:5
[INFO] [stdout]    |
[INFO] [stdout] 33 |     let buffer = BufWriter::new(f);
[INFO] [stdout]    |         ------ help: consider changing this to be mutable: `mut buffer`
[INFO] [stdout] ...
[INFO] [stdout] 38 |     buffer.write(s.as_bytes());
[INFO] [stdout]    |     ^^^^^^ cannot borrow as mutable
[INFO] [stdout] 
[INFO] [stdout] 
[INFO] [stdout] error[E0596]: cannot borrow `buffer` as mutable, as it is not declared as mutable
[INFO] [stdout]   --> src/main.rs:49:13
[INFO] [stdout]    |
[INFO] [stdout] 33 |     let buffer = BufWriter::new(f);
[INFO] [stdout]    |         ------ help: consider changing this to be mutable: `mut buffer`
[INFO] [stdout] ...
[INFO] [stdout] 49 |             buffer.write(s.as_bytes()); // need a buffered writer.
[INFO] [stdout]    |             ^^^^^^ cannot borrow as mutable
[INFO] [stdout] 
[INFO] [stdout] 
[INFO] [stdout] error: aborting due to 2 previous errors; 3 warnings emitted
[INFO] [stdout] 
[INFO] [stdout] 
[INFO] [stdout] For more information about this error, try `rustc --explain E0596`.
[INFO] [stdout] 
[INFO] [stdout] warning: unnecessary parentheses around block return value
[INFO] [stdout]   --> src/vec3.rs:15:9
[INFO] [stdout]    |
[INFO] [stdout] 15 |         (self.e[0]*self.e[0]+self.e[1]*self.e[1]+self.e[2]*self.e[2])
[INFO] [stdout]    |         ^^^^^^^^^^^^^^^^^^^^^^^^^^^^^^^^^^^^^^^^^^^^^^^^^^^^^^^^^^^^^ help: remove these parentheses
[INFO] [stdout]    |
[INFO] [stdout]    = note: `#[warn(unused_parens)]` on by default
[INFO] [stdout] 
[INFO] [stdout] 
[INFO] [stderr] error: could not compile `raytracer` due to 3 previous errors; 3 warnings emitted
[INFO] [stderr] warning: build failed, waiting for other jobs to finish...
[INFO] [stdout] warning: unused variable: `other`
[INFO] [stdout]   --> src/vec3.rs:14:23
[INFO] [stdout]    |
[INFO] [stdout] 14 |     pub fn dot(&self, other: Vec3) -> f64 {
[INFO] [stdout]    |                       ^^^^^ help: if this is intentional, prefix it with an underscore: `_other`
[INFO] [stdout]    |
[INFO] [stdout]    = note: `#[warn(unused_variables)]` on by default
[INFO] [stdout] 
[INFO] [stdout] 
[INFO] [stdout] warning: variable does not need to be mutable
[INFO] [stdout]   --> src/main.rs:29:9
[INFO] [stdout]    |
[INFO] [stdout] 29 |     let mut f = File::create("test.ppm")?;
[INFO] [stdout]    |         ----^
[INFO] [stdout]    |         |
[INFO] [stdout]    |         help: remove this `mut`
[INFO] [stdout]    |
[INFO] [stdout]    = note: `#[warn(unused_mut)]` on by default
[INFO] [stdout] 
[INFO] [stdout] 
[INFO] [stdout] error[E0596]: cannot borrow `buffer` as mutable, as it is not declared as mutable
[INFO] [stdout]   --> src/main.rs:38:5
[INFO] [stdout]    |
[INFO] [stdout] 33 |     let buffer = BufWriter::new(f);
[INFO] [stdout]    |         ------ help: consider changing this to be mutable: `mut buffer`
[INFO] [stdout] ...
[INFO] [stdout] 38 |     buffer.write(s.as_bytes());
[INFO] [stdout]    |     ^^^^^^ cannot borrow as mutable
[INFO] [stdout] 
[INFO] [stdout] 
[INFO] [stdout] error[E0596]: cannot borrow `buffer` as mutable, as it is not declared as mutable
[INFO] [stdout]   --> src/main.rs:49:13
[INFO] [stdout]    |
[INFO] [stdout] 33 |     let buffer = BufWriter::new(f);
[INFO] [stdout]    |         ------ help: consider changing this to be mutable: `mut buffer`
[INFO] [stdout] ...
[INFO] [stdout] 49 |             buffer.write(s.as_bytes()); // need a buffered writer.
[INFO] [stdout]    |             ^^^^^^ cannot borrow as mutable
[INFO] [stdout] 
[INFO] [stdout] 
[INFO] [stdout] error: aborting due to 2 previous errors; 3 warnings emitted
[INFO] [stdout] 
[INFO] [stdout] 
[INFO] [stdout] For more information about this error, try `rustc --explain E0596`.
[INFO] [stdout] 
[INFO] [stderr] error: build failed
[INFO] running `Command { std: "docker" "inspect" "37a03846822b6521d3e05bd61b1eae4be5b695a852cd855feeca061821033265", kill_on_drop: false }`
[INFO] running `Command { std: "docker" "rm" "-f" "37a03846822b6521d3e05bd61b1eae4be5b695a852cd855feeca061821033265", kill_on_drop: false }`
[INFO] [stdout] 37a03846822b6521d3e05bd61b1eae4be5b695a852cd855feeca061821033265
