[INFO] cloning repository https://github.com/tonyb983/rust-note-cli
[INFO] running `Command { std: "git" "-c" "credential.helper=" "-c" "credential.helper=/workspace/cargo-home/bin/git-credential-null" "clone" "--bare" "https://github.com/tonyb983/rust-note-cli" "/workspace/cache/git-repos/https%3A%2F%2Fgithub.com%2Ftonyb983%2Frust-note-cli", kill_on_drop: false }`
[INFO] [stderr] Cloning into bare repository '/workspace/cache/git-repos/https%3A%2F%2Fgithub.com%2Ftonyb983%2Frust-note-cli'...
[INFO] running `Command { std: "git" "rev-parse" "HEAD", kill_on_drop: false }`
[INFO] [stdout] 66b80f9358b171d362c5f0bb43055696f86a589c
[INFO] checking tonyb983/rust-note-cli against 1.55.0 for beta-1.56-3
[INFO] running `Command { std: "git" "clone" "/workspace/cache/git-repos/https%3A%2F%2Fgithub.com%2Ftonyb983%2Frust-note-cli" "/workspace/builds/worker-93/source", kill_on_drop: false }`
[INFO] [stderr] Cloning into '/workspace/builds/worker-93/source'...
[INFO] [stderr] done.
[INFO] validating manifest of git repo https://github.com/tonyb983/rust-note-cli on toolchain 1.55.0
[INFO] running `Command { std: "/workspace/cargo-home/bin/cargo" "+1.55.0" "metadata" "--manifest-path" "Cargo.toml" "--no-deps", kill_on_drop: false }`
[INFO] started tweaking git repo https://github.com/tonyb983/rust-note-cli
[INFO] finished tweaking git repo https://github.com/tonyb983/rust-note-cli
[INFO] tweaked toml for git repo https://github.com/tonyb983/rust-note-cli written to /workspace/builds/worker-93/source/Cargo.toml
[INFO] crate git repo https://github.com/tonyb983/rust-note-cli already has a lockfile, it will not be regenerated
[INFO] running `Command { std: "/workspace/cargo-home/bin/cargo" "+1.55.0" "fetch" "--manifest-path" "Cargo.toml", kill_on_drop: false }`
[INFO] [stderr]     Blocking waiting for file lock on package cache
[INFO] [stderr]     Blocking waiting for file lock on package cache
[INFO] [stderr]  Downloading crates ...
[INFO] [stderr]   Downloaded comfy-table v4.0.1
[INFO] [stderr]   Downloaded concat-idents v1.1.3
[INFO] [stderr]   Downloaded seahorse v1.1.2
[INFO] [stderr]   Downloaded spinners v1.2.0
[INFO] [stderr]   Downloaded crossterm v0.20.0
[INFO] [stderr]   Downloaded may v0.3.19
[INFO] [stderr]   Downloaded spinner v0.5.0
[INFO] [stderr]   Downloaded may_queue v0.1.8
[INFO] [stderr]   Downloaded pflag v0.6.2
[INFO] running `Command { std: "docker" "create" "-v" "/var/lib/crater-agent-workspace/builds/worker-93/target:/opt/rustwide/target:rw,Z" "-v" "/var/lib/crater-agent-workspace/builds/worker-93/source:/opt/rustwide/workdir:ro,Z" "-v" "/var/lib/crater-agent-workspace/cargo-home:/opt/rustwide/cargo-home:ro,Z" "-v" "/var/lib/crater-agent-workspace/rustup-home:/opt/rustwide/rustup-home:ro,Z" "-e" "SOURCE_DIR=/opt/rustwide/workdir" "-e" "CARGO_TARGET_DIR=/opt/rustwide/target" "-e" "CARGO_HOME=/opt/rustwide/cargo-home" "-e" "RUSTUP_HOME=/opt/rustwide/rustup-home" "-w" "/opt/rustwide/workdir" "-m" "1610612736" "--user" "0:0" "--network" "none" "ghcr.io/rust-lang/crates-build-env/linux@sha256:a89201d6b5b9fd45c15d5952ece0a0129e7e80cb26ec023fd59cf09bc26f1604" "/opt/rustwide/cargo-home/bin/cargo" "+1.55.0" "metadata" "--no-deps" "--format-version=1", kill_on_drop: false }`
[INFO] [stdout] 6734a100f890730e408b9a7e8635b36ef504b2fe3fd982305421a7fcc9bf360a
[INFO] running `Command { std: "docker" "start" "-a" "6734a100f890730e408b9a7e8635b36ef504b2fe3fd982305421a7fcc9bf360a", kill_on_drop: false }`
[INFO] running `Command { std: "docker" "inspect" "6734a100f890730e408b9a7e8635b36ef504b2fe3fd982305421a7fcc9bf360a", kill_on_drop: false }`
[INFO] running `Command { std: "docker" "rm" "-f" "6734a100f890730e408b9a7e8635b36ef504b2fe3fd982305421a7fcc9bf360a", kill_on_drop: false }`
[INFO] [stdout] 6734a100f890730e408b9a7e8635b36ef504b2fe3fd982305421a7fcc9bf360a
[INFO] running `Command { std: "docker" "create" "-v" "/var/lib/crater-agent-workspace/builds/worker-93/target:/opt/rustwide/target:rw,Z" "-v" "/var/lib/crater-agent-workspace/builds/worker-93/source:/opt/rustwide/workdir:ro,Z" "-v" "/var/lib/crater-agent-workspace/cargo-home:/opt/rustwide/cargo-home:ro,Z" "-v" "/var/lib/crater-agent-workspace/rustup-home:/opt/rustwide/rustup-home:ro,Z" "-e" "SOURCE_DIR=/opt/rustwide/workdir" "-e" "CARGO_TARGET_DIR=/opt/rustwide/target" "-e" "CARGO_INCREMENTAL=0" "-e" "RUST_BACKTRACE=full" "-e" "RUSTFLAGS=--cap-lints=warn" "-e" "CARGO_HOME=/opt/rustwide/cargo-home" "-e" "RUSTUP_HOME=/opt/rustwide/rustup-home" "-w" "/opt/rustwide/workdir" "-m" "1610612736" "--user" "0:0" "--network" "none" "ghcr.io/rust-lang/crates-build-env/linux@sha256:a89201d6b5b9fd45c15d5952ece0a0129e7e80cb26ec023fd59cf09bc26f1604" "/opt/rustwide/cargo-home/bin/cargo" "+1.55.0" "check" "--frozen" "--all" "--all-targets" "--message-format=json", kill_on_drop: false }`
[INFO] [stdout] a0ce93b7bb30e32082b2112b02385d126161416db60eb9ef1a5391d37a81d413
[INFO] running `Command { std: "docker" "start" "-a" "a0ce93b7bb30e32082b2112b02385d126161416db60eb9ef1a5391d37a81d413", kill_on_drop: false }`
[INFO] [stderr]     Blocking waiting for file lock on package cache
[INFO] [stderr]    Compiling libc v0.2.98
[INFO] [stderr]    Compiling proc-macro2 v1.0.27
[INFO] [stderr]    Compiling syn v1.0.73
[INFO] [stderr]    Compiling rustversion v1.0.5
[INFO] [stderr]    Compiling memchr v2.4.0
[INFO] [stderr]    Compiling unicode-segmentation v1.8.0
[INFO] [stderr]     Checking regex-syntax v0.6.25
[INFO] [stderr]    Compiling ident_case v1.0.1
[INFO] [stderr]    Compiling signal-hook v0.3.9
[INFO] [stderr]    Compiling maybe-uninit v2.0.0
[INFO] [stderr]    Compiling cc v1.0.69
[INFO] [stderr]     Checking once_cell v1.8.0
[INFO] [stderr]    Compiling unicode-xid v0.0.4
[INFO] [stderr]     Checking ansi_term v0.11.0
[INFO] [stderr]     Checking termcolor v1.1.2
[INFO] [stderr]     Checking void v1.0.2
[INFO] [stderr]    Compiling serde v1.0.126
[INFO] [stderr]    Compiling quote v0.3.15
[INFO] [stderr]     Checking strsim v0.8.0
[INFO] [stderr]     Checking hashbrown v0.11.2
[INFO] [stderr]     Checking either v1.6.1
[INFO] [stderr]     Checking linked-hash-map v0.5.4
[INFO] [stderr]     Checking humantime v2.1.0
[INFO] [stderr]    Compiling serde_json v1.0.64
[INFO] [stderr]    Compiling barrel v0.6.5
[INFO] [stderr]    Compiling serde_derive v1.0.126
[INFO] [stderr]     Checking ansi_term v0.7.5
[INFO] [stderr]    Compiling paste v1.0.5
[INFO] [stderr]     Checking beef v0.5.0
[INFO] [stderr]     Checking strum v0.8.0
[INFO] [stderr]     Checking strum v0.21.0
[INFO] [stderr]     Checking strsim v0.10.0
[INFO] [stderr]     Checking number_prefix v0.4.0
[INFO] [stderr]     Checking zeroize v1.3.0
[INFO] [stderr]     Checking itoa v0.4.7
[INFO] [stderr]     Checking seahorse v1.1.2
[INFO] [stderr]    Compiling crossbeam-utils v0.8.5
[INFO] [stderr]    Compiling log v0.4.14
[INFO] [stderr]    Compiling memoffset v0.6.4
[INFO] [stderr]    Compiling crossbeam-epoch v0.9.5
[INFO] [stderr]    Compiling num-traits v0.2.14
[INFO] [stderr]    Compiling num-integer v0.1.44
[INFO] [stderr]    Compiling proc-macro-hack v0.5.19
[INFO] [stderr]    Compiling crossbeam-queue v0.3.2
[INFO] [stderr]    Compiling crossbeam-utils v0.7.2
[INFO] [stderr]    Compiling rayon-core v1.9.1
[INFO] [stderr]     Checking instant v0.1.10
[INFO] [stderr]    Compiling nix v0.14.1
[INFO] [stderr]    Compiling rayon v1.5.1
[INFO] [stderr]    Compiling indexmap v1.7.0
[INFO] [stderr]     Checking textwrap v0.11.0
[INFO] [stderr]    Compiling const_fn v0.4.8
[INFO] [stderr]     Checking lock_api v0.4.4
[INFO] [stderr]    Compiling derive_builder v0.9.0
[INFO] [stderr]    Compiling standback v0.2.17
[INFO] [stderr]    Compiling proc-macro-error-attr v1.0.4
[INFO] [stderr]    Compiling proc-macro-error v1.0.4
[INFO] [stderr]    Compiling time v0.2.27
[INFO] [stderr]    Compiling synom v0.11.3
[INFO] [stderr]     Checking thread_local v1.1.3
[INFO] [stderr]     Checking yaml-rust v0.4.5
[INFO] [stderr]     Checking fuzzy-matcher v0.3.7
[INFO] [stderr]     Checking crossbeam-channel v0.5.1
[INFO] [stderr]    Compiling heck v0.3.3
[INFO] [stderr]    Compiling syn v0.11.11
[INFO] [stderr]    Compiling cli v0.1.0 (/opt/rustwide/workdir/crates/cli)
[INFO] [stderr]     Checking aho-corasick v0.7.18
[INFO] [stderr]     Checking crossbeam-deque v0.8.0
[INFO] [stderr]    Compiling quote v1.0.9
[INFO] [stderr]    Compiling may_queue v0.1.8
[INFO] [stderr]    Compiling generator v0.7.0
[INFO] [stderr]    Compiling may v0.3.19
[INFO] [stderr]     Checking crossbeam v0.8.1
[INFO] [stderr]    Compiling vte_generate_state_changes v0.1.1
[INFO] [stderr]     Checking crossbeam-channel v0.4.4
[INFO] [stderr]    Compiling strum_macros v0.8.0
[INFO] [stderr]     Checking regex v1.5.4
[INFO] [stderr]     Checking defer-drop v1.0.1
[INFO] [stderr]     Checking vte v0.9.0
[INFO] [stderr]     Checking dirs-sys v0.3.6
[INFO] [stderr]     Checking atty v0.2.14
[INFO] [stderr]     Checking getrandom v0.2.3
[INFO] [stderr]     Checking terminal_size v0.1.17
[INFO] [stderr]     Checking num_cpus v1.13.0
[INFO] [stderr]     Checking signal-hook-registry v1.4.0
[INFO] [stderr]     Checking parking_lot_core v0.8.3
[INFO] [stderr]     Checking mio v0.7.13
[INFO] [stderr]     Checking time v0.1.43
[INFO] [stderr]     Checking nix v0.20.0
[INFO] [stderr]     Checking socket2 v0.4.0
[INFO] [stderr]     Checking nix v0.19.1
[INFO] [stderr]     Checking clap v2.33.3
[INFO] [stderr]     Checking textwrap v0.12.1
[INFO] [stderr]     Checking dirs v2.0.2
[INFO] [stderr]     Checking rand_core v0.6.3
[INFO] [stderr]     Checking term v0.6.1
[INFO] [stderr]     Checking parking_lot v0.11.1
[INFO] [stderr]     Checking chrono v0.4.19
[INFO] [stderr]     Checking rand_chacha v0.3.1
[INFO] [stderr]     Checking signal-hook-mio v0.2.1
[INFO] [stderr]     Checking spinner v0.5.0
[INFO] [stderr]     Checking crossterm v0.20.0
[INFO] [stderr]     Checking console v0.14.1
[INFO] [stderr]     Checking env_logger v0.8.4
[INFO] [stderr]     Checking rand v0.8.4
[INFO] [stderr]     Checking spinners v1.2.0
[INFO] [stderr]     Checking indicatif v0.16.2
[INFO] [stderr]     Checking timer v0.2.0
[INFO] [stderr]     Checking tempfile v3.2.0
[INFO] [stderr]     Checking dialoguer v0.8.0
[INFO] [stderr]     Checking tuikit v0.4.5
[INFO] [stderr]    Compiling darling_core v0.10.2
[INFO] [stderr]    Compiling time-macros-impl v0.1.2
[INFO] [stderr]    Compiling strum_macros v0.21.1
[INFO] [stderr]    Compiling concat-idents v1.1.3
[INFO] [stderr]    Compiling structopt-derive v0.4.15
[INFO] [stderr]    Compiling clap_derive v3.0.0-beta.2
[INFO] [stderr]    Compiling darling_macro v0.10.2
[INFO] [stderr]     Checking time-macros v0.1.1
[INFO] [stderr]     Checking pflag v0.6.2
[INFO] [stdout] error[E0554]: `#![feature]` may not be used on the stable release channel
[INFO] [stdout]   --> /opt/rustwide/cargo-home/registry/src/github.com-1ecc6299db9ec823/pflag-0.6.2/src/lib.rs:37:1
[INFO] [stdout]    |
[INFO] [stdout] 37 | #![feature(const_type_id)]
[INFO] [stdout]    | ^^^^^^^^^^^^^^^^^^^^^^^^^^
[INFO] [stdout] 
[INFO] [stdout] 
[INFO] [stdout] error[E0554]: `#![feature]` may not be used on the stable release channel
[INFO] [stdout]   --> /opt/rustwide/cargo-home/registry/src/github.com-1ecc6299db9ec823/pflag-0.6.2/src/lib.rs:38:1
[INFO] [stdout]    |
[INFO] [stdout] 38 | #![feature(type_name_of_val)]
[INFO] [stdout]    | ^^^^^^^^^^^^^^^^^^^^^^^^^^^^^
[INFO] [stdout] 
[INFO] [stdout] 
[INFO] [stdout] error[E0554]: `#![feature]` may not be used on the stable release channel
[INFO] [stdout]   --> /opt/rustwide/cargo-home/registry/src/github.com-1ecc6299db9ec823/pflag-0.6.2/src/lib.rs:39:1
[INFO] [stdout]    |
[INFO] [stdout] 39 | #![feature(test)]
[INFO] [stdout]    | ^^^^^^^^^^^^^^^^^
[INFO] [stdout] 
[INFO] [stdout] 
[INFO] [stdout] error[E0554]: `#![feature]` may not be used on the stable release channel
[INFO] [stdout]   --> /opt/rustwide/cargo-home/registry/src/github.com-1ecc6299db9ec823/pflag-0.6.2/src/lib.rs:40:1
[INFO] [stdout]    |
[INFO] [stdout] 40 | #![feature(duration_constants)]
[INFO] [stdout]    | ^^^^^^^^^^^^^^^^^^^^^^^^^^^^^^^
[INFO] [stdout] 
[INFO] [stdout] 
[INFO] [stdout] error: aborting due to 4 previous errors
[INFO] [stdout] 
[INFO] [stdout] 
[INFO] [stderr] error: could not compile `pflag` due to 5 previous errors
[INFO] [stdout] For more information about this error, try `rustc --explain E0554`.
[INFO] [stdout] 
[INFO] [stderr] warning: build failed, waiting for other jobs to finish...
[INFO] [stderr] error: build failed
[INFO] running `Command { std: "docker" "inspect" "a0ce93b7bb30e32082b2112b02385d126161416db60eb9ef1a5391d37a81d413", kill_on_drop: false }`
[INFO] running `Command { std: "docker" "rm" "-f" "a0ce93b7bb30e32082b2112b02385d126161416db60eb9ef1a5391d37a81d413", kill_on_drop: false }`
[INFO] [stdout] a0ce93b7bb30e32082b2112b02385d126161416db60eb9ef1a5391d37a81d413
