[INFO] cloning repository https://github.com/toger5/Spectre-gtk
[INFO] running `Command { std: "git" "-c" "credential.helper=" "-c" "credential.helper=/workspace/cargo-home/bin/git-credential-null" "clone" "--bare" "https://github.com/toger5/Spectre-gtk" "/workspace/cache/git-repos/https%3A%2F%2Fgithub.com%2Ftoger5%2FSpectre-gtk", kill_on_drop: false }`
[INFO] [stderr] Cloning into bare repository '/workspace/cache/git-repos/https%3A%2F%2Fgithub.com%2Ftoger5%2FSpectre-gtk'...
[INFO] running `Command { std: "git" "rev-parse" "HEAD", kill_on_drop: false }`
[INFO] [stdout] c609208b413c1068e9936b2ec9b4bfdb1911dc65
[INFO] checking toger5/Spectre-gtk against beta-2021-10-15 for beta-1.56-3
[INFO] running `Command { std: "git" "clone" "/workspace/cache/git-repos/https%3A%2F%2Fgithub.com%2Ftoger5%2FSpectre-gtk" "/workspace/builds/worker-67/source", kill_on_drop: false }`
[INFO] [stderr] Cloning into '/workspace/builds/worker-67/source'...
[INFO] [stderr] done.
[INFO] validating manifest of git repo https://github.com/toger5/Spectre-gtk on toolchain beta-2021-10-15
[INFO] running `Command { std: "/workspace/cargo-home/bin/cargo" "+beta-2021-10-15" "metadata" "--manifest-path" "Cargo.toml" "--no-deps", kill_on_drop: false }`
[INFO] started tweaking git repo https://github.com/toger5/Spectre-gtk
[INFO] finished tweaking git repo https://github.com/toger5/Spectre-gtk
[INFO] tweaked toml for git repo https://github.com/toger5/Spectre-gtk written to /workspace/builds/worker-67/source/Cargo.toml
[INFO] crate git repo https://github.com/toger5/Spectre-gtk already has a lockfile, it will not be regenerated
[INFO] running `Command { std: "/workspace/cargo-home/bin/cargo" "+beta-2021-10-15" "fetch" "--manifest-path" "Cargo.toml", kill_on_drop: false }`
[INFO] [stderr]     Blocking waiting for file lock on package cache
[INFO] [stderr]     Blocking waiting for file lock on package cache
[INFO] [stderr]  Downloading crates ...
[INFO] [stderr]   Downloaded pango v0.14.0
[INFO] [stderr]   Downloaded glib v0.14.0
[INFO] [stderr]   Downloaded graphene-rs v0.14.0
[INFO] [stderr]   Downloaded gdk4 v0.1.0
[INFO] [stderr]   Downloaded gsk4-sys v0.1.0
[INFO] [stderr]   Downloaded system-deps v3.1.1
[INFO] [stderr]   Downloaded gtk4-macros v0.1.0
[INFO] [stderr]   Downloaded graphene-sys v0.14.0
[INFO] [stderr]   Downloaded cfg-expr v0.7.4
[INFO] [stderr]   Downloaded cairo-rs v0.14.0
[INFO] [stderr]   Downloaded gsk4 v0.1.0
[INFO] [stderr]   Downloaded gtk4-sys v0.1.0
[INFO] [stderr]   Downloaded gdk4-sys v0.1.0
[INFO] [stderr]   Downloaded gio v0.14.0
[INFO] [stderr]   Downloaded glib-macros v0.14.0
[INFO] [stderr]   Downloaded gtk4 v0.1.0
[INFO] running `Command { std: "docker" "create" "-v" "/var/lib/crater-agent-workspace/builds/worker-67/target:/opt/rustwide/target:rw,Z" "-v" "/var/lib/crater-agent-workspace/builds/worker-67/source:/opt/rustwide/workdir:ro,Z" "-v" "/var/lib/crater-agent-workspace/cargo-home:/opt/rustwide/cargo-home:ro,Z" "-v" "/var/lib/crater-agent-workspace/rustup-home:/opt/rustwide/rustup-home:ro,Z" "-e" "SOURCE_DIR=/opt/rustwide/workdir" "-e" "CARGO_TARGET_DIR=/opt/rustwide/target" "-e" "CARGO_HOME=/opt/rustwide/cargo-home" "-e" "RUSTUP_HOME=/opt/rustwide/rustup-home" "-w" "/opt/rustwide/workdir" "-m" "1610612736" "--user" "0:0" "--network" "none" "ghcr.io/rust-lang/crates-build-env/linux@sha256:a89201d6b5b9fd45c15d5952ece0a0129e7e80cb26ec023fd59cf09bc26f1604" "/opt/rustwide/cargo-home/bin/cargo" "+beta-2021-10-15" "metadata" "--no-deps" "--format-version=1", kill_on_drop: false }`
[INFO] [stdout] 40fa2df1e77bcfd8397775146d46a8cc9c1cf7985b7af212d1cccf20c1c1725e
[INFO] running `Command { std: "docker" "start" "-a" "40fa2df1e77bcfd8397775146d46a8cc9c1cf7985b7af212d1cccf20c1c1725e", kill_on_drop: false }`
[INFO] running `Command { std: "docker" "inspect" "40fa2df1e77bcfd8397775146d46a8cc9c1cf7985b7af212d1cccf20c1c1725e", kill_on_drop: false }`
[INFO] running `Command { std: "docker" "rm" "-f" "40fa2df1e77bcfd8397775146d46a8cc9c1cf7985b7af212d1cccf20c1c1725e", kill_on_drop: false }`
[INFO] [stdout] 40fa2df1e77bcfd8397775146d46a8cc9c1cf7985b7af212d1cccf20c1c1725e
[INFO] running `Command { std: "docker" "create" "-v" "/var/lib/crater-agent-workspace/builds/worker-67/target:/opt/rustwide/target:rw,Z" "-v" "/var/lib/crater-agent-workspace/builds/worker-67/source:/opt/rustwide/workdir:ro,Z" "-v" "/var/lib/crater-agent-workspace/cargo-home:/opt/rustwide/cargo-home:ro,Z" "-v" "/var/lib/crater-agent-workspace/rustup-home:/opt/rustwide/rustup-home:ro,Z" "-e" "SOURCE_DIR=/opt/rustwide/workdir" "-e" "CARGO_TARGET_DIR=/opt/rustwide/target" "-e" "CARGO_INCREMENTAL=0" "-e" "RUST_BACKTRACE=full" "-e" "RUSTFLAGS=--cap-lints=warn" "-e" "CARGO_HOME=/opt/rustwide/cargo-home" "-e" "RUSTUP_HOME=/opt/rustwide/rustup-home" "-w" "/opt/rustwide/workdir" "-m" "1610612736" "--user" "0:0" "--network" "none" "ghcr.io/rust-lang/crates-build-env/linux@sha256:a89201d6b5b9fd45c15d5952ece0a0129e7e80cb26ec023fd59cf09bc26f1604" "/opt/rustwide/cargo-home/bin/cargo" "+beta-2021-10-15" "check" "--frozen" "--all" "--all-targets" "--message-format=json", kill_on_drop: false }`
[INFO] [stdout] 3b6d9729e0dcca16b3d1648acad17d74ba33d849e4184c8b9ce359a71a0ed729
[INFO] running `Command { std: "docker" "start" "-a" "3b6d9729e0dcca16b3d1648acad17d74ba33d849e4184c8b9ce359a71a0ed729", kill_on_drop: false }`
[INFO] [stderr]    Compiling proc-macro2 v1.0.27
[INFO] [stderr]    Compiling unicode-xid v0.2.2
[INFO] [stderr]    Compiling syn v1.0.73
[INFO] [stderr]    Compiling serde v1.0.126
[INFO] [stderr]    Compiling unicode-segmentation v1.7.1
[INFO] [stderr]    Compiling pkg-config v0.3.19
[INFO] [stderr]    Compiling anyhow v1.0.41
[INFO] [stderr]    Compiling either v1.6.1
[INFO] [stderr]    Compiling smallvec v1.6.1
[INFO] [stderr]    Compiling autocfg v1.0.1
[INFO] [stderr]    Compiling version-compare v0.0.11
[INFO] [stderr]    Compiling strum v0.20.0
[INFO] [stderr]    Compiling libc v0.2.97
[INFO] [stderr]    Compiling version_check v0.9.3
[INFO] [stderr]    Compiling bitflags v1.2.1
[INFO] [stderr]    Compiling futures-core v0.3.15
[INFO] [stderr]    Compiling proc-macro-hack v0.5.19
[INFO] [stderr]    Compiling proc-macro-nested v0.1.7
[INFO] [stderr]    Compiling futures-task v0.3.15
[INFO] [stderr]     Checking slab v0.4.3
[INFO] [stderr]    Compiling futures-channel v0.3.15
[INFO] [stderr]    Compiling strum v0.18.0
[INFO] [stderr]    Compiling version-compare v0.0.10
[INFO] [stderr]     Checking pin-project-lite v0.2.7
[INFO] [stderr]     Checking pin-utils v0.1.0
[INFO] [stderr]     Checking once_cell v1.8.0
[INFO] [stderr]    Compiling memchr v2.4.0
[INFO] [stderr]    Compiling ucd-trie v0.1.3
[INFO] [stderr]    Compiling glob v0.3.0
[INFO] [stderr]    Compiling cfg-if v1.0.0
[INFO] [stderr]    Compiling gio v0.14.0
[INFO] [stderr]    Compiling log v0.4.14
[INFO] [stderr]    Compiling unicode-width v0.1.8
[INFO] [stderr]    Compiling regex-syntax v0.6.25
[INFO] [stderr]    Compiling proc-macro2 v0.4.30
[INFO] [stderr]     Checking futures-io v0.3.15
[INFO] [stderr]    Compiling termcolor v1.1.2
[INFO] [stderr]    Compiling ansi_term v0.11.0
[INFO] [stderr]    Compiling vec_map v0.8.2
[INFO] [stderr]    Compiling bindgen v0.57.0
[INFO] [stderr]    Compiling humantime v2.1.0
[INFO] [stderr]    Compiling strsim v0.8.0
[INFO] [stderr]    Compiling unicode-xid v0.1.0
[INFO] [stderr]    Compiling lazy_static v1.4.0
[INFO] [stderr]    Compiling shlex v0.1.1
[INFO] [stderr]    Compiling syn v0.15.44
[INFO] [stderr]    Compiling lazycell v1.3.0
[INFO] [stderr]    Compiling rustc-hash v1.1.0
[INFO] [stderr]    Compiling peeking_take_while v0.1.2
[INFO] [stderr]    Compiling cc v1.0.68
[INFO] [stderr]    Compiling pango v0.9.1
[INFO] [stderr]    Compiling num-derive v0.2.5
[INFO] [stderr]     Checking cfg-if v0.1.10
[INFO] [stderr]    Compiling itertools v0.10.1
[INFO] [stderr]    Compiling itertools v0.9.0
[INFO] [stderr]    Compiling libloading v0.7.0
[INFO] [stderr]    Compiling cfg-expr v0.7.4
[INFO] [stderr]    Compiling textwrap v0.11.0
[INFO] [stderr]    Compiling heck v0.3.3
[INFO] [stderr]    Compiling pest v2.1.3
[INFO] [stderr]    Compiling futures-macro v0.3.15
[INFO] [stderr]    Compiling futures-util v0.3.15
[INFO] [stderr]    Compiling num-traits v0.2.14
[INFO] [stderr]    Compiling num-integer v0.1.44
[INFO] [stderr]    Compiling memoffset v0.6.4
[INFO] [stderr]    Compiling num-bigint v0.2.6
[INFO] [stderr]    Compiling num-complex v0.2.4
[INFO] [stderr]    Compiling num-iter v0.1.42
[INFO] [stderr]    Compiling num-rational v0.2.4
[INFO] [stderr]    Compiling proc-macro-error-attr v1.0.4
[INFO] [stderr]    Compiling proc-macro-error v1.0.4
[INFO] [stderr]    Compiling nom v5.1.2
[INFO] [stderr]    Compiling clang-sys v1.2.0
[INFO] [stderr]    Compiling quote v1.0.9
[INFO] [stderr]    Compiling quote v0.6.13
[INFO] [stderr]    Compiling atty v0.2.14
[INFO] [stderr]    Compiling which v3.1.1
[INFO] [stderr]    Compiling aho-corasick v0.7.18
[INFO] [stderr]    Compiling clap v2.33.3
[INFO] [stderr]     Checking dirs-sys v0.3.6
[INFO] [stderr]    Compiling semver-parser v0.10.2
[INFO] [stderr]     Checking dirs v2.0.2
[INFO] [stderr]    Compiling regex v1.5.4
[INFO] [stderr]    Compiling semver v0.11.0
[INFO] [stderr]    Compiling rustc_version v0.3.3
[INFO] [stderr]    Compiling cexpr v0.4.0
[INFO] [stderr]    Compiling field-offset v0.3.4
[INFO] [stderr]    Compiling env_logger v0.8.4
[INFO] [stderr]    Compiling toml v0.5.8
[INFO] [stderr]    Compiling proc-macro-crate v0.1.5
[INFO] [stderr]    Compiling thiserror-impl v1.0.25
[INFO] [stderr]    Compiling strum_macros v0.20.1
[INFO] [stderr]    Compiling strum_macros v0.18.0
[INFO] [stderr]    Compiling spectre-gtk v0.0.6 (/opt/rustwide/workdir)
[INFO] [stderr]     Checking num v0.2.1
[INFO] [stderr]    Compiling glib-macros v0.10.1
[INFO] [stderr]    Compiling thiserror v1.0.25
[INFO] [stderr]    Compiling system-deps v3.1.1
[INFO] [stderr]    Compiling system-deps v1.3.2
[INFO] [stderr]    Compiling proc-macro-crate v1.0.0
[INFO] [stderr] The following warnings were emitted during compilation:
[INFO] [stderr] 
[INFO] [stderr] warning: cc: error: src/spectre/api/c/spectre-types.c: No such file or directory
[INFO] [stderr] warning: cc: fatal error: no input files
[INFO] [stderr] warning: compilation terminated.
[INFO] [stderr] 
[INFO] [stderr] error: failed to run custom build command for `spectre-gtk v0.0.6 (/opt/rustwide/workdir)`
[INFO] [stderr] 
[INFO] [stderr] Caused by:
[INFO] [stderr]   process didn't exit successfully: `/opt/rustwide/target/debug/build/spectre-gtk-637ca4772a3d1bae/build-script-build` (exit status: 1)
[INFO] [stderr]   --- stdout
[INFO] [stderr]   TARGET = Some("x86_64-unknown-linux-gnu")
[INFO] [stderr]   OPT_LEVEL = Some("0")
[INFO] [stderr]   HOST = Some("x86_64-unknown-linux-gnu")
[INFO] [stderr]   CC_x86_64-unknown-linux-gnu = None
[INFO] [stderr]   CC_x86_64_unknown_linux_gnu = None
[INFO] [stderr]   HOST_CC = None
[INFO] [stderr]   CC = None
[INFO] [stderr]   CFLAGS_x86_64-unknown-linux-gnu = None
[INFO] [stderr]   CFLAGS_x86_64_unknown_linux_gnu = None
[INFO] [stderr]   HOST_CFLAGS = None
[INFO] [stderr]   CFLAGS = None
[INFO] [stderr]   CRATE_CC_NO_DEFAULTS = None
[INFO] [stderr]   DEBUG = Some("true")
[INFO] [stderr]   CARGO_CFG_TARGET_FEATURE = Some("fxsr,sse,sse2")
[INFO] [stderr]   running: "cc" "-O0" "-ffunction-sections" "-fdata-sections" "-fPIC" "-g" "-fno-omit-frame-pointer" "-m64" "-I" "src/spectre/api/c" "-DSPECTRE_SODIUM=1" "-o" "/opt/rustwide/target/debug/build/spectre-gtk-9bb0c1777a8b12f6/out/src/spectre/api/c/spectre-types.o" "-c" "src/spectre/api/c/spectre-types.c"
[INFO] [stderr]   cargo:warning=cc: error: src/spectre/api/c/spectre-types.c: No such file or directory
[INFO] [stderr]   cargo:warning=cc: fatal error: no input files
[INFO] [stderr]   cargo:warning=compilation terminated.
[INFO] [stderr]   exit status: 1
[INFO] [stderr] 
[INFO] [stderr]   --- stderr
[INFO] [stderr] 
[INFO] [stderr] 
[INFO] [stderr]   error occurred: Command "cc" "-O0" "-ffunction-sections" "-fdata-sections" "-fPIC" "-g" "-fno-omit-frame-pointer" "-m64" "-I" "src/spectre/api/c" "-DSPECTRE_SODIUM=1" "-o" "/opt/rustwide/target/debug/build/spectre-gtk-9bb0c1777a8b12f6/out/src/spectre/api/c/spectre-types.o" "-c" "src/spectre/api/c/spectre-types.c" with args "cc" did not execute successfully (status code exit status: 1).
[INFO] [stderr] 
[INFO] [stderr] 
[INFO] [stderr] warning: build failed, waiting for other jobs to finish...
[INFO] [stderr] error: build failed
[INFO] running `Command { std: "docker" "inspect" "3b6d9729e0dcca16b3d1648acad17d74ba33d849e4184c8b9ce359a71a0ed729", kill_on_drop: false }`
[INFO] running `Command { std: "docker" "rm" "-f" "3b6d9729e0dcca16b3d1648acad17d74ba33d849e4184c8b9ce359a71a0ed729", kill_on_drop: false }`
[INFO] [stdout] 3b6d9729e0dcca16b3d1648acad17d74ba33d849e4184c8b9ce359a71a0ed729
