[INFO] cloning repository https://github.com/tmthecoder/rust-blockchain-demo
[INFO] running `Command { std: "git" "-c" "credential.helper=" "-c" "credential.helper=/workspace/cargo-home/bin/git-credential-null" "clone" "--bare" "https://github.com/tmthecoder/rust-blockchain-demo" "/workspace/cache/git-repos/https%3A%2F%2Fgithub.com%2Ftmthecoder%2Frust-blockchain-demo", kill_on_drop: false }`
[INFO] [stderr] Cloning into bare repository '/workspace/cache/git-repos/https%3A%2F%2Fgithub.com%2Ftmthecoder%2Frust-blockchain-demo'...
[INFO] running `Command { std: "git" "rev-parse" "HEAD", kill_on_drop: false }`
[INFO] [stdout] 9177cedb6b35f03c729903b875a3dbec5a44a3ab
[INFO] checking tmthecoder/rust-blockchain-demo against beta-2021-10-15 for beta-1.56-3
[INFO] running `Command { std: "git" "clone" "/workspace/cache/git-repos/https%3A%2F%2Fgithub.com%2Ftmthecoder%2Frust-blockchain-demo" "/workspace/builds/worker-26/source", kill_on_drop: false }`
[INFO] [stderr] Cloning into '/workspace/builds/worker-26/source'...
[INFO] [stderr] done.
[INFO] validating manifest of git repo https://github.com/tmthecoder/rust-blockchain-demo on toolchain beta-2021-10-15
[INFO] running `Command { std: "/workspace/cargo-home/bin/cargo" "+beta-2021-10-15" "metadata" "--manifest-path" "Cargo.toml" "--no-deps", kill_on_drop: false }`
[INFO] started tweaking git repo https://github.com/tmthecoder/rust-blockchain-demo
[INFO] finished tweaking git repo https://github.com/tmthecoder/rust-blockchain-demo
[INFO] tweaked toml for git repo https://github.com/tmthecoder/rust-blockchain-demo written to /workspace/builds/worker-26/source/Cargo.toml
[INFO] crate git repo https://github.com/tmthecoder/rust-blockchain-demo already has a lockfile, it will not be regenerated
[INFO] running `Command { std: "/workspace/cargo-home/bin/cargo" "+beta-2021-10-15" "fetch" "--manifest-path" "Cargo.toml", kill_on_drop: false }`
[INFO] [stderr]     Blocking waiting for file lock on package cache
[INFO] running `Command { std: "docker" "create" "-v" "/var/lib/crater-agent-workspace/builds/worker-26/target:/opt/rustwide/target:rw,Z" "-v" "/var/lib/crater-agent-workspace/builds/worker-26/source:/opt/rustwide/workdir:ro,Z" "-v" "/var/lib/crater-agent-workspace/cargo-home:/opt/rustwide/cargo-home:ro,Z" "-v" "/var/lib/crater-agent-workspace/rustup-home:/opt/rustwide/rustup-home:ro,Z" "-e" "SOURCE_DIR=/opt/rustwide/workdir" "-e" "CARGO_TARGET_DIR=/opt/rustwide/target" "-e" "CARGO_HOME=/opt/rustwide/cargo-home" "-e" "RUSTUP_HOME=/opt/rustwide/rustup-home" "-w" "/opt/rustwide/workdir" "-m" "1610612736" "--user" "0:0" "--network" "none" "ghcr.io/rust-lang/crates-build-env/linux@sha256:a89201d6b5b9fd45c15d5952ece0a0129e7e80cb26ec023fd59cf09bc26f1604" "/opt/rustwide/cargo-home/bin/cargo" "+beta-2021-10-15" "metadata" "--no-deps" "--format-version=1", kill_on_drop: false }`
[INFO] [stdout] d394c310aad0483eb9a16937cb65371e86e131820d4007bca2b6f37bf5f0f7e3
[INFO] running `Command { std: "docker" "start" "-a" "d394c310aad0483eb9a16937cb65371e86e131820d4007bca2b6f37bf5f0f7e3", kill_on_drop: false }`
[INFO] running `Command { std: "docker" "inspect" "d394c310aad0483eb9a16937cb65371e86e131820d4007bca2b6f37bf5f0f7e3", kill_on_drop: false }`
[INFO] running `Command { std: "docker" "rm" "-f" "d394c310aad0483eb9a16937cb65371e86e131820d4007bca2b6f37bf5f0f7e3", kill_on_drop: false }`
[INFO] [stdout] d394c310aad0483eb9a16937cb65371e86e131820d4007bca2b6f37bf5f0f7e3
[INFO] running `Command { std: "docker" "create" "-v" "/var/lib/crater-agent-workspace/builds/worker-26/target:/opt/rustwide/target:rw,Z" "-v" "/var/lib/crater-agent-workspace/builds/worker-26/source:/opt/rustwide/workdir:ro,Z" "-v" "/var/lib/crater-agent-workspace/cargo-home:/opt/rustwide/cargo-home:ro,Z" "-v" "/var/lib/crater-agent-workspace/rustup-home:/opt/rustwide/rustup-home:ro,Z" "-e" "SOURCE_DIR=/opt/rustwide/workdir" "-e" "CARGO_TARGET_DIR=/opt/rustwide/target" "-e" "CARGO_INCREMENTAL=0" "-e" "RUST_BACKTRACE=full" "-e" "RUSTFLAGS=--cap-lints=warn" "-e" "CARGO_HOME=/opt/rustwide/cargo-home" "-e" "RUSTUP_HOME=/opt/rustwide/rustup-home" "-w" "/opt/rustwide/workdir" "-m" "1610612736" "--user" "0:0" "--network" "none" "ghcr.io/rust-lang/crates-build-env/linux@sha256:a89201d6b5b9fd45c15d5952ece0a0129e7e80cb26ec023fd59cf09bc26f1604" "/opt/rustwide/cargo-home/bin/cargo" "+beta-2021-10-15" "check" "--frozen" "--all" "--all-targets" "--message-format=json", kill_on_drop: false }`
[INFO] [stdout] 6e5dc78c70cd6e1a6f594ff3af48275e1dd8b5a4ef23919e47730d543bc73375
[INFO] running `Command { std: "docker" "start" "-a" "6e5dc78c70cd6e1a6f594ff3af48275e1dd8b5a4ef23919e47730d543bc73375", kill_on_drop: false }`
[INFO] [stderr]     Blocking waiting for file lock on package cache
[INFO] [stderr]    Compiling typenum v1.13.0
[INFO] [stderr]    Compiling version_check v0.9.3
[INFO] [stderr]     Checking subtle v2.4.1
[INFO] [stderr]     Checking opaque-debug v0.3.0
[INFO] [stderr]    Compiling generic-array v0.14.4
[INFO] [stderr]     Checking digest v0.9.0
[INFO] [stderr]     Checking crypto-mac v0.8.0
[INFO] [stderr]     Checking blake2 v0.9.1
[INFO] [stderr]     Checking rust-blockchain v0.1.0 (/opt/rustwide/workdir)
[INFO] [stdout] error[E0432]: unresolved imports `core::Blockchain`, `core::Block`, `core::Account`, `core::Transaction`
[INFO] [stdout]  --> src/main.rs:7:12
[INFO] [stdout]   |
[INFO] [stdout] 7 | use core::{Blockchain, Block, Account, Transaction};
[INFO] [stdout]   |            ^^^^^^^^^^  ^^^^^  ^^^^^^^  ^^^^^^^^^^^ no `Transaction` in `core`
[INFO] [stdout]   |            |           |      |
[INFO] [stdout]   |            |           |      no `Account` in `core`
[INFO] [stdout]   |            |           no `Block` in `core`
[INFO] [stdout]   |            no `Blockchain` in `core`
[INFO] [stdout]   |
[INFO] [stdout] help: a similar name exists in the module
[INFO] [stdout]   |
[INFO] [stdout] 7 | use core::{blockchain, Block, Account, Transaction};
[INFO] [stdout]   |            ~~~~~~~~~~
[INFO] [stdout] help: a similar name exists in the module
[INFO] [stdout]   |
[INFO] [stdout] 7 | use core::{Blockchain, block, Account, Transaction};
[INFO] [stdout]   |                        ~~~~~
[INFO] [stdout] help: a similar name exists in the module
[INFO] [stdout]   |
[INFO] [stdout] 7 | use core::{Blockchain, Block, account, Transaction};
[INFO] [stdout]   |                               ~~~~~~~
[INFO] [stdout] help: a similar name exists in the module
[INFO] [stdout]   |
[INFO] [stdout] 7 | use core::{Blockchain, Block, Account, transaction};
[INFO] [stdout]   |                                        ~~~~~~~~~~~
[INFO] [stdout] 
[INFO] [stdout] 
[INFO] [stdout] error[E0432]: unresolved imports `core::Blockchain`, `core::Block`, `core::Account`, `core::Transaction`
[INFO] [stdout]  --> src/main.rs:7:12
[INFO] [stdout]   |
[INFO] [stdout] 7 | use core::{Blockchain, Block, Account, Transaction};
[INFO] [stdout]   |            ^^^^^^^^^^  ^^^^^  ^^^^^^^  ^^^^^^^^^^^ no `Transaction` in `core`
[INFO] [stdout]   |            |           |      |
[INFO] [stdout]   |            |           |      no `Account` in `core`
[INFO] [stdout]   |            |           no `Block` in `core`
[INFO] [stdout]   |            no `Blockchain` in `core`
[INFO] [stdout]   |
[INFO] [stdout] help: a similar name exists in the module
[INFO] [stdout]   |
[INFO] [stdout] 7 | use core::{blockchain, Block, Account, Transaction};
[INFO] [stdout]   |            ~~~~~~~~~~
[INFO] [stdout] help: a similar name exists in the module
[INFO] [stdout]   |
[INFO] [stdout] 7 | use core::{Blockchain, block, Account, Transaction};
[INFO] [stdout]   |                        ~~~~~
[INFO] [stdout] help: a similar name exists in the module
[INFO] [stdout]   |
[INFO] [stdout] 7 | use core::{Blockchain, Block, account, Transaction};
[INFO] [stdout]   |                               ~~~~~~~
[INFO] [stdout] help: a similar name exists in the module
[INFO] [stdout]   |
[INFO] [stdout] 7 | use core::{Blockchain, Block, Account, transaction};
[INFO] [stdout]   |                                        ~~~~~~~~~~~
[INFO] [stdout] 
[INFO] [stdout] 
[INFO] [stdout] error[E0659]: `core` is ambiguous (name vs any other name during import resolution)
[INFO] [stdout]  --> src/main.rs:7:5
[INFO] [stdout]   |
[INFO] [stdout] 7 | use core::{Blockchain, Block, Account, Transaction};
[INFO] [stdout]   |     ^^^^ ambiguous name
[INFO] [stdout]   |
[INFO] [stdout]   = note: `core` could refer to a built-in crate
[INFO] [stdout]   = help: use `::core` to refer to this crate unambiguously
[INFO] [stdout] note: `core` could also refer to the module defined here
[INFO] [stdout]  --> src/main.rs:5:1
[INFO] [stdout]   |
[INFO] [stdout] 5 | mod core;
[INFO] [stdout]   | ^^^^^^^^^
[INFO] [stdout]   = help: use `crate::core` to refer to this module unambiguously
[INFO] [stdout] 
[INFO] [stdout] 
[INFO] [stdout] error[E0659]: `core` is ambiguous (name vs any other name during import resolution)
[INFO] [stdout]  --> src/main.rs:7:5
[INFO] [stdout]   |
[INFO] [stdout] 7 | use core::{Blockchain, Block, Account, Transaction};
[INFO] [stdout]   |     ^^^^ ambiguous name
[INFO] [stdout]   |
[INFO] [stdout]   = note: `core` could refer to a built-in crate
[INFO] [stdout]   = help: use `::core` to refer to this crate unambiguously
[INFO] [stdout] note: `core` could also refer to the module defined here
[INFO] [stdout]  --> src/main.rs:5:1
[INFO] [stdout]   |
[INFO] [stdout] 5 | mod core;
[INFO] [stdout]   | ^^^^^^^^^
[INFO] [stdout]   = help: use `crate::core` to refer to this module unambiguously
[INFO] [stdout] 
[INFO] [stdout] 
[INFO] [stdout] error: aborting due to 2 previous errors
[INFO] [stdout] 
[INFO] [stdout] 
[INFO] [stdout] Some errors have detailed explanations: E0432, E0659.
[INFO] [stdout] 
[INFO] [stdout] For more information about an error, try `rustc --explain E0432`.
[INFO] [stdout] 
[INFO] [stdout] error: aborting due to 2 previous errors
[INFO] [stdout] 
[INFO] [stdout] 
[INFO] [stdout] Some errors have detailed explanations: E0432, E0659.
[INFO] [stdout] 
[INFO] [stdout] For more information about an error, try `rustc --explain E0432`.
[INFO] [stdout] 
[INFO] [stderr] error: could not compile `rust-blockchain` due to 3 previous errors
[INFO] [stderr] warning: build failed, waiting for other jobs to finish...
[INFO] [stderr] error: build failed
[INFO] running `Command { std: "docker" "inspect" "6e5dc78c70cd6e1a6f594ff3af48275e1dd8b5a4ef23919e47730d543bc73375", kill_on_drop: false }`
[INFO] running `Command { std: "docker" "rm" "-f" "6e5dc78c70cd6e1a6f594ff3af48275e1dd8b5a4ef23919e47730d543bc73375", kill_on_drop: false }`
[INFO] [stdout] 6e5dc78c70cd6e1a6f594ff3af48275e1dd8b5a4ef23919e47730d543bc73375
