[INFO] cloning repository https://github.com/tmazhuan/crypto_scrapper
[INFO] running `Command { std: "git" "-c" "credential.helper=" "-c" "credential.helper=/workspace/cargo-home/bin/git-credential-null" "clone" "--bare" "https://github.com/tmazhuan/crypto_scrapper" "/workspace/cache/git-repos/https%3A%2F%2Fgithub.com%2Ftmazhuan%2Fcrypto_scrapper", kill_on_drop: false }`
[INFO] [stderr] Cloning into bare repository '/workspace/cache/git-repos/https%3A%2F%2Fgithub.com%2Ftmazhuan%2Fcrypto_scrapper'...
[INFO] running `Command { std: "git" "rev-parse" "HEAD", kill_on_drop: false }`
[INFO] [stdout] 738ab9ba8969f0bdd9c0f80a7ffc59c3b018787c
[INFO] checking tmazhuan/crypto_scrapper against beta-2021-10-15 for beta-1.56-3
[INFO] running `Command { std: "git" "clone" "/workspace/cache/git-repos/https%3A%2F%2Fgithub.com%2Ftmazhuan%2Fcrypto_scrapper" "/workspace/builds/worker-1/source", kill_on_drop: false }`
[INFO] [stderr] Cloning into '/workspace/builds/worker-1/source'...
[INFO] [stderr] done.
[INFO] validating manifest of git repo https://github.com/tmazhuan/crypto_scrapper on toolchain beta-2021-10-15
[INFO] running `Command { std: "/workspace/cargo-home/bin/cargo" "+beta-2021-10-15" "metadata" "--manifest-path" "Cargo.toml" "--no-deps", kill_on_drop: false }`
[INFO] started tweaking git repo https://github.com/tmazhuan/crypto_scrapper
[INFO] finished tweaking git repo https://github.com/tmazhuan/crypto_scrapper
[INFO] tweaked toml for git repo https://github.com/tmazhuan/crypto_scrapper written to /workspace/builds/worker-1/source/Cargo.toml
[INFO] crate git repo https://github.com/tmazhuan/crypto_scrapper already has a lockfile, it will not be regenerated
[INFO] running `Command { std: "/workspace/cargo-home/bin/cargo" "+beta-2021-10-15" "fetch" "--manifest-path" "Cargo.toml", kill_on_drop: false }`
[INFO] [stderr]     Blocking waiting for file lock on package cache
[INFO] [stderr]     Blocking waiting for file lock on package cache
[INFO] running `Command { std: "docker" "create" "-v" "/var/lib/crater-agent-workspace/builds/worker-1/target:/opt/rustwide/target:rw,Z" "-v" "/var/lib/crater-agent-workspace/builds/worker-1/source:/opt/rustwide/workdir:ro,Z" "-v" "/var/lib/crater-agent-workspace/cargo-home:/opt/rustwide/cargo-home:ro,Z" "-v" "/var/lib/crater-agent-workspace/rustup-home:/opt/rustwide/rustup-home:ro,Z" "-e" "SOURCE_DIR=/opt/rustwide/workdir" "-e" "CARGO_TARGET_DIR=/opt/rustwide/target" "-e" "CARGO_HOME=/opt/rustwide/cargo-home" "-e" "RUSTUP_HOME=/opt/rustwide/rustup-home" "-w" "/opt/rustwide/workdir" "-m" "1610612736" "--user" "0:0" "--network" "none" "ghcr.io/rust-lang/crates-build-env/linux@sha256:a89201d6b5b9fd45c15d5952ece0a0129e7e80cb26ec023fd59cf09bc26f1604" "/opt/rustwide/cargo-home/bin/cargo" "+beta-2021-10-15" "metadata" "--no-deps" "--format-version=1", kill_on_drop: false }`
[INFO] [stdout] dd7b2918937a77217ecb303afb52e224bae268634b119f26bba97755824888b0
[INFO] running `Command { std: "docker" "start" "-a" "dd7b2918937a77217ecb303afb52e224bae268634b119f26bba97755824888b0", kill_on_drop: false }`
[INFO] running `Command { std: "docker" "inspect" "dd7b2918937a77217ecb303afb52e224bae268634b119f26bba97755824888b0", kill_on_drop: false }`
[INFO] running `Command { std: "docker" "rm" "-f" "dd7b2918937a77217ecb303afb52e224bae268634b119f26bba97755824888b0", kill_on_drop: false }`
[INFO] [stdout] dd7b2918937a77217ecb303afb52e224bae268634b119f26bba97755824888b0
[INFO] running `Command { std: "docker" "create" "-v" "/var/lib/crater-agent-workspace/builds/worker-1/target:/opt/rustwide/target:rw,Z" "-v" "/var/lib/crater-agent-workspace/builds/worker-1/source:/opt/rustwide/workdir:ro,Z" "-v" "/var/lib/crater-agent-workspace/cargo-home:/opt/rustwide/cargo-home:ro,Z" "-v" "/var/lib/crater-agent-workspace/rustup-home:/opt/rustwide/rustup-home:ro,Z" "-e" "SOURCE_DIR=/opt/rustwide/workdir" "-e" "CARGO_TARGET_DIR=/opt/rustwide/target" "-e" "CARGO_INCREMENTAL=0" "-e" "RUST_BACKTRACE=full" "-e" "RUSTFLAGS=--cap-lints=warn" "-e" "CARGO_HOME=/opt/rustwide/cargo-home" "-e" "RUSTUP_HOME=/opt/rustwide/rustup-home" "-w" "/opt/rustwide/workdir" "-m" "1610612736" "--user" "0:0" "--network" "none" "ghcr.io/rust-lang/crates-build-env/linux@sha256:a89201d6b5b9fd45c15d5952ece0a0129e7e80cb26ec023fd59cf09bc26f1604" "/opt/rustwide/cargo-home/bin/cargo" "+beta-2021-10-15" "check" "--frozen" "--all" "--all-targets" "--message-format=json", kill_on_drop: false }`
[INFO] [stdout] 192aefe0ef70de25d8c0cbf8a061d610905b0abcdab61b393d3411948139b71e
[INFO] running `Command { std: "docker" "start" "-a" "192aefe0ef70de25d8c0cbf8a061d610905b0abcdab61b393d3411948139b71e", kill_on_drop: false }`
[INFO] [stderr]    Compiling syn v1.0.60
[INFO] [stderr]    Compiling siphasher v0.3.3
[INFO] [stderr]    Compiling memchr v2.3.4
[INFO] [stderr]     Checking bytes v1.0.1
[INFO] [stderr]    Compiling pkg-config v0.3.19
[INFO] [stderr]    Compiling cc v1.0.67
[INFO] [stderr]     Checking pin-project-lite v0.2.6
[INFO] [stderr]    Compiling proc-macro-nested v0.1.7
[INFO] [stderr]    Compiling openssl v0.10.32
[INFO] [stderr]    Compiling native-tls v0.2.7
[INFO] [stderr]    Compiling const_fn v0.4.5
[INFO] [stderr]     Checking httpdate v0.3.2
[INFO] [stderr]     Checking dtoa v0.4.7
[INFO] [stderr]     Checking byteorder v1.4.2
[INFO] [stderr]     Checking nodrop v0.1.14
[INFO] [stderr]     Checking stable_deref_trait v1.2.0
[INFO] [stderr]     Checking bytes v0.5.6
[INFO] [stderr]     Checking unicode-width v0.1.8
[INFO] [stderr]     Checking str-buf v1.0.5
[INFO] [stderr]     Checking base64 v0.12.3
[INFO] [stderr]     Checking unicode-segmentation v1.7.1
[INFO] [stderr]     Checking base64 v0.13.0
[INFO] [stderr]     Checking regex-syntax v0.6.22
[INFO] [stderr]     Checking ego-tree v0.6.2
[INFO] [stderr]     Checking ipnet v2.3.0
[INFO] [stderr]    Compiling proc-macro2 v1.0.24
[INFO] [stderr]    Compiling libc v0.2.86
[INFO] [stderr]    Compiling proc-macro-hack v0.5.19
[INFO] [stderr]    Compiling getrandom v0.1.16
[INFO] [stderr]    Compiling serde_derive v1.0.123
[INFO] [stderr]    Compiling serde v1.0.123
[INFO] [stderr]     Checking instant v0.1.9
[INFO] [stderr]     Checking lock_api v0.4.2
[INFO] [stderr]    Compiling serde_json v1.0.64
[INFO] [stderr]    Compiling tokio v1.2.0
[INFO] [stderr]    Compiling standback v0.2.15
[INFO] [stderr]     Checking tinyvec v1.1.1
[INFO] [stderr]     Checking tracing-core v0.1.17
[INFO] [stderr]    Compiling httparse v1.3.5
[INFO] [stderr]     Checking futf v0.1.4
[INFO] [stderr]    Compiling time v0.2.25
[INFO] [stderr]     Checking futures-channel v0.3.13
[INFO] [stderr]    Compiling cookie v0.14.4
[INFO] [stderr]    Compiling encoding_rs v0.8.28
[INFO] [stderr]     Checking thread_local v1.1.3
[INFO] [stderr]     Checking log v0.4.14
[INFO] [stderr]    Compiling indexmap v1.6.1
[INFO] [stderr]     Checking phf_shared v0.8.0
[INFO] [stderr]     Checking getopts v0.2.21
[INFO] [stderr]     Checking want v0.3.0
[INFO] [stderr]     Checking fxhash v0.2.1
[INFO] [stderr]     Checking servo_arc v0.1.1
[INFO] [stderr]     Checking tracing v0.1.25
[INFO] [stderr]     Checking tendril v0.4.2
[INFO] [stderr]     Checking dtoa-short v0.3.3
[INFO] [stderr]     Checking http v0.2.3
[INFO] [stderr]    Compiling quote v1.0.9
[INFO] [stderr]     Checking parking_lot_core v0.8.3
[INFO] [stderr]     Checking signal-hook-registry v1.3.0
[INFO] [stderr]     Checking mio v0.7.9
[INFO] [stderr]     Checking num_cpus v1.13.0
[INFO] [stderr]     Checking socket2 v0.3.19
[INFO] [stderr]     Checking time v0.1.43
[INFO] [stderr]     Checking error-code v2.0.2
[INFO] [stderr]    Compiling rand_core v0.5.1
[INFO] [stderr]    Compiling openssl-sys v0.9.60
[INFO] [stderr]     Checking aho-corasick v0.7.15
[INFO] [stderr]     Checking clipboard-win v4.0.3
[INFO] [stderr]     Checking parking_lot v0.11.1
[INFO] [stderr]    Compiling rand_pcg v0.2.1
[INFO] [stderr]    Compiling rand_chacha v0.2.2
[INFO] [stderr]     Checking unicode-normalization v0.1.17
[INFO] [stderr]     Checking cookie v0.12.0
[INFO] [stderr]    Compiling rand v0.7.3
[INFO] [stderr]     Checking http-body v0.4.0
[INFO] [stderr]     Checking regex v1.4.3
[INFO] [stderr]     Checking idna v0.2.2
[INFO] [stderr]    Compiling phf_generator v0.8.0
[INFO] [stderr]    Compiling phf_codegen v0.8.0
[INFO] [stderr]    Compiling string_cache_codegen v0.5.1
[INFO] [stderr]    Compiling selectors v0.22.0
[INFO] [stderr]     Checking url v2.2.1
[INFO] [stderr]    Compiling tokio-macros v1.1.0
[INFO] [stderr]    Compiling phf_macros v0.8.0
[INFO] [stderr]    Compiling futures-macro v0.3.13
[INFO] [stderr]    Compiling pin-project-internal v1.0.5
[INFO] [stderr]    Compiling cssparser v0.27.2
[INFO] [stderr]    Compiling time-macros-impl v0.1.1
[INFO] [stderr]    Compiling cssparser-macros v0.6.0
[INFO] [stderr]    Compiling html5ever v0.25.1
[INFO] [stderr]    Compiling derive_more v0.99.11
[INFO] [stderr]     Checking time-macros v0.1.1
[INFO] [stderr]     Checking futures-util v0.3.13
[INFO] [stderr]     Checking pin-project v1.0.5
[INFO] [stderr]     Checking phf v0.8.0
[INFO] [stderr]     Checking tokio-util v0.6.3
[INFO] [stderr]     Checking tokio-native-tls v0.3.0
[INFO] [stderr]     Checking h2 v0.3.1
[INFO] [stderr]     Checking string_cache v0.8.1
[INFO] [stderr]     Checking serde_urlencoded v0.7.0
[INFO] [stderr]     Checking toml v0.5.8
[INFO] [stderr]     Checking hyper v0.14.4
[INFO] [stderr]     Checking webdriver v0.43.0
[INFO] [stderr]    Compiling markup5ever v0.10.0
[INFO] [stderr]     Checking hyper-tls v0.5.0
[INFO] [stderr]     Checking fantoccini v0.17.3
[INFO] [stderr]     Checking reqwest v0.11.2
[INFO] [stderr]     Checking scraper v0.12.0
[INFO] [stderr]     Checking crypto_scrapper v0.1.0 (/opt/rustwide/workdir)
[INFO] [stdout] warning: unused borrow that must be used
[INFO] [stdout]   --> src/config/mod.rs:71:9
[INFO] [stdout]    |
[INFO] [stdout] 71 |         &self.configuration.symbols.push(symbol);
[INFO] [stdout]    |         ^^^^^^^^^^^^^^^^^^^^^^^^^^^^^^^^^^^^^^^^ the borrow produces a value
[INFO] [stdout]    |
[INFO] [stdout]    = note: `#[warn(unused_must_use)]` on by default
[INFO] [stdout] help: use `let _ = ...` to ignore the resulting value
[INFO] [stdout]    |
[INFO] [stdout] 71 |         let _ = &self.configuration.symbols.push(symbol);
[INFO] [stdout]    |         +++++++
[INFO] [stdout] 
[INFO] [stdout] 
[INFO] [stdout] warning: 1 warning emitted
[INFO] [stdout] 
[INFO] [stdout] 
[INFO] [stdout] error[E0609]: no field `configuration` on type `Result<ConfigObject, std::io::Error>`
[INFO] [stdout]   --> src/config/mod.rs:97:25
[INFO] [stdout]    |
[INFO] [stdout] 97 |             config_file.configuration.about_regex,
[INFO] [stdout]    |                         ^^^^^^^^^^^^^
[INFO] [stdout] 
[INFO] [stdout] 
[INFO] [stdout] error[E0609]: no field `configuration` on type `Result<ConfigObject, std::io::Error>`
[INFO] [stdout]    --> src/config/mod.rs:101:25
[INFO] [stdout]     |
[INFO] [stdout] 101 |             config_file.configuration.what_is_regex,
[INFO] [stdout]     |                         ^^^^^^^^^^^^^
[INFO] [stdout] 
[INFO] [stdout] 
[INFO] [stdout] error[E0609]: no field `configuration` on type `Result<ConfigObject, std::io::Error>`
[INFO] [stdout]    --> src/config/mod.rs:104:32
[INFO] [stdout]     |
[INFO] [stdout] 104 |         assert_eq!(config_file.configuration.symbols.len(), 3);
[INFO] [stdout]     |                                ^^^^^^^^^^^^^
[INFO] [stdout] 
[INFO] [stdout] 
[INFO] [stdout] error: aborting due to 3 previous errors
[INFO] [stdout] 
[INFO] [stdout] 
[INFO] [stdout] For more information about this error, try `rustc --explain E0609`.
[INFO] [stdout] 
[INFO] [stderr] error: could not compile `crypto_scrapper` due to 4 previous errors
[INFO] [stderr] warning: build failed, waiting for other jobs to finish...
[INFO] [stdout] error[E0432]: unresolved imports `clipboard_win::formats`, `clipboard_win::Clipboard`, `clipboard_win::Setter`
[INFO] [stdout]  --> src/frontend/mod.rs:1:21
[INFO] [stdout]   |
[INFO] [stdout] 1 | use clipboard_win::{formats, Clipboard, Setter};
[INFO] [stdout]   |                     ^^^^^^^  ^^^^^^^^^  ^^^^^^ no `Setter` in the root
[INFO] [stdout]   |                     |        |
[INFO] [stdout]   |                     |        no `Clipboard` in the root
[INFO] [stdout]   |                     no `formats` in the root
[INFO] [stdout] 
[INFO] [stdout] 
[INFO] [stdout] error[E0432]: unresolved imports `clipboard_win::formats`, `clipboard_win::Clipboard`, `clipboard_win::Setter`
[INFO] [stdout]  --> src/frontend/mod.rs:1:21
[INFO] [stdout]   |
[INFO] [stdout] 1 | use clipboard_win::{formats, Clipboard, Setter};
[INFO] [stdout]   |                     ^^^^^^^  ^^^^^^^^^  ^^^^^^ no `Setter` in the root
[INFO] [stdout]   |                     |        |
[INFO] [stdout]   |                     |        no `Clipboard` in the root
[INFO] [stdout]   |                     no `formats` in the root
[INFO] [stdout] 
[INFO] [stdout] 
[INFO] [stdout] error: aborting due to previous error
[INFO] [stdout] 
[INFO] [stdout] 
[INFO] [stdout] For more information about this error, try `rustc --explain E0432`.
[INFO] [stdout] 
[INFO] [stdout] error[E0609]: no field `configuration` on type `Result<config::ConfigObject, std::io::Error>`
[INFO] [stdout]   --> src/config/mod.rs:97:25
[INFO] [stdout]    |
[INFO] [stdout] 97 |             config_file.configuration.about_regex,
[INFO] [stdout]    |                         ^^^^^^^^^^^^^
[INFO] [stdout] 
[INFO] [stdout] 
[INFO] [stdout] error[E0609]: no field `configuration` on type `Result<config::ConfigObject, std::io::Error>`
[INFO] [stdout]    --> src/config/mod.rs:101:25
[INFO] [stdout]     |
[INFO] [stdout] 101 |             config_file.configuration.what_is_regex,
[INFO] [stdout]     |                         ^^^^^^^^^^^^^
[INFO] [stdout] 
[INFO] [stdout] 
[INFO] [stdout] error[E0609]: no field `configuration` on type `Result<config::ConfigObject, std::io::Error>`
[INFO] [stdout]    --> src/config/mod.rs:104:32
[INFO] [stdout]     |
[INFO] [stdout] 104 |         assert_eq!(config_file.configuration.symbols.len(), 3);
[INFO] [stdout]     |                                ^^^^^^^^^^^^^
[INFO] [stdout] 
[INFO] [stdout] 
[INFO] [stdout] error: aborting due to 4 previous errors
[INFO] [stdout] 
[INFO] [stdout] 
[INFO] [stdout] Some errors have detailed explanations: E0432, E0609.
[INFO] [stdout] 
[INFO] [stdout] For more information about an error, try `rustc --explain E0432`.
[INFO] [stdout] 
[INFO] [stderr] error: build failed
[INFO] running `Command { std: "docker" "inspect" "192aefe0ef70de25d8c0cbf8a061d610905b0abcdab61b393d3411948139b71e", kill_on_drop: false }`
[INFO] running `Command { std: "docker" "rm" "-f" "192aefe0ef70de25d8c0cbf8a061d610905b0abcdab61b393d3411948139b71e", kill_on_drop: false }`
[INFO] [stdout] 192aefe0ef70de25d8c0cbf8a061d610905b0abcdab61b393d3411948139b71e
