[INFO] cloning repository https://github.com/tim-patterson/slicey
[INFO] running `Command { std: "git" "-c" "credential.helper=" "-c" "credential.helper=/workspace/cargo-home/bin/git-credential-null" "clone" "--bare" "https://github.com/tim-patterson/slicey" "/workspace/cache/git-repos/https%3A%2F%2Fgithub.com%2Ftim-patterson%2Fslicey", kill_on_drop: false }`
[INFO] [stderr] Cloning into bare repository '/workspace/cache/git-repos/https%3A%2F%2Fgithub.com%2Ftim-patterson%2Fslicey'...
[INFO] running `Command { std: "git" "rev-parse" "HEAD", kill_on_drop: false }`
[INFO] [stdout] 5d837eabf948deb32c410a70454b2c317a1276b5
[INFO] checking tim-patterson/slicey against 1.55.0 for beta-1.56-3
[INFO] running `Command { std: "git" "clone" "/workspace/cache/git-repos/https%3A%2F%2Fgithub.com%2Ftim-patterson%2Fslicey" "/workspace/builds/worker-115/source", kill_on_drop: false }`
[INFO] [stderr] Cloning into '/workspace/builds/worker-115/source'...
[INFO] [stderr] done.
[INFO] validating manifest of git repo https://github.com/tim-patterson/slicey on toolchain 1.55.0
[INFO] running `Command { std: "/workspace/cargo-home/bin/cargo" "+1.55.0" "metadata" "--manifest-path" "Cargo.toml" "--no-deps", kill_on_drop: false }`
[INFO] removed /workspace/builds/worker-115/source/.cargo/config
[INFO] removed /workspace/builds/worker-115/source/rust-toolchain
[INFO] started tweaking git repo https://github.com/tim-patterson/slicey
[INFO] finished tweaking git repo https://github.com/tim-patterson/slicey
[INFO] tweaked toml for git repo https://github.com/tim-patterson/slicey written to /workspace/builds/worker-115/source/Cargo.toml
[INFO] crate git repo https://github.com/tim-patterson/slicey already has a lockfile, it will not be regenerated
[INFO] running `Command { std: "/workspace/cargo-home/bin/cargo" "+1.55.0" "fetch" "--manifest-path" "Cargo.toml", kill_on_drop: false }`
[INFO] [stderr]     Blocking waiting for file lock on package cache
[INFO] [stderr]     Blocking waiting for file lock on package cache
[INFO] running `Command { std: "docker" "create" "-v" "/var/lib/crater-agent-workspace/builds/worker-115/target:/opt/rustwide/target:rw,Z" "-v" "/var/lib/crater-agent-workspace/builds/worker-115/source:/opt/rustwide/workdir:ro,Z" "-v" "/var/lib/crater-agent-workspace/cargo-home:/opt/rustwide/cargo-home:ro,Z" "-v" "/var/lib/crater-agent-workspace/rustup-home:/opt/rustwide/rustup-home:ro,Z" "-e" "SOURCE_DIR=/opt/rustwide/workdir" "-e" "CARGO_TARGET_DIR=/opt/rustwide/target" "-e" "CARGO_HOME=/opt/rustwide/cargo-home" "-e" "RUSTUP_HOME=/opt/rustwide/rustup-home" "-w" "/opt/rustwide/workdir" "-m" "1610612736" "--user" "0:0" "--network" "none" "ghcr.io/rust-lang/crates-build-env/linux@sha256:a89201d6b5b9fd45c15d5952ece0a0129e7e80cb26ec023fd59cf09bc26f1604" "/opt/rustwide/cargo-home/bin/cargo" "+1.55.0" "metadata" "--no-deps" "--format-version=1", kill_on_drop: false }`
[INFO] [stdout] 58ae4c8ae9d4a01aa0a76c8164ac681cdb3e9b18626389bf1c6f4ac243177ddd
[INFO] running `Command { std: "docker" "start" "-a" "58ae4c8ae9d4a01aa0a76c8164ac681cdb3e9b18626389bf1c6f4ac243177ddd", kill_on_drop: false }`
[INFO] running `Command { std: "docker" "inspect" "58ae4c8ae9d4a01aa0a76c8164ac681cdb3e9b18626389bf1c6f4ac243177ddd", kill_on_drop: false }`
[INFO] running `Command { std: "docker" "rm" "-f" "58ae4c8ae9d4a01aa0a76c8164ac681cdb3e9b18626389bf1c6f4ac243177ddd", kill_on_drop: false }`
[INFO] [stdout] 58ae4c8ae9d4a01aa0a76c8164ac681cdb3e9b18626389bf1c6f4ac243177ddd
[INFO] running `Command { std: "docker" "create" "-v" "/var/lib/crater-agent-workspace/builds/worker-115/target:/opt/rustwide/target:rw,Z" "-v" "/var/lib/crater-agent-workspace/builds/worker-115/source:/opt/rustwide/workdir:ro,Z" "-v" "/var/lib/crater-agent-workspace/cargo-home:/opt/rustwide/cargo-home:ro,Z" "-v" "/var/lib/crater-agent-workspace/rustup-home:/opt/rustwide/rustup-home:ro,Z" "-e" "SOURCE_DIR=/opt/rustwide/workdir" "-e" "CARGO_TARGET_DIR=/opt/rustwide/target" "-e" "CARGO_INCREMENTAL=0" "-e" "RUST_BACKTRACE=full" "-e" "RUSTFLAGS=--cap-lints=warn" "-e" "CARGO_HOME=/opt/rustwide/cargo-home" "-e" "RUSTUP_HOME=/opt/rustwide/rustup-home" "-w" "/opt/rustwide/workdir" "-m" "1610612736" "--user" "0:0" "--network" "none" "ghcr.io/rust-lang/crates-build-env/linux@sha256:a89201d6b5b9fd45c15d5952ece0a0129e7e80cb26ec023fd59cf09bc26f1604" "/opt/rustwide/cargo-home/bin/cargo" "+1.55.0" "check" "--frozen" "--all" "--all-targets" "--message-format=json", kill_on_drop: false }`
[INFO] [stdout] 040ed8055cbe1c173297921e5ec025049a2030a70cb063bca137a7a707a6a554
[INFO] running `Command { std: "docker" "start" "-a" "040ed8055cbe1c173297921e5ec025049a2030a70cb063bca137a7a707a6a554", kill_on_drop: false }`
[INFO] [stderr]     Blocking waiting for file lock on package cache
[INFO] [stderr]    Compiling libc v0.2.97
[INFO] [stderr]    Compiling proc-macro2 v1.0.27
[INFO] [stderr]    Compiling unicode-xid v0.2.2
[INFO] [stderr]    Compiling autocfg v1.0.1
[INFO] [stderr]    Compiling memchr v2.4.0
[INFO] [stderr]    Compiling version_check v0.9.3
[INFO] [stderr]    Compiling glob v0.3.0
[INFO] [stderr]    Compiling bitflags v1.2.1
[INFO] [stderr]    Compiling syn v1.0.73
[INFO] [stderr]    Compiling cfg-if v1.0.0
[INFO] [stderr]    Compiling serde_derive v1.0.126
[INFO] [stderr]    Compiling regex-syntax v0.6.25
[INFO] [stderr]    Compiling serde v1.0.126
[INFO] [stderr]    Compiling bindgen v0.57.0
[INFO] [stderr]    Compiling shlex v0.1.1
[INFO] [stderr]    Compiling lazycell v1.3.0
[INFO] [stderr]    Compiling peeking_take_while v0.1.2
[INFO] [stderr]    Compiling ryu v1.0.5
[INFO] [stderr]    Compiling rustc-hash v1.1.0
[INFO] [stderr]    Compiling lazy_static v1.4.0
[INFO] [stderr]    Compiling fs_extra v1.2.0
[INFO] [stderr]     Checking ahash v0.3.8
[INFO] [stderr]    Compiling serde_json v1.0.64
[INFO] [stderr]     Checking itoa v0.4.7
[INFO] [stderr]     Checking unicode-width v0.1.8
[INFO] [stderr]     Checking vec_map v0.8.2
[INFO] [stderr]     Checking bytemuck v1.7.0
[INFO] [stderr]     Checking ansi_term v0.11.0
[INFO] [stderr]     Checking retain_mut v0.1.3
[INFO] [stderr]     Checking strsim v0.8.0
[INFO] [stderr]     Checking simdutf8 v0.1.3
[INFO] [stderr]     Checking byteorder v1.4.3
[INFO] [stderr]    Compiling libloading v0.7.0
[INFO] [stderr]     Checking textwrap v0.11.0
[INFO] [stderr]    Compiling nom v5.1.2
[INFO] [stderr]    Compiling num-traits v0.2.14
[INFO] [stderr]    Compiling hashbrown v0.7.2
[INFO] [stderr]    Compiling clang-sys v1.2.0
[INFO] [stderr]     Checking roaring v0.7.0
[INFO] [stderr]     Checking float-cmp v0.8.0
[INFO] [stderr]     Checking ordered-float v2.5.1
[INFO] [stderr]    Compiling jobserver v0.1.22
[INFO] [stderr]    Compiling regex v1.5.4
[INFO] [stderr]     Checking atty v0.2.14
[INFO] [stderr]     Checking clap v2.33.3
[INFO] [stderr]    Compiling cc v1.0.68
[INFO] [stderr]    Compiling quote v1.0.9
[INFO] [stderr]    Compiling jemalloc-sys v0.3.2
[INFO] [stderr]    Compiling cexpr v0.4.0
[INFO] [stderr]    Compiling librocksdb-sys v6.17.3
[INFO] [stderr]     Checking halfbrown v0.1.11
[INFO] [stderr]     Checking value-trait v0.2.8
[INFO] [stderr]     Checking simd-json v0.4.6
[INFO] [stdout] error[E0308]: mismatched types
[INFO] [stdout]    --> /opt/rustwide/cargo-home/registry/src/github.com-1ecc6299db9ec823/simd-json-0.4.6/src/lib.rs:213:86
[INFO] [stdout]     |
[INFO] [stdout] 213 | fn please_compile_with_a_simd_compatible_cpu_setting_read_the_simdjonsrs_readme() -> ! {}
[INFO] [stdout]     |    ----------------------------------------------------------------------------      ^ expected `!`, found `()`
[INFO] [stdout]     |    |
[INFO] [stdout]     |    implicitly returns `()` as its body has no tail or `return` expression
[INFO] [stdout]     |
[INFO] [stdout]     = note:   expected type `!`
[INFO] [stdout]             found unit type `()`
[INFO] [stdout] 
[INFO] [stdout] 
[INFO] [stderr] error: could not compile `simd-json` due to previous error
[INFO] [stderr] 
[INFO] [stderr] Caused by:
[INFO] [stderr]   process didn't exit successfully: `rustc --crate-name simd_json --edition=2018 /opt/rustwide/cargo-home/registry/src/github.com-1ecc6299db9ec823/simd-json-0.4.6/src/lib.rs --error-format=json --json=diagnostic-rendered-ansi --crate-type lib --emit=dep-info,metadata -C embed-bitcode=no -C debuginfo=2 --cfg 'feature="default"' --cfg 'feature="serde"' --cfg 'feature="serde_impl"' --cfg 'feature="serde_json"' --cfg 'feature="swar-number-parsing"' -C metadata=cbcbe18f96d93952 -C extra-filename=-cbcbe18f96d93952 --out-dir /opt/rustwide/target/debug/deps -L dependency=/opt/rustwide/target/debug/deps --extern halfbrown=/opt/rustwide/target/debug/deps/libhalfbrown-e8aee8f92c1c9b61.rmeta --extern serde=/opt/rustwide/target/debug/deps/libserde-64f3942e89cd8f23.rmeta --extern serde_json=/opt/rustwide/target/debug/deps/libserde_json-90a657bc561417fc.rmeta --extern simdutf8=/opt/rustwide/target/debug/deps/libsimdutf8-285e9481329ae34a.rmeta --extern value_trait=/opt/rustwide/target/debug/deps/libvalue_trait-e0f23d56f83f9f2f.rmeta --cap-lints allow --cap-lints=warn` (signal: 9, SIGKILL: kill)
[INFO] [stderr] warning: build failed, waiting for other jobs to finish...
[INFO] [stderr] The following warnings were emitted during compilation:
[INFO] [stderr] 
[INFO] [stderr] warning: c++: fatal error: Killed signal terminated program cc1plus
[INFO] [stderr] warning: compilation terminated.
[INFO] [stderr] warning: c++: fatal error: Killed signal terminated program cc1plus
[INFO] [stderr] 
[INFO] [stderr] error: build failed
[INFO] running `Command { std: "docker" "inspect" "040ed8055cbe1c173297921e5ec025049a2030a70cb063bca137a7a707a6a554", kill_on_drop: false }`
[INFO] running `Command { std: "docker" "rm" "-f" "040ed8055cbe1c173297921e5ec025049a2030a70cb063bca137a7a707a6a554", kill_on_drop: false }`
[INFO] [stdout] 040ed8055cbe1c173297921e5ec025049a2030a70cb063bca137a7a707a6a554
