[INFO] cloning repository https://github.com/tigwyk/rustybarnacle
[INFO] running `Command { std: "git" "-c" "credential.helper=" "-c" "credential.helper=/workspace/cargo-home/bin/git-credential-null" "clone" "--bare" "https://github.com/tigwyk/rustybarnacle" "/workspace/cache/git-repos/https%3A%2F%2Fgithub.com%2Ftigwyk%2Frustybarnacle", kill_on_drop: false }`
[INFO] [stderr] Cloning into bare repository '/workspace/cache/git-repos/https%3A%2F%2Fgithub.com%2Ftigwyk%2Frustybarnacle'...
[INFO] running `Command { std: "git" "rev-parse" "HEAD", kill_on_drop: false }`
[INFO] [stdout] 466adce790305fcb44db6c3e21878cec440b25f7
[INFO] checking tigwyk/rustybarnacle against 1.55.0 for beta-1.56-3
[INFO] running `Command { std: "git" "clone" "/workspace/cache/git-repos/https%3A%2F%2Fgithub.com%2Ftigwyk%2Frustybarnacle" "/workspace/builds/worker-106/source", kill_on_drop: false }`
[INFO] [stderr] Cloning into '/workspace/builds/worker-106/source'...
[INFO] [stderr] done.
[INFO] validating manifest of git repo https://github.com/tigwyk/rustybarnacle on toolchain 1.55.0
[INFO] running `Command { std: "/workspace/cargo-home/bin/cargo" "+1.55.0" "metadata" "--manifest-path" "Cargo.toml" "--no-deps", kill_on_drop: false }`
[INFO] started tweaking git repo https://github.com/tigwyk/rustybarnacle
[INFO] finished tweaking git repo https://github.com/tigwyk/rustybarnacle
[INFO] tweaked toml for git repo https://github.com/tigwyk/rustybarnacle written to /workspace/builds/worker-106/source/Cargo.toml
[INFO] crate git repo https://github.com/tigwyk/rustybarnacle already has a lockfile, it will not be regenerated
[INFO] running `Command { std: "/workspace/cargo-home/bin/cargo" "+1.55.0" "fetch" "--manifest-path" "Cargo.toml", kill_on_drop: false }`
[INFO] [stderr]     Blocking waiting for file lock on package cache
[INFO] [stderr]     Blocking waiting for file lock on package cache
[INFO] [stderr]  Downloading crates ...
[INFO] [stderr]   Downloaded derive-error-chain v0.10.1
[INFO] [stderr]   Downloaded gcc v0.3.51
[INFO] [stderr]   Downloaded backtrace v0.3.2
[INFO] [stderr]   Downloaded state v0.2.2
[INFO] [stderr]   Downloaded backtrace-sys v0.1.11
[INFO] [stderr]   Downloaded cookie v0.6.2
[INFO] [stderr]   Downloaded diesel_codegen v0.14.0
[INFO] [stderr]   Downloaded yansi v0.3.0
[INFO] [stderr]   Downloaded rocket v0.2.9
[INFO] [stderr]   Downloaded rocket_codegen v0.2.9
[INFO] [stderr]   Downloaded diesel_infer_schema v0.14.0
[INFO] [stderr]   Downloaded redox_syscall v0.1.26
[INFO] [stderr]   Downloaded dotenv v0.10.1
[INFO] [stderr]   Downloaded rpg v0.0.2
[INFO] [stderr]   Downloaded libc v0.2.26
[INFO] [stderr]   Downloaded diesel v0.14.1
[INFO] [stderr]   Downloaded hyper v0.10.12
[INFO] running `Command { std: "docker" "create" "-v" "/var/lib/crater-agent-workspace/builds/worker-106/target:/opt/rustwide/target:rw,Z" "-v" "/var/lib/crater-agent-workspace/builds/worker-106/source:/opt/rustwide/workdir:ro,Z" "-v" "/var/lib/crater-agent-workspace/cargo-home:/opt/rustwide/cargo-home:ro,Z" "-v" "/var/lib/crater-agent-workspace/rustup-home:/opt/rustwide/rustup-home:ro,Z" "-e" "SOURCE_DIR=/opt/rustwide/workdir" "-e" "CARGO_TARGET_DIR=/opt/rustwide/target" "-e" "CARGO_HOME=/opt/rustwide/cargo-home" "-e" "RUSTUP_HOME=/opt/rustwide/rustup-home" "-w" "/opt/rustwide/workdir" "-m" "1610612736" "--user" "0:0" "--network" "none" "ghcr.io/rust-lang/crates-build-env/linux@sha256:a89201d6b5b9fd45c15d5952ece0a0129e7e80cb26ec023fd59cf09bc26f1604" "/opt/rustwide/cargo-home/bin/cargo" "+1.55.0" "metadata" "--no-deps" "--format-version=1", kill_on_drop: false }`
[INFO] [stdout] a0f2b1251c9f07f37f76d9359b61127a845d88b432989a4c50ea487a97deb698
[INFO] running `Command { std: "docker" "start" "-a" "a0f2b1251c9f07f37f76d9359b61127a845d88b432989a4c50ea487a97deb698", kill_on_drop: false }`
[INFO] running `Command { std: "docker" "inspect" "a0f2b1251c9f07f37f76d9359b61127a845d88b432989a4c50ea487a97deb698", kill_on_drop: false }`
[INFO] running `Command { std: "docker" "rm" "-f" "a0f2b1251c9f07f37f76d9359b61127a845d88b432989a4c50ea487a97deb698", kill_on_drop: false }`
[INFO] [stdout] a0f2b1251c9f07f37f76d9359b61127a845d88b432989a4c50ea487a97deb698
[INFO] running `Command { std: "docker" "create" "-v" "/var/lib/crater-agent-workspace/builds/worker-106/target:/opt/rustwide/target:rw,Z" "-v" "/var/lib/crater-agent-workspace/builds/worker-106/source:/opt/rustwide/workdir:ro,Z" "-v" "/var/lib/crater-agent-workspace/cargo-home:/opt/rustwide/cargo-home:ro,Z" "-v" "/var/lib/crater-agent-workspace/rustup-home:/opt/rustwide/rustup-home:ro,Z" "-e" "SOURCE_DIR=/opt/rustwide/workdir" "-e" "CARGO_TARGET_DIR=/opt/rustwide/target" "-e" "CARGO_INCREMENTAL=0" "-e" "RUST_BACKTRACE=full" "-e" "RUSTFLAGS=--cap-lints=warn" "-e" "CARGO_HOME=/opt/rustwide/cargo-home" "-e" "RUSTUP_HOME=/opt/rustwide/rustup-home" "-w" "/opt/rustwide/workdir" "-m" "1610612736" "--user" "0:0" "--network" "none" "ghcr.io/rust-lang/crates-build-env/linux@sha256:a89201d6b5b9fd45c15d5952ece0a0129e7e80cb26ec023fd59cf09bc26f1604" "/opt/rustwide/cargo-home/bin/cargo" "+1.55.0" "check" "--frozen" "--all" "--all-targets" "--message-format=json", kill_on_drop: false }`
[INFO] [stdout] 6a6799d53dcbba4cf08ad6c9ed583e333ea2df66ab37f36a4e690d9b1b02c657
[INFO] running `Command { std: "docker" "start" "-a" "6a6799d53dcbba4cf08ad6c9ed583e333ea2df66ab37f36a4e690d9b1b02c657", kill_on_drop: false }`
[INFO] [stderr]     Blocking waiting for file lock on package cache
[INFO] [stderr]    Compiling libc v0.2.26
[INFO] [stderr]    Compiling version_check v0.1.3
[INFO] [stderr]    Compiling gcc v0.3.51
[INFO] [stderr]    Compiling yansi v0.3.0
[INFO] [stderr]    Compiling byteorder v1.1.0
[INFO] [stderr]    Compiling pq-sys v0.4.4
[INFO] [stderr]    Compiling matches v0.1.6
[INFO] [stderr]    Compiling unicode-normalization v0.1.5
[INFO] [stderr]    Compiling unicode-xid v0.0.4
[INFO] [stderr]    Compiling void v1.0.2
[INFO] [stderr]    Compiling quote v0.3.15
[INFO] [stderr]    Compiling percent-encoding v1.0.0
[INFO] [stderr]    Compiling cfg-if v0.1.2
[INFO] [stderr]    Compiling lazy_static v0.2.8
[INFO] [stderr]    Compiling rustc-demangle v0.1.4
[INFO] [stderr]    Compiling log v0.3.8
[INFO] [stderr]    Compiling traitobject v0.1.0
[INFO] [stderr]    Compiling language-tags v0.2.2
[INFO] [stderr]    Compiling utf8-ranges v1.0.0
[INFO] [stderr]    Compiling term v0.4.6
[INFO] [stderr]    Compiling typeable v0.1.2
[INFO] [stderr]    Compiling httparse v1.2.3
[INFO] [stderr]    Compiling regex-syntax v0.4.1
[INFO] [stderr]    Compiling names v0.11.0
[INFO] [stderr]    Compiling toml v0.2.1
[INFO] [stderr]    Compiling state v0.2.2
[INFO] [stderr]     Checking rustc-serialize v0.3.24
[INFO] [stdout] error[E0557]: feature has been removed
[INFO] [stdout]  --> /opt/rustwide/cargo-home/registry/src/github.com-1ecc6299db9ec823/state-0.2.2/src/lib.rs:1:12
[INFO] [stdout]   |
[INFO] [stdout] 1 | #![feature(const_fn)]
[INFO] [stdout]   |            ^^^^^^^^ feature has been removed
[INFO] [stdout]   |
[INFO] [stdout]   = note: split into finer-grained feature gates
[INFO] [stdout] 
[INFO] [stdout] 
[INFO] [stdout] error[E0554]: `#![feature]` may not be used on the stable release channel
[INFO] [stdout]  --> /opt/rustwide/cargo-home/registry/src/github.com-1ecc6299db9ec823/state-0.2.2/src/lib.rs:1:1
[INFO] [stdout]   |
[INFO] [stdout] 1 | #![feature(const_fn)]
[INFO] [stdout]   | ^^^^^^^^^^^^^^^^^^^^^
[INFO] [stdout] 
[INFO] [stdout] 
[INFO] [stderr]    Compiling base64 v0.5.2
[INFO] [stdout] error: aborting due to 2 previous errors
[INFO] [stdout] 
[INFO] [stdout] 
[INFO] [stdout] Some errors have detailed explanations: E0554, E0557.
[INFO] [stdout] 
[INFO] [stdout] For more information about an error, try `rustc --explain E0554`.
[INFO] [stdout] 
[INFO] [stdout] error[E0557]: feature has been removed
[INFO] [stdout]  --> /opt/rustwide/cargo-home/registry/src/github.com-1ecc6299db9ec823/state-0.2.2/src/lib.rs:1:12
[INFO] [stdout]   |
[INFO] [stdout] 1 | #![feature(const_fn)]
[INFO] [stdout]   |            ^^^^^^^^ feature has been removed
[INFO] [stdout]   |
[INFO] [stdout]   = note: split into finer-grained feature gates
[INFO] [stdout] 
[INFO] [stdout] 
[INFO] [stderr] error: could not compile `state` due to 3 previous errors
[INFO] [stderr] warning: build failed, waiting for other jobs to finish...
[INFO] [stdout] error[E0554]: `#![feature]` may not be used on the stable release channel
[INFO] [stdout]  --> /opt/rustwide/cargo-home/registry/src/github.com-1ecc6299db9ec823/state-0.2.2/src/lib.rs:1:1
[INFO] [stdout]   |
[INFO] [stdout] 1 | #![feature(const_fn)]
[INFO] [stdout]   | ^^^^^^^^^^^^^^^^^^^^^
[INFO] [stdout] 
[INFO] [stdout] 
[INFO] [stdout] error: aborting due to 2 previous errors
[INFO] [stdout] 
[INFO] [stdout] 
[INFO] [stdout] Some errors have detailed explanations: E0554, E0557.
[INFO] [stdout] 
[INFO] [stdout] For more information about an error, try `rustc --explain E0554`.
[INFO] [stdout] 
[INFO] [stderr] error: build failed
[INFO] running `Command { std: "docker" "inspect" "6a6799d53dcbba4cf08ad6c9ed583e333ea2df66ab37f36a4e690d9b1b02c657", kill_on_drop: false }`
[INFO] running `Command { std: "docker" "rm" "-f" "6a6799d53dcbba4cf08ad6c9ed583e333ea2df66ab37f36a4e690d9b1b02c657", kill_on_drop: false }`
[INFO] [stdout] 6a6799d53dcbba4cf08ad6c9ed583e333ea2df66ab37f36a4e690d9b1b02c657
