[INFO] cloning repository https://github.com/thruster-rs/thruster-grpc
[INFO] running `Command { std: "git" "-c" "credential.helper=" "-c" "credential.helper=/workspace/cargo-home/bin/git-credential-null" "clone" "--bare" "https://github.com/thruster-rs/thruster-grpc" "/workspace/cache/git-repos/https%3A%2F%2Fgithub.com%2Fthruster-rs%2Fthruster-grpc", kill_on_drop: false }`
[INFO] [stderr] Cloning into bare repository '/workspace/cache/git-repos/https%3A%2F%2Fgithub.com%2Fthruster-rs%2Fthruster-grpc'...
[INFO] running `Command { std: "git" "rev-parse" "HEAD", kill_on_drop: false }`
[INFO] [stdout] d18ffa7808a9aec8c221f19a42758c5062595cc5
[INFO] checking thruster-rs/thruster-grpc against 1.55.0 for beta-1.56-3
[INFO] running `Command { std: "git" "clone" "/workspace/cache/git-repos/https%3A%2F%2Fgithub.com%2Fthruster-rs%2Fthruster-grpc" "/workspace/builds/worker-28/source", kill_on_drop: false }`
[INFO] [stderr] Cloning into '/workspace/builds/worker-28/source'...
[INFO] [stderr] done.
[INFO] validating manifest of git repo https://github.com/thruster-rs/thruster-grpc on toolchain 1.55.0
[INFO] running `Command { std: "/workspace/cargo-home/bin/cargo" "+1.55.0" "metadata" "--manifest-path" "Cargo.toml" "--no-deps", kill_on_drop: false }`
[INFO] started tweaking git repo https://github.com/thruster-rs/thruster-grpc
[INFO] finished tweaking git repo https://github.com/thruster-rs/thruster-grpc
[INFO] tweaked toml for git repo https://github.com/thruster-rs/thruster-grpc written to /workspace/builds/worker-28/source/Cargo.toml
[INFO] running `Command { std: "/workspace/cargo-home/bin/cargo" "+1.55.0" "generate-lockfile" "--manifest-path" "Cargo.toml" "-Zno-index-update", kill_on_drop: false }`
[INFO] [stderr]     Blocking waiting for file lock on package cache
[INFO] running `Command { std: "/workspace/cargo-home/bin/cargo" "+1.55.0" "fetch" "--manifest-path" "Cargo.toml", kill_on_drop: false }`
[INFO] [stderr]     Blocking waiting for file lock on package cache
[INFO] [stderr]     Blocking waiting for file lock on package cache
[INFO] running `Command { std: "docker" "create" "-v" "/var/lib/crater-agent-workspace/builds/worker-28/target:/opt/rustwide/target:rw,Z" "-v" "/var/lib/crater-agent-workspace/builds/worker-28/source:/opt/rustwide/workdir:ro,Z" "-v" "/var/lib/crater-agent-workspace/cargo-home:/opt/rustwide/cargo-home:ro,Z" "-v" "/var/lib/crater-agent-workspace/rustup-home:/opt/rustwide/rustup-home:ro,Z" "-e" "SOURCE_DIR=/opt/rustwide/workdir" "-e" "CARGO_TARGET_DIR=/opt/rustwide/target" "-e" "CARGO_HOME=/opt/rustwide/cargo-home" "-e" "RUSTUP_HOME=/opt/rustwide/rustup-home" "-w" "/opt/rustwide/workdir" "-m" "1610612736" "--user" "0:0" "--network" "none" "ghcr.io/rust-lang/crates-build-env/linux@sha256:a89201d6b5b9fd45c15d5952ece0a0129e7e80cb26ec023fd59cf09bc26f1604" "/opt/rustwide/cargo-home/bin/cargo" "+1.55.0" "metadata" "--no-deps" "--format-version=1", kill_on_drop: false }`
[INFO] [stdout] 0e4c5205788028e6706ece1d1018fcafa66e5cf32386b7d44361444263e6bd70
[INFO] running `Command { std: "docker" "start" "-a" "0e4c5205788028e6706ece1d1018fcafa66e5cf32386b7d44361444263e6bd70", kill_on_drop: false }`
[INFO] running `Command { std: "docker" "inspect" "0e4c5205788028e6706ece1d1018fcafa66e5cf32386b7d44361444263e6bd70", kill_on_drop: false }`
[INFO] running `Command { std: "docker" "rm" "-f" "0e4c5205788028e6706ece1d1018fcafa66e5cf32386b7d44361444263e6bd70", kill_on_drop: false }`
[INFO] [stdout] 0e4c5205788028e6706ece1d1018fcafa66e5cf32386b7d44361444263e6bd70
[INFO] running `Command { std: "docker" "create" "-v" "/var/lib/crater-agent-workspace/builds/worker-28/target:/opt/rustwide/target:rw,Z" "-v" "/var/lib/crater-agent-workspace/builds/worker-28/source:/opt/rustwide/workdir:ro,Z" "-v" "/var/lib/crater-agent-workspace/cargo-home:/opt/rustwide/cargo-home:ro,Z" "-v" "/var/lib/crater-agent-workspace/rustup-home:/opt/rustwide/rustup-home:ro,Z" "-e" "SOURCE_DIR=/opt/rustwide/workdir" "-e" "CARGO_TARGET_DIR=/opt/rustwide/target" "-e" "CARGO_INCREMENTAL=0" "-e" "RUST_BACKTRACE=full" "-e" "RUSTFLAGS=--cap-lints=warn" "-e" "CARGO_HOME=/opt/rustwide/cargo-home" "-e" "RUSTUP_HOME=/opt/rustwide/rustup-home" "-w" "/opt/rustwide/workdir" "-m" "1610612736" "--user" "0:0" "--network" "none" "ghcr.io/rust-lang/crates-build-env/linux@sha256:a89201d6b5b9fd45c15d5952ece0a0129e7e80cb26ec023fd59cf09bc26f1604" "/opt/rustwide/cargo-home/bin/cargo" "+1.55.0" "check" "--frozen" "--all" "--all-targets" "--message-format=json", kill_on_drop: false }`
[INFO] [stdout] cf61bb5b50921ae0686c3a6e38d8971715ca7535fa5a24af77474870b5dcdfd5
[INFO] running `Command { std: "docker" "start" "-a" "cf61bb5b50921ae0686c3a6e38d8971715ca7535fa5a24af77474870b5dcdfd5", kill_on_drop: false }`
[INFO] [stderr]     Blocking waiting for file lock on package cache
[INFO] [stderr]    Compiling libc v0.2.104
[INFO] [stderr]    Compiling proc-macro2 v1.0.30
[INFO] [stderr]    Compiling syn v1.0.80
[INFO] [stderr]    Compiling futures-core v0.3.17
[INFO] [stderr]     Checking pin-project-lite v0.2.7
[INFO] [stderr]     Checking slab v0.4.5
[INFO] [stderr]    Compiling autocfg v0.1.7
[INFO] [stderr]    Compiling rand_core v0.4.2
[INFO] [stderr]     Checking bytes v1.1.0
[INFO] [stderr]     Checking futures-sink v0.3.17
[INFO] [stderr]     Checking itoa v0.4.8
[INFO] [stderr]    Compiling futures-task v0.3.17
[INFO] [stderr]    Compiling futures-channel v0.3.17
[INFO] [stderr]    Compiling parking_lot_core v0.8.5
[INFO] [stderr]     Checking futures-io v0.3.17
[INFO] [stderr]     Checking smallvec v1.7.0
[INFO] [stderr]     Checking hashbrown v0.11.2
[INFO] [stderr]     Checking once_cell v1.8.0
[INFO] [stderr]    Compiling proc-macro2 v0.4.30
[INFO] [stderr]    Compiling httparse v1.5.1
[INFO] [stderr]    Compiling unicode-xid v0.1.0
[INFO] [stderr]    Compiling anyhow v1.0.44
[INFO] [stderr]     Checking pin-project-lite v0.1.12
[INFO] [stderr]    Compiling serde v1.0.130
[INFO] [stderr]    Compiling syn v0.15.44
[INFO] [stderr]    Compiling either v1.6.1
[INFO] [stderr]    Compiling async-trait v0.1.51
[INFO] [stderr]    Compiling serde_json v1.0.68
[INFO] [stderr]    Compiling lazy_static v1.4.0
[INFO] [stderr]    Compiling paste v1.0.5
[INFO] [stderr]    Compiling futures-macro v0.3.17
[INFO] [stderr]    Compiling futures-util v0.3.17
[INFO] [stderr]     Checking instant v0.1.11
[INFO] [stderr]     Checking lock_api v0.4.5
[INFO] [stderr]    Compiling tokio v1.12.0
[INFO] [stderr]     Checking tracing-core v0.1.21
[INFO] [stderr]    Compiling indexmap v1.7.0
[INFO] [stderr]    Compiling itertools v0.8.2
[INFO] [stderr]    Compiling rand_core v0.3.1
[INFO] [stderr]    Compiling rand_jitter v0.1.4
[INFO] [stderr]    Compiling rand_pcg v0.1.2
[INFO] [stderr]    Compiling rand_chacha v0.1.1
[INFO] [stderr]    Compiling rand v0.6.5
[INFO] [stderr]     Checking num_cpus v1.13.0
[INFO] [stderr]     Checking iovec v0.1.4
[INFO] [stderr]     Checking signal-hook-registry v1.4.0
[INFO] [stderr]     Checking net2 v0.2.37
[INFO] [stderr]     Checking mio v0.7.14
[INFO] [stderr]     Checking socket2 v0.4.2
[INFO] [stderr]     Checking time v0.1.43
[INFO] [stderr]     Checking socket2 v0.3.19
[INFO] [stderr]     Checking http v0.2.5
[INFO] [stderr]     Checking tracing v0.1.29
[INFO] [stderr]    Compiling quote v1.0.10
[INFO] [stderr]    Compiling rand_xorshift v0.1.1
[INFO] [stderr]    Compiling rand_isaac v0.1.1
[INFO] [stderr]    Compiling rand_hc v0.1.0
[INFO] [stderr]    Compiling rand_os v0.1.3
[INFO] [stderr]     Checking bytes v0.4.12
[INFO] [stderr]    Compiling quote v0.6.13
[INFO] [stderr]     Checking parking_lot v0.11.2
[INFO] [stderr]     Checking mio v0.6.23
[INFO] [stderr]     Checking mio-uds v0.6.8
[INFO] [stderr]     Checking http-body v0.4.3
[INFO] [stderr]     Checking http-body v0.3.1
[INFO] [stderr]     Checking templatify v0.2.3
[INFO] [stderr]     Checking http v0.1.21
[INFO] [stderr]    Compiling uuid v0.7.4
[INFO] [stderr]    Compiling thruster-proc v1.1.10
[INFO] [stderr]    Compiling tokio-macros v1.5.0
[INFO] [stderr]    Compiling tokio-macros v0.2.6
[INFO] [stderr]    Compiling pin-project-internal v1.0.8
[INFO] [stderr]    Compiling serde_derive v1.0.130
[INFO] [stderr]    Compiling prost-derive v0.6.1
[INFO] [stderr]     Checking tokio v0.2.25
[INFO] [stderr]     Checking pin-project v1.0.8
[INFO] [stderr]     Checking tracing-futures v0.2.5
[INFO] [stderr]     Checking prost v0.6.1
[INFO] [stderr]     Checking futures-executor v0.3.17
[INFO] [stderr]     Checking tokio-util v0.3.1
[INFO] [stderr]     Checking futures v0.3.17
[INFO] [stderr]     Checking h2 v0.2.7
[INFO] [stderr]     Checking tokio-util v0.6.8
[INFO] [stderr]     Checking tokio-stream v0.1.7
[INFO] [stderr]     Checking h2 v0.3.6
[INFO] [stderr]     Checking hyper v0.13.10
[INFO] [stderr]     Checking hyper v0.14.13
[INFO] [stderr]     Checking thruster v1.1.10
[INFO] [stderr]     Checking thruster-grpc v0.1.0 (/opt/rustwide/workdir)
[INFO] [stdout] error[E0277]: the trait bound `T: Clone` is not satisfied
[INFO] [stdout]   --> src/server.rs:17:10
[INFO] [stdout]    |
[INFO] [stdout] 17 |     app: App<HyperRequest, T, S>,
[INFO] [stdout]    |          ^^^^^^^^^^^^^^^^^^^^^^^ the trait `Clone` is not implemented for `T`
[INFO] [stdout]    | 
[INFO] [stdout]   ::: /opt/rustwide/cargo-home/registry/src/github.com-1ecc6299db9ec823/thruster-1.1.10/src/app/thruster_app.rs:65:59
[INFO] [stdout]    |
[INFO] [stdout] 65 | pub struct App<R: ThrusterRequest, T: 'static + Context + Clone + Send + Sync, S: Send> {
[INFO] [stdout]    |                                                           ----- required by this bound in `App`
[INFO] [stdout]    |
[INFO] [stdout] help: consider further restricting this bound
[INFO] [stdout]    |
[INFO] [stdout] 16 | pub struct ProtoServer<T: 'static + Context + Send + std::clone::Clone, S: Send> {
[INFO] [stdout]    |                                                    ^^^^^^^^^^^^^^^^^^^
[INFO] [stdout] 
[INFO] [stdout] 
[INFO] [stdout] error[E0277]: `T` cannot be shared between threads safely
[INFO] [stdout]   --> src/server.rs:17:10
[INFO] [stdout]    |
[INFO] [stdout] 17 |     app: App<HyperRequest, T, S>,
[INFO] [stdout]    |          ^^^^^^^^^^^^^^^^^^^^^^^ `T` cannot be shared between threads safely
[INFO] [stdout]    | 
[INFO] [stdout]   ::: /opt/rustwide/cargo-home/registry/src/github.com-1ecc6299db9ec823/thruster-1.1.10/src/app/thruster_app.rs:65:74
[INFO] [stdout]    |
[INFO] [stdout] 65 | pub struct App<R: ThrusterRequest, T: 'static + Context + Clone + Send + Sync, S: Send> {
[INFO] [stdout]    |                                                                          ---- required by this bound in `App`
[INFO] [stdout]    |
[INFO] [stdout] help: consider further restricting this bound
[INFO] [stdout]    |
[INFO] [stdout] 16 | pub struct ProtoServer<T: 'static + Context + Send + std::marker::Sync, S: Send> {
[INFO] [stdout]    |                                                    ^^^^^^^^^^^^^^^^^^^
[INFO] [stdout] 
[INFO] [stdout] 
[INFO] [stdout] error[E0277]: the trait bound `T: Clone` is not satisfied
[INFO] [stdout]   --> src/server.rs:63:14
[INFO] [stdout]    |
[INFO] [stdout] 63 |     app: Arc<App<HyperRequest, T, S>>,
[INFO] [stdout]    |              ^^^^^^^^^^^^^^^^^^^^^^^ the trait `Clone` is not implemented for `T`
[INFO] [stdout]    | 
[INFO] [stdout]   ::: /opt/rustwide/cargo-home/registry/src/github.com-1ecc6299db9ec823/thruster-1.1.10/src/app/thruster_app.rs:65:59
[INFO] [stdout]    |
[INFO] [stdout] 65 | pub struct App<R: ThrusterRequest, T: 'static + Context + Clone + Send + Sync, S: Send> {
[INFO] [stdout]    |                                                           ----- required by this bound in `App`
[INFO] [stdout]    |
[INFO] [stdout] help: consider further restricting this bound
[INFO] [stdout]    |
[INFO] [stdout] 62 | struct _ProtoService<T: 'static + Context + Send + std::clone::Clone, S: Send + Sync> {
[INFO] [stdout]    |                                                  ^^^^^^^^^^^^^^^^^^^
[INFO] [stdout] 
[INFO] [stdout] 
[INFO] [stdout] error[E0277]: `T` cannot be shared between threads safely
[INFO] [stdout]   --> src/server.rs:63:14
[INFO] [stdout]    |
[INFO] [stdout] 63 |     app: Arc<App<HyperRequest, T, S>>,
[INFO] [stdout]    |              ^^^^^^^^^^^^^^^^^^^^^^^ `T` cannot be shared between threads safely
[INFO] [stdout]    | 
[INFO] [stdout]   ::: /opt/rustwide/cargo-home/registry/src/github.com-1ecc6299db9ec823/thruster-1.1.10/src/app/thruster_app.rs:65:74
[INFO] [stdout]    |
[INFO] [stdout] 65 | pub struct App<R: ThrusterRequest, T: 'static + Context + Clone + Send + Sync, S: Send> {
[INFO] [stdout]    |                                                                          ---- required by this bound in `App`
[INFO] [stdout]    |
[INFO] [stdout] help: consider further restricting this bound
[INFO] [stdout]    |
[INFO] [stdout] 62 | struct _ProtoService<T: 'static + Context + Send + std::marker::Sync, S: Send + Sync> {
[INFO] [stdout]    |                                                  ^^^^^^^^^^^^^^^^^^^
[INFO] [stdout] 
[INFO] [stdout] 
[INFO] [stdout] error[E0277]: the trait bound `T: Clone` is not satisfied
[INFO] [stdout]   --> src/server.rs:29:17
[INFO] [stdout]    |
[INFO] [stdout] 29 |     fn new(app: App<Self::Request, T, Self::State>) -> Self {
[INFO] [stdout]    |                 ^^^^^^^^^^^^^^^^^^^^^^^^^^^^^^^^^^ the trait `Clone` is not implemented for `T`
[INFO] [stdout]    | 
[INFO] [stdout]   ::: /opt/rustwide/cargo-home/registry/src/github.com-1ecc6299db9ec823/thruster-1.1.10/src/app/thruster_app.rs:65:59
[INFO] [stdout]    |
[INFO] [stdout] 65 | pub struct App<R: ThrusterRequest, T: 'static + Context + Clone + Send + Sync, S: Send> {
[INFO] [stdout]    |                                                           ----- required by this bound in `App`
[INFO] [stdout]    |
[INFO] [stdout] help: consider further restricting this bound
[INFO] [stdout]    |
[INFO] [stdout] 21 | impl<T: Context<Response = Response<ProtoBody>> + Send + std::clone::Clone, S: 'static + Send + Sync> ThrusterServer
[INFO] [stdout]    |                                                        ^^^^^^^^^^^^^^^^^^^
[INFO] [stdout] 
[INFO] [stdout] 
[INFO] [stdout] error[E0277]: `T` cannot be shared between threads safely
[INFO] [stdout]   --> src/server.rs:29:17
[INFO] [stdout]    |
[INFO] [stdout] 29 |     fn new(app: App<Self::Request, T, Self::State>) -> Self {
[INFO] [stdout]    |                 ^^^^^^^^^^^^^^^^^^^^^^^^^^^^^^^^^^ `T` cannot be shared between threads safely
[INFO] [stdout]    | 
[INFO] [stdout]   ::: /opt/rustwide/cargo-home/registry/src/github.com-1ecc6299db9ec823/thruster-1.1.10/src/app/thruster_app.rs:65:74
[INFO] [stdout]    |
[INFO] [stdout] 65 | pub struct App<R: ThrusterRequest, T: 'static + Context + Clone + Send + Sync, S: Send> {
[INFO] [stdout]    |                                                                          ---- required by this bound in `App`
[INFO] [stdout]    |
[INFO] [stdout] help: consider further restricting this bound
[INFO] [stdout]    |
[INFO] [stdout] 21 | impl<T: Context<Response = Response<ProtoBody>> + Send + std::marker::Sync, S: 'static + Send + Sync> ThrusterServer
[INFO] [stdout]    |                                                        ^^^^^^^^^^^^^^^^^^^
[INFO] [stdout] 
[INFO] [stdout] 
[INFO] [stdout] error: aborting due to 6 previous errors
[INFO] [stdout] 
[INFO] [stdout] 
[INFO] [stdout] For more information about this error, try `rustc --explain E0277`.
[INFO] [stdout] 
[INFO] [stdout] error[E0277]: the trait bound `T: Clone` is not satisfied
[INFO] [stdout]   --> src/server.rs:17:10
[INFO] [stdout]    |
[INFO] [stdout] 17 |     app: App<HyperRequest, T, S>,
[INFO] [stdout]    |          ^^^^^^^^^^^^^^^^^^^^^^^ the trait `Clone` is not implemented for `T`
[INFO] [stdout]    | 
[INFO] [stdout]   ::: /opt/rustwide/cargo-home/registry/src/github.com-1ecc6299db9ec823/thruster-1.1.10/src/app/thruster_app.rs:65:59
[INFO] [stdout]    |
[INFO] [stdout] 65 | pub struct App<R: ThrusterRequest, T: 'static + Context + Clone + Send + Sync, S: Send> {
[INFO] [stdout]    |                                                           ----- required by this bound in `App`
[INFO] [stdout]    |
[INFO] [stdout] help: consider further restricting this bound
[INFO] [stdout]    |
[INFO] [stdout] 16 | pub struct ProtoServer<T: 'static + Context + Send + std::clone::Clone, S: Send> {
[INFO] [stdout]    |                                                    ^^^^^^^^^^^^^^^^^^^
[INFO] [stdout] 
[INFO] [stdout] 
[INFO] [stderr] error: could not compile `thruster-grpc` due to 7 previous errors
[INFO] [stdout] error[E0277]: `T` cannot be shared between threads safely
[INFO] [stdout]   --> src/server.rs:17:10
[INFO] [stdout]    |
[INFO] [stdout] 17 |     app: App<HyperRequest, T, S>,
[INFO] [stdout]    |          ^^^^^^^^^^^^^^^^^^^^^^^ `T` cannot be shared between threads safely
[INFO] [stdout]    | 
[INFO] [stdout]   ::: /opt/rustwide/cargo-home/registry/src/github.com-1ecc6299db9ec823/thruster-1.1.10/src/app/thruster_app.rs:65:74
[INFO] [stdout]    |
[INFO] [stdout] 65 | pub struct App<R: ThrusterRequest, T: 'static + Context + Clone + Send + Sync, S: Send> {
[INFO] [stdout]    |                                                                          ---- required by this bound in `App`
[INFO] [stdout]    |
[INFO] [stdout] help: consider further restricting this bound
[INFO] [stdout]    |
[INFO] [stdout] 16 | pub struct ProtoServer<T: 'static + Context + Send + std::marker::Sync, S: Send> {
[INFO] [stdout]    |                                                    ^^^^^^^^^^^^^^^^^^^
[INFO] [stdout] 
[INFO] [stdout] 
[INFO] [stderr] warning: build failed, waiting for other jobs to finish...
[INFO] [stdout] error[E0277]: the trait bound `T: Clone` is not satisfied
[INFO] [stdout]   --> src/server.rs:63:14
[INFO] [stdout]    |
[INFO] [stdout] 63 |     app: Arc<App<HyperRequest, T, S>>,
[INFO] [stdout]    |              ^^^^^^^^^^^^^^^^^^^^^^^ the trait `Clone` is not implemented for `T`
[INFO] [stdout]    | 
[INFO] [stdout]   ::: /opt/rustwide/cargo-home/registry/src/github.com-1ecc6299db9ec823/thruster-1.1.10/src/app/thruster_app.rs:65:59
[INFO] [stdout]    |
[INFO] [stdout] 65 | pub struct App<R: ThrusterRequest, T: 'static + Context + Clone + Send + Sync, S: Send> {
[INFO] [stdout]    |                                                           ----- required by this bound in `App`
[INFO] [stdout]    |
[INFO] [stdout] help: consider further restricting this bound
[INFO] [stdout]    |
[INFO] [stdout] 62 | struct _ProtoService<T: 'static + Context + Send + std::clone::Clone, S: Send + Sync> {
[INFO] [stdout]    |                                                  ^^^^^^^^^^^^^^^^^^^
[INFO] [stdout] 
[INFO] [stdout] 
[INFO] [stdout] error[E0277]: `T` cannot be shared between threads safely
[INFO] [stdout]   --> src/server.rs:63:14
[INFO] [stdout]    |
[INFO] [stdout] 63 |     app: Arc<App<HyperRequest, T, S>>,
[INFO] [stdout]    |              ^^^^^^^^^^^^^^^^^^^^^^^ `T` cannot be shared between threads safely
[INFO] [stdout]    | 
[INFO] [stdout]   ::: /opt/rustwide/cargo-home/registry/src/github.com-1ecc6299db9ec823/thruster-1.1.10/src/app/thruster_app.rs:65:74
[INFO] [stdout]    |
[INFO] [stdout] 65 | pub struct App<R: ThrusterRequest, T: 'static + Context + Clone + Send + Sync, S: Send> {
[INFO] [stdout]    |                                                                          ---- required by this bound in `App`
[INFO] [stdout]    |
[INFO] [stdout] help: consider further restricting this bound
[INFO] [stdout]    |
[INFO] [stdout] 62 | struct _ProtoService<T: 'static + Context + Send + std::marker::Sync, S: Send + Sync> {
[INFO] [stdout]    |                                                  ^^^^^^^^^^^^^^^^^^^
[INFO] [stdout] 
[INFO] [stdout] 
[INFO] [stdout] error[E0277]: the trait bound `T: Clone` is not satisfied
[INFO] [stdout]   --> src/server.rs:29:17
[INFO] [stdout]    |
[INFO] [stdout] 29 |     fn new(app: App<Self::Request, T, Self::State>) -> Self {
[INFO] [stdout]    |                 ^^^^^^^^^^^^^^^^^^^^^^^^^^^^^^^^^^ the trait `Clone` is not implemented for `T`
[INFO] [stdout]    | 
[INFO] [stdout]   ::: /opt/rustwide/cargo-home/registry/src/github.com-1ecc6299db9ec823/thruster-1.1.10/src/app/thruster_app.rs:65:59
[INFO] [stdout]    |
[INFO] [stdout] 65 | pub struct App<R: ThrusterRequest, T: 'static + Context + Clone + Send + Sync, S: Send> {
[INFO] [stdout]    |                                                           ----- required by this bound in `App`
[INFO] [stdout]    |
[INFO] [stdout] help: consider further restricting this bound
[INFO] [stdout]    |
[INFO] [stdout] 21 | impl<T: Context<Response = Response<ProtoBody>> + Send + std::clone::Clone, S: 'static + Send + Sync> ThrusterServer
[INFO] [stdout]    |                                                        ^^^^^^^^^^^^^^^^^^^
[INFO] [stdout] 
[INFO] [stdout] 
[INFO] [stdout] error[E0277]: `T` cannot be shared between threads safely
[INFO] [stdout]   --> src/server.rs:29:17
[INFO] [stdout]    |
[INFO] [stdout] 29 |     fn new(app: App<Self::Request, T, Self::State>) -> Self {
[INFO] [stdout]    |                 ^^^^^^^^^^^^^^^^^^^^^^^^^^^^^^^^^^ `T` cannot be shared between threads safely
[INFO] [stdout]    | 
[INFO] [stdout]   ::: /opt/rustwide/cargo-home/registry/src/github.com-1ecc6299db9ec823/thruster-1.1.10/src/app/thruster_app.rs:65:74
[INFO] [stdout]    |
[INFO] [stdout] 65 | pub struct App<R: ThrusterRequest, T: 'static + Context + Clone + Send + Sync, S: Send> {
[INFO] [stdout]    |                                                                          ---- required by this bound in `App`
[INFO] [stdout]    |
[INFO] [stdout] help: consider further restricting this bound
[INFO] [stdout]    |
[INFO] [stdout] 21 | impl<T: Context<Response = Response<ProtoBody>> + Send + std::marker::Sync, S: 'static + Send + Sync> ThrusterServer
[INFO] [stdout]    |                                                        ^^^^^^^^^^^^^^^^^^^
[INFO] [stdout] 
[INFO] [stdout] 
[INFO] [stdout] error: aborting due to 6 previous errors
[INFO] [stdout] 
[INFO] [stdout] 
[INFO] [stdout] For more information about this error, try `rustc --explain E0277`.
[INFO] [stdout] 
[INFO] [stderr] error: build failed
[INFO] running `Command { std: "docker" "inspect" "cf61bb5b50921ae0686c3a6e38d8971715ca7535fa5a24af77474870b5dcdfd5", kill_on_drop: false }`
[INFO] running `Command { std: "docker" "rm" "-f" "cf61bb5b50921ae0686c3a6e38d8971715ca7535fa5a24af77474870b5dcdfd5", kill_on_drop: false }`
[INFO] [stdout] cf61bb5b50921ae0686c3a6e38d8971715ca7535fa5a24af77474870b5dcdfd5
