[INFO] cloning repository https://github.com/thecreamedcorn/WString
[INFO] running `Command { std: "git" "-c" "credential.helper=" "-c" "credential.helper=/workspace/cargo-home/bin/git-credential-null" "clone" "--bare" "https://github.com/thecreamedcorn/WString" "/workspace/cache/git-repos/https%3A%2F%2Fgithub.com%2Fthecreamedcorn%2FWString", kill_on_drop: false }`
[INFO] [stderr] Cloning into bare repository '/workspace/cache/git-repos/https%3A%2F%2Fgithub.com%2Fthecreamedcorn%2FWString'...
[INFO] running `Command { std: "git" "rev-parse" "HEAD", kill_on_drop: false }`
[INFO] [stdout] 1b77e5dffd7ab3bd7f4af4ae331fe5b0241c5dba
[INFO] checking thecreamedcorn/WString against 1.55.0 for beta-1.56-3
[INFO] running `Command { std: "git" "clone" "/workspace/cache/git-repos/https%3A%2F%2Fgithub.com%2Fthecreamedcorn%2FWString" "/workspace/builds/worker-114/source", kill_on_drop: false }`
[INFO] [stderr] Cloning into '/workspace/builds/worker-114/source'...
[INFO] [stderr] done.
[INFO] validating manifest of git repo https://github.com/thecreamedcorn/WString on toolchain 1.55.0
[INFO] running `Command { std: "/workspace/cargo-home/bin/cargo" "+1.55.0" "metadata" "--manifest-path" "Cargo.toml" "--no-deps", kill_on_drop: false }`
[INFO] started tweaking git repo https://github.com/thecreamedcorn/WString
[INFO] finished tweaking git repo https://github.com/thecreamedcorn/WString
[INFO] tweaked toml for git repo https://github.com/thecreamedcorn/WString written to /workspace/builds/worker-114/source/Cargo.toml
[INFO] crate git repo https://github.com/thecreamedcorn/WString already has a lockfile, it will not be regenerated
[INFO] running `Command { std: "/workspace/cargo-home/bin/cargo" "+1.55.0" "fetch" "--manifest-path" "Cargo.toml", kill_on_drop: false }`
[INFO] [stderr]     Blocking waiting for file lock on package cache
[INFO] [stderr]     Blocking waiting for file lock on package cache
[INFO] running `Command { std: "docker" "create" "-v" "/var/lib/crater-agent-workspace/builds/worker-114/target:/opt/rustwide/target:rw,Z" "-v" "/var/lib/crater-agent-workspace/builds/worker-114/source:/opt/rustwide/workdir:ro,Z" "-v" "/var/lib/crater-agent-workspace/cargo-home:/opt/rustwide/cargo-home:ro,Z" "-v" "/var/lib/crater-agent-workspace/rustup-home:/opt/rustwide/rustup-home:ro,Z" "-e" "SOURCE_DIR=/opt/rustwide/workdir" "-e" "CARGO_TARGET_DIR=/opt/rustwide/target" "-e" "CARGO_HOME=/opt/rustwide/cargo-home" "-e" "RUSTUP_HOME=/opt/rustwide/rustup-home" "-w" "/opt/rustwide/workdir" "-m" "1610612736" "--user" "0:0" "--network" "none" "ghcr.io/rust-lang/crates-build-env/linux@sha256:a89201d6b5b9fd45c15d5952ece0a0129e7e80cb26ec023fd59cf09bc26f1604" "/opt/rustwide/cargo-home/bin/cargo" "+1.55.0" "metadata" "--no-deps" "--format-version=1", kill_on_drop: false }`
[INFO] [stdout] 83a719d690d4130e73e1ff8c37919cec66d3ace8725bcbf75489e6d87ff19dd6
[INFO] running `Command { std: "docker" "start" "-a" "83a719d690d4130e73e1ff8c37919cec66d3ace8725bcbf75489e6d87ff19dd6", kill_on_drop: false }`
[INFO] running `Command { std: "docker" "inspect" "83a719d690d4130e73e1ff8c37919cec66d3ace8725bcbf75489e6d87ff19dd6", kill_on_drop: false }`
[INFO] running `Command { std: "docker" "rm" "-f" "83a719d690d4130e73e1ff8c37919cec66d3ace8725bcbf75489e6d87ff19dd6", kill_on_drop: false }`
[INFO] [stdout] 83a719d690d4130e73e1ff8c37919cec66d3ace8725bcbf75489e6d87ff19dd6
[INFO] running `Command { std: "docker" "create" "-v" "/var/lib/crater-agent-workspace/builds/worker-114/target:/opt/rustwide/target:rw,Z" "-v" "/var/lib/crater-agent-workspace/builds/worker-114/source:/opt/rustwide/workdir:ro,Z" "-v" "/var/lib/crater-agent-workspace/cargo-home:/opt/rustwide/cargo-home:ro,Z" "-v" "/var/lib/crater-agent-workspace/rustup-home:/opt/rustwide/rustup-home:ro,Z" "-e" "SOURCE_DIR=/opt/rustwide/workdir" "-e" "CARGO_TARGET_DIR=/opt/rustwide/target" "-e" "CARGO_INCREMENTAL=0" "-e" "RUST_BACKTRACE=full" "-e" "RUSTFLAGS=--cap-lints=warn" "-e" "CARGO_HOME=/opt/rustwide/cargo-home" "-e" "RUSTUP_HOME=/opt/rustwide/rustup-home" "-w" "/opt/rustwide/workdir" "-m" "1610612736" "--user" "0:0" "--network" "none" "ghcr.io/rust-lang/crates-build-env/linux@sha256:a89201d6b5b9fd45c15d5952ece0a0129e7e80cb26ec023fd59cf09bc26f1604" "/opt/rustwide/cargo-home/bin/cargo" "+1.55.0" "check" "--frozen" "--all" "--all-targets" "--message-format=json", kill_on_drop: false }`
[INFO] [stdout] a6cd26fcd7f109a8b5d0df9f595f823213b21760853b3490d7b28c648a23c033
[INFO] running `Command { std: "docker" "start" "-a" "a6cd26fcd7f109a8b5d0df9f595f823213b21760853b3490d7b28c648a23c033", kill_on_drop: false }`
[INFO] [stderr]     Blocking waiting for file lock on package cache
[INFO] [stderr]     Checking WString v0.1.0 (/opt/rustwide/workdir)
[INFO] [stdout] error[E0432]: unresolved import `const_str`
[INFO] [stdout]  --> src/wstring/str_ref/mod.rs:5:5
[INFO] [stdout]   |
[INFO] [stdout] 5 | use const_str::ConstStr;
[INFO] [stdout]   |     ^^^^^^^^^ help: a similar path exists: `self::const_str`
[INFO] [stdout] 
[INFO] [stdout] 
[INFO] [stdout] error[E0432]: unresolved import `byte_buff`
[INFO] [stdout]  --> src/wstring/str_ref/mod.rs:6:5
[INFO] [stdout]   |
[INFO] [stdout] 6 | use byte_buff::ByteBuffer;
[INFO] [stdout]   |     ^^^^^^^^^ help: a similar path exists: `self::byte_buff`
[INFO] [stdout] 
[INFO] [stdout] 
[INFO] [stdout] error[E0407]: method `get_bytes` is not a member of trait `RawStr`
[INFO] [stdout]   --> src/wstring/str_ref/const_str.rs:14:5
[INFO] [stdout]    |
[INFO] [stdout] 14 | /     fn get_bytes(&self) -> &str {
[INFO] [stdout] 15 | |         self.string
[INFO] [stdout] 16 | |     }
[INFO] [stdout]    | |_____^ not a member of trait `RawStr`
[INFO] [stdout] 
[INFO] [stdout] 
[INFO] [stderr] error: could not compile `WString` due to 5 previous errors; 1 warning emitted
[INFO] [stdout] warning: unused import: `std::collections::LinkedList`
[INFO] [stdout]  --> src/wstring/mod.rs:3:5
[INFO] [stdout]   |
[INFO] [stdout] 3 | use std::collections::LinkedList;
[INFO] [stdout]   |     ^^^^^^^^^^^^^^^^^^^^^^^^^^^^
[INFO] [stdout]   |
[INFO] [stdout]   = note: `#[warn(unused_imports)]` on by default
[INFO] [stdout] 
[INFO] [stdout] 
[INFO] [stderr] warning: build failed, waiting for other jobs to finish...
[INFO] [stdout] error[E0432]: unresolved import `const_str`
[INFO] [stdout]  --> src/wstring/str_ref/mod.rs:5:5
[INFO] [stdout]   |
[INFO] [stdout] 5 | use const_str::ConstStr;
[INFO] [stdout]   |     ^^^^^^^^^ help: a similar path exists: `self::const_str`
[INFO] [stdout] 
[INFO] [stdout] 
[INFO] [stderr] error: build failed
[INFO] [stdout] error[E0432]: unresolved import `byte_buff`
[INFO] [stdout]  --> src/wstring/str_ref/mod.rs:6:5
[INFO] [stdout]   |
[INFO] [stdout] 6 | use byte_buff::ByteBuffer;
[INFO] [stdout]   |     ^^^^^^^^^ help: a similar path exists: `self::byte_buff`
[INFO] [stdout] 
[INFO] [stdout] 
[INFO] [stdout] error[E0407]: method `get_bytes` is not a member of trait `RawStr`
[INFO] [stdout]   --> src/wstring/str_ref/const_str.rs:14:5
[INFO] [stdout]    |
[INFO] [stdout] 14 | /     fn get_bytes(&self) -> &str {
[INFO] [stdout] 15 | |         self.string
[INFO] [stdout] 16 | |     }
[INFO] [stdout]    | |_____^ not a member of trait `RawStr`
[INFO] [stdout] 
[INFO] [stdout] 
[INFO] [stdout] error[E0046]: not all trait items implemented, missing: `get_str`
[INFO] [stdout]   --> src/wstring/str_ref/const_str.rs:13:1
[INFO] [stdout]    |
[INFO] [stdout] 13 | impl RawStr for ConstStr {
[INFO] [stdout]    | ^^^^^^^^^^^^^^^^^^^^^^^^ missing `get_str` in implementation
[INFO] [stdout]    | 
[INFO] [stdout]   ::: src/wstring/str_ref/mod.rs:9:5
[INFO] [stdout]    |
[INFO] [stdout] 9  |     fn get_str(&self) -> &str;
[INFO] [stdout]    |     -------------------------- `get_str` from trait
[INFO] [stdout] 
[INFO] [stdout] 
[INFO] [stdout] warning: unused import: `std::collections::LinkedList`
[INFO] [stdout]  --> src/wstring/mod.rs:3:5
[INFO] [stdout]   |
[INFO] [stdout] 3 | use std::collections::LinkedList;
[INFO] [stdout]   |     ^^^^^^^^^^^^^^^^^^^^^^^^^^^^
[INFO] [stdout]   |
[INFO] [stdout]   = note: `#[warn(unused_imports)]` on by default
[INFO] [stdout] 
[INFO] [stdout] 
[INFO] [stdout] error: aborting due to 4 previous errors; 1 warning emitted
[INFO] [stdout] 
[INFO] [stdout] 
[INFO] [stdout] Some errors have detailed explanations: E0046, E0407, E0432.
[INFO] [stdout] 
[INFO] [stdout] For more information about an error, try `rustc --explain E0046`.
[INFO] [stdout] 
[INFO] [stdout] error[E0046]: not all trait items implemented, missing: `get_str`
[INFO] [stdout]   --> src/wstring/str_ref/const_str.rs:13:1
[INFO] [stdout]    |
[INFO] [stdout] 13 | impl RawStr for ConstStr {
[INFO] [stdout]    | ^^^^^^^^^^^^^^^^^^^^^^^^ missing `get_str` in implementation
[INFO] [stdout]    | 
[INFO] [stdout]   ::: src/wstring/str_ref/mod.rs:9:5
[INFO] [stdout]    |
[INFO] [stdout] 9  |     fn get_str(&self) -> &str;
[INFO] [stdout]    |     -------------------------- `get_str` from trait
[INFO] [stdout] 
[INFO] [stdout] 
[INFO] [stdout] error: aborting due to 4 previous errors; 1 warning emitted
[INFO] [stdout] 
[INFO] [stdout] 
[INFO] [stdout] Some errors have detailed explanations: E0046, E0407, E0432.
[INFO] [stdout] 
[INFO] [stdout] For more information about an error, try `rustc --explain E0046`.
[INFO] [stdout] 
[INFO] running `Command { std: "docker" "inspect" "a6cd26fcd7f109a8b5d0df9f595f823213b21760853b3490d7b28c648a23c033", kill_on_drop: false }`
[INFO] running `Command { std: "docker" "rm" "-f" "a6cd26fcd7f109a8b5d0df9f595f823213b21760853b3490d7b28c648a23c033", kill_on_drop: false }`
[INFO] [stdout] a6cd26fcd7f109a8b5d0df9f595f823213b21760853b3490d7b28c648a23c033
