[INFO] cloning repository https://github.com/tetcoin-staging/artist
[INFO] running `Command { std: "git" "-c" "credential.helper=" "-c" "credential.helper=/workspace/cargo-home/bin/git-credential-null" "clone" "--bare" "https://github.com/tetcoin-staging/artist" "/workspace/cache/git-repos/https%3A%2F%2Fgithub.com%2Ftetcoin-staging%2Fartist", kill_on_drop: false }`
[INFO] [stderr] Cloning into bare repository '/workspace/cache/git-repos/https%3A%2F%2Fgithub.com%2Ftetcoin-staging%2Fartist'...
[INFO] running `Command { std: "git" "rev-parse" "HEAD", kill_on_drop: false }`
[INFO] [stdout] efc35dd32e10ca2bf1a74d58ed05ad5a0668ba21
[INFO] checking tetcoin-staging/artist against beta-2021-10-15 for beta-1.56-3
[INFO] running `Command { std: "git" "clone" "/workspace/cache/git-repos/https%3A%2F%2Fgithub.com%2Ftetcoin-staging%2Fartist" "/workspace/builds/worker-5/source", kill_on_drop: false }`
[INFO] [stderr] Cloning into '/workspace/builds/worker-5/source'...
[INFO] [stderr] done.
[INFO] validating manifest of git repo https://github.com/tetcoin-staging/artist on toolchain beta-2021-10-15
[INFO] running `Command { std: "/workspace/cargo-home/bin/cargo" "+beta-2021-10-15" "metadata" "--manifest-path" "Cargo.toml" "--no-deps", kill_on_drop: false }`
[INFO] started tweaking git repo https://github.com/tetcoin-staging/artist
[INFO] finished tweaking git repo https://github.com/tetcoin-staging/artist
[INFO] tweaked toml for git repo https://github.com/tetcoin-staging/artist written to /workspace/builds/worker-5/source/Cargo.toml
[INFO] crate git repo https://github.com/tetcoin-staging/artist already has a lockfile, it will not be regenerated
[INFO] running `Command { std: "/workspace/cargo-home/bin/cargo" "+beta-2021-10-15" "fetch" "--manifest-path" "Cargo.toml", kill_on_drop: false }`
[INFO] [stderr]  Downloading crates ...
[INFO] [stderr]   Downloaded futures-executor v0.3.9
[INFO] running `Command { std: "docker" "create" "-v" "/var/lib/crater-agent-workspace/builds/worker-5/target:/opt/rustwide/target:rw,Z" "-v" "/var/lib/crater-agent-workspace/builds/worker-5/source:/opt/rustwide/workdir:ro,Z" "-v" "/var/lib/crater-agent-workspace/cargo-home:/opt/rustwide/cargo-home:ro,Z" "-v" "/var/lib/crater-agent-workspace/rustup-home:/opt/rustwide/rustup-home:ro,Z" "-e" "SOURCE_DIR=/opt/rustwide/workdir" "-e" "CARGO_TARGET_DIR=/opt/rustwide/target" "-e" "CARGO_HOME=/opt/rustwide/cargo-home" "-e" "RUSTUP_HOME=/opt/rustwide/rustup-home" "-w" "/opt/rustwide/workdir" "-m" "1610612736" "--user" "0:0" "--network" "none" "ghcr.io/rust-lang/crates-build-env/linux@sha256:a89201d6b5b9fd45c15d5952ece0a0129e7e80cb26ec023fd59cf09bc26f1604" "/opt/rustwide/cargo-home/bin/cargo" "+beta-2021-10-15" "metadata" "--no-deps" "--format-version=1", kill_on_drop: false }`
[INFO] [stdout] da6872069485fad817585b2f463a2edc5693934d9e39dcb9d4c408f1cb9475c5
[INFO] [stderr] WARNING: Your kernel does not support swap limit capabilities or the cgroup is not mounted. Memory limited without swap.
[INFO] running `Command { std: "docker" "start" "-a" "da6872069485fad817585b2f463a2edc5693934d9e39dcb9d4c408f1cb9475c5", kill_on_drop: false }`
[INFO] running `Command { std: "docker" "inspect" "da6872069485fad817585b2f463a2edc5693934d9e39dcb9d4c408f1cb9475c5", kill_on_drop: false }`
[INFO] running `Command { std: "docker" "rm" "-f" "da6872069485fad817585b2f463a2edc5693934d9e39dcb9d4c408f1cb9475c5", kill_on_drop: false }`
[INFO] [stdout] da6872069485fad817585b2f463a2edc5693934d9e39dcb9d4c408f1cb9475c5
[INFO] running `Command { std: "docker" "create" "-v" "/var/lib/crater-agent-workspace/builds/worker-5/target:/opt/rustwide/target:rw,Z" "-v" "/var/lib/crater-agent-workspace/builds/worker-5/source:/opt/rustwide/workdir:ro,Z" "-v" "/var/lib/crater-agent-workspace/cargo-home:/opt/rustwide/cargo-home:ro,Z" "-v" "/var/lib/crater-agent-workspace/rustup-home:/opt/rustwide/rustup-home:ro,Z" "-e" "SOURCE_DIR=/opt/rustwide/workdir" "-e" "CARGO_TARGET_DIR=/opt/rustwide/target" "-e" "CARGO_INCREMENTAL=0" "-e" "RUST_BACKTRACE=full" "-e" "RUSTFLAGS=--cap-lints=warn" "-e" "CARGO_HOME=/opt/rustwide/cargo-home" "-e" "RUSTUP_HOME=/opt/rustwide/rustup-home" "-w" "/opt/rustwide/workdir" "-m" "1610612736" "--user" "0:0" "--network" "none" "ghcr.io/rust-lang/crates-build-env/linux@sha256:a89201d6b5b9fd45c15d5952ece0a0129e7e80cb26ec023fd59cf09bc26f1604" "/opt/rustwide/cargo-home/bin/cargo" "+beta-2021-10-15" "check" "--frozen" "--all" "--all-targets" "--message-format=json", kill_on_drop: false }`
[INFO] [stderr] WARNING: Your kernel does not support swap limit capabilities or the cgroup is not mounted. Memory limited without swap.
[INFO] [stdout] e45df50fb74314882a3771142fa9ca9e971638ff6043908bc09aa11b1a78059b
[INFO] running `Command { std: "docker" "start" "-a" "e45df50fb74314882a3771142fa9ca9e971638ff6043908bc09aa11b1a78059b", kill_on_drop: false }`
[INFO] [stderr]    Compiling syn v1.0.58
[INFO] [stderr]    Compiling libc v0.2.82
[INFO] [stderr]    Compiling serde_derive v1.0.119
[INFO] [stderr]    Compiling serde v1.0.119
[INFO] [stderr]     Checking byteorder v1.4.2
[INFO] [stderr]     Checking either v1.6.1
[INFO] [stderr]     Checking subtle v2.4.0
[INFO] [stderr]    Compiling getrandom v0.2.1
[INFO] [stderr]    Compiling log v0.4.13
[INFO] [stderr]     Checking sp-std v2.0.1 (https://github.com/paritytech/substrate#928b7358)
[INFO] [stderr]     Checking hex v0.4.2
[INFO] [stderr]     Checking futures-sink v0.3.9
[INFO] [stderr]     Checking futures-core v0.3.9
[INFO] [stderr]    Compiling parity-util-mem v0.8.0
[INFO] [stderr]     Checking signature v1.3.0
[INFO] [stderr]     Checking dyn-clone v1.0.4
[INFO] [stderr]     Checking artist v0.1.0 (/opt/rustwide/workdir/artist)
[INFO] [stderr]    Compiling thread_local v1.1.0
[INFO] [stderr]     Checking hashbrown v0.9.1
[INFO] [stderr]     Checking matrixmultiply v0.2.4
[INFO] [stderr]     Checking bitvec v0.17.4
[INFO] [stderr]     Checking futures-channel v0.3.9
[INFO] [stderr]     Checking ed25519 v1.0.3
[INFO] [stderr]     Checking generic-array v0.13.2
[INFO] [stderr]     Checking crypto-mac v0.8.0
[INFO] [stderr]     Checking sha2 v0.9.2
[INFO] [stderr]     Checking simba v0.1.5
[INFO] [stderr]     Checking block-buffer v0.7.3
[INFO] [stderr]     Checking regex-automata v0.1.9
[INFO] [stderr]     Checking pbkdf2 v0.3.0
[INFO] [stderr]     Checking uint v0.9.0
[INFO] [stderr]    Compiling regex v1.4.3
[INFO] [stderr]     Checking hmac v0.8.1
[INFO] [stderr]     Checking pbkdf2 v0.4.0
[INFO] [stderr]     Checking sha2 v0.8.2
[INFO] [stderr]     Checking tracing-log v0.1.1
[INFO] [stderr]     Checking pwasm-utils v0.12.0
[INFO] [stderr]     Checking trie-db v0.22.2
[INFO] [stderr]     Checking getrandom v0.1.16
[INFO] [stderr]     Checking parking_lot_core v0.8.2
[INFO] [stderr]     Checking time v0.1.43
[INFO] [stderr]     Checking num_cpus v1.13.0
[INFO] [stderr]     Checking wasmi v0.6.2
[INFO] [stderr]     Checking backtrace v0.3.55
[INFO] [stderr]     Checking matchers v0.0.1
[INFO] [stderr]     Checking rand_core v0.5.1
[INFO] [stderr]     Checking rand_core v0.6.1
[INFO] [stderr]     Checking parking_lot v0.11.1
[INFO] [stderr]     Checking chrono v0.4.19
[INFO] [stderr]     Checking sp-panic-handler v2.0.1 (https://github.com/paritytech/substrate#928b7358)
[INFO] [stderr]     Checking rand_pcg v0.2.1
[INFO] [stderr]     Checking rand_chacha v0.2.2
[INFO] [stderr]     Checking rand_chacha v0.3.0
[INFO] [stderr]     Checking once_cell v1.5.2
[INFO] [stderr]    Compiling Inflector v0.11.4
[INFO] [stderr]     Checking rand v0.7.3
[INFO] [stderr]     Checking futures-task v0.3.9
[INFO] [stderr]     Checking rand v0.8.1
[INFO] [stderr]     Checking libsecp256k1 v0.3.5
[INFO] [stderr]     Checking twox-hash v1.6.0
[INFO] [stderr]     Checking rand_distr v0.2.2
[INFO] [stderr]     Checking statrs v0.12.0
[INFO] [stderr]     Checking fixed-hash v0.7.0
[INFO] [stderr]     Checking nalgebra v0.21.1
[INFO] [stderr]    Compiling synstructure v0.12.4
[INFO] [stderr]    Compiling zeroize_derive v1.0.1
[INFO] [stderr]    Compiling ref-cast-impl v1.0.6
[INFO] [stderr]    Compiling tracing-attributes v0.1.11
[INFO] [stderr]    Compiling sp-debug-derive v2.0.1 (https://github.com/paritytech/substrate#928b7358)
[INFO] [stderr]    Compiling impl-trait-for-tuples v0.2.0
[INFO] [stderr]    Compiling futures-macro v0.3.9
[INFO] [stderr]    Compiling thiserror-impl v1.0.23
[INFO] [stderr]    Compiling parity-util-mem-derive v0.1.0
[INFO] [stderr]    Compiling dyn-clonable-impl v0.9.0
[INFO] [stderr]    Compiling async-trait v0.1.42
[INFO] [stderr]    Compiling derive_more v0.99.11
[INFO] [stderr]    Compiling frame-support-procedural-tools-derive v2.0.1 (https://github.com/paritytech/substrate#928b7358)
[INFO] [stderr]     Checking dyn-clonable v0.9.0
[INFO] [stderr]     Checking zeroize v1.2.0
[INFO] [stderr]     Checking ref-cast v1.0.6
[INFO] [stderr]     Checking curve25519-dalek v2.1.2
[INFO] [stderr]     Checking merlin v2.0.0
[INFO] [stderr]     Checking curve25519-dalek v3.0.2
[INFO] [stderr]     Checking secrecy v0.7.0
[INFO] [stderr]     Checking futures-util v0.3.9
[INFO] [stderr]     Checking thiserror v1.0.23
[INFO] [stderr]     Checking tracing v0.1.22
[INFO] [stderr]     Checking tiny-bip39 v0.8.0
[INFO] [stderr]     Checking futures-executor v0.3.9
[INFO] [stderr]     Checking futures v0.3.9
[INFO] [stderr]     Checking linregress v0.4.0
[INFO] [stderr]     Checking impl-serde v0.3.1
[INFO] [stderr]     Checking serde_json v1.0.61
[INFO] [stderr]     Checking tracing-serde v0.1.2
[INFO] [stderr]     Checking schnorrkel v0.9.1
[INFO] [stderr]     Checking ed25519-dalek v1.0.1
[INFO] [stderr]    Compiling toml v0.5.8
[INFO] [stderr]     Checking substrate-bip39 v0.4.2
[INFO] [stderr]     Checking tracing-subscriber v0.2.15
[INFO] [stderr]    Compiling proc-macro-crate v0.1.5
[INFO] [stderr]    Compiling frame-support-procedural-tools v2.0.1 (https://github.com/paritytech/substrate#928b7358)
[INFO] [stderr]    Compiling parity-scale-codec-derive v1.2.2
[INFO] [stderr]    Compiling sp-runtime-interface-proc-macro v2.0.1 (https://github.com/paritytech/substrate#928b7358)
[INFO] [stderr]    Compiling sp-api-proc-macro v2.0.1 (https://github.com/paritytech/substrate#928b7358)
[INFO] [stderr]    Compiling frame-support-procedural v2.0.1 (https://github.com/paritytech/substrate#928b7358)
[INFO] [stderr]     Checking parity-scale-codec v1.3.6
[INFO] [stderr]     Checking impl-codec v0.4.2
[INFO] [stderr]     Checking sp-storage v2.0.1 (https://github.com/paritytech/substrate#928b7358)
[INFO] [stderr]     Checking sp-tracing v2.0.1 (https://github.com/paritytech/substrate#928b7358)
[INFO] [stderr]     Checking sp-wasm-interface v2.0.1 (https://github.com/paritytech/substrate#928b7358)
[INFO] [stderr]     Checking sp-arithmetic v2.0.1 (https://github.com/paritytech/substrate#928b7358)
[INFO] [stderr]     Checking primitive-types v0.8.0
[INFO] [stderr]     Checking sp-externalities v0.8.1 (https://github.com/paritytech/substrate#928b7358)
[INFO] [stderr]     Checking sp-runtime-interface v2.0.1 (https://github.com/paritytech/substrate#928b7358)
[INFO] [stderr]     Checking memory-db v0.25.0
[INFO] [stderr]     Checking sp-core v2.0.1 (https://github.com/paritytech/substrate#928b7358)
[INFO] [stderr]     Checking sp-trie v2.0.1 (https://github.com/paritytech/substrate#928b7358)
[INFO] [stderr]     Checking sp-keystore v0.8.0 (https://github.com/paritytech/substrate#928b7358)
[INFO] [stderr]     Checking frame-metadata v12.0.1 (https://github.com/paritytech/substrate#928b7358)
[INFO] [stderr]     Checking sp-inherents v2.0.1 (https://github.com/paritytech/substrate#928b7358)
[INFO] [stderr]     Checking sp-state-machine v0.8.1 (https://github.com/paritytech/substrate#928b7358)
[INFO] [stderr]     Checking sp-io v2.0.1 (https://github.com/paritytech/substrate#928b7358)
[INFO] [stderr]     Checking sp-application-crypto v2.0.1 (https://github.com/paritytech/substrate#928b7358)
[INFO] [stderr]     Checking sp-sandbox v0.8.1 (https://github.com/paritytech/substrate#928b7358)
[INFO] [stderr]     Checking sp-runtime v2.0.1 (https://github.com/paritytech/substrate#928b7358)
[INFO] [stderr]     Checking sp-version v2.0.1 (https://github.com/paritytech/substrate#928b7358)
[INFO] [stderr]     Checking frame-support v2.0.1 (https://github.com/paritytech/substrate#928b7358)
[INFO] [stderr]     Checking sp-api v2.0.1 (https://github.com/paritytech/substrate#928b7358)
[INFO] [stderr]     Checking frame-system v2.0.1 (https://github.com/paritytech/substrate#928b7358)
[INFO] [stderr]     Checking frame-benchmarking v2.0.1 (https://github.com/paritytech/substrate#928b7358)
[INFO] [stderr]     Checking pallet-balances v2.0.1 (https://github.com/paritytech/substrate#928b7358)
[INFO] [stderr]     Checking pallet-actors v2.0.0-rc2 (/opt/rustwide/workdir/frame/actors)
[INFO] [stdout] error: no rules expected the token `)`
[INFO] [stdout]    --> frame/actors/src/exec/prepare.rs:408:13
[INFO] [stdout]     |
[INFO] [stdout] 408 |         panic(_ctx) => { unreachable!(); },
[INFO] [stdout]     |                   ^ no rules expected this token in macro call
[INFO] [stdout]     |
[INFO] [stdout]    ::: frame/actors/src/exec/env_def/macros.rs:171:1
[INFO] [stdout]     |
[INFO] [stdout] 171 | macro_rules! define_env {
[INFO] [stdout]     | ----------------------- when calling this macro
[INFO] [stdout] 
[INFO] [stdout] 
[INFO] [stdout] error[E0433]: failed to resolve: could not find `Trait` in `frame_system`
[INFO] [stdout]   --> frame/actors/src/lib.rs:45:48
[INFO] [stdout]    |
[INFO] [stdout] 45 | pub type AccountIdFor<T> = <T as frame_system::Trait>::AccountId;
[INFO] [stdout]    |                                                ^^^^^ could not find `Trait` in `frame_system`
[INFO] [stdout] 
[INFO] [stdout] 
[INFO] [stdout] error[E0433]: failed to resolve: could not find `Trait` in `frame_system`
[INFO] [stdout]   --> frame/actors/src/lib.rs:48:82
[INFO] [stdout]    |
[INFO] [stdout] 48 | pub type BalanceFor<T> = <<T as Trait>::Currency as Currency<<T as frame_system::Trait>::AccountId>>::Balance;
[INFO] [stdout]    |                                                                                  ^^^^^ could not find `Trait` in `frame_system`
[INFO] [stdout] 
[INFO] [stdout] 
[INFO] [stdout] error[E0433]: failed to resolve: could not find `Trait` in `frame_system`
[INFO] [stdout]   --> frame/actors/src/lib.rs:51:92
[INFO] [stdout]    |
[INFO] [stdout] 51 | pub type PositiveImbalanceFor<T> = <<T as Trait>::Currency as Currency<<T as frame_system::Trait>::AccountId>>::PositiveImbalance;
[INFO] [stdout]    |                                                                                            ^^^^^ could not find `Trait` in `frame_system`
[INFO] [stdout] 
[INFO] [stdout] 
[INFO] [stdout] error[E0433]: failed to resolve: could not find `Trait` in `frame_system`
[INFO] [stdout]   --> frame/actors/src/lib.rs:54:92
[INFO] [stdout]    |
[INFO] [stdout] 54 | pub type NegativeImbalanceFor<T> = <<T as Trait>::Currency as Currency<<T as frame_system::Trait>::AccountId>>::NegativeImbalance;
[INFO] [stdout]    |                                                                                            ^^^^^ could not find `Trait` in `frame_system`
[INFO] [stdout] 
[INFO] [stdout] 
[INFO] [stdout] error[E0433]: failed to resolve: could not find `Trait` in `frame_system`
[INFO] [stdout]   --> frame/actors/src/lib.rs:63:43
[INFO] [stdout]    |
[INFO] [stdout] 63 | pub type HashFor<T> = <T as frame_system::Trait>::Hash;
[INFO] [stdout]    |                                           ^^^^^ could not find `Trait` in `frame_system`
[INFO] [stdout] 
[INFO] [stdout] 
[INFO] [stdout] error[E0432]: unresolved import `wabt`
[INFO] [stdout]    --> frame/actors/src/exec/prepare.rs:396:6
[INFO] [stdout]     |
[INFO] [stdout] 396 |     use wabt;
[INFO] [stdout]     |         ^^^^ no external crate `wabt`
[INFO] [stdout] 
[INFO] [stdout] 
[INFO] [stdout] error[E0432]: unresolved import `assert_matches`
[INFO] [stdout]    --> frame/actors/src/exec/prepare.rs:397:6
[INFO] [stdout]     |
[INFO] [stdout] 397 |     use assert_matches::assert_matches;
[INFO] [stdout]     |         ^^^^^^^^^^^^^^ help: a similar path exists: `std::assert_matches`
[INFO] [stdout] 
[INFO] [stdout] 
[INFO] [stdout] error: cannot determine resolution for the macro `assert_matches`
[INFO] [stdout]    --> frame/actors/src/exec/prepare.rs:425:5
[INFO] [stdout]     |
[INFO] [stdout] 425 |                   assert_matches!(r, $($expected)*);
[INFO] [stdout]     |                   ^^^^^^^^^^^^^^
[INFO] [stdout] ...
[INFO] [stdout] 430 | /     prepare_test!(no_floats,
[INFO] [stdout] 431 | |         r#"
[INFO] [stdout] 432 | |         (module
[INFO] [stdout] 433 | |             (func (export "call")
[INFO] [stdout] ...   |
[INFO] [stdout] 443 | |         Err("gas instrumentation failed")
[INFO] [stdout] 444 | |     );
[INFO] [stdout]     | |______- in this macro invocation
[INFO] [stdout]     |
[INFO] [stdout]     = note: import resolution is stuck, try simplifying macro imports
[INFO] [stdout]     = note: this error originates in the macro `prepare_test` (in Nightly builds, run with -Z macro-backtrace for more info)
[INFO] [stdout] 
[INFO] [stdout] 
[INFO] [stdout] error: cannot determine resolution for the macro `assert_matches`
[INFO] [stdout]    --> frame/actors/src/exec/prepare.rs:425:5
[INFO] [stdout]     |
[INFO] [stdout] 425 |                   assert_matches!(r, $($expected)*);
[INFO] [stdout]     |                   ^^^^^^^^^^^^^^
[INFO] [stdout] ...
[INFO] [stdout] 455 | /         prepare_test!(memory_with_one_page,
[INFO] [stdout] 456 | |             r#"
[INFO] [stdout] 457 | |             (module
[INFO] [stdout] 458 | |                 (import "env" "memory" (memory 1 1))
[INFO] [stdout] ...   |
[INFO] [stdout] 464 | |             Ok(_)
[INFO] [stdout] 465 | |         );
[INFO] [stdout]     | |__________- in this macro invocation
[INFO] [stdout]     |
[INFO] [stdout]     = note: import resolution is stuck, try simplifying macro imports
[INFO] [stdout]     = note: this error originates in the macro `prepare_test` (in Nightly builds, run with -Z macro-backtrace for more info)
[INFO] [stdout] 
[INFO] [stdout] 
[INFO] [stdout] error: cannot determine resolution for the macro `assert_matches`
[INFO] [stdout]    --> frame/actors/src/exec/prepare.rs:425:5
[INFO] [stdout]     |
[INFO] [stdout] 425 |                   assert_matches!(r, $($expected)*);
[INFO] [stdout]     |                   ^^^^^^^^^^^^^^
[INFO] [stdout] ...
[INFO] [stdout] 467 | /         prepare_test!(internal_memory_declaration,
[INFO] [stdout] 468 | |             r#"
[INFO] [stdout] 469 | |             (module
[INFO] [stdout] 470 | |                 (memory 1 1)
[INFO] [stdout] ...   |
[INFO] [stdout] 476 | |             Err("module declares internal memory")
[INFO] [stdout] 477 | |         );
[INFO] [stdout]     | |__________- in this macro invocation
[INFO] [stdout]     |
[INFO] [stdout]     = note: import resolution is stuck, try simplifying macro imports
[INFO] [stdout]     = note: this error originates in the macro `prepare_test` (in Nightly builds, run with -Z macro-backtrace for more info)
[INFO] [stdout] 
[INFO] [stdout] 
[INFO] [stdout] error: cannot determine resolution for the macro `assert_matches`
[INFO] [stdout]    --> frame/actors/src/exec/prepare.rs:425:5
[INFO] [stdout]     |
[INFO] [stdout] 425 |                   assert_matches!(r, $($expected)*);
[INFO] [stdout]     |                   ^^^^^^^^^^^^^^
[INFO] [stdout] ...
[INFO] [stdout] 479 | /         prepare_test!(no_memory_import,
[INFO] [stdout] 480 | |             r#"
[INFO] [stdout] 481 | |             (module
[INFO] [stdout] 482 | |                 ;; no memory imported
[INFO] [stdout] ...   |
[INFO] [stdout] 487 | |             Ok(_)
[INFO] [stdout] 488 | |         );
[INFO] [stdout]     | |__________- in this macro invocation
[INFO] [stdout]     |
[INFO] [stdout]     = note: import resolution is stuck, try simplifying macro imports
[INFO] [stdout]     = note: this error originates in the macro `prepare_test` (in Nightly builds, run with -Z macro-backtrace for more info)
[INFO] [stdout] 
[INFO] [stdout] 
[INFO] [stdout] error: cannot determine resolution for the macro `assert_matches`
[INFO] [stdout]    --> frame/actors/src/exec/prepare.rs:425:5
[INFO] [stdout]     |
[INFO] [stdout] 425 |                   assert_matches!(r, $($expected)*);
[INFO] [stdout]     |                   ^^^^^^^^^^^^^^
[INFO] [stdout] ...
[INFO] [stdout] 490 | /         prepare_test!(initial_exceeds_maximum,
[INFO] [stdout] 491 | |             r#"
[INFO] [stdout] 492 | |             (module
[INFO] [stdout] 493 | |                 (import "env" "memory" (memory 16 1))
[INFO] [stdout] ...   |
[INFO] [stdout] 499 | |             Err("Module is not valid")
[INFO] [stdout] 500 | |         );
[INFO] [stdout]     | |__________- in this macro invocation
[INFO] [stdout]     |
[INFO] [stdout]     = note: import resolution is stuck, try simplifying macro imports
[INFO] [stdout]     = note: this error originates in the macro `prepare_test` (in Nightly builds, run with -Z macro-backtrace for more info)
[INFO] [stdout] 
[INFO] [stdout] 
[INFO] [stdout] error: cannot determine resolution for the macro `assert_matches`
[INFO] [stdout]    --> frame/actors/src/exec/prepare.rs:425:5
[INFO] [stdout]     |
[INFO] [stdout] 425 |                   assert_matches!(r, $($expected)*);
[INFO] [stdout]     |                   ^^^^^^^^^^^^^^
[INFO] [stdout] ...
[INFO] [stdout] 502 | /         prepare_test!(no_maximum,
[INFO] [stdout] 503 | |             r#"
[INFO] [stdout] 504 | |             (module
[INFO] [stdout] 505 | |                 (import "env" "memory" (memory 1))
[INFO] [stdout] ...   |
[INFO] [stdout] 511 | |             Err("Maximum number of pages should be always declared.")
[INFO] [stdout] 512 | |         );
[INFO] [stdout]     | |__________- in this macro invocation
[INFO] [stdout]     |
[INFO] [stdout]     = note: import resolution is stuck, try simplifying macro imports
[INFO] [stdout]     = note: this error originates in the macro `prepare_test` (in Nightly builds, run with -Z macro-backtrace for more info)
[INFO] [stdout] 
[INFO] [stdout] 
[INFO] [stdout] error: cannot determine resolution for the macro `assert_matches`
[INFO] [stdout]    --> frame/actors/src/exec/prepare.rs:425:5
[INFO] [stdout]     |
[INFO] [stdout] 425 |                   assert_matches!(r, $($expected)*);
[INFO] [stdout]     |                   ^^^^^^^^^^^^^^
[INFO] [stdout] ...
[INFO] [stdout] 514 | /         prepare_test!(requested_maximum_exceeds_configured_maximum,
[INFO] [stdout] 515 | |             r#"
[INFO] [stdout] 516 | |             (module
[INFO] [stdout] 517 | |                 (import "env" "memory" (memory 1 17))
[INFO] [stdout] ...   |
[INFO] [stdout] 523 | |             Err("Maximum number of pages should not exceed the configured maximum.")
[INFO] [stdout] 524 | |         );
[INFO] [stdout]     | |__________- in this macro invocation
[INFO] [stdout]     |
[INFO] [stdout]     = note: import resolution is stuck, try simplifying macro imports
[INFO] [stdout]     = note: this error originates in the macro `prepare_test` (in Nightly builds, run with -Z macro-backtrace for more info)
[INFO] [stdout] 
[INFO] [stdout] 
[INFO] [stdout] error: cannot determine resolution for the macro `assert_matches`
[INFO] [stdout]    --> frame/actors/src/exec/prepare.rs:425:5
[INFO] [stdout]     |
[INFO] [stdout] 425 |                   assert_matches!(r, $($expected)*);
[INFO] [stdout]     |                   ^^^^^^^^^^^^^^
[INFO] [stdout] ...
[INFO] [stdout] 526 | /         prepare_test!(field_name_not_memory,
[INFO] [stdout] 527 | |             r#"
[INFO] [stdout] 528 | |             (module
[INFO] [stdout] 529 | |                 (import "env" "forgetit" (memory 1 1))
[INFO] [stdout] ...   |
[INFO] [stdout] 535 | |             Err("Memory import must have the field name 'memory'")
[INFO] [stdout] 536 | |         );
[INFO] [stdout]     | |__________- in this macro invocation
[INFO] [stdout]     |
[INFO] [stdout]     = note: import resolution is stuck, try simplifying macro imports
[INFO] [stdout]     = note: this error originates in the macro `prepare_test` (in Nightly builds, run with -Z macro-backtrace for more info)
[INFO] [stdout] 
[INFO] [stdout] 
[INFO] [stdout] error: cannot determine resolution for the macro `assert_matches`
[INFO] [stdout]    --> frame/actors/src/exec/prepare.rs:425:5
[INFO] [stdout]     |
[INFO] [stdout] 425 |                   assert_matches!(r, $($expected)*);
[INFO] [stdout]     |                   ^^^^^^^^^^^^^^
[INFO] [stdout] ...
[INFO] [stdout] 538 | /         prepare_test!(multiple_memory_imports,
[INFO] [stdout] 539 | |             r#"
[INFO] [stdout] 540 | |             (module
[INFO] [stdout] 541 | |                 (import "env" "memory" (memory 1 1))
[INFO] [stdout] ...   |
[INFO] [stdout] 548 | |             Err("Module is not valid")
[INFO] [stdout] 549 | |         );
[INFO] [stdout]     | |__________- in this macro invocation
[INFO] [stdout]     |
[INFO] [stdout]     = note: import resolution is stuck, try simplifying macro imports
[INFO] [stdout]     = note: this error originates in the macro `prepare_test` (in Nightly builds, run with -Z macro-backtrace for more info)
[INFO] [stdout] 
[INFO] [stdout] 
[INFO] [stdout] error: cannot determine resolution for the macro `assert_matches`
[INFO] [stdout]    --> frame/actors/src/exec/prepare.rs:425:5
[INFO] [stdout]     |
[INFO] [stdout] 425 |                   assert_matches!(r, $($expected)*);
[INFO] [stdout]     |                   ^^^^^^^^^^^^^^
[INFO] [stdout] ...
[INFO] [stdout] 551 | /         prepare_test!(table_import,
[INFO] [stdout] 552 | |             r#"
[INFO] [stdout] 553 | |             (module
[INFO] [stdout] 554 | |                 (import "env" "table" (table 1 anyfunc))
[INFO] [stdout] ...   |
[INFO] [stdout] 560 | |             Err("Cannot import tables")
[INFO] [stdout] 561 | |         );
[INFO] [stdout]     | |__________- in this macro invocation
[INFO] [stdout]     |
[INFO] [stdout]     = note: import resolution is stuck, try simplifying macro imports
[INFO] [stdout]     = note: this error originates in the macro `prepare_test` (in Nightly builds, run with -Z macro-backtrace for more info)
[INFO] [stdout] 
[INFO] [stdout] 
[INFO] [stdout] error: cannot determine resolution for the macro `assert_matches`
[INFO] [stdout]    --> frame/actors/src/exec/prepare.rs:425:5
[INFO] [stdout]     |
[INFO] [stdout] 425 |                   assert_matches!(r, $($expected)*);
[INFO] [stdout]     |                   ^^^^^^^^^^^^^^
[INFO] [stdout] ...
[INFO] [stdout] 563 | /         prepare_test!(global_import,
[INFO] [stdout] 564 | |             r#"
[INFO] [stdout] 565 | |             (module
[INFO] [stdout] 566 | |                 (global $g (import "env" "global") i32)
[INFO] [stdout] ...   |
[INFO] [stdout] 571 | |             Err("Cannot import globals")
[INFO] [stdout] 572 | |         );
[INFO] [stdout]     | |__________- in this macro invocation
[INFO] [stdout]     |
[INFO] [stdout]     = note: import resolution is stuck, try simplifying macro imports
[INFO] [stdout]     = note: this error originates in the macro `prepare_test` (in Nightly builds, run with -Z macro-backtrace for more info)
[INFO] [stdout] 
[INFO] [stdout] 
[INFO] [stdout] error: cannot determine resolution for the macro `assert_matches`
[INFO] [stdout]    --> frame/actors/src/exec/prepare.rs:425:5
[INFO] [stdout]     |
[INFO] [stdout] 425 |                   assert_matches!(r, $($expected)*);
[INFO] [stdout]     |                   ^^^^^^^^^^^^^^
[INFO] [stdout] ...
[INFO] [stdout] 584 | /         prepare_test!(no_tables,
[INFO] [stdout] 585 | |             r#"
[INFO] [stdout] 586 | |             (module
[INFO] [stdout] 587 | |                 (func (export "call"))
[INFO] [stdout] ...   |
[INFO] [stdout] 591 | |             Ok(_)
[INFO] [stdout] 592 | |         );
[INFO] [stdout]     | |__________- in this macro invocation
[INFO] [stdout]     |
[INFO] [stdout]     = note: import resolution is stuck, try simplifying macro imports
[INFO] [stdout]     = note: this error originates in the macro `prepare_test` (in Nightly builds, run with -Z macro-backtrace for more info)
[INFO] [stdout] 
[INFO] [stdout] 
[INFO] [stdout] error: cannot determine resolution for the macro `assert_matches`
[INFO] [stdout]    --> frame/actors/src/exec/prepare.rs:425:5
[INFO] [stdout]     |
[INFO] [stdout] 425 |                   assert_matches!(r, $($expected)*);
[INFO] [stdout]     |                   ^^^^^^^^^^^^^^
[INFO] [stdout] ...
[INFO] [stdout] 594 | /         prepare_test!(table_valid_size,
[INFO] [stdout] 595 | |             r#"
[INFO] [stdout] 596 | |             (module
[INFO] [stdout] 597 | |                 (table 10000 funcref)
[INFO] [stdout] ...   |
[INFO] [stdout] 603 | |             Ok(_)
[INFO] [stdout] 604 | |         );
[INFO] [stdout]     | |__________- in this macro invocation
[INFO] [stdout]     |
[INFO] [stdout]     = note: import resolution is stuck, try simplifying macro imports
[INFO] [stdout]     = note: this error originates in the macro `prepare_test` (in Nightly builds, run with -Z macro-backtrace for more info)
[INFO] [stdout] 
[INFO] [stdout] 
[INFO] [stdout] error: cannot determine resolution for the macro `assert_matches`
[INFO] [stdout]    --> frame/actors/src/exec/prepare.rs:425:5
[INFO] [stdout]     |
[INFO] [stdout] 425 |                   assert_matches!(r, $($expected)*);
[INFO] [stdout]     |                   ^^^^^^^^^^^^^^
[INFO] [stdout] ...
[INFO] [stdout] 606 | /         prepare_test!(table_too_big,
[INFO] [stdout] 607 | |             r#"
[INFO] [stdout] 608 | |             (module
[INFO] [stdout] 609 | |                 (table 20000 funcref)
[INFO] [stdout] ...   |
[INFO] [stdout] 614 | |             Err("table exceeds maximum size allowed")
[INFO] [stdout] 615 | |         );
[INFO] [stdout]     | |__________- in this macro invocation
[INFO] [stdout]     |
[INFO] [stdout]     = note: import resolution is stuck, try simplifying macro imports
[INFO] [stdout]     = note: this error originates in the macro `prepare_test` (in Nightly builds, run with -Z macro-backtrace for more info)
[INFO] [stdout] 
[INFO] [stdout] 
[INFO] [stdout] error: cannot determine resolution for the macro `assert_matches`
[INFO] [stdout]    --> frame/actors/src/exec/prepare.rs:425:5
[INFO] [stdout]     |
[INFO] [stdout] 425 |                   assert_matches!(r, $($expected)*);
[INFO] [stdout]     |                   ^^^^^^^^^^^^^^
[INFO] [stdout] ...
[INFO] [stdout] 621 | /         prepare_test!(can_import_legit_function,
[INFO] [stdout] 622 | |             r#"
[INFO] [stdout] 623 | |             (module
[INFO] [stdout] 624 | |                 (import "env" "nop" (func (param i64)))
[INFO] [stdout] ...   |
[INFO] [stdout] 630 | |             Ok(_)
[INFO] [stdout] 631 | |         );
[INFO] [stdout]     | |__________- in this macro invocation
[INFO] [stdout]     |
[INFO] [stdout]     = note: import resolution is stuck, try simplifying macro imports
[INFO] [stdout]     = note: this error originates in the macro `prepare_test` (in Nightly builds, run with -Z macro-backtrace for more info)
[INFO] [stdout] 
[INFO] [stdout] 
[INFO] [stdout] error: cannot determine resolution for the macro `assert_matches`
[INFO] [stdout]    --> frame/actors/src/exec/prepare.rs:425:5
[INFO] [stdout]     |
[INFO] [stdout] 425 |                   assert_matches!(r, $($expected)*);
[INFO] [stdout]     |                   ^^^^^^^^^^^^^^
[INFO] [stdout] ...
[INFO] [stdout] 635 | /         prepare_test!(can_not_import_gas_function,
[INFO] [stdout] 636 | |             r#"
[INFO] [stdout] 637 | |             (module
[INFO] [stdout] 638 | |                 (import "env" "gas" (func (param i32)))
[INFO] [stdout] ...   |
[INFO] [stdout] 644 | |             Err("module imports a non-existent function")
[INFO] [stdout] 645 | |         );
[INFO] [stdout]     | |__________- in this macro invocation
[INFO] [stdout]     |
[INFO] [stdout]     = note: import resolution is stuck, try simplifying macro imports
[INFO] [stdout]     = note: this error originates in the macro `prepare_test` (in Nightly builds, run with -Z macro-backtrace for more info)
[INFO] [stdout] 
[INFO] [stdout] 
[INFO] [stdout] error: cannot determine resolution for the macro `assert_matches`
[INFO] [stdout]    --> frame/actors/src/exec/prepare.rs:425:5
[INFO] [stdout]     |
[INFO] [stdout] 425 |                   assert_matches!(r, $($expected)*);
[INFO] [stdout]     |                   ^^^^^^^^^^^^^^
[INFO] [stdout] ...
[INFO] [stdout] 648 | /         prepare_test!(non_env_import,
[INFO] [stdout] 649 | |             r#"
[INFO] [stdout] 650 | |             (module
[INFO] [stdout] 651 | |                 (import "another_module" "memory" (memory 1 1))
[INFO] [stdout] ...   |
[INFO] [stdout] 657 | |             Err("module has imports from a non-'env' namespace")
[INFO] [stdout] 658 | |         );
[INFO] [stdout]     | |__________- in this macro invocation
[INFO] [stdout]     |
[INFO] [stdout]     = note: import resolution is stuck, try simplifying macro imports
[INFO] [stdout]     = note: this error originates in the macro `prepare_test` (in Nightly builds, run with -Z macro-backtrace for more info)
[INFO] [stdout] 
[INFO] [stdout] 
[INFO] [stdout] error: cannot determine resolution for the macro `assert_matches`
[INFO] [stdout]    --> frame/actors/src/exec/prepare.rs:425:5
[INFO] [stdout]     |
[INFO] [stdout] 425 |                   assert_matches!(r, $($expected)*);
[INFO] [stdout]     |                   ^^^^^^^^^^^^^^
[INFO] [stdout] ...
[INFO] [stdout] 661 | /         prepare_test!(wrong_signature,
[INFO] [stdout] 662 | |             r#"
[INFO] [stdout] 663 | |             (module
[INFO] [stdout] 664 | |                 (import "env" "gas" (func (param i64)))
[INFO] [stdout] ...   |
[INFO] [stdout] 670 | |             Err("module imports a non-existent function")
[INFO] [stdout] 671 | |         );
[INFO] [stdout]     | |__________- in this macro invocation
[INFO] [stdout]     |
[INFO] [stdout]     = note: import resolution is stuck, try simplifying macro imports
[INFO] [stdout]     = note: this error originates in the macro `prepare_test` (in Nightly builds, run with -Z macro-backtrace for more info)
[INFO] [stdout] 
[INFO] [stdout] 
[INFO] [stdout] error: cannot determine resolution for the macro `assert_matches`
[INFO] [stdout]    --> frame/actors/src/exec/prepare.rs:425:5
[INFO] [stdout]     |
[INFO] [stdout] 425 |                   assert_matches!(r, $($expected)*);
[INFO] [stdout]     |                   ^^^^^^^^^^^^^^
[INFO] [stdout] ...
[INFO] [stdout] 673 | /         prepare_test!(unknown_func_name,
[INFO] [stdout] 674 | |             r#"
[INFO] [stdout] 675 | |             (module
[INFO] [stdout] 676 | |                 (import "env" "unknown_func" (func))
[INFO] [stdout] ...   |
[INFO] [stdout] 682 | |             Err("module imports a non-existent function")
[INFO] [stdout] 683 | |         );
[INFO] [stdout]     | |__________- in this macro invocation
[INFO] [stdout]     |
[INFO] [stdout]     = note: import resolution is stuck, try simplifying macro imports
[INFO] [stdout]     = note: this error originates in the macro `prepare_test` (in Nightly builds, run with -Z macro-backtrace for more info)
[INFO] [stdout] 
[INFO] [stdout] 
[INFO] [stdout] error: cannot determine resolution for the macro `assert_matches`
[INFO] [stdout]    --> frame/actors/src/exec/prepare.rs:425:5
[INFO] [stdout]     |
[INFO] [stdout] 425 |                   assert_matches!(r, $($expected)*);
[INFO] [stdout]     |                   ^^^^^^^^^^^^^^
[INFO] [stdout] ...
[INFO] [stdout] 685 | /         prepare_test!(ext_println_debug_disabled,
[INFO] [stdout] 686 | |             r#"
[INFO] [stdout] 687 | |             (module
[INFO] [stdout] 688 | |                 (import "env" "ext_println" (func $ext_println (param i32 i32)))
[INFO] [stdout] ...   |
[INFO] [stdout] 694 | |             Err("module imports `ext_println` but debug features disabled")
[INFO] [stdout] 695 | |         );
[INFO] [stdout]     | |__________- in this macro invocation
[INFO] [stdout]     |
[INFO] [stdout]     = note: import resolution is stuck, try simplifying macro imports
[INFO] [stdout]     = note: this error originates in the macro `prepare_test` (in Nightly builds, run with -Z macro-backtrace for more info)
[INFO] [stdout] 
[INFO] [stdout] 
[INFO] [stdout] error[E0433]: failed to resolve: could not find `Trait` in `frame_system`
[INFO] [stdout]   --> frame/actors/src/lib.rs:92:62
[INFO] [stdout]    |
[INFO] [stdout] 92 |     type Event: From<Event<Self>> + Into<<Self as frame_system::Trait>::Event>;
[INFO] [stdout]    |                                                                 ^^^^^ could not find `Trait` in `frame_system`
[INFO] [stdout] 
[INFO] [stdout] 
[INFO] [stdout] error: cannot determine resolution for the macro `assert_matches`
[INFO] [stdout]    --> frame/actors/src/exec/prepare.rs:712:4
[INFO] [stdout]     |
[INFO] [stdout] 712 |             assert_matches!(r, Ok(_));
[INFO] [stdout]     |             ^^^^^^^^^^^^^^
[INFO] [stdout]     |
[INFO] [stdout]     = note: import resolution is stuck, try simplifying macro imports
[INFO] [stdout] 
[INFO] [stdout] 
[INFO] [stdout] error: cannot determine resolution for the macro `assert_matches`
[INFO] [stdout]    --> frame/actors/src/exec/prepare.rs:425:5
[INFO] [stdout]     |
[INFO] [stdout] 425 |                   assert_matches!(r, $($expected)*);
[INFO] [stdout]     |                   ^^^^^^^^^^^^^^
[INFO] [stdout] ...
[INFO] [stdout] 719 | /         prepare_test!(it_works,
[INFO] [stdout] 720 | |             r#"
[INFO] [stdout] 721 | |             (module
[INFO] [stdout] 722 | |                 (func (export "call"))
[INFO] [stdout] ...   |
[INFO] [stdout] 726 | |             Ok(_)
[INFO] [stdout] 727 | |         );
[INFO] [stdout]     | |__________- in this macro invocation
[INFO] [stdout]     |
[INFO] [stdout]     = note: import resolution is stuck, try simplifying macro imports
[INFO] [stdout]     = note: this error originates in the macro `prepare_test` (in Nightly builds, run with -Z macro-backtrace for more info)
[INFO] [stdout] 
[INFO] [stdout] 
[INFO] [stdout] error: cannot determine resolution for the macro `assert_matches`
[INFO] [stdout]    --> frame/actors/src/exec/prepare.rs:425:5
[INFO] [stdout]     |
[INFO] [stdout] 425 |                   assert_matches!(r, $($expected)*);
[INFO] [stdout]     |                   ^^^^^^^^^^^^^^
[INFO] [stdout] ...
[INFO] [stdout] 729 | /         prepare_test!(omit_deploy,
[INFO] [stdout] 730 | |             r#"
[INFO] [stdout] 731 | |             (module
[INFO] [stdout] 732 | |                 (func (export "call"))
[INFO] [stdout] ...   |
[INFO] [stdout] 735 | |             Err("deploy function isn't exported")
[INFO] [stdout] 736 | |         );
[INFO] [stdout]     | |__________- in this macro invocation
[INFO] [stdout]     |
[INFO] [stdout]     = note: import resolution is stuck, try simplifying macro imports
[INFO] [stdout]     = note: this error originates in the macro `prepare_test` (in Nightly builds, run with -Z macro-backtrace for more info)
[INFO] [stdout] 
[INFO] [stdout] 
[INFO] [stdout] error: cannot determine resolution for the macro `assert_matches`
[INFO] [stdout]    --> frame/actors/src/exec/prepare.rs:425:5
[INFO] [stdout]     |
[INFO] [stdout] 425 |                   assert_matches!(r, $($expected)*);
[INFO] [stdout]     |                   ^^^^^^^^^^^^^^
[INFO] [stdout] ...
[INFO] [stdout] 738 | /         prepare_test!(omit_call,
[INFO] [stdout] 739 | |             r#"
[INFO] [stdout] 740 | |             (module
[INFO] [stdout] 741 | |                 (func (export "deploy"))
[INFO] [stdout] ...   |
[INFO] [stdout] 744 | |             Err("call function isn't exported")
[INFO] [stdout] 745 | |         );
[INFO] [stdout]     | |__________- in this macro invocation
[INFO] [stdout]     |
[INFO] [stdout]     = note: import resolution is stuck, try simplifying macro imports
[INFO] [stdout]     = note: this error originates in the macro `prepare_test` (in Nightly builds, run with -Z macro-backtrace for more info)
[INFO] [stdout] 
[INFO] [stdout] 
[INFO] [stdout] error: cannot determine resolution for the macro `assert_matches`
[INFO] [stdout]    --> frame/actors/src/exec/prepare.rs:425:5
[INFO] [stdout]     |
[INFO] [stdout] 425 |                   assert_matches!(r, $($expected)*);
[INFO] [stdout]     |                   ^^^^^^^^^^^^^^
[INFO] [stdout] ...
[INFO] [stdout] 748 | /         prepare_test!(try_sneak_export_as_entrypoint,
[INFO] [stdout] 749 | |             r#"
[INFO] [stdout] 750 | |             (module
[INFO] [stdout] 751 | |                 (import "env" "panic" (func))
[INFO] [stdout] ...   |
[INFO] [stdout] 758 | |             Err("entry point points to an imported function")
[INFO] [stdout] 759 | |         );
[INFO] [stdout]     | |__________- in this macro invocation
[INFO] [stdout]     |
[INFO] [stdout]     = note: import resolution is stuck, try simplifying macro imports
[INFO] [stdout]     = note: this error originates in the macro `prepare_test` (in Nightly builds, run with -Z macro-backtrace for more info)
[INFO] [stdout] 
[INFO] [stdout] 
[INFO] [stdout] error: cannot determine resolution for the macro `assert_matches`
[INFO] [stdout]    --> frame/actors/src/exec/prepare.rs:425:5
[INFO] [stdout]     |
[INFO] [stdout] 425 |                   assert_matches!(r, $($expected)*);
[INFO] [stdout]     |                   ^^^^^^^^^^^^^^
[INFO] [stdout] ...
[INFO] [stdout] 762 | /         prepare_test!(try_sneak_export_as_global,
[INFO] [stdout] 763 | |             r#"
[INFO] [stdout] 764 | |             (module
[INFO] [stdout] 765 | |                 (func (export "deploy"))
[INFO] [stdout] ...   |
[INFO] [stdout] 769 | |             Err("expected a function")
[INFO] [stdout] 770 | |         );
[INFO] [stdout]     | |__________- in this macro invocation
[INFO] [stdout]     |
[INFO] [stdout]     = note: import resolution is stuck, try simplifying macro imports
[INFO] [stdout]     = note: this error originates in the macro `prepare_test` (in Nightly builds, run with -Z macro-backtrace for more info)
[INFO] [stdout] 
[INFO] [stdout] 
[INFO] [stdout] error: cannot determine resolution for the macro `assert_matches`
[INFO] [stdout]    --> frame/actors/src/exec/prepare.rs:425:5
[INFO] [stdout]     |
[INFO] [stdout] 425 |                   assert_matches!(r, $($expected)*);
[INFO] [stdout]     |                   ^^^^^^^^^^^^^^
[INFO] [stdout] ...
[INFO] [stdout] 772 | /         prepare_test!(wrong_signature,
[INFO] [stdout] 773 | |             r#"
[INFO] [stdout] 774 | |             (module
[INFO] [stdout] 775 | |                 (func (export "deploy"))
[INFO] [stdout] ...   |
[INFO] [stdout] 779 | |             Err("entry point has wrong signature")
[INFO] [stdout] 780 | |         );
[INFO] [stdout]     | |__________- in this macro invocation
[INFO] [stdout]     |
[INFO] [stdout]     = note: import resolution is stuck, try simplifying macro imports
[INFO] [stdout]     = note: this error originates in the macro `prepare_test` (in Nightly builds, run with -Z macro-backtrace for more info)
[INFO] [stdout] 
[INFO] [stdout] 
[INFO] [stdout] error: cannot determine resolution for the macro `assert_matches`
[INFO] [stdout]    --> frame/actors/src/exec/prepare.rs:425:5
[INFO] [stdout]     |
[INFO] [stdout] 425 |                   assert_matches!(r, $($expected)*);
[INFO] [stdout]     |                   ^^^^^^^^^^^^^^
[INFO] [stdout] ...
[INFO] [stdout] 782 | /         prepare_test!(unknown_exports,
[INFO] [stdout] 783 | |             r#"
[INFO] [stdout] 784 | |             (module
[INFO] [stdout] 785 | |                 (func (export "call"))
[INFO] [stdout] ...   |
[INFO] [stdout] 790 | |             Err("unknown export: expecting only deploy and call functions")
[INFO] [stdout] 791 | |         );
[INFO] [stdout]     | |__________- in this macro invocation
[INFO] [stdout]     |
[INFO] [stdout]     = note: import resolution is stuck, try simplifying macro imports
[INFO] [stdout]     = note: this error originates in the macro `prepare_test` (in Nightly builds, run with -Z macro-backtrace for more info)
[INFO] [stdout] 
[INFO] [stdout] 
[INFO] [stdout] error: cannot determine resolution for the macro `assert_matches`
[INFO] [stdout]    --> frame/actors/src/exec/prepare.rs:425:5
[INFO] [stdout]     |
[INFO] [stdout] 425 |                   assert_matches!(r, $($expected)*);
[INFO] [stdout]     |                   ^^^^^^^^^^^^^^
[INFO] [stdout] ...
[INFO] [stdout] 793 | /         prepare_test!(global_float,
[INFO] [stdout] 794 | |             r#"
[INFO] [stdout] 795 | |             (module
[INFO] [stdout] 796 | |                 (global $x f32 (f32.const 0))
[INFO] [stdout] ...   |
[INFO] [stdout] 801 | |             Err("use of floating point type in globals is forbidden")
[INFO] [stdout] 802 | |         );
[INFO] [stdout]     | |__________- in this macro invocation
[INFO] [stdout]     |
[INFO] [stdout]     = note: import resolution is stuck, try simplifying macro imports
[INFO] [stdout]     = note: this error originates in the macro `prepare_test` (in Nightly builds, run with -Z macro-backtrace for more info)
[INFO] [stdout] 
[INFO] [stdout] 
[INFO] [stdout] error: cannot determine resolution for the macro `assert_matches`
[INFO] [stdout]    --> frame/actors/src/exec/prepare.rs:425:5
[INFO] [stdout]     |
[INFO] [stdout] 425 |                   assert_matches!(r, $($expected)*);
[INFO] [stdout]     |                   ^^^^^^^^^^^^^^
[INFO] [stdout] ...
[INFO] [stdout] 804 | /         prepare_test!(local_float,
[INFO] [stdout] 805 | |             r#"
[INFO] [stdout] 806 | |             (module
[INFO] [stdout] 807 | |                 (func $foo (local f32))
[INFO] [stdout] ...   |
[INFO] [stdout] 812 | |             Err("use of floating point type in locals is forbidden")
[INFO] [stdout] 813 | |         );
[INFO] [stdout]     | |__________- in this macro invocation
[INFO] [stdout]     |
[INFO] [stdout]     = note: import resolution is stuck, try simplifying macro imports
[INFO] [stdout]     = note: this error originates in the macro `prepare_test` (in Nightly builds, run with -Z macro-backtrace for more info)
[INFO] [stdout] 
[INFO] [stdout] 
[INFO] [stdout] error: cannot determine resolution for the macro `assert_matches`
[INFO] [stdout]    --> frame/actors/src/exec/prepare.rs:425:5
[INFO] [stdout]     |
[INFO] [stdout] 425 |                   assert_matches!(r, $($expected)*);
[INFO] [stdout]     |                   ^^^^^^^^^^^^^^
[INFO] [stdout] ...
[INFO] [stdout] 815 | /         prepare_test!(param_float,
[INFO] [stdout] 816 | |             r#"
[INFO] [stdout] 817 | |             (module
[INFO] [stdout] 818 | |                 (func $foo (param f32))
[INFO] [stdout] ...   |
[INFO] [stdout] 823 | |             Err("use of floating point type in function types is forbidden")
[INFO] [stdout] 824 | |         );
[INFO] [stdout]     | |__________- in this macro invocation
[INFO] [stdout]     |
[INFO] [stdout]     = note: import resolution is stuck, try simplifying macro imports
[INFO] [stdout]     = note: this error originates in the macro `prepare_test` (in Nightly builds, run with -Z macro-backtrace for more info)
[INFO] [stdout] 
[INFO] [stdout] 
[INFO] [stdout] error: cannot determine resolution for the macro `assert_matches`
[INFO] [stdout]    --> frame/actors/src/exec/prepare.rs:425:5
[INFO] [stdout]     |
[INFO] [stdout] 425 |                   assert_matches!(r, $($expected)*);
[INFO] [stdout]     |                   ^^^^^^^^^^^^^^
[INFO] [stdout] ...
[INFO] [stdout] 826 | /         prepare_test!(result_float,
[INFO] [stdout] 827 | |             r#"
[INFO] [stdout] 828 | |             (module
[INFO] [stdout] 829 | |                 (func $foo (result f32) (f32.const 0))
[INFO] [stdout] ...   |
[INFO] [stdout] 834 | |             Err("use of floating point type in function types is forbidden")
[INFO] [stdout] 835 | |         );
[INFO] [stdout]     | |__________- in this macro invocation
[INFO] [stdout]     |
[INFO] [stdout]     = note: import resolution is stuck, try simplifying macro imports
[INFO] [stdout]     = note: this error originates in the macro `prepare_test` (in Nightly builds, run with -Z macro-backtrace for more info)
[INFO] [stdout] 
[INFO] [stdout] 
[INFO] [stdout] error[E0433]: failed to resolve: could not find `Trait` in `frame_system`
[INFO] [stdout]    --> frame/actors/src/lib.rs:120:23
[INFO] [stdout]     |
[INFO] [stdout] 120 |         <T as frame_system::Trait>::AccountId,
[INFO] [stdout]     |                             ^^^^^ could not find `Trait` in `frame_system`
[INFO] [stdout] 
[INFO] [stdout] 
[INFO] [stdout] error[E0433]: failed to resolve: could not find `Trait` in `frame_system`
[INFO] [stdout]    --> frame/actors/src/lib.rs:121:23
[INFO] [stdout]     |
[INFO] [stdout] 121 |         <T as frame_system::Trait>::Hash
[INFO] [stdout]     |                             ^^^^^ could not find `Trait` in `frame_system`
[INFO] [stdout] 
[INFO] [stdout] 
[INFO] [stdout] error[E0405]: cannot find trait `Trait` in crate `frame_system`
[INFO] [stdout]   --> frame/actors/src/lib.rs:90:32
[INFO] [stdout]    |
[INFO] [stdout] 90 | pub trait Trait: frame_system::Trait {
[INFO] [stdout]    |                                ^^^^^ not found in `frame_system`
[INFO] [stdout]    |
[INFO] [stdout] help: consider importing this trait
[INFO] [stdout]    |
[INFO] [stdout] 23 | use crate::gas::Trait;
[INFO] [stdout]    |
[INFO] [stdout] 
[INFO] [stdout] 
[INFO] [stdout] warning: unused import: `self as system`
[INFO] [stdout]   --> frame/actors/src/lib.rs:33:20
[INFO] [stdout]    |
[INFO] [stdout] 33 | use frame_system::{self as system, ensure_signed};
[INFO] [stdout]    |                    ^^^^^^^^^^^^^^
[INFO] [stdout]    |
[INFO] [stdout]    = note: `#[warn(unused_imports)]` on by default
[INFO] [stdout] 
[INFO] [stdout] 
[INFO] [stdout] error: aborting due to 9 previous errors; 1 warning emitted
[INFO] [stdout] 
[INFO] [stdout] 
[INFO] [stdout] Some errors have detailed explanations: E0405, E0433.
[INFO] [stdout] 
[INFO] [stdout] For more information about an error, try `rustc --explain E0405`.
[INFO] [stdout] 
[INFO] [stderr] error: could not compile `pallet-actors` due to 10 previous errors; 1 warning emitted
[INFO] [stderr] warning: build failed, waiting for other jobs to finish...
[INFO] [stdout] error[E0433]: failed to resolve: could not find `Trait` in `frame_system`
[INFO] [stdout]   --> frame/actors/src/lib.rs:45:48
[INFO] [stdout]    |
[INFO] [stdout] 45 | pub type AccountIdFor<T> = <T as frame_system::Trait>::AccountId;
[INFO] [stdout]    |                                                ^^^^^ could not find `Trait` in `frame_system`
[INFO] [stdout] 
[INFO] [stdout] 
[INFO] [stdout] error[E0433]: failed to resolve: could not find `Trait` in `frame_system`
[INFO] [stdout]   --> frame/actors/src/lib.rs:48:82
[INFO] [stdout]    |
[INFO] [stdout] 48 | pub type BalanceFor<T> = <<T as Trait>::Currency as Currency<<T as frame_system::Trait>::AccountId>>::Balance;
[INFO] [stdout]    |                                                                                  ^^^^^ could not find `Trait` in `frame_system`
[INFO] [stdout] 
[INFO] [stdout] 
[INFO] [stdout] error[E0433]: failed to resolve: could not find `Trait` in `frame_system`
[INFO] [stdout]   --> frame/actors/src/lib.rs:51:92
[INFO] [stdout]    |
[INFO] [stdout] 51 | pub type PositiveImbalanceFor<T> = <<T as Trait>::Currency as Currency<<T as frame_system::Trait>::AccountId>>::PositiveImbalance;
[INFO] [stdout]    |                                                                                            ^^^^^ could not find `Trait` in `frame_system`
[INFO] [stdout] 
[INFO] [stdout] 
[INFO] [stdout] error[E0433]: failed to resolve: could not find `Trait` in `frame_system`
[INFO] [stdout]   --> frame/actors/src/lib.rs:54:92
[INFO] [stdout]    |
[INFO] [stdout] 54 | pub type NegativeImbalanceFor<T> = <<T as Trait>::Currency as Currency<<T as frame_system::Trait>::AccountId>>::NegativeImbalance;
[INFO] [stdout]    |                                                                                            ^^^^^ could not find `Trait` in `frame_system`
[INFO] [stdout] 
[INFO] [stdout] 
[INFO] [stdout] error[E0433]: failed to resolve: could not find `Trait` in `frame_system`
[INFO] [stdout]   --> frame/actors/src/lib.rs:63:43
[INFO] [stdout]    |
[INFO] [stdout] 63 | pub type HashFor<T> = <T as frame_system::Trait>::Hash;
[INFO] [stdout]    |                                           ^^^^^ could not find `Trait` in `frame_system`
[INFO] [stdout] 
[INFO] [stdout] 
[INFO] [stdout] error[E0433]: failed to resolve: could not find `Trait` in `frame_system`
[INFO] [stdout]   --> frame/actors/src/lib.rs:92:62
[INFO] [stdout]    |
[INFO] [stdout] 92 |     type Event: From<Event<Self>> + Into<<Self as frame_system::Trait>::Event>;
[INFO] [stdout]    |                                                                 ^^^^^ could not find `Trait` in `frame_system`
[INFO] [stdout] 
[INFO] [stdout] 
[INFO] [stdout] error[E0433]: failed to resolve: could not find `Trait` in `frame_system`
[INFO] [stdout]    --> frame/actors/src/lib.rs:120:23
[INFO] [stdout]     |
[INFO] [stdout] 120 |         <T as frame_system::Trait>::AccountId,
[INFO] [stdout]     |                             ^^^^^ could not find `Trait` in `frame_system`
[INFO] [stdout] 
[INFO] [stdout] 
[INFO] [stdout] error[E0433]: failed to resolve: could not find `Trait` in `frame_system`
[INFO] [stdout]    --> frame/actors/src/lib.rs:121:23
[INFO] [stdout]     |
[INFO] [stdout] 121 |         <T as frame_system::Trait>::Hash
[INFO] [stdout]     |                             ^^^^^ could not find `Trait` in `frame_system`
[INFO] [stdout] 
[INFO] [stdout] 
[INFO] [stdout] error[E0412]: cannot find type `TestEnv` in this scope
[INFO] [stdout]    --> frame/actors/src/exec/prepare.rs:424:32
[INFO] [stdout]     |
[INFO] [stdout] 424 |                   let r = prepare_contract::<TestEnv>(wasm.as_ref(), &schedule);
[INFO] [stdout]     |                                              ^^^^^^^ not found in this scope
[INFO] [stdout] ...
[INFO] [stdout] 430 | /     prepare_test!(no_floats,
[INFO] [stdout] 431 | |         r#"
[INFO] [stdout] 432 | |         (module
[INFO] [stdout] 433 | |             (func (export "call")
[INFO] [stdout] ...   |
[INFO] [stdout] 443 | |         Err("gas instrumentation failed")
[INFO] [stdout] 444 | |     );
[INFO] [stdout]     | |______- in this macro invocation
[INFO] [stdout]     |
[INFO] [stdout]     = note: this error originates in the macro `prepare_test` (in Nightly builds, run with -Z macro-backtrace for more info)
[INFO] [stdout] 
[INFO] [stdout] 
[INFO] [stdout] error[E0412]: cannot find type `TestEnv` in this scope
[INFO] [stdout]    --> frame/actors/src/exec/prepare.rs:424:32
[INFO] [stdout]     |
[INFO] [stdout] 424 |                   let r = prepare_contract::<TestEnv>(wasm.as_ref(), &schedule);
[INFO] [stdout]     |                                              ^^^^^^^ not found in this scope
[INFO] [stdout] ...
[INFO] [stdout] 455 | /         prepare_test!(memory_with_one_page,
[INFO] [stdout] 456 | |             r#"
[INFO] [stdout] 457 | |             (module
[INFO] [stdout] 458 | |                 (import "env" "memory" (memory 1 1))
[INFO] [stdout] ...   |
[INFO] [stdout] 464 | |             Ok(_)
[INFO] [stdout] 465 | |         );
[INFO] [stdout]     | |__________- in this macro invocation
[INFO] [stdout]     |
[INFO] [stdout]     = note: this error originates in the macro `prepare_test` (in Nightly builds, run with -Z macro-backtrace for more info)
[INFO] [stdout] 
[INFO] [stdout] 
[INFO] [stdout] error[E0412]: cannot find type `TestEnv` in this scope
[INFO] [stdout]    --> frame/actors/src/exec/prepare.rs:424:32
[INFO] [stdout]     |
[INFO] [stdout] 424 |                   let r = prepare_contract::<TestEnv>(wasm.as_ref(), &schedule);
[INFO] [stdout]     |                                              ^^^^^^^ not found in this scope
[INFO] [stdout] ...
[INFO] [stdout] 467 | /         prepare_test!(internal_memory_declaration,
[INFO] [stdout] 468 | |             r#"
[INFO] [stdout] 469 | |             (module
[INFO] [stdout] 470 | |                 (memory 1 1)
[INFO] [stdout] ...   |
[INFO] [stdout] 476 | |             Err("module declares internal memory")
[INFO] [stdout] 477 | |         );
[INFO] [stdout]     | |__________- in this macro invocation
[INFO] [stdout]     |
[INFO] [stdout]     = note: this error originates in the macro `prepare_test` (in Nightly builds, run with -Z macro-backtrace for more info)
[INFO] [stdout] 
[INFO] [stdout] 
[INFO] [stdout] error[E0412]: cannot find type `TestEnv` in this scope
[INFO] [stdout]    --> frame/actors/src/exec/prepare.rs:424:32
[INFO] [stdout]     |
[INFO] [stdout] 424 |                   let r = prepare_contract::<TestEnv>(wasm.as_ref(), &schedule);
[INFO] [stdout]     |                                              ^^^^^^^ not found in this scope
[INFO] [stdout] ...
[INFO] [stdout] 479 | /         prepare_test!(no_memory_import,
[INFO] [stdout] 480 | |             r#"
[INFO] [stdout] 481 | |             (module
[INFO] [stdout] 482 | |                 ;; no memory imported
[INFO] [stdout] ...   |
[INFO] [stdout] 487 | |             Ok(_)
[INFO] [stdout] 488 | |         );
[INFO] [stdout]     | |__________- in this macro invocation
[INFO] [stdout]     |
[INFO] [stdout]     = note: this error originates in the macro `prepare_test` (in Nightly builds, run with -Z macro-backtrace for more info)
[INFO] [stdout] 
[INFO] [stdout] 
[INFO] [stdout] error[E0412]: cannot find type `TestEnv` in this scope
[INFO] [stdout]    --> frame/actors/src/exec/prepare.rs:424:32
[INFO] [stdout]     |
[INFO] [stdout] 424 |                   let r = prepare_contract::<TestEnv>(wasm.as_ref(), &schedule);
[INFO] [stdout]     |                                              ^^^^^^^ not found in this scope
[INFO] [stdout] ...
[INFO] [stdout] 490 | /         prepare_test!(initial_exceeds_maximum,
[INFO] [stdout] 491 | |             r#"
[INFO] [stdout] 492 | |             (module
[INFO] [stdout] 493 | |                 (import "env" "memory" (memory 16 1))
[INFO] [stdout] ...   |
[INFO] [stdout] 499 | |             Err("Module is not valid")
[INFO] [stdout] 500 | |         );
[INFO] [stdout]     | |__________- in this macro invocation
[INFO] [stdout]     |
[INFO] [stdout]     = note: this error originates in the macro `prepare_test` (in Nightly builds, run with -Z macro-backtrace for more info)
[INFO] [stdout] 
[INFO] [stdout] 
[INFO] [stdout] error[E0412]: cannot find type `TestEnv` in this scope
[INFO] [stdout]    --> frame/actors/src/exec/prepare.rs:424:32
[INFO] [stdout]     |
[INFO] [stdout] 424 |                   let r = prepare_contract::<TestEnv>(wasm.as_ref(), &schedule);
[INFO] [stdout]     |                                              ^^^^^^^ not found in this scope
[INFO] [stdout] ...
[INFO] [stdout] 502 | /         prepare_test!(no_maximum,
[INFO] [stdout] 503 | |             r#"
[INFO] [stdout] 504 | |             (module
[INFO] [stdout] 505 | |                 (import "env" "memory" (memory 1))
[INFO] [stdout] ...   |
[INFO] [stdout] 511 | |             Err("Maximum number of pages should be always declared.")
[INFO] [stdout] 512 | |         );
[INFO] [stdout]     | |__________- in this macro invocation
[INFO] [stdout]     |
[INFO] [stdout]     = note: this error originates in the macro `prepare_test` (in Nightly builds, run with -Z macro-backtrace for more info)
[INFO] [stdout] 
[INFO] [stdout] 
[INFO] [stdout] error[E0412]: cannot find type `TestEnv` in this scope
[INFO] [stdout]    --> frame/actors/src/exec/prepare.rs:424:32
[INFO] [stdout]     |
[INFO] [stdout] 424 |                   let r = prepare_contract::<TestEnv>(wasm.as_ref(), &schedule);
[INFO] [stdout]     |                                              ^^^^^^^ not found in this scope
[INFO] [stdout] ...
[INFO] [stdout] 514 | /         prepare_test!(requested_maximum_exceeds_configured_maximum,
[INFO] [stdout] 515 | |             r#"
[INFO] [stdout] 516 | |             (module
[INFO] [stdout] 517 | |                 (import "env" "memory" (memory 1 17))
[INFO] [stdout] ...   |
[INFO] [stdout] 523 | |             Err("Maximum number of pages should not exceed the configured maximum.")
[INFO] [stdout] 524 | |         );
[INFO] [stdout]     | |__________- in this macro invocation
[INFO] [stdout]     |
[INFO] [stdout]     = note: this error originates in the macro `prepare_test` (in Nightly builds, run with -Z macro-backtrace for more info)
[INFO] [stdout] 
[INFO] [stdout] 
[INFO] [stdout] error[E0412]: cannot find type `TestEnv` in this scope
[INFO] [stdout]    --> frame/actors/src/exec/prepare.rs:424:32
[INFO] [stdout]     |
[INFO] [stdout] 424 |                   let r = prepare_contract::<TestEnv>(wasm.as_ref(), &schedule);
[INFO] [stdout]     |                                              ^^^^^^^ not found in this scope
[INFO] [stdout] ...
[INFO] [stdout] 526 | /         prepare_test!(field_name_not_memory,
[INFO] [stdout] 527 | |             r#"
[INFO] [stdout] 528 | |             (module
[INFO] [stdout] 529 | |                 (import "env" "forgetit" (memory 1 1))
[INFO] [stdout] ...   |
[INFO] [stdout] 535 | |             Err("Memory import must have the field name 'memory'")
[INFO] [stdout] 536 | |         );
[INFO] [stdout]     | |__________- in this macro invocation
[INFO] [stdout]     |
[INFO] [stdout]     = note: this error originates in the macro `prepare_test` (in Nightly builds, run with -Z macro-backtrace for more info)
[INFO] [stdout] 
[INFO] [stdout] 
[INFO] [stdout] error[E0412]: cannot find type `TestEnv` in this scope
[INFO] [stdout]    --> frame/actors/src/exec/prepare.rs:424:32
[INFO] [stdout]     |
[INFO] [stdout] 424 |                   let r = prepare_contract::<TestEnv>(wasm.as_ref(), &schedule);
[INFO] [stdout]     |                                              ^^^^^^^ not found in this scope
[INFO] [stdout] ...
[INFO] [stdout] 538 | /         prepare_test!(multiple_memory_imports,
[INFO] [stdout] 539 | |             r#"
[INFO] [stdout] 540 | |             (module
[INFO] [stdout] 541 | |                 (import "env" "memory" (memory 1 1))
[INFO] [stdout] ...   |
[INFO] [stdout] 548 | |             Err("Module is not valid")
[INFO] [stdout] 549 | |         );
[INFO] [stdout]     | |__________- in this macro invocation
[INFO] [stdout]     |
[INFO] [stdout]     = note: this error originates in the macro `prepare_test` (in Nightly builds, run with -Z macro-backtrace for more info)
[INFO] [stdout] 
[INFO] [stdout] 
[INFO] [stdout] error[E0412]: cannot find type `TestEnv` in this scope
[INFO] [stdout]    --> frame/actors/src/exec/prepare.rs:424:32
[INFO] [stdout]     |
[INFO] [stdout] 424 |                   let r = prepare_contract::<TestEnv>(wasm.as_ref(), &schedule);
[INFO] [stdout]     |                                              ^^^^^^^ not found in this scope
[INFO] [stdout] ...
[INFO] [stdout] 551 | /         prepare_test!(table_import,
[INFO] [stdout] 552 | |             r#"
[INFO] [stdout] 553 | |             (module
[INFO] [stdout] 554 | |                 (import "env" "table" (table 1 anyfunc))
[INFO] [stdout] ...   |
[INFO] [stdout] 560 | |             Err("Cannot import tables")
[INFO] [stdout] 561 | |         );
[INFO] [stdout]     | |__________- in this macro invocation
[INFO] [stdout]     |
[INFO] [stdout]     = note: this error originates in the macro `prepare_test` (in Nightly builds, run with -Z macro-backtrace for more info)
[INFO] [stdout] 
[INFO] [stdout] 
[INFO] [stdout] error[E0412]: cannot find type `TestEnv` in this scope
[INFO] [stdout]    --> frame/actors/src/exec/prepare.rs:424:32
[INFO] [stdout]     |
[INFO] [stdout] 424 |                   let r = prepare_contract::<TestEnv>(wasm.as_ref(), &schedule);
[INFO] [stdout]     |                                              ^^^^^^^ not found in this scope
[INFO] [stdout] ...
[INFO] [stdout] 563 | /         prepare_test!(global_import,
[INFO] [stdout] 564 | |             r#"
[INFO] [stdout] 565 | |             (module
[INFO] [stdout] 566 | |                 (global $g (import "env" "global") i32)
[INFO] [stdout] ...   |
[INFO] [stdout] 571 | |             Err("Cannot import globals")
[INFO] [stdout] 572 | |         );
[INFO] [stdout]     | |__________- in this macro invocation
[INFO] [stdout]     |
[INFO] [stdout]     = note: this error originates in the macro `prepare_test` (in Nightly builds, run with -Z macro-backtrace for more info)
[INFO] [stdout] 
[INFO] [stdout] 
[INFO] [stdout] error[E0412]: cannot find type `TestEnv` in this scope
[INFO] [stdout]    --> frame/actors/src/exec/prepare.rs:424:32
[INFO] [stdout]     |
[INFO] [stdout] 424 |                   let r = prepare_contract::<TestEnv>(wasm.as_ref(), &schedule);
[INFO] [stdout]     |                                              ^^^^^^^ not found in this scope
[INFO] [stdout] ...
[INFO] [stdout] 584 | /         prepare_test!(no_tables,
[INFO] [stdout] 585 | |             r#"
[INFO] [stdout] 586 | |             (module
[INFO] [stdout] 587 | |                 (func (export "call"))
[INFO] [stdout] ...   |
[INFO] [stdout] 591 | |             Ok(_)
[INFO] [stdout] 592 | |         );
[INFO] [stdout]     | |__________- in this macro invocation
[INFO] [stdout]     |
[INFO] [stdout]     = note: this error originates in the macro `prepare_test` (in Nightly builds, run with -Z macro-backtrace for more info)
[INFO] [stdout] 
[INFO] [stdout] 
[INFO] [stdout] error[E0412]: cannot find type `TestEnv` in this scope
[INFO] [stdout]    --> frame/actors/src/exec/prepare.rs:424:32
[INFO] [stdout]     |
[INFO] [stdout] 424 |                   let r = prepare_contract::<TestEnv>(wasm.as_ref(), &schedule);
[INFO] [stdout]     |                                              ^^^^^^^ not found in this scope
[INFO] [stdout] ...
[INFO] [stdout] 594 | /         prepare_test!(table_valid_size,
[INFO] [stdout] 595 | |             r#"
[INFO] [stdout] 596 | |             (module
[INFO] [stdout] 597 | |                 (table 10000 funcref)
[INFO] [stdout] ...   |
[INFO] [stdout] 603 | |             Ok(_)
[INFO] [stdout] 604 | |         );
[INFO] [stdout]     | |__________- in this macro invocation
[INFO] [stdout]     |
[INFO] [stdout]     = note: this error originates in the macro `prepare_test` (in Nightly builds, run with -Z macro-backtrace for more info)
[INFO] [stdout] 
[INFO] [stdout] 
[INFO] [stdout] error[E0412]: cannot find type `TestEnv` in this scope
[INFO] [stdout]    --> frame/actors/src/exec/prepare.rs:424:32
[INFO] [stdout]     |
[INFO] [stdout] 424 |                   let r = prepare_contract::<TestEnv>(wasm.as_ref(), &schedule);
[INFO] [stdout]     |                                              ^^^^^^^ not found in this scope
[INFO] [stdout] ...
[INFO] [stdout] 606 | /         prepare_test!(table_too_big,
[INFO] [stdout] 607 | |             r#"
[INFO] [stdout] 608 | |             (module
[INFO] [stdout] 609 | |                 (table 20000 funcref)
[INFO] [stdout] ...   |
[INFO] [stdout] 614 | |             Err("table exceeds maximum size allowed")
[INFO] [stdout] 615 | |         );
[INFO] [stdout]     | |__________- in this macro invocation
[INFO] [stdout]     |
[INFO] [stdout]     = note: this error originates in the macro `prepare_test` (in Nightly builds, run with -Z macro-backtrace for more info)
[INFO] [stdout] 
[INFO] [stdout] 
[INFO] [stdout] error[E0412]: cannot find type `TestEnv` in this scope
[INFO] [stdout]    --> frame/actors/src/exec/prepare.rs:424:32
[INFO] [stdout]     |
[INFO] [stdout] 424 |                   let r = prepare_contract::<TestEnv>(wasm.as_ref(), &schedule);
[INFO] [stdout]     |                                              ^^^^^^^ not found in this scope
[INFO] [stdout] ...
[INFO] [stdout] 621 | /         prepare_test!(can_import_legit_function,
[INFO] [stdout] 622 | |             r#"
[INFO] [stdout] 623 | |             (module
[INFO] [stdout] 624 | |                 (import "env" "nop" (func (param i64)))
[INFO] [stdout] ...   |
[INFO] [stdout] 630 | |             Ok(_)
[INFO] [stdout] 631 | |         );
[INFO] [stdout]     | |__________- in this macro invocation
[INFO] [stdout]     |
[INFO] [stdout]     = note: this error originates in the macro `prepare_test` (in Nightly builds, run with -Z macro-backtrace for more info)
[INFO] [stdout] 
[INFO] [stdout] 
[INFO] [stdout] error[E0412]: cannot find type `TestEnv` in this scope
[INFO] [stdout]    --> frame/actors/src/exec/prepare.rs:424:32
[INFO] [stdout]     |
[INFO] [stdout] 424 |                   let r = prepare_contract::<TestEnv>(wasm.as_ref(), &schedule);
[INFO] [stdout]     |                                              ^^^^^^^ not found in this scope
[INFO] [stdout] ...
[INFO] [stdout] 635 | /         prepare_test!(can_not_import_gas_function,
[INFO] [stdout] 636 | |             r#"
[INFO] [stdout] 637 | |             (module
[INFO] [stdout] 638 | |                 (import "env" "gas" (func (param i32)))
[INFO] [stdout] ...   |
[INFO] [stdout] 644 | |             Err("module imports a non-existent function")
[INFO] [stdout] 645 | |         );
[INFO] [stdout]     | |__________- in this macro invocation
[INFO] [stdout]     |
[INFO] [stdout]     = note: this error originates in the macro `prepare_test` (in Nightly builds, run with -Z macro-backtrace for more info)
[INFO] [stdout] 
[INFO] [stdout] 
[INFO] [stdout] error[E0412]: cannot find type `TestEnv` in this scope
[INFO] [stdout]    --> frame/actors/src/exec/prepare.rs:424:32
[INFO] [stdout]     |
[INFO] [stdout] 424 |                   let r = prepare_contract::<TestEnv>(wasm.as_ref(), &schedule);
[INFO] [stdout]     |                                              ^^^^^^^ not found in this scope
[INFO] [stdout] ...
[INFO] [stdout] 648 | /         prepare_test!(non_env_import,
[INFO] [stdout] 649 | |             r#"
[INFO] [stdout] 650 | |             (module
[INFO] [stdout] 651 | |                 (import "another_module" "memory" (memory 1 1))
[INFO] [stdout] ...   |
[INFO] [stdout] 657 | |             Err("module has imports from a non-'env' namespace")
[INFO] [stdout] 658 | |         );
[INFO] [stdout]     | |__________- in this macro invocation
[INFO] [stdout]     |
[INFO] [stdout]     = note: this error originates in the macro `prepare_test` (in Nightly builds, run with -Z macro-backtrace for more info)
[INFO] [stdout] 
[INFO] [stdout] 
[INFO] [stdout] error[E0412]: cannot find type `TestEnv` in this scope
[INFO] [stdout]    --> frame/actors/src/exec/prepare.rs:424:32
[INFO] [stdout]     |
[INFO] [stdout] 424 |                   let r = prepare_contract::<TestEnv>(wasm.as_ref(), &schedule);
[INFO] [stdout]     |                                              ^^^^^^^ not found in this scope
[INFO] [stdout] ...
[INFO] [stdout] 661 | /         prepare_test!(wrong_signature,
[INFO] [stdout] 662 | |             r#"
[INFO] [stdout] 663 | |             (module
[INFO] [stdout] 664 | |                 (import "env" "gas" (func (param i64)))
[INFO] [stdout] ...   |
[INFO] [stdout] 670 | |             Err("module imports a non-existent function")
[INFO] [stdout] 671 | |         );
[INFO] [stdout]     | |__________- in this macro invocation
[INFO] [stdout]     |
[INFO] [stdout]     = note: this error originates in the macro `prepare_test` (in Nightly builds, run with -Z macro-backtrace for more info)
[INFO] [stdout] 
[INFO] [stdout] 
[INFO] [stdout] error[E0412]: cannot find type `TestEnv` in this scope
[INFO] [stdout]    --> frame/actors/src/exec/prepare.rs:424:32
[INFO] [stdout]     |
[INFO] [stdout] 424 |                   let r = prepare_contract::<TestEnv>(wasm.as_ref(), &schedule);
[INFO] [stdout]     |                                              ^^^^^^^ not found in this scope
[INFO] [stdout] ...
[INFO] [stdout] 673 | /         prepare_test!(unknown_func_name,
[INFO] [stdout] 674 | |             r#"
[INFO] [stdout] 675 | |             (module
[INFO] [stdout] 676 | |                 (import "env" "unknown_func" (func))
[INFO] [stdout] ...   |
[INFO] [stdout] 682 | |             Err("module imports a non-existent function")
[INFO] [stdout] 683 | |         );
[INFO] [stdout]     | |__________- in this macro invocation
[INFO] [stdout]     |
[INFO] [stdout]     = note: this error originates in the macro `prepare_test` (in Nightly builds, run with -Z macro-backtrace for more info)
[INFO] [stdout] 
[INFO] [stdout] 
[INFO] [stdout] error[E0412]: cannot find type `TestEnv` in this scope
[INFO] [stdout]    --> frame/actors/src/exec/prepare.rs:424:32
[INFO] [stdout]     |
[INFO] [stdout] 424 |                   let r = prepare_contract::<TestEnv>(wasm.as_ref(), &schedule);
[INFO] [stdout]     |                                              ^^^^^^^ not found in this scope
[INFO] [stdout] ...
[INFO] [stdout] 685 | /         prepare_test!(ext_println_debug_disabled,
[INFO] [stdout] 686 | |             r#"
[INFO] [stdout] 687 | |             (module
[INFO] [stdout] 688 | |                 (import "env" "ext_println" (func $ext_println (param i32 i32)))
[INFO] [stdout] ...   |
[INFO] [stdout] 694 | |             Err("module imports `ext_println` but debug features disabled")
[INFO] [stdout] 695 | |         );
[INFO] [stdout]     | |__________- in this macro invocation
[INFO] [stdout]     |
[INFO] [stdout]     = note: this error originates in the macro `prepare_test` (in Nightly builds, run with -Z macro-backtrace for more info)
[INFO] [stdout] 
[INFO] [stdout] 
[INFO] [stdout] error[E0412]: cannot find type `TestEnv` in this scope
[INFO] [stdout]    --> frame/actors/src/exec/prepare.rs:711:31
[INFO] [stdout]     |
[INFO] [stdout] 698 |         fn ext_println_debug_enabled() {
[INFO] [stdout]     |                                     - help: you might be missing a type parameter: `<TestEnv>`
[INFO] [stdout] ...
[INFO] [stdout] 711 |             let r = prepare_contract::<TestEnv>(wasm.as_ref(), &schedule);
[INFO] [stdout]     |                                        ^^^^^^^ not found in this scope
[INFO] [stdout] 
[INFO] [stdout] 
[INFO] [stdout] error[E0412]: cannot find type `TestEnv` in this scope
[INFO] [stdout]    --> frame/actors/src/exec/prepare.rs:424:32
[INFO] [stdout]     |
[INFO] [stdout] 424 |                   let r = prepare_contract::<TestEnv>(wasm.as_ref(), &schedule);
[INFO] [stdout]     |                                              ^^^^^^^ not found in this scope
[INFO] [stdout] ...
[INFO] [stdout] 719 | /         prepare_test!(it_works,
[INFO] [stdout] 720 | |             r#"
[INFO] [stdout] 721 | |             (module
[INFO] [stdout] 722 | |                 (func (export "call"))
[INFO] [stdout] ...   |
[INFO] [stdout] 726 | |             Ok(_)
[INFO] [stdout] 727 | |         );
[INFO] [stdout]     | |__________- in this macro invocation
[INFO] [stdout]     |
[INFO] [stdout]     = note: this error originates in the macro `prepare_test` (in Nightly builds, run with -Z macro-backtrace for more info)
[INFO] [stdout] 
[INFO] [stdout] 
[INFO] [stdout] error[E0412]: cannot find type `TestEnv` in this scope
[INFO] [stdout]    --> frame/actors/src/exec/prepare.rs:424:32
[INFO] [stdout]     |
[INFO] [stdout] 424 |                   let r = prepare_contract::<TestEnv>(wasm.as_ref(), &schedule);
[INFO] [stdout]     |                                              ^^^^^^^ not found in this scope
[INFO] [stdout] ...
[INFO] [stdout] 729 | /         prepare_test!(omit_deploy,
[INFO] [stdout] 730 | |             r#"
[INFO] [stdout] 731 | |             (module
[INFO] [stdout] 732 | |                 (func (export "call"))
[INFO] [stdout] ...   |
[INFO] [stdout] 735 | |             Err("deploy function isn't exported")
[INFO] [stdout] 736 | |         );
[INFO] [stdout]     | |__________- in this macro invocation
[INFO] [stdout]     |
[INFO] [stdout]     = note: this error originates in the macro `prepare_test` (in Nightly builds, run with -Z macro-backtrace for more info)
[INFO] [stdout] 
[INFO] [stdout] 
[INFO] [stdout] error[E0412]: cannot find type `TestEnv` in this scope
[INFO] [stdout]    --> frame/actors/src/exec/prepare.rs:424:32
[INFO] [stdout]     |
[INFO] [stdout] 424 |                   let r = prepare_contract::<TestEnv>(wasm.as_ref(), &schedule);
[INFO] [stdout]     |                                              ^^^^^^^ not found in this scope
[INFO] [stdout] ...
[INFO] [stdout] 738 | /         prepare_test!(omit_call,
[INFO] [stdout] 739 | |             r#"
[INFO] [stdout] 740 | |             (module
[INFO] [stdout] 741 | |                 (func (export "deploy"))
[INFO] [stdout] ...   |
[INFO] [stdout] 744 | |             Err("call function isn't exported")
[INFO] [stdout] 745 | |         );
[INFO] [stdout]     | |__________- in this macro invocation
[INFO] [stdout]     |
[INFO] [stdout]     = note: this error originates in the macro `prepare_test` (in Nightly builds, run with -Z macro-backtrace for more info)
[INFO] [stdout] 
[INFO] [stdout] 
[INFO] [stdout] error[E0412]: cannot find type `TestEnv` in this scope
[INFO] [stdout]    --> frame/actors/src/exec/prepare.rs:424:32
[INFO] [stdout]     |
[INFO] [stdout] 424 |                   let r = prepare_contract::<TestEnv>(wasm.as_ref(), &schedule);
[INFO] [stdout]     |                                              ^^^^^^^ not found in this scope
[INFO] [stdout] ...
[INFO] [stdout] 748 | /         prepare_test!(try_sneak_export_as_entrypoint,
[INFO] [stdout] 749 | |             r#"
[INFO] [stdout] 750 | |             (module
[INFO] [stdout] 751 | |                 (import "env" "panic" (func))
[INFO] [stdout] ...   |
[INFO] [stdout] 758 | |             Err("entry point points to an imported function")
[INFO] [stdout] 759 | |         );
[INFO] [stdout]     | |__________- in this macro invocation
[INFO] [stdout]     |
[INFO] [stdout]     = note: this error originates in the macro `prepare_test` (in Nightly builds, run with -Z macro-backtrace for more info)
[INFO] [stdout] 
[INFO] [stdout] 
[INFO] [stdout] error[E0412]: cannot find type `TestEnv` in this scope
[INFO] [stdout]    --> frame/actors/src/exec/prepare.rs:424:32
[INFO] [stdout]     |
[INFO] [stdout] 424 |                   let r = prepare_contract::<TestEnv>(wasm.as_ref(), &schedule);
[INFO] [stdout]     |                                              ^^^^^^^ not found in this scope
[INFO] [stdout] ...
[INFO] [stdout] 762 | /         prepare_test!(try_sneak_export_as_global,
[INFO] [stdout] 763 | |             r#"
[INFO] [stdout] 764 | |             (module
[INFO] [stdout] 765 | |                 (func (export "deploy"))
[INFO] [stdout] ...   |
[INFO] [stdout] 769 | |             Err("expected a function")
[INFO] [stdout] 770 | |         );
[INFO] [stdout]     | |__________- in this macro invocation
[INFO] [stdout]     |
[INFO] [stdout]     = note: this error originates in the macro `prepare_test` (in Nightly builds, run with -Z macro-backtrace for more info)
[INFO] [stdout] 
[INFO] [stdout] 
[INFO] [stdout] error[E0412]: cannot find type `TestEnv` in this scope
[INFO] [stdout]    --> frame/actors/src/exec/prepare.rs:424:32
[INFO] [stdout]     |
[INFO] [stdout] 424 |                   let r = prepare_contract::<TestEnv>(wasm.as_ref(), &schedule);
[INFO] [stdout]     |                                              ^^^^^^^ not found in this scope
[INFO] [stdout] ...
[INFO] [stdout] 772 | /         prepare_test!(wrong_signature,
[INFO] [stdout] 773 | |             r#"
[INFO] [stdout] 774 | |             (module
[INFO] [stdout] 775 | |                 (func (export "deploy"))
[INFO] [stdout] ...   |
[INFO] [stdout] 779 | |             Err("entry point has wrong signature")
[INFO] [stdout] 780 | |         );
[INFO] [stdout]     | |__________- in this macro invocation
[INFO] [stdout]     |
[INFO] [stdout]     = note: this error originates in the macro `prepare_test` (in Nightly builds, run with -Z macro-backtrace for more info)
[INFO] [stdout] 
[INFO] [stdout] 
[INFO] [stdout] error[E0412]: cannot find type `TestEnv` in this scope
[INFO] [stdout]    --> frame/actors/src/exec/prepare.rs:424:32
[INFO] [stdout]     |
[INFO] [stdout] 424 |                   let r = prepare_contract::<TestEnv>(wasm.as_ref(), &schedule);
[INFO] [stdout]     |                                              ^^^^^^^ not found in this scope
[INFO] [stdout] ...
[INFO] [stdout] 782 | /         prepare_test!(unknown_exports,
[INFO] [stdout] 783 | |             r#"
[INFO] [stdout] 784 | |             (module
[INFO] [stdout] 785 | |                 (func (export "call"))
[INFO] [stdout] ...   |
[INFO] [stdout] 790 | |             Err("unknown export: expecting only deploy and call functions")
[INFO] [stdout] 791 | |         );
[INFO] [stdout]     | |__________- in this macro invocation
[INFO] [stdout]     |
[INFO] [stdout]     = note: this error originates in the macro `prepare_test` (in Nightly builds, run with -Z macro-backtrace for more info)
[INFO] [stdout] 
[INFO] [stdout] 
[INFO] [stdout] error[E0412]: cannot find type `TestEnv` in this scope
[INFO] [stdout]    --> frame/actors/src/exec/prepare.rs:424:32
[INFO] [stdout]     |
[INFO] [stdout] 424 |                   let r = prepare_contract::<TestEnv>(wasm.as_ref(), &schedule);
[INFO] [stdout]     |                                              ^^^^^^^ not found in this scope
[INFO] [stdout] ...
[INFO] [stdout] 793 | /         prepare_test!(global_float,
[INFO] [stdout] 794 | |             r#"
[INFO] [stdout] 795 | |             (module
[INFO] [stdout] 796 | |                 (global $x f32 (f32.const 0))
[INFO] [stdout] ...   |
[INFO] [stdout] 801 | |             Err("use of floating point type in globals is forbidden")
[INFO] [stdout] 802 | |         );
[INFO] [stdout]     | |__________- in this macro invocation
[INFO] [stdout]     |
[INFO] [stdout]     = note: this error originates in the macro `prepare_test` (in Nightly builds, run with -Z macro-backtrace for more info)
[INFO] [stdout] 
[INFO] [stdout] 
[INFO] [stdout] error[E0412]: cannot find type `TestEnv` in this scope
[INFO] [stdout]    --> frame/actors/src/exec/prepare.rs:424:32
[INFO] [stdout]     |
[INFO] [stdout] 424 |                   let r = prepare_contract::<TestEnv>(wasm.as_ref(), &schedule);
[INFO] [stdout]     |                                              ^^^^^^^ not found in this scope
[INFO] [stdout] ...
[INFO] [stdout] 804 | /         prepare_test!(local_float,
[INFO] [stdout] 805 | |             r#"
[INFO] [stdout] 806 | |             (module
[INFO] [stdout] 807 | |                 (func $foo (local f32))
[INFO] [stdout] ...   |
[INFO] [stdout] 812 | |             Err("use of floating point type in locals is forbidden")
[INFO] [stdout] 813 | |         );
[INFO] [stdout]     | |__________- in this macro invocation
[INFO] [stdout]     |
[INFO] [stdout]     = note: this error originates in the macro `prepare_test` (in Nightly builds, run with -Z macro-backtrace for more info)
[INFO] [stdout] 
[INFO] [stdout] 
[INFO] [stdout] error[E0412]: cannot find type `TestEnv` in this scope
[INFO] [stdout]    --> frame/actors/src/exec/prepare.rs:424:32
[INFO] [stdout]     |
[INFO] [stdout] 424 |                   let r = prepare_contract::<TestEnv>(wasm.as_ref(), &schedule);
[INFO] [stdout]     |                                              ^^^^^^^ not found in this scope
[INFO] [stdout] ...
[INFO] [stdout] 815 | /         prepare_test!(param_float,
[INFO] [stdout] 816 | |             r#"
[INFO] [stdout] 817 | |             (module
[INFO] [stdout] 818 | |                 (func $foo (param f32))
[INFO] [stdout] ...   |
[INFO] [stdout] 823 | |             Err("use of floating point type in function types is forbidden")
[INFO] [stdout] 824 | |         );
[INFO] [stdout]     | |__________- in this macro invocation
[INFO] [stdout]     |
[INFO] [stdout]     = note: this error originates in the macro `prepare_test` (in Nightly builds, run with -Z macro-backtrace for more info)
[INFO] [stdout] 
[INFO] [stdout] 
[INFO] [stdout] error[E0412]: cannot find type `TestEnv` in this scope
[INFO] [stdout]    --> frame/actors/src/exec/prepare.rs:424:32
[INFO] [stdout]     |
[INFO] [stdout] 424 |                   let r = prepare_contract::<TestEnv>(wasm.as_ref(), &schedule);
[INFO] [stdout]     |                                              ^^^^^^^ not found in this scope
[INFO] [stdout] ...
[INFO] [stdout] 826 | /         prepare_test!(result_float,
[INFO] [stdout] 827 | |             r#"
[INFO] [stdout] 828 | |             (module
[INFO] [stdout] 829 | |                 (func $foo (result f32) (f32.const 0))
[INFO] [stdout] ...   |
[INFO] [stdout] 834 | |             Err("use of floating point type in function types is forbidden")
[INFO] [stdout] 835 | |         );
[INFO] [stdout]     | |__________- in this macro invocation
[INFO] [stdout]     |
[INFO] [stdout]     = note: this error originates in the macro `prepare_test` (in Nightly builds, run with -Z macro-backtrace for more info)
[INFO] [stdout] 
[INFO] [stdout] 
[INFO] [stdout] error[E0405]: cannot find trait `Trait` in crate `frame_system`
[INFO] [stdout]   --> frame/actors/src/lib.rs:90:32
[INFO] [stdout]    |
[INFO] [stdout] 90 | pub trait Trait: frame_system::Trait {
[INFO] [stdout]    |                                ^^^^^ not found in `frame_system`
[INFO] [stdout]    |
[INFO] [stdout] help: consider importing this trait
[INFO] [stdout]    |
[INFO] [stdout] 23 | use crate::gas::Trait;
[INFO] [stdout]    |
[INFO] [stdout] 
[INFO] [stdout] 
[INFO] [stdout] warning: unused import: `self as system`
[INFO] [stdout]   --> frame/actors/src/lib.rs:33:20
[INFO] [stdout]    |
[INFO] [stdout] 33 | use frame_system::{self as system, ensure_signed};
[INFO] [stdout]    |                    ^^^^^^^^^^^^^^
[INFO] [stdout]    |
[INFO] [stdout]    = note: `#[warn(unused_imports)]` on by default
[INFO] [stdout] 
[INFO] [stdout] 
[INFO] [stdout] warning: unused import: `crate::exec::Ext`
[INFO] [stdout]    --> frame/actors/src/exec/prepare.rs:394:6
[INFO] [stdout]     |
[INFO] [stdout] 394 |     use crate::exec::Ext;
[INFO] [stdout]     |         ^^^^^^^^^^^^^^^^
[INFO] [stdout] 
[INFO] [stdout] 
[INFO] [stdout] error: aborting due to 76 previous errors; 2 warnings emitted
[INFO] [stdout] 
[INFO] [stdout] 
[INFO] [stdout] Some errors have detailed explanations: E0405, E0412, E0432, E0433.
[INFO] [stdout] 
[INFO] [stdout] For more information about an error, try `rustc --explain E0405`.
[INFO] [stdout] 
[INFO] [stderr] error: build failed
[INFO] running `Command { std: "docker" "inspect" "e45df50fb74314882a3771142fa9ca9e971638ff6043908bc09aa11b1a78059b", kill_on_drop: false }`
[INFO] running `Command { std: "docker" "rm" "-f" "e45df50fb74314882a3771142fa9ca9e971638ff6043908bc09aa11b1a78059b", kill_on_drop: false }`
[INFO] [stdout] e45df50fb74314882a3771142fa9ca9e971638ff6043908bc09aa11b1a78059b
