[INFO] cloning repository https://github.com/tetcoin-staging/MultiSigil
[INFO] running `Command { std: "git" "-c" "credential.helper=" "-c" "credential.helper=/workspace/cargo-home/bin/git-credential-null" "clone" "--bare" "https://github.com/tetcoin-staging/MultiSigil" "/workspace/cache/git-repos/https%3A%2F%2Fgithub.com%2Ftetcoin-staging%2FMultiSigil", kill_on_drop: false }`
[INFO] [stderr] Cloning into bare repository '/workspace/cache/git-repos/https%3A%2F%2Fgithub.com%2Ftetcoin-staging%2FMultiSigil'...
[INFO] running `Command { std: "git" "rev-parse" "HEAD", kill_on_drop: false }`
[INFO] [stdout] b2c7d6f3999e69f89dd0f75503e799ae34ce3bda
[INFO] checking tetcoin-staging/MultiSigil against beta-2021-10-15 for beta-1.56-3
[INFO] running `Command { std: "git" "clone" "/workspace/cache/git-repos/https%3A%2F%2Fgithub.com%2Ftetcoin-staging%2FMultiSigil" "/workspace/builds/worker-7/source", kill_on_drop: false }`
[INFO] [stderr] Cloning into '/workspace/builds/worker-7/source'...
[INFO] [stderr] done.
[INFO] validating manifest of git repo https://github.com/tetcoin-staging/MultiSigil on toolchain beta-2021-10-15
[INFO] running `Command { std: "/workspace/cargo-home/bin/cargo" "+beta-2021-10-15" "metadata" "--manifest-path" "Cargo.toml" "--no-deps", kill_on_drop: false }`
[INFO] started tweaking git repo https://github.com/tetcoin-staging/MultiSigil
[INFO] finished tweaking git repo https://github.com/tetcoin-staging/MultiSigil
[INFO] tweaked toml for git repo https://github.com/tetcoin-staging/MultiSigil written to /workspace/builds/worker-7/source/Cargo.toml
[INFO] crate git repo https://github.com/tetcoin-staging/MultiSigil already has a lockfile, it will not be regenerated
[INFO] running `Command { std: "/workspace/cargo-home/bin/cargo" "+beta-2021-10-15" "fetch" "--manifest-path" "Cargo.toml", kill_on_drop: false }`
[INFO] running `Command { std: "docker" "create" "-v" "/var/lib/crater-agent-workspace/builds/worker-7/target:/opt/rustwide/target:rw,Z" "-v" "/var/lib/crater-agent-workspace/builds/worker-7/source:/opt/rustwide/workdir:ro,Z" "-v" "/var/lib/crater-agent-workspace/cargo-home:/opt/rustwide/cargo-home:ro,Z" "-v" "/var/lib/crater-agent-workspace/rustup-home:/opt/rustwide/rustup-home:ro,Z" "-e" "SOURCE_DIR=/opt/rustwide/workdir" "-e" "CARGO_TARGET_DIR=/opt/rustwide/target" "-e" "CARGO_HOME=/opt/rustwide/cargo-home" "-e" "RUSTUP_HOME=/opt/rustwide/rustup-home" "-w" "/opt/rustwide/workdir" "-m" "1610612736" "--user" "0:0" "--network" "none" "ghcr.io/rust-lang/crates-build-env/linux@sha256:a89201d6b5b9fd45c15d5952ece0a0129e7e80cb26ec023fd59cf09bc26f1604" "/opt/rustwide/cargo-home/bin/cargo" "+beta-2021-10-15" "metadata" "--no-deps" "--format-version=1", kill_on_drop: false }`
[INFO] [stderr] WARNING: Your kernel does not support swap limit capabilities or the cgroup is not mounted. Memory limited without swap.
[INFO] [stdout] ff29fc1b4df370c94c18bfe7f00ec2a07312bcebe2ce6ab11c9f0ed6de1d6f33
[INFO] running `Command { std: "docker" "start" "-a" "ff29fc1b4df370c94c18bfe7f00ec2a07312bcebe2ce6ab11c9f0ed6de1d6f33", kill_on_drop: false }`
[INFO] running `Command { std: "docker" "inspect" "ff29fc1b4df370c94c18bfe7f00ec2a07312bcebe2ce6ab11c9f0ed6de1d6f33", kill_on_drop: false }`
[INFO] running `Command { std: "docker" "rm" "-f" "ff29fc1b4df370c94c18bfe7f00ec2a07312bcebe2ce6ab11c9f0ed6de1d6f33", kill_on_drop: false }`
[INFO] [stdout] ff29fc1b4df370c94c18bfe7f00ec2a07312bcebe2ce6ab11c9f0ed6de1d6f33
[INFO] running `Command { std: "docker" "create" "-v" "/var/lib/crater-agent-workspace/builds/worker-7/target:/opt/rustwide/target:rw,Z" "-v" "/var/lib/crater-agent-workspace/builds/worker-7/source:/opt/rustwide/workdir:ro,Z" "-v" "/var/lib/crater-agent-workspace/cargo-home:/opt/rustwide/cargo-home:ro,Z" "-v" "/var/lib/crater-agent-workspace/rustup-home:/opt/rustwide/rustup-home:ro,Z" "-e" "SOURCE_DIR=/opt/rustwide/workdir" "-e" "CARGO_TARGET_DIR=/opt/rustwide/target" "-e" "CARGO_INCREMENTAL=0" "-e" "RUST_BACKTRACE=full" "-e" "RUSTFLAGS=--cap-lints=warn" "-e" "CARGO_HOME=/opt/rustwide/cargo-home" "-e" "RUSTUP_HOME=/opt/rustwide/rustup-home" "-w" "/opt/rustwide/workdir" "-m" "1610612736" "--user" "0:0" "--network" "none" "ghcr.io/rust-lang/crates-build-env/linux@sha256:a89201d6b5b9fd45c15d5952ece0a0129e7e80cb26ec023fd59cf09bc26f1604" "/opt/rustwide/cargo-home/bin/cargo" "+beta-2021-10-15" "check" "--frozen" "--all" "--all-targets" "--message-format=json", kill_on_drop: false }`
[INFO] [stderr] WARNING: Your kernel does not support swap limit capabilities or the cgroup is not mounted. Memory limited without swap.
[INFO] [stdout] 9244a8e3cee8fbfc67734f0e3e51ef13ec7dfe94f19cf726a4ffdf0cd9104538
[INFO] running `Command { std: "docker" "start" "-a" "9244a8e3cee8fbfc67734f0e3e51ef13ec7dfe94f19cf726a4ffdf0cd9104538", kill_on_drop: false }`
[INFO] [stderr]    Compiling serde v1.0.117
[INFO] [stderr]    Compiling byteorder v1.3.4
[INFO] [stderr]     Checking arrayvec v0.5.2
[INFO] [stderr]     Checking either v1.6.1
[INFO] [stderr]     Checking radium v0.3.0
[INFO] [stderr]     Checking byte-slice-cast v0.3.5
[INFO] [stderr]     Checking rustc-hex v2.1.0
[INFO] [stderr]     Checking sp-std v2.0.0
[INFO] [stderr]     Checking subtle v2.3.0
[INFO] [stderr]     Checking regex-syntax v0.6.21
[INFO] [stderr]     Checking adler v0.2.3
[INFO] [stderr]     Checking gimli v0.23.0
[INFO] [stderr]     Checking object v0.22.0
[INFO] [stderr]     Checking parity-wasm v0.41.0
[INFO] [stderr]     Checking futures-core v0.3.8
[INFO] [stderr]     Checking ahash v0.3.8
[INFO] [stderr]     Checking rustc-demangle v0.1.18
[INFO] [stderr]     Checking futures-sink v0.3.8
[INFO] [stderr]     Checking hash-db v0.15.2
[INFO] [stderr]    Compiling arrayvec v0.4.12
[INFO] [stderr]    Compiling parity-util-mem v0.7.0
[INFO] [stderr]     Checking futures-io v0.3.8
[INFO] [stderr]    Compiling tiny-keccak v2.0.2
[INFO] [stderr]     Checking signature v1.2.2
[INFO] [stderr]     Checking environmental v1.1.2
[INFO] [stderr]     Checking dyn-clone v1.0.3
[INFO] [stderr]     Checking hex v0.4.2
[INFO] [stderr]     Checking os_str_bytes v2.4.0
[INFO] [stderr]     Checking strsim v0.10.0
[INFO] [stderr]    Compiling num-integer v0.1.44
[INFO] [stderr]     Checking instant v0.1.8
[INFO] [stderr]    Compiling num-bigint v0.2.6
[INFO] [stderr]    Compiling miniz_oxide v0.4.3
[INFO] [stderr]    Compiling num-rational v0.2.4
[INFO] [stderr]    Compiling hashbrown v0.8.2
[INFO] [stderr]     Checking lock_api v0.4.1
[INFO] [stderr]     Checking tracing-core v0.1.17
[INFO] [stderr]     Checking sharded-slab v0.1.0
[INFO] [stderr]     Checking tinyvec v1.0.1
[INFO] [stderr]     Checking bitvec v0.17.4
[INFO] [stderr]     Checking futures-channel v0.3.8
[INFO] [stderr]     Checking trie-root v0.16.0
[INFO] [stderr]     Checking textwrap v0.12.1
[INFO] [stderr]     Checking ed25519 v1.0.3
[INFO] [stderr]     Checking getrandom v0.1.15
[INFO] [stderr]     Checking parking_lot_core v0.8.0
[INFO] [stderr]     Checking time v0.1.44
[INFO] [stderr]     Checking parking_lot_core v0.7.2
[INFO] [stderr]     Checking hash256-std-hasher v0.15.2
[INFO] [stderr]    Compiling paste-impl v0.1.18
[INFO] [stderr]     Checking tracing-log v0.1.1
[INFO] [stderr]     Checking crypto-mac v0.7.0
[INFO] [stderr]     Checking integer-sqrt v0.1.5
[INFO] [stderr]     Checking rand_core v0.5.1
[INFO] [stderr]     Checking parking_lot v0.10.2
[INFO] [stderr]     Checking parking_lot v0.11.0
[INFO] [stderr]    Compiling synstructure v0.12.4
[INFO] [stderr]    Compiling sp-debug-derive v2.0.0
[INFO] [stderr]    Compiling impl-trait-for-tuples v0.1.3
[INFO] [stderr]    Compiling ref-cast-impl v1.0.3
[INFO] [stderr]    Compiling tracing-attributes v0.1.11
[INFO] [stderr]    Compiling futures-macro v0.3.8
[INFO] [stderr]    Compiling dyn-clonable-impl v0.9.0
[INFO] [stderr]    Compiling proc-macro-error v1.0.4
[INFO] [stderr]     Checking wasmi-validation v0.3.0
[INFO] [stderr]     Checking sha2 v0.9.2
[INFO] [stderr]     Checking hmac v0.7.1
[INFO] [stderr]     Checking block-buffer v0.7.3
[INFO] [stderr]     Checking uint v0.8.5
[INFO] [stderr]     Checking pbkdf2 v0.3.0
[INFO] [stderr]     Checking unicode-normalization v0.1.14
[INFO] [stderr]     Checking rand_chacha v0.2.2
[INFO] [stderr]     Checking rand_pcg v0.2.1
[INFO] [stderr]     Checking blake2-rfc v0.2.18
[INFO] [stderr]     Checking chrono v0.4.19
[INFO] [stderr]     Checking once_cell v1.5.2
[INFO] [stderr]     Checking paste v0.1.18
[INFO] [stderr]     Checking regex-automata v0.1.9
[INFO] [stderr]     Checking regex v1.4.2
[INFO] [stderr]    Compiling clap_derive v3.0.0-beta.2
[INFO] [stderr]     Checking hmac-drbg v0.2.0
[INFO] [stderr]     Checking sha2 v0.8.2
[INFO] [stderr]     Checking trie-db v0.22.1
[INFO] [stderr]     Checking addr2line v0.14.0
[INFO] [stderr]     Checking rand v0.7.3
[INFO] [stderr]     Checking futures-task v0.3.8
[INFO] [stderr]    Compiling zeroize_derive v1.0.1
[INFO] [stderr]    Compiling parity-util-mem-derive v0.1.0
[INFO] [stderr]    Compiling failure_derive v0.1.8
[INFO] [stderr]     Checking dyn-clonable v0.9.0
[INFO] [stderr]     Checking ref-cast v1.0.3
[INFO] [stderr]     Checking backtrace v0.3.54
[INFO] [stderr]     Checking matchers v0.0.1
[INFO] [stderr]     Checking futures-util v0.3.8
[INFO] [stderr]     Checking sp-panic-handler v2.0.0
[INFO] [stderr]     Checking wasmi v0.6.2
[INFO] [stderr]    Compiling Inflector v0.11.4
[INFO] [stderr]     Checking fixed-hash v0.6.1
[INFO] [stderr]     Checking libsecp256k1 v0.3.5
[INFO] [stderr]     Checking twox-hash v1.6.0
[INFO] [stderr]     Checking tracing v0.1.21
[INFO] [stderr]     Checking zeroize v1.1.1
[INFO] [stderr]     Checking failure v0.1.8
[INFO] [stderr]     Checking merlin v2.0.0
[INFO] [stderr]     Checking curve25519-dalek v2.1.0
[INFO] [stderr]     Checking curve25519-dalek v3.0.0
[INFO] [stderr]     Checking secrecy v0.6.0
[INFO] [stderr]     Checking tiny-bip39 v0.7.3
[INFO] [stderr]     Checking impl-serde v0.3.1
[INFO] [stderr]     Checking tracing-serde v0.1.2
[INFO] [stderr]     Checking serde_json v1.0.59
[INFO] [stderr]     Checking clap v3.0.0-beta.2
[INFO] [stderr]     Checking schnorrkel v0.9.1
[INFO] [stderr]     Checking ed25519-dalek v1.0.1
[INFO] [stderr]    Compiling toml v0.5.7
[INFO] [stderr]     Checking substrate-bip39 v0.4.2
[INFO] [stderr]     Checking tracing-subscriber v0.2.15
[INFO] [stderr]     Checking futures-executor v0.3.8
[INFO] [stderr]     Checking futures v0.3.8
[INFO] [stderr]    Compiling proc-macro-crate v0.1.5
[INFO] [stderr]    Compiling parity-scale-codec-derive v1.2.2
[INFO] [stderr]    Compiling sp-runtime-interface-proc-macro v2.0.0
[INFO] [stderr]     Checking parity-scale-codec v1.3.5
[INFO] [stderr]     Checking impl-codec v0.4.2
[INFO] [stderr]     Checking sp-storage v2.0.0
[INFO] [stderr]     Checking sp-tracing v2.0.0
[INFO] [stderr]     Checking sp-wasm-interface v2.0.0
[INFO] [stderr]     Checking sp-arithmetic v2.0.0
[INFO] [stderr]     Checking primitive-types v0.7.3
[INFO] [stderr]     Checking sp-externalities v0.8.0
[INFO] [stdout] error[E0282]: type annotations needed
[INFO] [stdout]     --> /opt/rustwide/cargo-home/registry/src/github.com-1ecc6299db9ec823/sp-arithmetic-2.0.0/src/fixed_point.rs:541:9
[INFO] [stdout]      |
[INFO] [stdout] 541  |                   let accuracy = P::ACCURACY.saturated_into();
[INFO] [stdout]      |                       ^^^^^^^^ consider giving `accuracy` a type
[INFO] [stdout] ...
[INFO] [stdout] 1595 | / implement_fixed!(
[INFO] [stdout] 1596 | |     FixedI64,
[INFO] [stdout] 1597 | |     test_fixed_i64,
[INFO] [stdout] 1598 | |     i64,
[INFO] [stdout] ...    |
[INFO] [stdout] 1601 | |     "_Fixed Point 64 bits signed, range = [-9223372036.854775808, 9223372036.854775807]_",
[INFO] [stdout] 1602 | | );
[INFO] [stdout]      | |__- in this macro invocation
[INFO] [stdout]      |
[INFO] [stdout]      = note: this error originates in the macro `implement_fixed` (in Nightly builds, run with -Z macro-backtrace for more info)
[INFO] [stdout] 
[INFO] [stdout] 
[INFO] [stdout] error[E0282]: type annotations needed
[INFO] [stdout]     --> /opt/rustwide/cargo-home/registry/src/github.com-1ecc6299db9ec823/sp-arithmetic-2.0.0/src/fixed_point.rs:541:9
[INFO] [stdout]      |
[INFO] [stdout] 541  |                   let accuracy = P::ACCURACY.saturated_into();
[INFO] [stdout]      |                       ^^^^^^^^ consider giving `accuracy` a type
[INFO] [stdout] ...
[INFO] [stdout] 1604 | / implement_fixed!(
[INFO] [stdout] 1605 | |     FixedI128,
[INFO] [stdout] 1606 | |     test_fixed_i128,
[INFO] [stdout] 1607 | |     i128,
[INFO] [stdout] ...    |
[INFO] [stdout] 1611 | |         [-170141183460469231731.687303715884105728, 170141183460469231731.687303715884105727]_",
[INFO] [stdout] 1612 | | );
[INFO] [stdout]      | |__- in this macro invocation
[INFO] [stdout]      |
[INFO] [stdout]      = note: this error originates in the macro `implement_fixed` (in Nightly builds, run with -Z macro-backtrace for more info)
[INFO] [stdout] 
[INFO] [stdout] 
[INFO] [stdout] error[E0282]: type annotations needed
[INFO] [stdout]     --> /opt/rustwide/cargo-home/registry/src/github.com-1ecc6299db9ec823/sp-arithmetic-2.0.0/src/fixed_point.rs:541:9
[INFO] [stdout]      |
[INFO] [stdout] 541  |                   let accuracy = P::ACCURACY.saturated_into();
[INFO] [stdout]      |                       ^^^^^^^^ consider giving `accuracy` a type
[INFO] [stdout] ...
[INFO] [stdout] 1614 | / implement_fixed!(
[INFO] [stdout] 1615 | |     FixedU128,
[INFO] [stdout] 1616 | |     test_fixed_u128,
[INFO] [stdout] 1617 | |     u128,
[INFO] [stdout] ...    |
[INFO] [stdout] 1621 | |         [0.000000000000000000, 340282366920938463463.374607431768211455]_",
[INFO] [stdout] 1622 | | );
[INFO] [stdout]      | |__- in this macro invocation
[INFO] [stdout]      |
[INFO] [stdout]      = note: this error originates in the macro `implement_fixed` (in Nightly builds, run with -Z macro-backtrace for more info)
[INFO] [stdout] 
[INFO] [stdout] 
[INFO] [stdout] error: aborting due to 3 previous errors
[INFO] [stdout] 
[INFO] [stdout] 
[INFO] [stdout] For more information about this error, try `rustc --explain E0282`.
[INFO] [stdout] 
[INFO] [stderr] error: could not compile `sp-arithmetic` due to 4 previous errors
[INFO] [stderr] warning: build failed, waiting for other jobs to finish...
[INFO] [stderr] error: build failed
[INFO] running `Command { std: "docker" "inspect" "9244a8e3cee8fbfc67734f0e3e51ef13ec7dfe94f19cf726a4ffdf0cd9104538", kill_on_drop: false }`
[INFO] running `Command { std: "docker" "rm" "-f" "9244a8e3cee8fbfc67734f0e3e51ef13ec7dfe94f19cf726a4ffdf0cd9104538", kill_on_drop: false }`
[INFO] [stdout] 9244a8e3cee8fbfc67734f0e3e51ef13ec7dfe94f19cf726a4ffdf0cd9104538
