[INFO] cloning repository https://github.com/tebogokgopa/authentication-app
[INFO] running `Command { std: "git" "-c" "credential.helper=" "-c" "credential.helper=/workspace/cargo-home/bin/git-credential-null" "clone" "--bare" "https://github.com/tebogokgopa/authentication-app" "/workspace/cache/git-repos/https%3A%2F%2Fgithub.com%2Ftebogokgopa%2Fauthentication-app", kill_on_drop: false }`
[INFO] [stderr] Cloning into bare repository '/workspace/cache/git-repos/https%3A%2F%2Fgithub.com%2Ftebogokgopa%2Fauthentication-app'...
[INFO] running `Command { std: "git" "rev-parse" "HEAD", kill_on_drop: false }`
[INFO] [stdout] 562eb63c5c5aa37f128983d1373302c2e86f4b5e
[INFO] checking tebogokgopa/authentication-app against beta-2021-10-15 for beta-1.56-3
[INFO] running `Command { std: "git" "clone" "/workspace/cache/git-repos/https%3A%2F%2Fgithub.com%2Ftebogokgopa%2Fauthentication-app" "/workspace/builds/worker-1/source", kill_on_drop: false }`
[INFO] [stderr] Cloning into '/workspace/builds/worker-1/source'...
[INFO] [stderr] done.
[INFO] [stderr] Updating files:  45% (1658/3676)
Updating files:  46% (1691/3676)
Updating files:  46% (1698/3676)
Updating files:  46% (1711/3676)
Updating files:  47% (1728/3676)
Updating files:  48% (1765/3676)
Updating files:  48% (1777/3676)
Updating files:  49% (1802/3676)
Updating files:  50% (1838/3676)
Updating files:  51% (1875/3676)
Updating files:  52% (1912/3676)
Updating files:  52% (1934/3676)
Updating files:  53% (1949/3676)
Updating files:  54% (1986/3676)
Updating files:  54% (2015/3676)
Updating files:  55% (2022/3676)
Updating files:  55% (2051/3676)
Updating files:  56% (2059/3676)
Updating files:  57% (2096/3676)
Updating files:  58% (2133/3676)
Updating files:  59% (2169/3676)
Updating files:  60% (2206/3676)
Updating files:  61% (2243/3676)
Updating files:  62% (2280/3676)
Updating files:  63% (2316/3676)
Updating files:  64% (2353/3676)
Updating files:  65% (2390/3676)
Updating files:  66% (2427/3676)
Updating files:  67% (2463/3676)
Updating files:  68% (2500/3676)
Updating files:  69% (2537/3676)
Updating files:  70% (2574/3676)
Updating files:  71% (2610/3676)
Updating files:  72% (2647/3676)
Updating files:  73% (2684/3676)
Updating files:  74% (2721/3676)
Updating files:  75% (2757/3676)
Updating files:  76% (2794/3676)
Updating files:  77% (2831/3676)
Updating files:  78% (2868/3676)
Updating files:  79% (2905/3676)
Updating files:  80% (2941/3676)
Updating files:  81% (2978/3676)
Updating files:  82% (3015/3676)
Updating files:  82% (3024/3676)
Updating files:  83% (3052/3676)
Updating files:  84% (3088/3676)
Updating files:  85% (3125/3676)
Updating files:  86% (3162/3676)
Updating files:  87% (3199/3676)
Updating files:  87% (3210/3676)
Updating files:  88% (3235/3676)
Updating files:  89% (3272/3676)
Updating files:  90% (3309/3676)
Updating files:  90% (3344/3676)
Updating files:  91% (3346/3676)
Updating files:  92% (3382/3676)
Updating files:  92% (3385/3676)
Updating files:  93% (3419/3676)
Updating files:  94% (3456/3676)
Updating files:  94% (3460/3676)
Updating files:  95% (3493/3676)
Updating files:  96% (3529/3676)
Updating files:  97% (3566/3676)
Updating files:  98% (3603/3676)
Updating files:  99% (3640/3676)
Updating files: 100% (3676/3676)
Updating files: 100% (3676/3676), done.
[INFO] validating manifest of git repo https://github.com/tebogokgopa/authentication-app on toolchain beta-2021-10-15
[INFO] running `Command { std: "/workspace/cargo-home/bin/cargo" "+beta-2021-10-15" "metadata" "--manifest-path" "Cargo.toml" "--no-deps", kill_on_drop: false }`
[INFO] started tweaking git repo https://github.com/tebogokgopa/authentication-app
[INFO] finished tweaking git repo https://github.com/tebogokgopa/authentication-app
[INFO] tweaked toml for git repo https://github.com/tebogokgopa/authentication-app written to /workspace/builds/worker-1/source/Cargo.toml
[INFO] crate git repo https://github.com/tebogokgopa/authentication-app already has a lockfile, it will not be regenerated
[INFO] running `Command { std: "/workspace/cargo-home/bin/cargo" "+beta-2021-10-15" "fetch" "--manifest-path" "Cargo.toml", kill_on_drop: false }`
[INFO] [stderr]  Downloading crates ...
[INFO] [stderr]   Downloaded pam v0.7.0
[INFO] running `Command { std: "docker" "create" "-v" "/var/lib/crater-agent-workspace/builds/worker-1/target:/opt/rustwide/target:rw,Z" "-v" "/var/lib/crater-agent-workspace/builds/worker-1/source:/opt/rustwide/workdir:ro,Z" "-v" "/var/lib/crater-agent-workspace/cargo-home:/opt/rustwide/cargo-home:ro,Z" "-v" "/var/lib/crater-agent-workspace/rustup-home:/opt/rustwide/rustup-home:ro,Z" "-e" "SOURCE_DIR=/opt/rustwide/workdir" "-e" "CARGO_TARGET_DIR=/opt/rustwide/target" "-e" "CARGO_HOME=/opt/rustwide/cargo-home" "-e" "RUSTUP_HOME=/opt/rustwide/rustup-home" "-w" "/opt/rustwide/workdir" "-m" "1610612736" "--user" "0:0" "--network" "none" "ghcr.io/rust-lang/crates-build-env/linux@sha256:a89201d6b5b9fd45c15d5952ece0a0129e7e80cb26ec023fd59cf09bc26f1604" "/opt/rustwide/cargo-home/bin/cargo" "+beta-2021-10-15" "metadata" "--no-deps" "--format-version=1", kill_on_drop: false }`
[INFO] [stdout] 564dd578b4bc187fcf26ec481ee273702e1d752f0cba2d11d9859c16727fbccd
[INFO] [stderr] WARNING: Your kernel does not support swap limit capabilities or the cgroup is not mounted. Memory limited without swap.
[INFO] running `Command { std: "docker" "start" "-a" "564dd578b4bc187fcf26ec481ee273702e1d752f0cba2d11d9859c16727fbccd", kill_on_drop: false }`
[INFO] running `Command { std: "docker" "inspect" "564dd578b4bc187fcf26ec481ee273702e1d752f0cba2d11d9859c16727fbccd", kill_on_drop: false }`
[INFO] running `Command { std: "docker" "rm" "-f" "564dd578b4bc187fcf26ec481ee273702e1d752f0cba2d11d9859c16727fbccd", kill_on_drop: false }`
[INFO] [stdout] 564dd578b4bc187fcf26ec481ee273702e1d752f0cba2d11d9859c16727fbccd
[INFO] running `Command { std: "docker" "create" "-v" "/var/lib/crater-agent-workspace/builds/worker-1/target:/opt/rustwide/target:rw,Z" "-v" "/var/lib/crater-agent-workspace/builds/worker-1/source:/opt/rustwide/workdir:ro,Z" "-v" "/var/lib/crater-agent-workspace/cargo-home:/opt/rustwide/cargo-home:ro,Z" "-v" "/var/lib/crater-agent-workspace/rustup-home:/opt/rustwide/rustup-home:ro,Z" "-e" "SOURCE_DIR=/opt/rustwide/workdir" "-e" "CARGO_TARGET_DIR=/opt/rustwide/target" "-e" "CARGO_INCREMENTAL=0" "-e" "RUST_BACKTRACE=full" "-e" "RUSTFLAGS=--cap-lints=warn" "-e" "CARGO_HOME=/opt/rustwide/cargo-home" "-e" "RUSTUP_HOME=/opt/rustwide/rustup-home" "-w" "/opt/rustwide/workdir" "-m" "1610612736" "--user" "0:0" "--network" "none" "ghcr.io/rust-lang/crates-build-env/linux@sha256:a89201d6b5b9fd45c15d5952ece0a0129e7e80cb26ec023fd59cf09bc26f1604" "/opt/rustwide/cargo-home/bin/cargo" "+beta-2021-10-15" "check" "--frozen" "--all" "--all-targets" "--message-format=json", kill_on_drop: false }`
[INFO] [stderr] WARNING: Your kernel does not support swap limit capabilities or the cgroup is not mounted. Memory limited without swap.
[INFO] [stdout] ed6323cefa2b66cc712b7c61a6c7fae799c576e69470ca00dde33493ba46b37e
[INFO] running `Command { std: "docker" "start" "-a" "ed6323cefa2b66cc712b7c61a6c7fae799c576e69470ca00dde33493ba46b37e", kill_on_drop: false }`
[INFO] [stderr]     Checking futures-io v0.3.13
[INFO] [stderr]     Checking futures-task v0.3.13
[INFO] [stderr]     Checking once_cell v1.7.0
[INFO] [stderr]     Checking dtoa v0.4.7
[INFO] [stderr]     Checking sha1 v0.6.0
[INFO] [stderr]    Compiling pam-sys v0.5.6
[INFO] [stderr]     Checking futures-channel v0.3.13
[INFO] [stderr]    Compiling brotli-sys v0.3.2
[INFO] [stderr]     Checking fxhash v0.2.1
[INFO] [stderr]     Checking unicode-normalization v0.1.17
[INFO] [stderr]     Checking iovec v0.1.4
[INFO] [stderr]     Checking net2 v0.2.37
[INFO] [stderr]     Checking signal-hook-registry v1.3.0
[INFO] [stderr]     Checking parking_lot_core v0.8.3
[INFO] [stderr]     Checking socket2 v0.3.19
[INFO] [stderr]     Checking tracing v0.1.25
[INFO] [stderr]     Checking users v0.8.1
[INFO] [stderr]    Compiling syn v1.0.60
[INFO] [stderr]     Checking threadpool v1.8.1
[INFO] [stderr]     Checking backtrace v0.3.56
[INFO] [stderr]     Checking flate2 v1.0.20
[INFO] [stderr]     Checking resolv-conf v0.6.3
[INFO] [stderr]     Checking colored v1.9.3
[INFO] [stderr]     Checking parking_lot v0.11.1
[INFO] [stderr]     Checking mio v0.6.23
[INFO] [stderr]     Checking thread_local v1.1.3
[INFO] [stderr]     Checking rand v0.7.3
[INFO] [stderr]     Checking regex v1.4.3
[INFO] [stderr]     Checking simple_logger v1.11.0
[INFO] [stderr]     Checking pam v0.7.0
[INFO] [stderr]     Checking mio-uds v0.6.8
[INFO] [stderr]     Checking idna v0.2.2
[INFO] [stderr]     Checking tokio v0.2.25
[INFO] [stderr]     Checking url v2.2.1
[INFO] [stderr]     Checking tokio-util v0.3.1
[INFO] [stderr]     Checking tokio-util v0.2.0
[INFO] [stderr]     Checking brotli2 v0.3.2
[INFO] [stderr]     Checking actix-codec v0.2.0
[INFO] [stderr]    Compiling synstructure v0.12.4
[INFO] [stderr]    Compiling futures-macro v0.3.13
[INFO] [stderr]    Compiling pin-project-internal v0.4.27
[INFO] [stderr]    Compiling derive_more v0.99.11
[INFO] [stderr]    Compiling actix-macros v0.1.3
[INFO] [stderr]    Compiling serde_derive v1.0.123
[INFO] [stderr]    Compiling failure_derive v0.1.8
[INFO] [stderr]    Compiling enum-as-inner v0.3.3
[INFO] [stderr]    Compiling async-trait v0.1.42
[INFO] [stderr]    Compiling pin-project-internal v1.0.5
[INFO] [stderr]    Compiling actix-web-codegen v0.2.2
[INFO] [stderr]     Checking futures-util v0.3.13
[INFO] [stderr]     Checking failure v0.1.8
[INFO] [stderr]     Checking pin-project v1.0.5
[INFO] [stderr]     Checking tracing-futures v0.2.5
[INFO] [stderr]     Checking pin-project v0.4.27
[INFO] [stderr]     Checking actix-codec v0.3.0
[INFO] [stderr]     Checking actix-threadpool v0.3.3
[INFO] [stderr]     Checking actix-rt v1.1.1
[INFO] [stderr]     Checking actix-service v1.0.6
[INFO] [stderr]     Checking futures-executor v0.3.13
[INFO] [stderr]     Checking h2 v0.2.7
[INFO] [stderr]     Checking futures v0.3.13
[INFO] [stderr]     Checking trust-dns-proto v0.18.0-alpha.2
[INFO] [stderr]     Checking serde v1.0.123
[INFO] [stderr]     Checking actix-utils v1.0.6
[INFO] [stderr]     Checking actix-utils v2.0.0
[INFO] [stderr]     Checking actix-server v1.0.4
[INFO] [stderr]     Checking actix-tls v1.0.0
[INFO] [stderr]     Checking actix-testing v1.0.1
[INFO] [stderr]     Checking trust-dns-resolver v0.18.0-alpha.2
[INFO] [stderr]     Checking actix-connect v1.0.2
[INFO] [stderr]     Checking serde_urlencoded v0.6.1
[INFO] [stderr]     Checking serde_json v1.0.64
[INFO] [stderr]     Checking actix-router v0.2.7
[INFO] [stderr]     Checking actix-http v1.0.1
[INFO] [stderr]     Checking awc v1.0.1
[INFO] [stderr]     Checking actix-web v2.0.0
[INFO] [stderr]     Checking authentication-app v0.1.0 (/opt/rustwide/workdir)
[INFO] [stdout] error[E0277]: the trait bound `(): Responder` is not satisfied
[INFO] [stdout]   --> src/executor/validate_password.rs:20:63
[INFO] [stdout]    |
[INFO] [stdout] 20 | pub async fn validate_password(request:web::Json<Request>) -> impl Responder{
[INFO] [stdout]    |                                                               ^^^^^^^^^^^^^^ the trait `Responder` is not implemented for `()`
[INFO] [stdout] 
[INFO] [stdout] 
[INFO] [stdout] error[E0277]: the trait bound `(): Responder` is not satisfied
[INFO] [stdout]   --> src/executor/validate_password.rs:20:63
[INFO] [stdout]    |
[INFO] [stdout] 20 | pub async fn validate_password(request:web::Json<Request>) -> impl Responder{
[INFO] [stdout]    |                                                               ^^^^^^^^^^^^^^ the trait `Responder` is not implemented for `()`
[INFO] [stdout] 
[INFO] [stdout] 
[INFO] [stdout] error[E0277]: the trait bound `(): Responder` is not satisfied
[INFO] [stdout]   --> src/executor/execute.rs:18:60
[INFO] [stdout]    |
[INFO] [stdout] 18 | pub async fn execute_command(request:web::Json<Request>) ->impl Responder{
[INFO] [stdout]    |                                                            ^^^^^^^^^^^^^^ the trait `Responder` is not implemented for `()`
[INFO] [stdout] 
[INFO] [stdout] 
[INFO] [stdout] error[E0277]: the trait bound `(): Responder` is not satisfied
[INFO] [stdout]   --> src/executor/execute.rs:18:60
[INFO] [stdout]    |
[INFO] [stdout] 18 | pub async fn execute_command(request:web::Json<Request>) ->impl Responder{
[INFO] [stdout]    |                                                            ^^^^^^^^^^^^^^ the trait `Responder` is not implemented for `()`
[INFO] [stdout] 
[INFO] [stdout] 
[INFO] [stdout] error: aborting due to 2 previous errors
[INFO] [stdout] 
[INFO] [stdout] 
[INFO] [stdout] For more information about this error, try `rustc --explain E0277`.
[INFO] [stdout] 
[INFO] [stderr] error: could not compile `authentication-app` due to 3 previous errors
[INFO] [stderr] warning: build failed, waiting for other jobs to finish...
[INFO] [stdout] error: aborting due to 2 previous errors
[INFO] [stdout] 
[INFO] [stdout] 
[INFO] [stdout] For more information about this error, try `rustc --explain E0277`.
[INFO] [stdout] 
[INFO] [stderr] error: build failed
[INFO] running `Command { std: "docker" "inspect" "ed6323cefa2b66cc712b7c61a6c7fae799c576e69470ca00dde33493ba46b37e", kill_on_drop: false }`
[INFO] running `Command { std: "docker" "rm" "-f" "ed6323cefa2b66cc712b7c61a6c7fae799c576e69470ca00dde33493ba46b37e", kill_on_drop: false }`
[INFO] [stdout] ed6323cefa2b66cc712b7c61a6c7fae799c576e69470ca00dde33493ba46b37e
