[INFO] cloning repository https://github.com/szkabaroli/meshx-p2p-pf
[INFO] running `Command { std: "git" "-c" "credential.helper=" "-c" "credential.helper=/workspace/cargo-home/bin/git-credential-null" "clone" "--bare" "https://github.com/szkabaroli/meshx-p2p-pf" "/workspace/cache/git-repos/https%3A%2F%2Fgithub.com%2Fszkabaroli%2Fmeshx-p2p-pf", kill_on_drop: false }`
[INFO] [stderr] Cloning into bare repository '/workspace/cache/git-repos/https%3A%2F%2Fgithub.com%2Fszkabaroli%2Fmeshx-p2p-pf'...
[INFO] running `Command { std: "git" "rev-parse" "HEAD", kill_on_drop: false }`
[INFO] [stdout] 4def05948a56072d3a608876cbdd363bce71f36e
[INFO] checking szkabaroli/meshx-p2p-pf against beta-2021-10-15 for beta-1.56-3
[INFO] running `Command { std: "git" "clone" "/workspace/cache/git-repos/https%3A%2F%2Fgithub.com%2Fszkabaroli%2Fmeshx-p2p-pf" "/workspace/builds/worker-119/source", kill_on_drop: false }`
[INFO] [stderr] Cloning into '/workspace/builds/worker-119/source'...
[INFO] [stderr] done.
[INFO] validating manifest of git repo https://github.com/szkabaroli/meshx-p2p-pf on toolchain beta-2021-10-15
[INFO] running `Command { std: "/workspace/cargo-home/bin/cargo" "+beta-2021-10-15" "metadata" "--manifest-path" "Cargo.toml" "--no-deps", kill_on_drop: false }`
[INFO] started tweaking git repo https://github.com/szkabaroli/meshx-p2p-pf
[INFO] finished tweaking git repo https://github.com/szkabaroli/meshx-p2p-pf
[INFO] tweaked toml for git repo https://github.com/szkabaroli/meshx-p2p-pf written to /workspace/builds/worker-119/source/Cargo.toml
[INFO] crate git repo https://github.com/szkabaroli/meshx-p2p-pf already has a lockfile, it will not be regenerated
[INFO] running `Command { std: "/workspace/cargo-home/bin/cargo" "+beta-2021-10-15" "fetch" "--manifest-path" "Cargo.toml", kill_on_drop: false }`
[INFO] [stderr]     Blocking waiting for file lock on package cache
[INFO] [stderr]     Blocking waiting for file lock on package cache
[INFO] [stderr]  Downloading crates ...
[INFO] [stderr]   Downloaded soketto v0.4.2
[INFO] [stderr]   Downloaded libp2p-noise v0.32.0
[INFO] [stderr]   Downloaded libp2p-tcp v0.29.0
[INFO] [stderr]   Downloaded libp2p-identify v0.30.0
[INFO] [stderr]   Downloaded libsecp256k1-gen-ecmult v0.2.1
[INFO] [stderr]   Downloaded unsigned-varint v0.7.0
[INFO] [stderr]   Downloaded libp2p-deflate v0.29.0
[INFO] [stderr]   Downloaded libp2p-floodsub v0.30.0
[INFO] [stderr]   Downloaded libp2p-pnet v0.21.0
[INFO] [stderr]   Downloaded multiaddr v0.13.0
[INFO] [stderr]   Downloaded libp2p-gossipsub v0.32.0
[INFO] [stderr]   Downloaded async-std-resolver v0.20.3
[INFO] [stderr]   Downloaded asn1_der v0.7.4
[INFO] [stderr]   Downloaded libp2p-dns v0.29.0
[INFO] [stderr]   Downloaded ghash v0.4.3
[INFO] [stderr]   Downloaded libp2p-plaintext v0.29.0
[INFO] [stderr]   Downloaded libp2p-ping v0.30.0
[INFO] [stderr]   Downloaded libp2p-mdns v0.31.0
[INFO] [stderr]   Downloaded minicbor v0.8.1
[INFO] [stderr]   Downloaded chacha20poly1305 v0.8.1
[INFO] [stderr]   Downloaded libp2p-websocket v0.30.0
[INFO] [stderr]   Downloaded libp2p-mplex v0.29.0
[INFO] [stderr]   Downloaded multihash-derive v0.7.2
[INFO] [stderr]   Downloaded cuckoofilter v0.5.0
[INFO] [stderr]   Downloaded x25519-dalek v1.1.1
[INFO] [stderr]   Downloaded libp2p-request-response v0.12.0
[INFO] [stderr]   Downloaded if-addrs v0.6.5
[INFO] [stderr]   Downloaded aes-gcm v0.9.3
[INFO] [stderr]   Downloaded libp2p-kad v0.31.0
[INFO] [stderr]   Downloaded snow v0.8.0
[INFO] [stderr]   Downloaded libp2p-uds v0.29.0
[INFO] [stderr]   Downloaded chacha20 v0.7.2
[INFO] [stderr]   Downloaded poly1305 v0.7.1
[INFO] [stderr]   Downloaded minicbor-derive v0.6.4
[INFO] [stderr]   Downloaded if-addrs-sys v0.3.2
[INFO] [stderr]   Downloaded if-watch v0.2.2
[INFO] [stderr]   Downloaded libp2p-core v0.29.0
[INFO] [stderr]   Downloaded multihash v0.14.0
[INFO] [stderr]   Downloaded libp2p v0.39.1
[INFO] [stderr]   Downloaded yamux v0.9.0
[INFO] [stderr]   Downloaded libp2p-relay v0.3.0
[INFO] [stderr]   Downloaded libsecp256k1 v0.5.0
[INFO] [stderr]   Downloaded hmac-drbg v0.3.0
[INFO] [stderr]   Downloaded libsecp256k1-core v0.2.2
[INFO] [stderr]   Downloaded libp2p-swarm-derive v0.24.0
[INFO] [stderr]   Downloaded futures-rustls v0.21.1
[INFO] [stderr]   Downloaded libp2p-swarm v0.30.0
[INFO] [stderr]   Downloaded libp2p-wasm-ext v0.29.0
[INFO] [stderr]   Downloaded libsecp256k1-gen-genmult v0.2.1
[INFO] [stderr]   Downloaded zeroize_derive v1.1.0
[INFO] [stderr]   Downloaded libp2p-yamux v0.33.0
[INFO] running `Command { std: "docker" "create" "-v" "/var/lib/crater-agent-workspace/builds/worker-119/target:/opt/rustwide/target:rw,Z" "-v" "/var/lib/crater-agent-workspace/builds/worker-119/source:/opt/rustwide/workdir:ro,Z" "-v" "/var/lib/crater-agent-workspace/cargo-home:/opt/rustwide/cargo-home:ro,Z" "-v" "/var/lib/crater-agent-workspace/rustup-home:/opt/rustwide/rustup-home:ro,Z" "-e" "SOURCE_DIR=/opt/rustwide/workdir" "-e" "CARGO_TARGET_DIR=/opt/rustwide/target" "-e" "CARGO_HOME=/opt/rustwide/cargo-home" "-e" "RUSTUP_HOME=/opt/rustwide/rustup-home" "-w" "/opt/rustwide/workdir" "-m" "1610612736" "--user" "0:0" "--network" "none" "ghcr.io/rust-lang/crates-build-env/linux@sha256:a89201d6b5b9fd45c15d5952ece0a0129e7e80cb26ec023fd59cf09bc26f1604" "/opt/rustwide/cargo-home/bin/cargo" "+beta-2021-10-15" "metadata" "--no-deps" "--format-version=1", kill_on_drop: false }`
[INFO] [stdout] 74936214a5f1546154eb6933e67b7eb895ddb14c34bf329c5d3f53334bf4e29d
[INFO] running `Command { std: "docker" "start" "-a" "74936214a5f1546154eb6933e67b7eb895ddb14c34bf329c5d3f53334bf4e29d", kill_on_drop: false }`
[INFO] running `Command { std: "docker" "inspect" "74936214a5f1546154eb6933e67b7eb895ddb14c34bf329c5d3f53334bf4e29d", kill_on_drop: false }`
[INFO] running `Command { std: "docker" "rm" "-f" "74936214a5f1546154eb6933e67b7eb895ddb14c34bf329c5d3f53334bf4e29d", kill_on_drop: false }`
[INFO] [stdout] 74936214a5f1546154eb6933e67b7eb895ddb14c34bf329c5d3f53334bf4e29d
[INFO] running `Command { std: "docker" "create" "-v" "/var/lib/crater-agent-workspace/builds/worker-119/target:/opt/rustwide/target:rw,Z" "-v" "/var/lib/crater-agent-workspace/builds/worker-119/source:/opt/rustwide/workdir:ro,Z" "-v" "/var/lib/crater-agent-workspace/cargo-home:/opt/rustwide/cargo-home:ro,Z" "-v" "/var/lib/crater-agent-workspace/rustup-home:/opt/rustwide/rustup-home:ro,Z" "-e" "SOURCE_DIR=/opt/rustwide/workdir" "-e" "CARGO_TARGET_DIR=/opt/rustwide/target" "-e" "CARGO_INCREMENTAL=0" "-e" "RUST_BACKTRACE=full" "-e" "RUSTFLAGS=--cap-lints=warn" "-e" "CARGO_HOME=/opt/rustwide/cargo-home" "-e" "RUSTUP_HOME=/opt/rustwide/rustup-home" "-w" "/opt/rustwide/workdir" "-m" "1610612736" "--user" "0:0" "--network" "none" "ghcr.io/rust-lang/crates-build-env/linux@sha256:a89201d6b5b9fd45c15d5952ece0a0129e7e80cb26ec023fd59cf09bc26f1604" "/opt/rustwide/cargo-home/bin/cargo" "+beta-2021-10-15" "check" "--frozen" "--all" "--all-targets" "--message-format=json", kill_on_drop: false }`
[INFO] [stdout] 74d1319e66f045407e06b79623bde0968fc1375e82e2b5643a54e39296b351bb
[INFO] running `Command { std: "docker" "start" "-a" "74d1319e66f045407e06b79623bde0968fc1375e82e2b5643a54e39296b351bb", kill_on_drop: false }`
[INFO] [stderr]     Blocking waiting for file lock on package cache
[INFO] [stderr]    Compiling proc-macro2 v1.0.28
[INFO] [stderr]    Compiling syn v1.0.74
[INFO] [stderr]    Compiling libc v0.2.98
[INFO] [stderr]    Compiling log v0.4.14
[INFO] [stderr]    Compiling futures-core v0.3.16
[INFO] [stderr]    Compiling either v1.6.1
[INFO] [stderr]     Checking futures-io v0.3.16
[INFO] [stderr]    Compiling unicode-segmentation v1.8.0
[INFO] [stderr]    Compiling ppv-lite86 v0.2.10
[INFO] [stderr]    Compiling hashbrown v0.11.2
[INFO] [stderr]    Compiling bytes v1.0.1
[INFO] [stderr]    Compiling futures-channel v0.3.16
[INFO] [stderr]    Compiling fixedbitset v0.2.0
[INFO] [stderr]    Compiling futures-task v0.3.16
[INFO] [stderr]     Checking futures-sink v0.3.16
[INFO] [stderr]    Compiling remove_dir_all v0.5.3
[INFO] [stderr]    Compiling multimap v0.8.3
[INFO] [stderr]     Checking subtle v2.4.1
[INFO] [stderr]     Checking cpufeatures v0.1.5
[INFO] [stderr]     Checking block-padding v0.2.1
[INFO] [stderr]    Compiling crunchy v0.2.2
[INFO] [stderr]     Checking byteorder v1.4.3
[INFO] [stderr]     Checking tinyvec_macros v0.1.0
[INFO] [stderr]     Checking spin v0.5.2
[INFO] [stderr]     Checking untrusted v0.7.1
[INFO] [stderr]    Compiling pin-project-internal v0.4.28
[INFO] [stderr]     Checking data-encoding v2.3.2
[INFO] [stderr]     Checking arrayref v0.3.6
[INFO] [stderr]     Checking signature v1.3.1
[INFO] [stderr]     Checking base64 v0.12.3
[INFO] [stderr]     Checking bs58 v0.4.0
[INFO] [stderr]     Checking asn1_der v0.7.4
[INFO] [stderr]     Checking void v1.0.2
[INFO] [stderr]     Checking futures-timer v3.0.2
[INFO] [stderr]    Compiling wasm-bindgen-shared v0.2.74
[INFO] [stderr]    Compiling async-trait v0.1.50
[INFO] [stderr]    Compiling lazy_static v1.4.0
[INFO] [stderr]    Compiling bumpalo v3.7.0
[INFO] [stderr]     Checking ipnet v2.3.1
[INFO] [stderr]     Checking match_cfg v0.1.0
[INFO] [stderr]    Compiling wasm-bindgen v0.2.74
[INFO] [stderr]    Compiling httparse v1.4.1
[INFO] [stderr]     Checking nohash-hasher v0.2.0
[INFO] [stderr]     Checking hex v0.4.3
[INFO] [stderr]     Checking bytes v0.5.6
[INFO] [stderr]     Checking keccak v0.1.0
[INFO] [stderr]     Checking pin-project-lite v0.1.12
[INFO] [stderr]     Checking parity-send-wrapper v0.1.0
[INFO] [stderr]     Checking hex_fmt v0.3.0
[INFO] [stderr]     Checking humantime v2.1.0
[INFO] [stderr]     Checking termcolor v1.1.2
[INFO] [stderr]    Compiling proc-macro-hack v0.5.19
[INFO] [stderr]    Compiling futures-macro v0.3.16
[INFO] [stderr]    Compiling proc-macro-nested v0.1.7
[INFO] [stderr]    Compiling futures-util v0.3.16
[INFO] [stderr]    Compiling ring v0.16.20
[INFO] [stderr]    Compiling proc-macro-error-attr v1.0.4
[INFO] [stderr]     Checking unicode-bidi v0.3.5
[INFO] [stderr]    Compiling proc-macro-error v1.0.4
[INFO] [stderr]     Checking form_urlencoded v1.0.1
[INFO] [stderr]    Compiling libz-sys v1.1.3
[INFO] [stderr]    Compiling crossbeam-utils v0.8.5
[INFO] [stderr]     Checking lru-cache v0.1.2
[INFO] [stderr]    Compiling atomic v0.5.0
[INFO] [stderr]     Checking hashbrown v0.9.1
[INFO] [stderr]    Compiling tokio v1.9.0
[INFO] [stderr]    Compiling value-bag v1.0.0-alpha.7
[INFO] [stderr]    Compiling anyhow v1.0.42
[INFO] [stderr]    Compiling indexmap v1.7.0
[INFO] [stderr]    Compiling typenum v1.13.0
[INFO] [stderr]    Compiling semver-parser v0.10.2
[INFO] [stderr]     Checking aho-corasick v0.7.18
[INFO] [stderr]     Checking cipher v0.3.0
[INFO] [stderr]     Checking aead v0.4.2
[INFO] [stderr]    Compiling itertools v0.10.1
[INFO] [stderr]     Checking ed25519 v1.2.0
[INFO] [stderr]     Checking crypto-mac v0.8.0
[INFO] [stderr]     Checking universal-hash v0.4.1
[INFO] [stderr]     Checking dns-parser v0.8.0
[INFO] [stderr]    Compiling heck v0.3.3
[INFO] [stderr]     Checking ctr v0.8.0
[INFO] [stderr]     Checking aes v0.7.4
[INFO] [stderr]     Checking salsa20 v0.8.1
[INFO] [stderr]     Checking block-buffer v0.9.0
[INFO] [stderr]     Checking tinyvec v1.3.1
[INFO] [stderr]     Checking polyval v0.5.2
[INFO] [stderr]     Checking poly1305 v0.7.1
[INFO] [stderr]     Checking hmac v0.8.1
[INFO] [stderr]     Checking blake2 v0.9.1
[INFO] [stderr]     Checking lru v0.6.5
[INFO] [stderr]     Checking futures-lite v1.12.0
[INFO] [stderr]     Checking async-channel v1.6.1
[INFO] [stderr]     Checking quicksink v0.1.2
[INFO] [stderr]     Checking sha2 v0.9.5
[INFO] [stderr]     Checking sha-1 v0.9.7
[INFO] [stderr]     Checking sha3 v0.9.1
[INFO] [stderr]    Compiling generic-array v0.14.4
[INFO] [stderr]    Compiling semver v0.11.0
[INFO] [stderr]     Checking regex v1.5.4
[INFO] [stderr]     Checking libsecp256k1-core v0.2.2
[INFO] [stderr]     Checking uint v0.9.1
[INFO] [stderr]     Checking ghash v0.4.3
[INFO] [stderr]     Checking hmac-drbg v0.3.0
[INFO] [stderr]    Compiling rustc_version v0.3.3
[INFO] [stderr]     Checking aes-gcm v0.9.3
[INFO] [stderr]    Compiling quote v1.0.9
[INFO] [stderr]    Compiling digest v0.9.0
[INFO] [stderr]    Compiling petgraph v0.5.1
[INFO] [stderr]    Compiling getrandom v0.2.3
[INFO] [stderr]    Compiling which v4.1.0
[INFO] [stderr]     Checking num_cpus v1.13.0
[INFO] [stderr]     Checking getrandom v0.1.16
[INFO] [stderr]     Checking parking_lot_core v0.8.3
[INFO] [stderr]     Checking socket2 v0.4.0
[INFO] [stderr]     Checking hostname v0.3.1
[INFO] [stderr]     Checking flate2 v1.0.20
[INFO] [stderr]     Checking signal-hook-registry v1.4.0
[INFO] [stderr]     Checking atty v0.2.14
[INFO] [stderr]    Compiling snow v0.8.0
[INFO] [stderr]     Checking resolv-conf v0.7.0
[INFO] [stderr]    Compiling rand_core v0.6.3
[INFO] [stderr]     Checking rand_core v0.5.1
[INFO] [stderr]     Checking parking_lot v0.11.1
[INFO] [stderr]    Compiling prost-build v0.8.0
[INFO] [stderr]     Checking unicode-normalization v0.1.19
[INFO] [stderr]    Compiling rand_chacha v0.3.1
[INFO] [stderr]     Checking rand_chacha v0.2.2
[INFO] [stderr]     Checking blocking v1.0.2
[INFO] [stderr]     Checking async-executor v1.4.1
[INFO] [stderr]     Checking rand v0.7.3
[INFO] [stderr]    Compiling rand v0.8.4
[INFO] [stderr]    Compiling libsecp256k1-gen-ecmult v0.2.1
[INFO] [stderr]    Compiling libsecp256k1-gen-genmult v0.2.1
[INFO] [stderr]    Compiling libsecp256k1 v0.5.0
[INFO] [stderr]     Checking idna v0.2.3
[INFO] [stderr]    Compiling tempfile v3.2.0
[INFO] [stderr]     Checking cuckoofilter v0.5.0
[INFO] [stderr]     Checking url v2.2.2
[INFO] [stderr]     Checking webpki v0.21.4
[INFO] [stderr]     Checking sct v0.6.1
[INFO] [stderr]     Checking webpki-roots v0.21.1
[INFO] [stderr]    Compiling synstructure v0.12.5
[INFO] [stderr]    Compiling ctor v0.1.20
[INFO] [stderr]    Compiling prost-derive v0.8.0
[INFO] [stderr]    Compiling serde_derive v1.0.126
[INFO] [stderr]    Compiling thiserror-impl v1.0.26
[INFO] [stderr]    Compiling zeroize_derive v1.1.0
[INFO] [stderr]    Compiling pin-project-internal v1.0.8
[INFO] [stderr]    Compiling enum-as-inner v0.3.3
[INFO] [stderr]    Compiling minicbor-derive v0.6.4
[INFO] [stderr]    Compiling tokio-macros v1.3.0
[INFO] [stderr]    Compiling libp2p-swarm-derive v0.24.0
[INFO] [stderr]     Checking zeroize v1.3.0
[INFO] [stderr]    Compiling thiserror v1.0.26
[INFO] [stderr]     Checking pin-project v0.4.28
[INFO] [stderr]     Checking pin-project v1.0.8
[INFO] [stderr]     Checking curve25519-dalek v3.1.0
[INFO] [stderr]     Checking chacha20 v0.7.2
[INFO] [stderr]    Compiling wasm-bindgen-backend v0.2.74
[INFO] [stderr]     Checking minicbor v0.8.1
[INFO] [stderr]     Checking polling v2.1.0
[INFO] [stderr]     Checking kv-log-macro v1.0.7
[INFO] [stderr]     Checking rustls v0.19.1
[INFO] [stderr]     Checking mio v0.7.13
[INFO] [stderr]     Checking env_logger v0.9.0
[INFO] [stderr]     Checking chacha20poly1305 v0.8.1
[INFO] [stderr]    Compiling prost v0.8.0
[INFO] [stderr]     Checking async-io v1.6.0
[INFO] [stderr]     Checking x25519-dalek v1.1.1
[INFO] [stderr]    Compiling prost-types v0.8.0
[INFO] [stderr]    Compiling serde v1.0.126
[INFO] [stderr]     Checking async-global-executor v2.0.2
[INFO] [stderr]     Checking if-watch v0.2.2
[INFO] [stderr]     Checking async-std v1.9.0
[INFO] [stderr]     Checking futures-executor v0.3.16
[INFO] [stderr]     Checking asynchronous-codec v0.6.0
[INFO] [stderr]     Checking trust-dns-proto v0.20.3
[INFO] [stderr]    Compiling wasm-bindgen-macro-support v0.2.74
[INFO] [stderr]     Checking futures v0.3.16
[INFO] [stderr]     Checking unsigned-varint v0.7.0
[INFO] [stderr]     Checking rw-stream-sink v0.2.1
[INFO] [stderr]     Checking wasm-timer v0.2.5
[INFO] [stderr]     Checking yamux v0.9.0
[INFO] [stderr]     Checking soketto v0.4.2
[INFO] [stderr]     Checking libp2p-pnet v0.21.0
[INFO] [stderr]     Checking futures-rustls v0.21.1
[INFO] [stderr]     Checking multistream-select v0.10.2
[INFO] [stderr]    Compiling wasm-bindgen-macro v0.2.74
[INFO] [stderr]     Checking trust-dns-resolver v0.20.3
[INFO] [stderr]    Compiling libp2p-core v0.29.0
[INFO] [stderr]    Compiling libp2p-noise v0.32.0
[INFO] [stderr]    Compiling libp2p-floodsub v0.30.0
[INFO] [stderr]    Compiling libp2p-relay v0.3.0
[INFO] [stderr]    Compiling libp2p-identify v0.30.0
[INFO] [stderr]    Compiling libp2p-kad v0.31.0
[INFO] [stderr]    Compiling libp2p-plaintext v0.29.0
[INFO] [stderr]    Compiling libp2p-gossipsub v0.32.0
[INFO] [stderr]     Checking ed25519-dalek v1.0.1
[INFO] [stderr]    Compiling toml v0.5.8
[INFO] [stderr]     Checking js-sys v0.3.51
[INFO] [stderr]    Compiling proc-macro-crate v1.0.0
[INFO] [stderr]     Checking async-std-resolver v0.20.3
[INFO] [stderr]    Compiling multihash-derive v0.7.2
[INFO] [stderr]     Checking wasm-bindgen-futures v0.4.24
[INFO] [stderr]     Checking multihash v0.14.0
[INFO] [stderr]     Checking multiaddr v0.13.0
[INFO] [stderr]     Checking libp2p-swarm v0.30.0
[INFO] [stderr]     Checking libp2p-deflate v0.29.0
[INFO] [stderr]     Checking libp2p-websocket v0.30.0
[INFO] [stderr]     Checking libp2p-tcp v0.29.0
[INFO] [stderr]     Checking libp2p-uds v0.29.0
[INFO] [stderr]     Checking libp2p-wasm-ext v0.29.0
[INFO] [stderr]     Checking libp2p-mplex v0.29.0
[INFO] [stderr]     Checking libp2p-dns v0.29.0
[INFO] [stderr]     Checking libp2p-yamux v0.33.0
[INFO] [stderr]     Checking libp2p-request-response v0.12.0
[INFO] [stderr]     Checking libp2p-mdns v0.31.0
[INFO] [stderr]     Checking libp2p-ping v0.30.0
[INFO] [stderr]     Checking libp2p v0.39.1
[INFO] [stderr]     Checking meshx-p2p-pf v0.1.0 (/opt/rustwide/workdir)
[INFO] [stdout] error[E0407]: method `inbound_object` is not a member of trait `IP2PSharingPort`
[INFO] [stdout]   --> src/domain.rs:11:5
[INFO] [stdout]    |
[INFO] [stdout] 11 |     fn inbound_object() {}
[INFO] [stdout]    |     ^^^^^^^^^^^^^^^^^^^^^^ not a member of trait `IP2PSharingPort`
[INFO] [stdout] 
[INFO] [stdout] 
[INFO] [stdout] error[E0407]: method `inbound_invoke` is not a member of trait `IP2PSharingPort`
[INFO] [stdout]   --> src/domain.rs:13:5
[INFO] [stdout]    |
[INFO] [stdout] 13 |     fn inbound_invoke() {}
[INFO] [stdout]    |     ^^^^^^^^^^^^^^^^^^^^^^ not a member of trait `IP2PSharingPort`
[INFO] [stdout] 
[INFO] [stdout] 
[INFO] [stdout] error[E0407]: method `inbound_object` is not a member of trait `IP2PSharingPort`
[INFO] [stdout]   --> src/domain.rs:11:5
[INFO] [stdout]    |
[INFO] [stdout] 11 |     fn inbound_object() {}
[INFO] [stdout]    |     ^^^^^^^^^^^^^^^^^^^^^^ not a member of trait `IP2PSharingPort`
[INFO] [stdout] 
[INFO] [stdout] 
[INFO] [stdout] error[E0407]: method `inbound_invoke` is not a member of trait `IP2PSharingPort`
[INFO] [stdout]   --> src/domain.rs:13:5
[INFO] [stdout]    |
[INFO] [stdout] 13 |     fn inbound_invoke() {}
[INFO] [stdout]    |     ^^^^^^^^^^^^^^^^^^^^^^ not a member of trait `IP2PSharingPort`
[INFO] [stdout] 
[INFO] [stdout] 
[INFO] [stdout] error[E0412]: cannot find type `IP2PSharingStore` in this scope
[INFO] [stdout]   --> src/domain.rs:17:36
[INFO] [stdout]    |
[INFO] [stdout] 17 |     pub fn new(sharing: Rc<RefCell<IP2PSharingStore>>) -> Self {
[INFO] [stdout]    |                                    ^^^^^^^^^^^^^^^^
[INFO] [stdout]    |
[INFO] [stdout]   ::: src/ports.rs:2:1
[INFO] [stdout]    |
[INFO] [stdout] 2  | pub trait IP2PSharingPort {
[INFO] [stdout]    | ------------------------- similarly named trait `IP2PSharingPort` defined here
[INFO] [stdout]    |
[INFO] [stdout] help: a trait with a similar name exists
[INFO] [stdout]    |
[INFO] [stdout] 17 |     pub fn new(sharing: Rc<RefCell<IP2PSharingPort>>) -> Self {
[INFO] [stdout]    |                                    ~~~~~~~~~~~~~~~
[INFO] [stdout] help: you might be missing a type parameter
[INFO] [stdout]    |
[INFO] [stdout] 16 | impl<IP2PSharingStore> TestDomain {
[INFO] [stdout]    |     ++++++++++++++++++
[INFO] [stdout] 
[INFO] [stdout] 
[INFO] [stdout] error[E0425]: cannot find value `peer_id` in this scope
[INFO] [stdout]   --> src/domain.rs:21:37
[INFO] [stdout]    |
[INFO] [stdout] 21 |         sharing.add_outbound_object(peer_id, obj);
[INFO] [stdout]    |                                     ^^^^^^^ not found in this scope
[INFO] [stdout] 
[INFO] [stdout] 
[INFO] [stdout] error[E0425]: cannot find value `obj` in this scope
[INFO] [stdout]   --> src/domain.rs:21:46
[INFO] [stdout]    |
[INFO] [stdout] 21 |         sharing.add_outbound_object(peer_id, obj);
[INFO] [stdout]    |                                              ^^^ not found in this scope
[INFO] [stdout] 
[INFO] [stdout] 
[INFO] [stdout] error[E0425]: cannot find value `peer_id` in this scope
[INFO] [stdout]   --> src/domain.rs:26:24
[INFO] [stdout]    |
[INFO] [stdout] 26 |         sharing.invoke(peer_id, flow_name, event_object);
[INFO] [stdout]    |                        ^^^^^^^ not found in this scope
[INFO] [stdout] 
[INFO] [stdout] 
[INFO] [stdout] error[E0425]: cannot find value `flow_name` in this scope
[INFO] [stdout]   --> src/domain.rs:26:33
[INFO] [stdout]    |
[INFO] [stdout] 26 |         sharing.invoke(peer_id, flow_name, event_object);
[INFO] [stdout]    |                                 ^^^^^^^^^ not found in this scope
[INFO] [stdout] 
[INFO] [stdout] 
[INFO] [stdout] error[E0425]: cannot find value `event_object` in this scope
[INFO] [stdout]   --> src/domain.rs:26:44
[INFO] [stdout]    |
[INFO] [stdout] 26 |         sharing.invoke(peer_id, flow_name, event_object);
[INFO] [stdout]    |                                            ^^^^^^^^^^^^ not found in this scope
[INFO] [stdout] 
[INFO] [stdout] 
[INFO] [stdout] error[E0412]: cannot find type `IP2PSharingStore` in this scope
[INFO] [stdout]   --> src/domain.rs:17:36
[INFO] [stdout]    |
[INFO] [stdout] 17 |     pub fn new(sharing: Rc<RefCell<IP2PSharingStore>>) -> Self {
[INFO] [stdout]    |                                    ^^^^^^^^^^^^^^^^
[INFO] [stdout]    |
[INFO] [stdout]   ::: src/ports.rs:2:1
[INFO] [stdout]    |
[INFO] [stdout] 2  | pub trait IP2PSharingPort {
[INFO] [stdout]    | ------------------------- similarly named trait `IP2PSharingPort` defined here
[INFO] [stdout]    |
[INFO] [stdout] help: a trait with a similar name exists
[INFO] [stdout]    |
[INFO] [stdout] 17 |     pub fn new(sharing: Rc<RefCell<IP2PSharingPort>>) -> Self {
[INFO] [stdout]    |                                    ~~~~~~~~~~~~~~~
[INFO] [stdout] help: you might be missing a type parameter
[INFO] [stdout]    |
[INFO] [stdout] 16 | impl<IP2PSharingStore> TestDomain {
[INFO] [stdout]    |     ++++++++++++++++++
[INFO] [stdout] 
[INFO] [stdout] 
[INFO] [stdout] error[E0425]: cannot find value `peer_id` in this scope
[INFO] [stdout]   --> src/domain.rs:21:37
[INFO] [stdout]    |
[INFO] [stdout] 21 |         sharing.add_outbound_object(peer_id, obj);
[INFO] [stdout]    |                                     ^^^^^^^ not found in this scope
[INFO] [stdout] 
[INFO] [stdout] 
[INFO] [stdout] error[E0425]: cannot find value `obj` in this scope
[INFO] [stdout]   --> src/domain.rs:21:46
[INFO] [stdout]    |
[INFO] [stdout] 21 |         sharing.add_outbound_object(peer_id, obj);
[INFO] [stdout]    |                                              ^^^ not found in this scope
[INFO] [stdout] 
[INFO] [stdout] 
[INFO] [stdout] error[E0425]: cannot find value `peer_id` in this scope
[INFO] [stdout]   --> src/domain.rs:26:24
[INFO] [stdout]    |
[INFO] [stdout] 26 |         sharing.invoke(peer_id, flow_name, event_object);
[INFO] [stdout]    |                        ^^^^^^^ not found in this scope
[INFO] [stdout] 
[INFO] [stdout] 
[INFO] [stdout] error[E0425]: cannot find value `flow_name` in this scope
[INFO] [stdout]   --> src/domain.rs:26:33
[INFO] [stdout]    |
[INFO] [stdout] 26 |         sharing.invoke(peer_id, flow_name, event_object);
[INFO] [stdout]    |                                 ^^^^^^^^^ not found in this scope
[INFO] [stdout] 
[INFO] [stdout] 
[INFO] [stdout] warning: trait objects without an explicit `dyn` are deprecated
[INFO] [stdout]  --> src/domain.rs:7:25
[INFO] [stdout]   |
[INFO] [stdout] 7 |     sharing: Rc<RefCell<IP2PSharingPort>>,
[INFO] [stdout]   |                         ^^^^^^^^^^^^^^^ help: use `dyn`: `dyn IP2PSharingPort`
[INFO] [stdout]   |
[INFO] [stdout]   = note: `#[warn(bare_trait_objects)]` on by default
[INFO] [stdout]   = warning: this is accepted in the current edition (Rust 2018) but is a hard error in Rust 2021!
[INFO] [stdout]   = note: for more information, see <https://doc.rust-lang.org/nightly/edition-guide/rust-2021/warnings-promoted-to-error.html>
[INFO] [stdout] 
[INFO] [stdout] 
[INFO] [stdout] error[E0425]: cannot find value `event_object` in this scope
[INFO] [stdout]   --> src/domain.rs:26:44
[INFO] [stdout]    |
[INFO] [stdout] 26 |         sharing.invoke(peer_id, flow_name, event_object);
[INFO] [stdout]    |                                            ^^^^^^^^^^^^ not found in this scope
[INFO] [stdout] 
[INFO] [stdout] 
[INFO] [stdout] warning: unused import: `IntoProtocolsHandler`
[INFO] [stdout]   --> src/p2p.rs:20:36
[INFO] [stdout]    |
[INFO] [stdout] 20 | use libp2p::swarm::{ExpandedSwarm, IntoProtocolsHandler, IntoProtocolsHandlerSelect, SwarmEvent};
[INFO] [stdout]    |                                    ^^^^^^^^^^^^^^^^^^^^
[INFO] [stdout]    |
[INFO] [stdout]    = note: `#[warn(unused_imports)]` on by default
[INFO] [stdout] 
[INFO] [stdout] 
[INFO] [stdout] warning: unused import: `futures::prelude::*`
[INFO] [stdout]  --> src/main.rs:6:5
[INFO] [stdout]   |
[INFO] [stdout] 6 | use futures::prelude::*;
[INFO] [stdout]   |     ^^^^^^^^^^^^^^^^^^^
[INFO] [stdout] 
[INFO] [stdout] 
[INFO] [stdout] warning: trait objects without an explicit `dyn` are deprecated
[INFO] [stdout]  --> src/domain.rs:7:25
[INFO] [stdout]   |
[INFO] [stdout] 7 |     sharing: Rc<RefCell<IP2PSharingPort>>,
[INFO] [stdout]   |                         ^^^^^^^^^^^^^^^ help: use `dyn`: `dyn IP2PSharingPort`
[INFO] [stdout]   |
[INFO] [stdout]   = note: `#[warn(bare_trait_objects)]` on by default
[INFO] [stdout]   = warning: this is accepted in the current edition (Rust 2018) but is a hard error in Rust 2021!
[INFO] [stdout]   = note: for more information, see <https://doc.rust-lang.org/nightly/edition-guide/rust-2021/warnings-promoted-to-error.html>
[INFO] [stdout] 
[INFO] [stdout] 
[INFO] [stdout] warning: unused import: `IntoProtocolsHandler`
[INFO] [stdout]   --> src/p2p.rs:20:36
[INFO] [stdout]    |
[INFO] [stdout] 20 | use libp2p::swarm::{ExpandedSwarm, IntoProtocolsHandler, IntoProtocolsHandlerSelect, SwarmEvent};
[INFO] [stdout]    |                                    ^^^^^^^^^^^^^^^^^^^^
[INFO] [stdout]    |
[INFO] [stdout]    = note: `#[warn(unused_imports)]` on by default
[INFO] [stdout] 
[INFO] [stdout] 
[INFO] [stdout] warning: unused import: `futures::prelude::*`
[INFO] [stdout]  --> src/main.rs:6:5
[INFO] [stdout]   |
[INFO] [stdout] 6 | use futures::prelude::*;
[INFO] [stdout]   |     ^^^^^^^^^^^^^^^^^^^
[INFO] [stdout] 
[INFO] [stdout] 
[INFO] [stdout] error: aborting due to 8 previous errors; 3 warnings emitted
[INFO] [stdout] 
[INFO] [stdout] 
[INFO] [stdout] error: aborting due to 8 previous errors; 3 warnings emitted
[INFO] [stdout] 
[INFO] [stdout] 
[INFO] [stdout] Some errors have detailed explanations: E0407, E0412, E0425.
[INFO] [stdout] 
[INFO] [stdout] For more information about an error, try `rustc --explain E0407`.
[INFO] [stdout] 
[INFO] [stdout] Some errors have detailed explanations: E0407, E0412, E0425.
[INFO] [stdout] 
[INFO] [stdout] For more information about an error, try `rustc --explain E0407`.
[INFO] [stdout] 
[INFO] [stderr] error: could not compile `meshx-p2p-pf` due to 9 previous errors; 3 warnings emitted
[INFO] [stderr] warning: build failed, waiting for other jobs to finish...
[INFO] [stderr] error: build failed
[INFO] running `Command { std: "docker" "inspect" "74d1319e66f045407e06b79623bde0968fc1375e82e2b5643a54e39296b351bb", kill_on_drop: false }`
[INFO] running `Command { std: "docker" "rm" "-f" "74d1319e66f045407e06b79623bde0968fc1375e82e2b5643a54e39296b351bb", kill_on_drop: false }`
[INFO] [stdout] 74d1319e66f045407e06b79623bde0968fc1375e82e2b5643a54e39296b351bb
