[INFO] cloning repository https://github.com/szagi3891/hyper_test
[INFO] running `Command { std: "git" "-c" "credential.helper=" "-c" "credential.helper=/workspace/cargo-home/bin/git-credential-null" "clone" "--bare" "https://github.com/szagi3891/hyper_test" "/workspace/cache/git-repos/https%3A%2F%2Fgithub.com%2Fszagi3891%2Fhyper_test", kill_on_drop: false }`
[INFO] [stderr] Cloning into bare repository '/workspace/cache/git-repos/https%3A%2F%2Fgithub.com%2Fszagi3891%2Fhyper_test'...
[INFO] running `Command { std: "git" "rev-parse" "HEAD", kill_on_drop: false }`
[INFO] [stdout] a6b08c1f186553de20399aa9491af067960dfbca
[INFO] checking szagi3891/hyper_test against beta-2021-10-15 for beta-1.56-3
[INFO] running `Command { std: "git" "clone" "/workspace/cache/git-repos/https%3A%2F%2Fgithub.com%2Fszagi3891%2Fhyper_test" "/workspace/builds/worker-117/source", kill_on_drop: false }`
[INFO] [stderr] Cloning into '/workspace/builds/worker-117/source'...
[INFO] [stderr] done.
[INFO] validating manifest of git repo https://github.com/szagi3891/hyper_test on toolchain beta-2021-10-15
[INFO] running `Command { std: "/workspace/cargo-home/bin/cargo" "+beta-2021-10-15" "metadata" "--manifest-path" "Cargo.toml" "--no-deps", kill_on_drop: false }`
[INFO] started tweaking git repo https://github.com/szagi3891/hyper_test
[INFO] finished tweaking git repo https://github.com/szagi3891/hyper_test
[INFO] tweaked toml for git repo https://github.com/szagi3891/hyper_test written to /workspace/builds/worker-117/source/Cargo.toml
[INFO] crate git repo https://github.com/szagi3891/hyper_test already has a lockfile, it will not be regenerated
[INFO] running `Command { std: "/workspace/cargo-home/bin/cargo" "+beta-2021-10-15" "fetch" "--manifest-path" "Cargo.toml", kill_on_drop: false }`
[INFO] [stderr]     Blocking waiting for file lock on package cache
[INFO] [stderr]     Blocking waiting for file lock on package cache
[INFO] [stderr]  Downloading crates ...
[INFO] [stderr]   Downloaded hyper v0.11.10
[INFO] [stderr]   Downloaded winapi v0.3.3
[INFO] [stderr]   Downloaded winapi-x86_64-pc-windows-gnu v0.3.2
[INFO] [stderr]   Downloaded winapi-i686-pc-windows-gnu v0.3.2
[INFO] running `Command { std: "docker" "create" "-v" "/var/lib/crater-agent-workspace/builds/worker-117/target:/opt/rustwide/target:rw,Z" "-v" "/var/lib/crater-agent-workspace/builds/worker-117/source:/opt/rustwide/workdir:ro,Z" "-v" "/var/lib/crater-agent-workspace/cargo-home:/opt/rustwide/cargo-home:ro,Z" "-v" "/var/lib/crater-agent-workspace/rustup-home:/opt/rustwide/rustup-home:ro,Z" "-e" "SOURCE_DIR=/opt/rustwide/workdir" "-e" "CARGO_TARGET_DIR=/opt/rustwide/target" "-e" "CARGO_HOME=/opt/rustwide/cargo-home" "-e" "RUSTUP_HOME=/opt/rustwide/rustup-home" "-w" "/opt/rustwide/workdir" "-m" "1610612736" "--user" "0:0" "--network" "none" "ghcr.io/rust-lang/crates-build-env/linux@sha256:a89201d6b5b9fd45c15d5952ece0a0129e7e80cb26ec023fd59cf09bc26f1604" "/opt/rustwide/cargo-home/bin/cargo" "+beta-2021-10-15" "metadata" "--no-deps" "--format-version=1", kill_on_drop: false }`
[INFO] [stdout] a99c4a9294aac980b06d5055c8ef7cb246443f0ebfec1f171adb12bbac3f8107
[INFO] running `Command { std: "docker" "start" "-a" "a99c4a9294aac980b06d5055c8ef7cb246443f0ebfec1f171adb12bbac3f8107", kill_on_drop: false }`
[INFO] running `Command { std: "docker" "inspect" "a99c4a9294aac980b06d5055c8ef7cb246443f0ebfec1f171adb12bbac3f8107", kill_on_drop: false }`
[INFO] running `Command { std: "docker" "rm" "-f" "a99c4a9294aac980b06d5055c8ef7cb246443f0ebfec1f171adb12bbac3f8107", kill_on_drop: false }`
[INFO] [stdout] a99c4a9294aac980b06d5055c8ef7cb246443f0ebfec1f171adb12bbac3f8107
[INFO] running `Command { std: "docker" "create" "-v" "/var/lib/crater-agent-workspace/builds/worker-117/target:/opt/rustwide/target:rw,Z" "-v" "/var/lib/crater-agent-workspace/builds/worker-117/source:/opt/rustwide/workdir:ro,Z" "-v" "/var/lib/crater-agent-workspace/cargo-home:/opt/rustwide/cargo-home:ro,Z" "-v" "/var/lib/crater-agent-workspace/rustup-home:/opt/rustwide/rustup-home:ro,Z" "-e" "SOURCE_DIR=/opt/rustwide/workdir" "-e" "CARGO_TARGET_DIR=/opt/rustwide/target" "-e" "CARGO_INCREMENTAL=0" "-e" "RUST_BACKTRACE=full" "-e" "RUSTFLAGS=--cap-lints=warn" "-e" "CARGO_HOME=/opt/rustwide/cargo-home" "-e" "RUSTUP_HOME=/opt/rustwide/rustup-home" "-w" "/opt/rustwide/workdir" "-m" "1610612736" "--user" "0:0" "--network" "none" "ghcr.io/rust-lang/crates-build-env/linux@sha256:a89201d6b5b9fd45c15d5952ece0a0129e7e80cb26ec023fd59cf09bc26f1604" "/opt/rustwide/cargo-home/bin/cargo" "+beta-2021-10-15" "check" "--frozen" "--all" "--all-targets" "--message-format=json", kill_on_drop: false }`
[INFO] [stdout] 18924e274ad355ba1ea4db461e2cbd13d72691aaeae32672ba3360e5e0636970
[INFO] running `Command { std: "docker" "start" "-a" "18924e274ad355ba1ea4db461e2cbd13d72691aaeae32672ba3360e5e0636970", kill_on_drop: false }`
[INFO] [stderr]     Blocking waiting for file lock on package cache
[INFO] [stderr]     Checking libc v0.2.34
[INFO] [stderr]     Checking futures v0.1.17
[INFO] [stderr]    Compiling version_check v0.1.3
[INFO] [stderr]     Checking slab v0.3.0
[INFO] [stderr]     Checking lazycell v0.5.1
[INFO] [stderr]     Checking slab v0.4.0
[INFO] [stderr]     Checking scoped-tls v0.1.0
[INFO] [stderr]     Checking safemem v0.2.0
[INFO] [stderr]     Checking take v0.1.0
[INFO] [stderr]     Checking smallvec v0.2.1
[INFO] [stderr]     Checking httparse v1.2.3
[INFO] [stderr]     Checking log v0.4.1
[INFO] [stderr]     Checking base64 v0.9.0
[INFO] [stderr]     Checking log v0.3.9
[INFO] [stderr]     Checking iovec v0.1.1
[INFO] [stderr]     Checking net2 v0.2.31
[INFO] [stderr]     Checking rand v0.3.19
[INFO] [stderr]     Checking num_cpus v1.8.0
[INFO] [stderr]     Checking time v0.1.39
[INFO] [stderr]    Compiling unicase v2.1.0
[INFO] [stderr]     Checking bytes v0.4.5
[INFO] [stderr]     Checking mio v0.6.11
[INFO] [stderr]     Checking tokio-service v0.1.0
[INFO] [stderr]     Checking relay v0.1.0
[INFO] [stderr]     Checking futures-cpupool v0.1.8
[INFO] [stderr]     Checking tokio-io v0.1.4
[INFO] [stderr]     Checking tokio-core v0.1.11
[INFO] [stderr]     Checking mime v0.3.5
[INFO] [stderr]     Checking tokio-proto v0.1.1
[INFO] [stderr]     Checking hyper v0.11.10
[INFO] [stderr]     Checking testa v0.1.0 (/opt/rustwide/workdir)
[INFO] [stdout] error[E0557]: feature has been removed
[INFO] [stdout]  --> src/main.rs:1:12
[INFO] [stdout]   |
[INFO] [stdout] 1 | #![feature(custom_attribute)] 
[INFO] [stdout]   |            ^^^^^^^^^^^^^^^^ feature has been removed
[INFO] [stdout]   |
[INFO] [stdout]   = note: removed in favor of `#![register_tool]` and `#![register_attr]`
[INFO] [stdout] 
[INFO] [stdout] 
[INFO] [stdout] error[E0557]: feature has been removed
[INFO] [stdout]  --> src/main.rs:1:12
[INFO] [stdout]   |
[INFO] [stdout] 1 | #![feature(custom_attribute)] 
[INFO] [stdout]   |            ^^^^^^^^^^^^^^^^ feature has been removed
[INFO] [stdout]   |
[INFO] [stdout]   = note: removed in favor of `#![register_tool]` and `#![register_attr]`
[INFO] [stdout] 
[INFO] [stdout] 
[INFO] [stdout] error[E0554]: `#![feature]` may not be used on the beta release channel
[INFO] [stdout]  --> src/main.rs:1:1
[INFO] [stdout]   |
[INFO] [stdout] 1 | #![feature(custom_attribute)] 
[INFO] [stdout]   | ^^^^^^^^^^^^^^^^^^^^^^^^^^^^^
[INFO] [stdout] 
[INFO] [stdout] 
[INFO] [stdout] warning: trait objects without an explicit `dyn` are deprecated
[INFO] [stdout]   --> src/server_template.rs:15:58
[INFO] [stdout]    |
[INFO] [stdout] 15 |     fn call(&self, req: Request, handle: &Handle) -> Box<Future<Item=Response, Error=hyper::Error>>;
[INFO] [stdout]    |                                                          ^^^^^^^^^^^^^^^^^^^^^^^^^^^^^^^^^^^^^^^^^ help: use `dyn`: `dyn Future<Item=Response, Error=hyper::Error>`
[INFO] [stdout]    |
[INFO] [stdout]    = note: `#[warn(bare_trait_objects)]` on by default
[INFO] [stdout]    = warning: this is accepted in the current edition (Rust 2015) but is a hard error in Rust 2021!
[INFO] [stdout]    = note: for more information, see <https://doc.rust-lang.org/nightly/edition-guide/rust-2021/warnings-promoted-to-error.html>
[INFO] [stdout] 
[INFO] [stdout] 
[INFO] [stdout] warning: trait objects without an explicit `dyn` are deprecated
[INFO] [stdout]   --> src/server_template.rs:27:23
[INFO] [stdout]    |
[INFO] [stdout] 27 |     type Future = Box<Future<Item=Self::Response, Error=Self::Error>>;
[INFO] [stdout]    |                       ^^^^^^^^^^^^^^^^^^^^^^^^^^^^^^^^^^^^^^^^^^^^^^ help: use `dyn`: `dyn Future<Item=Self::Response, Error=Self::Error>`
[INFO] [stdout]    |
[INFO] [stdout]    = warning: this is accepted in the current edition (Rust 2015) but is a hard error in Rust 2021!
[INFO] [stdout]    = note: for more information, see <https://doc.rust-lang.org/nightly/edition-guide/rust-2021/warnings-promoted-to-error.html>
[INFO] [stdout] 
[INFO] [stdout] 
[INFO] [stdout] warning: trait objects without an explicit `dyn` are deprecated
[INFO] [stdout]   --> src/main.rs:58:58
[INFO] [stdout]    |
[INFO] [stdout] 58 |     fn call(&self, req: Request, handle: &Handle) -> Box<Future<Item=Response, Error=hyper::Error>> {
[INFO] [stdout]    |                                                          ^^^^^^^^^^^^^^^^^^^^^^^^^^^^^^^^^^^^^^^^^ help: use `dyn`: `dyn Future<Item=Response, Error=hyper::Error>`
[INFO] [stdout]    |
[INFO] [stdout]    = warning: this is accepted in the current edition (Rust 2015) but is a hard error in Rust 2021!
[INFO] [stdout]    = note: for more information, see <https://doc.rust-lang.org/nightly/edition-guide/rust-2021/warnings-promoted-to-error.html>
[INFO] [stdout] 
[INFO] [stdout] 
[INFO] [stdout] error[E0554]: `#![feature]` may not be used on the beta release channel
[INFO] [stdout]  --> src/main.rs:1:1
[INFO] [stdout]   |
[INFO] [stdout] 1 | #![feature(custom_attribute)] 
[INFO] [stdout]   | ^^^^^^^^^^^^^^^^^^^^^^^^^^^^^
[INFO] [stdout] 
[INFO] [stdout] 
[INFO] [stdout] warning: trait objects without an explicit `dyn` are deprecated
[INFO] [stdout]   --> src/server_template.rs:15:58
[INFO] [stdout]    |
[INFO] [stdout] 15 |     fn call(&self, req: Request, handle: &Handle) -> Box<Future<Item=Response, Error=hyper::Error>>;
[INFO] [stdout]    |                                                          ^^^^^^^^^^^^^^^^^^^^^^^^^^^^^^^^^^^^^^^^^ help: use `dyn`: `dyn Future<Item=Response, Error=hyper::Error>`
[INFO] [stdout]    |
[INFO] [stdout]    = note: `#[warn(bare_trait_objects)]` on by default
[INFO] [stdout]    = warning: this is accepted in the current edition (Rust 2015) but is a hard error in Rust 2021!
[INFO] [stdout]    = note: for more information, see <https://doc.rust-lang.org/nightly/edition-guide/rust-2021/warnings-promoted-to-error.html>
[INFO] [stdout] 
[INFO] [stdout] 
[INFO] [stdout] warning: trait objects without an explicit `dyn` are deprecated
[INFO] [stdout]   --> src/server_template.rs:27:23
[INFO] [stdout]    |
[INFO] [stdout] 27 |     type Future = Box<Future<Item=Self::Response, Error=Self::Error>>;
[INFO] [stdout]    |                       ^^^^^^^^^^^^^^^^^^^^^^^^^^^^^^^^^^^^^^^^^^^^^^ help: use `dyn`: `dyn Future<Item=Self::Response, Error=Self::Error>`
[INFO] [stdout]    |
[INFO] [stdout]    = warning: this is accepted in the current edition (Rust 2015) but is a hard error in Rust 2021!
[INFO] [stdout]    = note: for more information, see <https://doc.rust-lang.org/nightly/edition-guide/rust-2021/warnings-promoted-to-error.html>
[INFO] [stdout] 
[INFO] [stdout] 
[INFO] [stdout] warning: trait objects without an explicit `dyn` are deprecated
[INFO] [stdout]   --> src/main.rs:58:58
[INFO] [stdout]    |
[INFO] [stdout] 58 |     fn call(&self, req: Request, handle: &Handle) -> Box<Future<Item=Response, Error=hyper::Error>> {
[INFO] [stdout]    |                                                          ^^^^^^^^^^^^^^^^^^^^^^^^^^^^^^^^^^^^^^^^^ help: use `dyn`: `dyn Future<Item=Response, Error=hyper::Error>`
[INFO] [stdout]    |
[INFO] [stdout]    = warning: this is accepted in the current edition (Rust 2015) but is a hard error in Rust 2021!
[INFO] [stdout]    = note: for more information, see <https://doc.rust-lang.org/nightly/edition-guide/rust-2021/warnings-promoted-to-error.html>
[INFO] [stdout] 
[INFO] [stdout] 
[INFO] [stdout] warning: use of deprecated function `std::mem::uninitialized`: use `mem::MaybeUninit` instead
[INFO] [stdout]   --> src/static_file.rs:24:50
[INFO] [stdout]    |
[INFO] [stdout] 24 |         let mut buf: [u8; 16384] = unsafe { mem::uninitialized() };
[INFO] [stdout]    |                                                  ^^^^^^^^^^^^^
[INFO] [stdout]    |
[INFO] [stdout]    = note: `#[warn(deprecated)]` on by default
[INFO] [stdout] 
[INFO] [stdout] 
[INFO] [stdout] warning: use of deprecated function `std::mem::uninitialized`: use `mem::MaybeUninit` instead
[INFO] [stdout]   --> src/static_file.rs:24:50
[INFO] [stdout]    |
[INFO] [stdout] 24 |         let mut buf: [u8; 16384] = unsafe { mem::uninitialized() };
[INFO] [stdout]    |                                                  ^^^^^^^^^^^^^
[INFO] [stdout]    |
[INFO] [stdout]    = note: `#[warn(deprecated)]` on by default
[INFO] [stdout] 
[INFO] [stdout] 
[INFO] [stdout] warning: use of deprecated associated function `std::error::Error::description`: use the Display impl or to_string()
[INFO] [stdout]   --> src/file_read.rs:12:65
[INFO] [stdout]    |
[INFO] [stdout] 12 |         Err(why) => panic!("couldn't open {}: {}", display, why.description()),
[INFO] [stdout]    |                                                                 ^^^^^^^^^^^
[INFO] [stdout] 
[INFO] [stdout] 
[INFO] [stdout] warning: use of deprecated associated function `std::error::Error::description`: use the Display impl or to_string()
[INFO] [stdout]   --> src/file_read.rs:12:65
[INFO] [stdout]    |
[INFO] [stdout] 12 |         Err(why) => panic!("couldn't open {}: {}", display, why.description()),
[INFO] [stdout]    |                                                                 ^^^^^^^^^^^
[INFO] [stdout] 
[INFO] [stdout] 
[INFO] [stdout] error: aborting due to 2 previous errors; 5 warnings emitted
[INFO] [stdout] 
[INFO] [stdout] 
[INFO] [stdout] Some errors have detailed explanations: E0554, E0557.
[INFO] [stdout] 
[INFO] [stdout] For more information about an error, try `rustc --explain E0554`.
[INFO] [stdout] 
[INFO] [stdout] error: aborting due to 2 previous errors; 5 warnings emitted
[INFO] [stdout] 
[INFO] [stdout] 
[INFO] [stdout] Some errors have detailed explanations: E0554, E0557.
[INFO] [stdout] 
[INFO] [stdout] For more information about an error, try `rustc --explain E0554`.
[INFO] [stdout] 
[INFO] [stderr] error: could not compile `testa` due to 3 previous errors; 5 warnings emitted
[INFO] [stderr] warning: build failed, waiting for other jobs to finish...
[INFO] [stderr] error: build failed
[INFO] running `Command { std: "docker" "inspect" "18924e274ad355ba1ea4db461e2cbd13d72691aaeae32672ba3360e5e0636970", kill_on_drop: false }`
[INFO] running `Command { std: "docker" "rm" "-f" "18924e274ad355ba1ea4db461e2cbd13d72691aaeae32672ba3360e5e0636970", kill_on_drop: false }`
[INFO] [stdout] 18924e274ad355ba1ea4db461e2cbd13d72691aaeae32672ba3360e5e0636970
