[INFO] cloning repository https://github.com/syvsto/funforth
[INFO] running `Command { std: "git" "-c" "credential.helper=" "-c" "credential.helper=/workspace/cargo-home/bin/git-credential-null" "clone" "--bare" "https://github.com/syvsto/funforth" "/workspace/cache/git-repos/https%3A%2F%2Fgithub.com%2Fsyvsto%2Ffunforth", kill_on_drop: false }`
[INFO] [stderr] Cloning into bare repository '/workspace/cache/git-repos/https%3A%2F%2Fgithub.com%2Fsyvsto%2Ffunforth'...
[INFO] running `Command { std: "git" "rev-parse" "HEAD", kill_on_drop: false }`
[INFO] [stdout] 957b5777e42e42896075a866ab1fd8110ece8385
[INFO] checking syvsto/funforth against 1.55.0 for beta-1.56-3
[INFO] running `Command { std: "git" "clone" "/workspace/cache/git-repos/https%3A%2F%2Fgithub.com%2Fsyvsto%2Ffunforth" "/workspace/builds/worker-6/source", kill_on_drop: false }`
[INFO] [stderr] Cloning into '/workspace/builds/worker-6/source'...
[INFO] [stderr] done.
[INFO] validating manifest of git repo https://github.com/syvsto/funforth on toolchain 1.55.0
[INFO] running `Command { std: "/workspace/cargo-home/bin/cargo" "+1.55.0" "metadata" "--manifest-path" "Cargo.toml" "--no-deps", kill_on_drop: false }`
[INFO] started tweaking git repo https://github.com/syvsto/funforth
[INFO] finished tweaking git repo https://github.com/syvsto/funforth
[INFO] tweaked toml for git repo https://github.com/syvsto/funforth written to /workspace/builds/worker-6/source/Cargo.toml
[INFO] crate git repo https://github.com/syvsto/funforth already has a lockfile, it will not be regenerated
[INFO] running `Command { std: "/workspace/cargo-home/bin/cargo" "+1.55.0" "fetch" "--manifest-path" "Cargo.toml", kill_on_drop: false }`
[INFO] [stderr]     Blocking waiting for file lock on package cache
[INFO] [stderr]     Blocking waiting for file lock on package cache
[INFO] running `Command { std: "docker" "create" "-v" "/var/lib/crater-agent-workspace/builds/worker-6/target:/opt/rustwide/target:rw,Z" "-v" "/var/lib/crater-agent-workspace/builds/worker-6/source:/opt/rustwide/workdir:ro,Z" "-v" "/var/lib/crater-agent-workspace/cargo-home:/opt/rustwide/cargo-home:ro,Z" "-v" "/var/lib/crater-agent-workspace/rustup-home:/opt/rustwide/rustup-home:ro,Z" "-e" "SOURCE_DIR=/opt/rustwide/workdir" "-e" "CARGO_TARGET_DIR=/opt/rustwide/target" "-e" "CARGO_HOME=/opt/rustwide/cargo-home" "-e" "RUSTUP_HOME=/opt/rustwide/rustup-home" "-w" "/opt/rustwide/workdir" "-m" "1610612736" "--user" "0:0" "--network" "none" "ghcr.io/rust-lang/crates-build-env/linux@sha256:a89201d6b5b9fd45c15d5952ece0a0129e7e80cb26ec023fd59cf09bc26f1604" "/opt/rustwide/cargo-home/bin/cargo" "+1.55.0" "metadata" "--no-deps" "--format-version=1", kill_on_drop: false }`
[INFO] [stdout] 1a58e37b11932f194ea260752437661d5209d6dc279bdf846204f4ab29c943cf
[INFO] running `Command { std: "docker" "start" "-a" "1a58e37b11932f194ea260752437661d5209d6dc279bdf846204f4ab29c943cf", kill_on_drop: false }`
[INFO] running `Command { std: "docker" "inspect" "1a58e37b11932f194ea260752437661d5209d6dc279bdf846204f4ab29c943cf", kill_on_drop: false }`
[INFO] running `Command { std: "docker" "rm" "-f" "1a58e37b11932f194ea260752437661d5209d6dc279bdf846204f4ab29c943cf", kill_on_drop: false }`
[INFO] [stdout] 1a58e37b11932f194ea260752437661d5209d6dc279bdf846204f4ab29c943cf
[INFO] running `Command { std: "docker" "create" "-v" "/var/lib/crater-agent-workspace/builds/worker-6/target:/opt/rustwide/target:rw,Z" "-v" "/var/lib/crater-agent-workspace/builds/worker-6/source:/opt/rustwide/workdir:ro,Z" "-v" "/var/lib/crater-agent-workspace/cargo-home:/opt/rustwide/cargo-home:ro,Z" "-v" "/var/lib/crater-agent-workspace/rustup-home:/opt/rustwide/rustup-home:ro,Z" "-e" "SOURCE_DIR=/opt/rustwide/workdir" "-e" "CARGO_TARGET_DIR=/opt/rustwide/target" "-e" "CARGO_INCREMENTAL=0" "-e" "RUST_BACKTRACE=full" "-e" "RUSTFLAGS=--cap-lints=warn" "-e" "CARGO_HOME=/opt/rustwide/cargo-home" "-e" "RUSTUP_HOME=/opt/rustwide/rustup-home" "-w" "/opt/rustwide/workdir" "-m" "1610612736" "--user" "0:0" "--network" "none" "ghcr.io/rust-lang/crates-build-env/linux@sha256:a89201d6b5b9fd45c15d5952ece0a0129e7e80cb26ec023fd59cf09bc26f1604" "/opt/rustwide/cargo-home/bin/cargo" "+1.55.0" "check" "--frozen" "--all" "--all-targets" "--message-format=json", kill_on_drop: false }`
[INFO] [stdout] d8339a6a3db68e5ec762ee6338dc74a088f05800035e1387493ef84cd1c95993
[INFO] running `Command { std: "docker" "start" "-a" "d8339a6a3db68e5ec762ee6338dc74a088f05800035e1387493ef84cd1c95993", kill_on_drop: false }`
[INFO] [stderr]     Blocking waiting for file lock on package cache
[INFO] [stderr]    Compiling libc v0.2.94
[INFO] [stderr]     Checking smallvec v1.6.1
[INFO] [stderr]     Checking nd-array v0.1.0 (/opt/rustwide/workdir/nd-array)
[INFO] [stderr]     Checking instant v0.1.9
[INFO] [stderr]     Checking lock_api v0.4.4
[INFO] [stdout] warning: unused imports: `A1`, `A2`, `A3`, `Array`
[INFO] [stdout]  --> nd-array/src/iter.rs:2:13
[INFO] [stdout]   |
[INFO] [stdout] 2 | use crate::{Array, A1, A2, A3};
[INFO] [stdout]   |             ^^^^^  ^^  ^^  ^^
[INFO] [stdout]   |
[INFO] [stdout]   = note: `#[warn(unused_imports)]` on by default
[INFO] [stdout] 
[INFO] [stdout] 
[INFO] [stdout] warning: unused imports: `A1`, `A2`, `A3`, `Array`
[INFO] [stdout]  --> nd-array/src/iter.rs:2:13
[INFO] [stdout]   |
[INFO] [stdout] 2 | use crate::{Array, A1, A2, A3};
[INFO] [stdout]   |             ^^^^^  ^^  ^^  ^^
[INFO] [stdout]   |
[INFO] [stdout]   = note: `#[warn(unused_imports)]` on by default
[INFO] [stdout] 
[INFO] [stdout] 
[INFO] [stdout] warning: field is never read: `dims`
[INFO] [stdout]  --> nd-array/src/iter.rs:6:5
[INFO] [stdout]   |
[INFO] [stdout] 6 |     dims: Vec<usize>,
[INFO] [stdout]   |     ^^^^^^^^^^^^^^^^
[INFO] [stdout]   |
[INFO] [stdout]   = note: `#[warn(dead_code)]` on by default
[INFO] [stdout] 
[INFO] [stdout] 
[INFO] [stdout] warning: field is never read: `dims`
[INFO] [stdout]  --> nd-array/src/iter.rs:6:5
[INFO] [stdout]   |
[INFO] [stdout] 6 |     dims: Vec<usize>,
[INFO] [stdout]   |     ^^^^^^^^^^^^^^^^
[INFO] [stdout]   |
[INFO] [stdout]   = note: `#[warn(dead_code)]` on by default
[INFO] [stdout] 
[INFO] [stdout] 
[INFO] [stdout] warning: 2 warnings emitted
[INFO] [stdout] 
[INFO] [stdout] 
[INFO] [stdout] warning: 2 warnings emitted
[INFO] [stdout] 
[INFO] [stdout] 
[INFO] [stderr]     Checking parking_lot_core v0.8.3
[INFO] [stderr]     Checking signal-hook-registry v1.3.0
[INFO] [stderr]     Checking mio v0.7.11
[INFO] [stderr]     Checking parking_lot v0.11.1
[INFO] [stderr]     Checking signal-hook v0.1.17
[INFO] [stderr]     Checking crossterm v0.19.0
[INFO] [stderr]     Checking trinity v0.1.0 (/opt/rustwide/workdir/interpreter)
[INFO] [stdout] error[E0583]: file not found for module `data`
[INFO] [stdout]  --> interpreter/src/main.rs:8:1
[INFO] [stdout]   |
[INFO] [stdout] 8 | mod data;
[INFO] [stdout]   | ^^^^^^^^^
[INFO] [stdout]   |
[INFO] [stdout]   = help: to create the module `data`, create file "interpreter/src/data.rs" or "interpreter/src/data/mod.rs"
[INFO] [stdout] 
[INFO] [stdout] 
[INFO] [stdout] error[E0583]: file not found for module `data`
[INFO] [stdout]  --> interpreter/src/main.rs:8:1
[INFO] [stdout]   |
[INFO] [stdout] 8 | mod data;
[INFO] [stdout]   | ^^^^^^^^^
[INFO] [stdout]   |
[INFO] [stdout]   = help: to create the module `data`, create file "interpreter/src/data.rs" or "interpreter/src/data/mod.rs"
[INFO] [stdout] 
[INFO] [stdout] 
[INFO] [stdout] error[E0432]: unresolved import `crate::data::A`
[INFO] [stdout]  --> interpreter/src/builtins.rs:1:5
[INFO] [stdout]   |
[INFO] [stdout] 1 | use crate::data::A;
[INFO] [stdout]   |     ^^^^^^^^^^^^^^ no `A` in `data`
[INFO] [stdout] 
[INFO] [stdout] 
[INFO] [stdout] error[E0432]: unresolved import `crate::data::A`
[INFO] [stdout]  --> interpreter/src/eval.rs:2:5
[INFO] [stdout]   |
[INFO] [stdout] 2 | use crate::data::A;
[INFO] [stdout]   |     ^^^^^^^^^^^^^^ no `A` in `data`
[INFO] [stdout] 
[INFO] [stdout] 
[INFO] [stdout] error[E0432]: unresolved import `crate::data::A`
[INFO] [stdout]  --> interpreter/src/parser.rs:4:5
[INFO] [stdout]   |
[INFO] [stdout] 4 | use crate::data::A;
[INFO] [stdout]   |     ^^^^^^^^^^^^^^ no `A` in `data`
[INFO] [stdout] 
[INFO] [stdout] 
[INFO] [stdout] error[E0432]: unresolved import `data::A`
[INFO] [stdout]   --> interpreter/src/main.rs:13:5
[INFO] [stdout]    |
[INFO] [stdout] 13 | use data::A;
[INFO] [stdout]    |     ^^^^^^^ no `A` in `data`
[INFO] [stdout] 
[INFO] [stdout] 
[INFO] [stdout] error[E0432]: unresolved import `crate::data::A`
[INFO] [stdout]  --> interpreter/src/builtins.rs:1:5
[INFO] [stdout]   |
[INFO] [stdout] 1 | use crate::data::A;
[INFO] [stdout]   |     ^^^^^^^^^^^^^^ no `A` in `data`
[INFO] [stdout] 
[INFO] [stdout] 
[INFO] [stdout] error[E0432]: unresolved import `crate::data::A`
[INFO] [stdout]  --> interpreter/src/eval.rs:2:5
[INFO] [stdout]   |
[INFO] [stdout] 2 | use crate::data::A;
[INFO] [stdout]   |     ^^^^^^^^^^^^^^ no `A` in `data`
[INFO] [stdout] 
[INFO] [stdout] 
[INFO] [stdout] error[E0432]: unresolved import `crate::data::A`
[INFO] [stdout]  --> interpreter/src/parser.rs:4:5
[INFO] [stdout]   |
[INFO] [stdout] 4 | use crate::data::A;
[INFO] [stdout]   |     ^^^^^^^^^^^^^^ no `A` in `data`
[INFO] [stdout] 
[INFO] [stdout] 
[INFO] [stdout] error[E0432]: unresolved import `data::A`
[INFO] [stdout]   --> interpreter/src/main.rs:13:5
[INFO] [stdout]    |
[INFO] [stdout] 13 | use data::A;
[INFO] [stdout]    |     ^^^^^^^ no `A` in `data`
[INFO] [stdout] 
[INFO] [stdout] 
[INFO] [stdout] error[E0282]: type annotations needed for `Vec<T>`
[INFO] [stdout]   --> interpreter/src/main.rs:26:21
[INFO] [stdout]    |
[INFO] [stdout] 26 |     let mut stack = Vec::new();
[INFO] [stdout]    |         ---------   ^^^^^^^^ cannot infer type for type parameter `T`
[INFO] [stdout]    |         |
[INFO] [stdout]    |         consider giving `stack` the explicit type `Vec<T>`, where the type parameter `T` is specified
[INFO] [stdout] 
[INFO] [stdout] 
[INFO] [stdout] error[E0282]: type annotations needed for `Vec<T>`
[INFO] [stdout]   --> interpreter/src/main.rs:26:21
[INFO] [stdout]    |
[INFO] [stdout] 26 |     let mut stack = Vec::new();
[INFO] [stdout]    |         ---------   ^^^^^^^^ cannot infer type for type parameter `T`
[INFO] [stdout]    |         |
[INFO] [stdout]    |         consider giving `stack` the explicit type `Vec<T>`, where the type parameter `T` is specified
[INFO] [stdout] 
[INFO] [stdout] 
[INFO] [stdout] error: aborting due to 6 previous errors
[INFO] [stdout] 
[INFO] [stdout] 
[INFO] [stdout] Some errors have detailed explanations: E0282, E0432, E0583.
[INFO] [stdout] 
[INFO] [stdout] For more information about an error, try `rustc --explain E0282`.
[INFO] [stdout] 
[INFO] [stdout] error: aborting due to 6 previous errors
[INFO] [stdout] 
[INFO] [stdout] 
[INFO] [stdout] Some errors have detailed explanations: E0282, E0432, E0583.
[INFO] [stdout] 
[INFO] [stdout] For more information about an error, try `rustc --explain E0282`.
[INFO] [stdout] 
[INFO] [stderr] error: could not compile `trinity` due to 7 previous errors
[INFO] [stderr] warning: build failed, waiting for other jobs to finish...
[INFO] [stderr] error: build failed
[INFO] running `Command { std: "docker" "inspect" "d8339a6a3db68e5ec762ee6338dc74a088f05800035e1387493ef84cd1c95993", kill_on_drop: false }`
[INFO] running `Command { std: "docker" "rm" "-f" "d8339a6a3db68e5ec762ee6338dc74a088f05800035e1387493ef84cd1c95993", kill_on_drop: false }`
[INFO] [stdout] d8339a6a3db68e5ec762ee6338dc74a088f05800035e1387493ef84cd1c95993
