[INFO] cloning repository https://github.com/sy1ntexx/enlit
[INFO] running `Command { std: "git" "-c" "credential.helper=" "-c" "credential.helper=/workspace/cargo-home/bin/git-credential-null" "clone" "--bare" "https://github.com/sy1ntexx/enlit" "/workspace/cache/git-repos/https%3A%2F%2Fgithub.com%2Fsy1ntexx%2Fenlit", kill_on_drop: false }`
[INFO] [stderr] Cloning into bare repository '/workspace/cache/git-repos/https%3A%2F%2Fgithub.com%2Fsy1ntexx%2Fenlit'...
[INFO] running `Command { std: "git" "rev-parse" "HEAD", kill_on_drop: false }`
[INFO] [stdout] 23c400adf2fa370a44772f07dac4d0f51a6b83a3
[INFO] checking sy1ntexx/enlit against beta-2021-10-15 for beta-1.56-3
[INFO] running `Command { std: "git" "clone" "/workspace/cache/git-repos/https%3A%2F%2Fgithub.com%2Fsy1ntexx%2Fenlit" "/workspace/builds/worker-13/source", kill_on_drop: false }`
[INFO] [stderr] Cloning into '/workspace/builds/worker-13/source'...
[INFO] [stderr] done.
[INFO] validating manifest of git repo https://github.com/sy1ntexx/enlit on toolchain beta-2021-10-15
[INFO] running `Command { std: "/workspace/cargo-home/bin/cargo" "+beta-2021-10-15" "metadata" "--manifest-path" "Cargo.toml" "--no-deps", kill_on_drop: false }`
[INFO] started tweaking git repo https://github.com/sy1ntexx/enlit
[INFO] finished tweaking git repo https://github.com/sy1ntexx/enlit
[INFO] tweaked toml for git repo https://github.com/sy1ntexx/enlit written to /workspace/builds/worker-13/source/Cargo.toml
[INFO] running `Command { std: "/workspace/cargo-home/bin/cargo" "+beta-2021-10-15" "generate-lockfile" "--manifest-path" "Cargo.toml" "-Zno-index-update", kill_on_drop: false }`
[INFO] [stderr]     Blocking waiting for file lock on package cache
[INFO] running `Command { std: "/workspace/cargo-home/bin/cargo" "+beta-2021-10-15" "fetch" "--manifest-path" "Cargo.toml", kill_on_drop: false }`
[INFO] [stderr]     Blocking waiting for file lock on package cache
[INFO] [stderr]     Blocking waiting for file lock on package cache
[INFO] running `Command { std: "docker" "create" "-v" "/var/lib/crater-agent-workspace/builds/worker-13/target:/opt/rustwide/target:rw,Z" "-v" "/var/lib/crater-agent-workspace/builds/worker-13/source:/opt/rustwide/workdir:ro,Z" "-v" "/var/lib/crater-agent-workspace/cargo-home:/opt/rustwide/cargo-home:ro,Z" "-v" "/var/lib/crater-agent-workspace/rustup-home:/opt/rustwide/rustup-home:ro,Z" "-e" "SOURCE_DIR=/opt/rustwide/workdir" "-e" "CARGO_TARGET_DIR=/opt/rustwide/target" "-e" "CARGO_HOME=/opt/rustwide/cargo-home" "-e" "RUSTUP_HOME=/opt/rustwide/rustup-home" "-w" "/opt/rustwide/workdir" "-m" "1610612736" "--user" "0:0" "--network" "none" "ghcr.io/rust-lang/crates-build-env/linux@sha256:a89201d6b5b9fd45c15d5952ece0a0129e7e80cb26ec023fd59cf09bc26f1604" "/opt/rustwide/cargo-home/bin/cargo" "+beta-2021-10-15" "metadata" "--no-deps" "--format-version=1", kill_on_drop: false }`
[INFO] [stdout] 06ae7604b2d65f9fdc8748c3b819c8992ba453bf72c5e4b6771a5e845059800d
[INFO] running `Command { std: "docker" "start" "-a" "06ae7604b2d65f9fdc8748c3b819c8992ba453bf72c5e4b6771a5e845059800d", kill_on_drop: false }`
[INFO] running `Command { std: "docker" "inspect" "06ae7604b2d65f9fdc8748c3b819c8992ba453bf72c5e4b6771a5e845059800d", kill_on_drop: false }`
[INFO] running `Command { std: "docker" "rm" "-f" "06ae7604b2d65f9fdc8748c3b819c8992ba453bf72c5e4b6771a5e845059800d", kill_on_drop: false }`
[INFO] [stdout] 06ae7604b2d65f9fdc8748c3b819c8992ba453bf72c5e4b6771a5e845059800d
[INFO] running `Command { std: "docker" "create" "-v" "/var/lib/crater-agent-workspace/builds/worker-13/target:/opt/rustwide/target:rw,Z" "-v" "/var/lib/crater-agent-workspace/builds/worker-13/source:/opt/rustwide/workdir:ro,Z" "-v" "/var/lib/crater-agent-workspace/cargo-home:/opt/rustwide/cargo-home:ro,Z" "-v" "/var/lib/crater-agent-workspace/rustup-home:/opt/rustwide/rustup-home:ro,Z" "-e" "SOURCE_DIR=/opt/rustwide/workdir" "-e" "CARGO_TARGET_DIR=/opt/rustwide/target" "-e" "CARGO_INCREMENTAL=0" "-e" "RUST_BACKTRACE=full" "-e" "RUSTFLAGS=--cap-lints=warn" "-e" "CARGO_HOME=/opt/rustwide/cargo-home" "-e" "RUSTUP_HOME=/opt/rustwide/rustup-home" "-w" "/opt/rustwide/workdir" "-m" "1610612736" "--user" "0:0" "--network" "none" "ghcr.io/rust-lang/crates-build-env/linux@sha256:a89201d6b5b9fd45c15d5952ece0a0129e7e80cb26ec023fd59cf09bc26f1604" "/opt/rustwide/cargo-home/bin/cargo" "+beta-2021-10-15" "check" "--frozen" "--all" "--all-targets" "--message-format=json", kill_on_drop: false }`
[INFO] [stdout] 78d6baa6c9ba917fa8f5276f351bb745eb5f449a28ed90598c88c741f393c5e7
[INFO] running `Command { std: "docker" "start" "-a" "78d6baa6c9ba917fa8f5276f351bb745eb5f449a28ed90598c88c741f393c5e7", kill_on_drop: false }`
[INFO] [stderr]    Compiling syn v1.0.80
[INFO] [stderr]    Compiling enlit-proc v0.1.0 (/opt/rustwide/workdir/enlit-proc)
[INFO] [stderr]     Checking enlit v0.1.0 (/opt/rustwide/workdir)
[INFO] [stdout] error[E0433]: failed to resolve: use of undeclared crate or module `winapi`
[INFO] [stdout]  --> src/memory/search.rs:4:5
[INFO] [stdout]   |
[INFO] [stdout] 4 | use winapi::um::libloaderapi::GetModuleHandleA;
[INFO] [stdout]   |     ^^^^^^ use of undeclared crate or module `winapi`
[INFO] [stdout] 
[INFO] [stdout] 
[INFO] [stdout] error[E0433]: failed to resolve: use of undeclared crate or module `winapi`
[INFO] [stdout]  --> src/memory/search.rs:5:5
[INFO] [stdout]   |
[INFO] [stdout] 5 | use winapi::um::processthreadsapi::GetCurrentProcess;
[INFO] [stdout]   |     ^^^^^^ use of undeclared crate or module `winapi`
[INFO] [stdout] 
[INFO] [stdout] 
[INFO] [stdout] error[E0433]: failed to resolve: use of undeclared crate or module `winapi`
[INFO] [stdout]  --> src/memory/search.rs:6:5
[INFO] [stdout]   |
[INFO] [stdout] 6 | use winapi::um::psapi::{GetModuleInformation, MODULEINFO};
[INFO] [stdout]   |     ^^^^^^ use of undeclared crate or module `winapi`
[INFO] [stdout] 
[INFO] [stdout] 
[INFO] [stdout] warning: unused import: `nullptr`
[INFO] [stdout]  --> src/memory/search.rs:1:13
[INFO] [stdout]   |
[INFO] [stdout] 1 | use crate::{nullptr, PVOID};
[INFO] [stdout]   |             ^^^^^^^
[INFO] [stdout]   |
[INFO] [stdout]   = note: `#[warn(unused_imports)]` on by default
[INFO] [stdout] 
[INFO] [stdout] 
[INFO] [stdout] warning: unused import: `std::ffi::CString`
[INFO] [stdout]  --> src/memory/search.rs:2:5
[INFO] [stdout]   |
[INFO] [stdout] 2 | use std::ffi::CString;
[INFO] [stdout]   |     ^^^^^^^^^^^^^^^^^
[INFO] [stdout] 
[INFO] [stdout] 
[INFO] [stdout] error[E0433]: failed to resolve: use of undeclared crate or module `winapi`
[INFO] [stdout]  --> src/memory/search.rs:4:5
[INFO] [stdout]   |
[INFO] [stdout] 4 | use winapi::um::libloaderapi::GetModuleHandleA;
[INFO] [stdout]   |     ^^^^^^ use of undeclared crate or module `winapi`
[INFO] [stdout] 
[INFO] [stdout] 
[INFO] [stdout] error[E0433]: failed to resolve: use of undeclared crate or module `winapi`
[INFO] [stdout]  --> src/memory/search.rs:5:5
[INFO] [stdout]   |
[INFO] [stdout] 5 | use winapi::um::processthreadsapi::GetCurrentProcess;
[INFO] [stdout]   |     ^^^^^^ use of undeclared crate or module `winapi`
[INFO] [stdout] 
[INFO] [stdout] 
[INFO] [stdout] error[E0433]: failed to resolve: use of undeclared crate or module `winapi`
[INFO] [stdout]  --> src/memory/search.rs:6:5
[INFO] [stdout]   |
[INFO] [stdout] 6 | use winapi::um::psapi::{GetModuleInformation, MODULEINFO};
[INFO] [stdout]   |     ^^^^^^ use of undeclared crate or module `winapi`
[INFO] [stdout] 
[INFO] [stdout] 
[INFO] [stdout] warning: unused import: `nullptr`
[INFO] [stdout]  --> src/memory/search.rs:1:13
[INFO] [stdout]   |
[INFO] [stdout] 1 | use crate::{nullptr, PVOID};
[INFO] [stdout]   |             ^^^^^^^
[INFO] [stdout]   |
[INFO] [stdout]   = note: `#[warn(unused_imports)]` on by default
[INFO] [stdout] 
[INFO] [stdout] 
[INFO] [stdout] warning: unused import: `std::ffi::CString`
[INFO] [stdout]  --> src/memory/search.rs:2:5
[INFO] [stdout]   |
[INFO] [stdout] 2 | use std::ffi::CString;
[INFO] [stdout]   |     ^^^^^^^^^^^^^^^^^
[INFO] [stdout] 
[INFO] [stdout] 
[INFO] [stdout] error: aborting due to 3 previous errors; 2 warnings emitted
[INFO] [stdout] 
[INFO] [stdout] 
[INFO] [stdout] For more information about this error, try `rustc --explain E0433`.
[INFO] [stdout] 
[INFO] [stderr] error: could not compile `enlit` due to 4 previous errors; 2 warnings emitted
[INFO] [stderr] warning: build failed, waiting for other jobs to finish...
[INFO] [stdout] error: aborting due to 3 previous errors; 2 warnings emitted
[INFO] [stdout] 
[INFO] [stdout] 
[INFO] [stdout] For more information about this error, try `rustc --explain E0433`.
[INFO] [stdout] 
[INFO] [stderr] error: build failed
[INFO] running `Command { std: "docker" "inspect" "78d6baa6c9ba917fa8f5276f351bb745eb5f449a28ed90598c88c741f393c5e7", kill_on_drop: false }`
[INFO] running `Command { std: "docker" "rm" "-f" "78d6baa6c9ba917fa8f5276f351bb745eb5f449a28ed90598c88c741f393c5e7", kill_on_drop: false }`
[INFO] [stdout] 78d6baa6c9ba917fa8f5276f351bb745eb5f449a28ed90598c88c741f393c5e7
