[INFO] cloning repository https://github.com/svmk/test-task-trlogic
[INFO] running `Command { std: "git" "-c" "credential.helper=" "-c" "credential.helper=/workspace/cargo-home/bin/git-credential-null" "clone" "--bare" "https://github.com/svmk/test-task-trlogic" "/workspace/cache/git-repos/https%3A%2F%2Fgithub.com%2Fsvmk%2Ftest-task-trlogic", kill_on_drop: false }`
[INFO] [stderr] Cloning into bare repository '/workspace/cache/git-repos/https%3A%2F%2Fgithub.com%2Fsvmk%2Ftest-task-trlogic'...
[INFO] running `Command { std: "git" "rev-parse" "HEAD", kill_on_drop: false }`
[INFO] [stdout] 61a7efe0502ec475d518f0adc77a842dad885cf5
[INFO] checking svmk/test-task-trlogic against 1.55.0 for beta-1.56-3
[INFO] running `Command { std: "git" "clone" "/workspace/cache/git-repos/https%3A%2F%2Fgithub.com%2Fsvmk%2Ftest-task-trlogic" "/workspace/builds/worker-1/source", kill_on_drop: false }`
[INFO] [stderr] Cloning into '/workspace/builds/worker-1/source'...
[INFO] [stderr] done.
[INFO] validating manifest of git repo https://github.com/svmk/test-task-trlogic on toolchain 1.55.0
[INFO] running `Command { std: "/workspace/cargo-home/bin/cargo" "+1.55.0" "metadata" "--manifest-path" "Cargo.toml" "--no-deps", kill_on_drop: false }`
[INFO] started tweaking git repo https://github.com/svmk/test-task-trlogic
[INFO] finished tweaking git repo https://github.com/svmk/test-task-trlogic
[INFO] tweaked toml for git repo https://github.com/svmk/test-task-trlogic written to /workspace/builds/worker-1/source/Cargo.toml
[INFO] crate git repo https://github.com/svmk/test-task-trlogic already has a lockfile, it will not be regenerated
[INFO] running `Command { std: "/workspace/cargo-home/bin/cargo" "+1.55.0" "fetch" "--manifest-path" "Cargo.toml", kill_on_drop: false }`
[INFO] running `Command { std: "docker" "create" "-v" "/var/lib/crater-agent-workspace/builds/worker-1/target:/opt/rustwide/target:rw,Z" "-v" "/var/lib/crater-agent-workspace/builds/worker-1/source:/opt/rustwide/workdir:ro,Z" "-v" "/var/lib/crater-agent-workspace/cargo-home:/opt/rustwide/cargo-home:ro,Z" "-v" "/var/lib/crater-agent-workspace/rustup-home:/opt/rustwide/rustup-home:ro,Z" "-e" "SOURCE_DIR=/opt/rustwide/workdir" "-e" "CARGO_TARGET_DIR=/opt/rustwide/target" "-e" "CARGO_HOME=/opt/rustwide/cargo-home" "-e" "RUSTUP_HOME=/opt/rustwide/rustup-home" "-w" "/opt/rustwide/workdir" "-m" "1610612736" "--user" "0:0" "--network" "none" "ghcr.io/rust-lang/crates-build-env/linux@sha256:a89201d6b5b9fd45c15d5952ece0a0129e7e80cb26ec023fd59cf09bc26f1604" "/opt/rustwide/cargo-home/bin/cargo" "+1.55.0" "metadata" "--no-deps" "--format-version=1", kill_on_drop: false }`
[INFO] [stdout] c31dc0e4ef7b7d07117485e6856bf4717471194b8c19a6b4145ebf714cc0d1b0
[INFO] [stderr] WARNING: Your kernel does not support swap limit capabilities or the cgroup is not mounted. Memory limited without swap.
[INFO] running `Command { std: "docker" "start" "-a" "c31dc0e4ef7b7d07117485e6856bf4717471194b8c19a6b4145ebf714cc0d1b0", kill_on_drop: false }`
[INFO] running `Command { std: "docker" "inspect" "c31dc0e4ef7b7d07117485e6856bf4717471194b8c19a6b4145ebf714cc0d1b0", kill_on_drop: false }`
[INFO] running `Command { std: "docker" "rm" "-f" "c31dc0e4ef7b7d07117485e6856bf4717471194b8c19a6b4145ebf714cc0d1b0", kill_on_drop: false }`
[INFO] [stdout] c31dc0e4ef7b7d07117485e6856bf4717471194b8c19a6b4145ebf714cc0d1b0
[INFO] running `Command { std: "docker" "create" "-v" "/var/lib/crater-agent-workspace/builds/worker-1/target:/opt/rustwide/target:rw,Z" "-v" "/var/lib/crater-agent-workspace/builds/worker-1/source:/opt/rustwide/workdir:ro,Z" "-v" "/var/lib/crater-agent-workspace/cargo-home:/opt/rustwide/cargo-home:ro,Z" "-v" "/var/lib/crater-agent-workspace/rustup-home:/opt/rustwide/rustup-home:ro,Z" "-e" "SOURCE_DIR=/opt/rustwide/workdir" "-e" "CARGO_TARGET_DIR=/opt/rustwide/target" "-e" "CARGO_INCREMENTAL=0" "-e" "RUST_BACKTRACE=full" "-e" "RUSTFLAGS=--cap-lints=warn" "-e" "CARGO_HOME=/opt/rustwide/cargo-home" "-e" "RUSTUP_HOME=/opt/rustwide/rustup-home" "-w" "/opt/rustwide/workdir" "-m" "1610612736" "--user" "0:0" "--network" "none" "ghcr.io/rust-lang/crates-build-env/linux@sha256:a89201d6b5b9fd45c15d5952ece0a0129e7e80cb26ec023fd59cf09bc26f1604" "/opt/rustwide/cargo-home/bin/cargo" "+1.55.0" "check" "--frozen" "--all" "--all-targets" "--message-format=json", kill_on_drop: false }`
[INFO] [stderr] WARNING: Your kernel does not support swap limit capabilities or the cgroup is not mounted. Memory limited without swap.
[INFO] [stdout] dd17882e0de88d3ba810d1509d50e3f06d4e69adc31ba8e6e03fd9ca963c8192
[INFO] running `Command { std: "docker" "start" "-a" "dd17882e0de88d3ba810d1509d50e3f06d4e69adc31ba8e6e03fd9ca963c8192", kill_on_drop: false }`
[INFO] [stderr]    Compiling syn v1.0.8
[INFO] [stderr]    Compiling cc v1.0.47
[INFO] [stderr]     Checking regex-syntax v0.6.12
[INFO] [stderr]     Checking data-url v0.1.0
[INFO] [stderr]     Checking signal-hook-registry v1.2.0
[INFO] [stderr]     Checking opencv v0.1.0 (/opt/rustwide/workdir/libs/opencv)
[INFO] [stderr]     Checking clap v2.33.0
[INFO] [stderr]     Checking url v1.7.2
[INFO] [stderr]     Checking mio v0.6.19
[INFO] [stderr]     Checking futures-cpupool v0.1.8
[INFO] [stderr]     Checking flate2 v1.0.13
[INFO] [stderr]     Checking tokio-io v0.1.12
[INFO] [stderr]     Checking uuid v0.7.4
[INFO] [stderr]     Checking parking_lot v0.9.0
[INFO] [stderr]     Checking headers v0.2.3
[INFO] [stdout] warning: use of deprecated associated function `std::error::Error::description`: use the Display impl or to_string()
[INFO] [stdout]   --> libs/opencv/src/error.rs:21:38
[INFO] [stdout]    |
[INFO] [stdout] 21 |                 write!(f, "{}", self.description())
[INFO] [stdout]    |                                      ^^^^^^^^^^^
[INFO] [stdout]    |
[INFO] [stdout]    = note: `#[warn(deprecated)]` on by default
[INFO] [stdout] 
[INFO] [stdout] 
[INFO] [stdout] warning: use of deprecated associated function `std::error::Error::description`: use the Display impl or to_string()
[INFO] [stdout]   --> libs/opencv/src/error.rs:46:23
[INFO] [stdout]    |
[INFO] [stdout] 46 |                 error.description()
[INFO] [stdout]    |                       ^^^^^^^^^^^
[INFO] [stdout] 
[INFO] [stdout] 
[INFO] [stdout] warning: use of deprecated associated function `std::error::Error::description`: use the Display impl or to_string()
[INFO] [stdout]   --> libs/opencv/src/error.rs:21:38
[INFO] [stdout]    |
[INFO] [stdout] 21 |                 write!(f, "{}", self.description())
[INFO] [stdout]    |                                      ^^^^^^^^^^^
[INFO] [stdout]    |
[INFO] [stdout]    = note: `#[warn(deprecated)]` on by default
[INFO] [stdout] 
[INFO] [stdout] 
[INFO] [stdout] warning: use of deprecated associated function `std::error::Error::description`: use the Display impl or to_string()
[INFO] [stdout]   --> libs/opencv/src/error.rs:46:23
[INFO] [stdout]    |
[INFO] [stdout] 46 |                 error.description()
[INFO] [stdout]    |                       ^^^^^^^^^^^
[INFO] [stdout] 
[INFO] [stdout] 
[INFO] [stderr]     Checking uuid v0.8.1
[INFO] [stdout] warning: 2 warnings emitted
[INFO] [stdout] 
[INFO] [stdout] 
[INFO] [stderr]     Checking signal-hook v0.1.12
[INFO] [stdout] warning: 2 warnings emitted
[INFO] [stdout] 
[INFO] [stdout] 
[INFO] [stderr]     Checking tokio-threadpool v0.1.16
[INFO] [stderr]     Checking tokio-codec v0.1.1
[INFO] [stderr]     Checking h2 v0.1.26
[INFO] [stderr]     Checking cookie v0.12.0
[INFO] [stderr]     Checking tokio-reactor v0.1.10
[INFO] [stderr]     Checking mio-uds v0.6.7
[INFO] [stderr]     Checking tokio-fs v0.1.6
[INFO] [stderr]    Compiling openssl-sys v0.9.53
[INFO] [stderr]    Compiling backtrace-sys v0.1.32
[INFO] [stderr]     Checking tokio-udp v0.1.5
[INFO] [stderr]     Checking tokio-tcp v0.1.3
[INFO] [stderr]     Checking tokio-uds v0.2.5
[INFO] [stderr]     Checking regex v1.3.1
[INFO] [stderr]     Checking tokio v0.1.22
[INFO] [stderr]    Compiling openssl v0.10.26
[INFO] [stderr]    Compiling native-tls v0.2.3
[INFO] [stderr]     Checking backtrace v0.3.40
[INFO] [stderr]     Checking hyper v0.12.35
[INFO] [stderr]     Checking hyper-tls v0.3.2
[INFO] [stderr]    Compiling synstructure v0.12.3
[INFO] [stderr]    Compiling proc-macro-error v0.2.6
[INFO] [stderr]    Compiling serde_derive v1.0.102
[INFO] [stderr]    Compiling proc-macro-hack v0.5.11
[INFO] [stderr]    Compiling failure_derive v0.1.6
[INFO] [stderr]    Compiling structopt-derive v0.3.5
[INFO] [stderr]    Compiling derive-new v0.5.8
[INFO] [stderr]    Compiling async-trait v0.1.19
[INFO] [stderr]     Checking failure v0.1.6
[INFO] [stderr]    Compiling futures-macro v0.3.1
[INFO] [stderr]     Checking structopt v0.3.5
[INFO] [stderr]     Checking futures-util v0.3.1
[INFO] [stderr]     Checking serde v1.0.102
[INFO] [stderr]     Checking futures-executor v0.3.1
[INFO] [stderr]     Checking futures v0.3.1
[INFO] [stderr]     Checking url v2.1.0
[INFO] [stderr]     Checking serde_json v1.0.41
[INFO] [stderr]     Checking serde_urlencoded v0.5.5
[INFO] [stderr]     Checking serde_yaml v0.8.11
[INFO] [stderr]     Checking publicsuffix v1.5.4
[INFO] [stderr]     Checking serde_urlencoded v0.6.1
[INFO] [stderr]     Checking tungstenite v0.9.2
[INFO] [stderr]     Checking cookie_store v0.7.0
[INFO] [stderr]     Checking warp v0.1.20
[INFO] [stderr]     Checking reqwest v0.9.22
[INFO] [stderr]     Checking test-task-trlogic v0.1.0 (/opt/rustwide/workdir/test-task-trlogic)
[INFO] [stdout] error[E0433]: failed to resolve: could not find `raw` in `std`
[INFO] [stdout]   --> test-task-trlogic/src/domain/di/macros.rs:7:41
[INFO] [stdout]    |
[INFO] [stdout] 7  |             let trait_reference: ::std::raw::TraitObject = unsafe {
[INFO] [stdout]    |                                         ^^^ could not find `raw` in `std`
[INFO] [stdout]    | 
[INFO] [stdout]   ::: test-task-trlogic/src/system/app_container.rs:55:13
[INFO] [stdout]    |
[INFO] [stdout] 55 |             crate::service_ref!(self.filename_generator.get(self)? => &dyn FileNameGeneratorService),
[INFO] [stdout]    |             ---------------------------------------------------------------------------------------- in this macro invocation
[INFO] [stdout]    |
[INFO] [stdout]    = note: this error originates in the macro `crate::service_ref` (in Nightly builds, run with -Z macro-backtrace for more info)
[INFO] [stdout] 
[INFO] [stdout] 
[INFO] [stdout] error[E0433]: failed to resolve: could not find `raw` in `std`
[INFO] [stdout]   --> test-task-trlogic/src/domain/di/macros.rs:7:41
[INFO] [stdout]    |
[INFO] [stdout] 7  |             let trait_reference: ::std::raw::TraitObject = unsafe {
[INFO] [stdout]    |                                         ^^^ could not find `raw` in `std`
[INFO] [stdout]    | 
[INFO] [stdout]   ::: test-task-trlogic/src/system/web_app_container.rs:41:31
[INFO] [stdout]    |
[INFO] [stdout] 41 |             file_downloading: crate::service_ref!(application.file_downloading.get(application)? => &dyn FileDownloadingService),
[INFO] [stdout]    |                               -------------------------------------------------------------------------------------------------- in this macro invocation
[INFO] [stdout]    |
[INFO] [stdout]    = note: this error originates in the macro `crate::service_ref` (in Nightly builds, run with -Z macro-backtrace for more info)
[INFO] [stdout] 
[INFO] [stdout] 
[INFO] [stdout] error[E0433]: failed to resolve: could not find `raw` in `std`
[INFO] [stdout]   --> test-task-trlogic/src/domain/di/macros.rs:7:41
[INFO] [stdout]    |
[INFO] [stdout] 7  |             let trait_reference: ::std::raw::TraitObject = unsafe {
[INFO] [stdout]    |                                         ^^^ could not find `raw` in `std`
[INFO] [stdout]    | 
[INFO] [stdout]   ::: test-task-trlogic/src/system/web_app_container.rs:42:33
[INFO] [stdout]    |
[INFO] [stdout] 42 |             named_file_factory: crate::service_ref!(application.named_file_factory.get(application)? => &dyn NamedFileFactory),
[INFO] [stdout]    |                                 ---------------------------------------------------------------------------------------------- in this macro invocation
[INFO] [stdout]    |
[INFO] [stdout]    = note: this error originates in the macro `crate::service_ref` (in Nightly builds, run with -Z macro-backtrace for more info)
[INFO] [stdout] 
[INFO] [stdout] 
[INFO] [stdout] error[E0433]: failed to resolve: could not find `raw` in `std`
[INFO] [stdout]   --> test-task-trlogic/src/domain/di/macros.rs:7:41
[INFO] [stdout]    |
[INFO] [stdout] 7  |             let trait_reference: ::std::raw::TraitObject = unsafe {
[INFO] [stdout]    |                                         ^^^ could not find `raw` in `std`
[INFO] [stdout]    | 
[INFO] [stdout]   ::: test-task-trlogic/src/system/web_app_container.rs:43:30
[INFO] [stdout]    |
[INFO] [stdout] 43 |             file_repository: crate::service_ref!(application.file_repository.get(application)? => &dyn FileRepository),
[INFO] [stdout]    |                              ----------------------------------------------------------------------------------------- in this macro invocation
[INFO] [stdout]    |
[INFO] [stdout]    = note: this error originates in the macro `crate::service_ref` (in Nightly builds, run with -Z macro-backtrace for more info)
[INFO] [stdout] 
[INFO] [stdout] 
[INFO] [stdout] error[E0433]: failed to resolve: could not find `raw` in `std`
[INFO] [stdout]   --> test-task-trlogic/src/domain/di/macros.rs:7:41
[INFO] [stdout]    |
[INFO] [stdout] 7  |             let trait_reference: ::std::raw::TraitObject = unsafe {
[INFO] [stdout]    |                                         ^^^ could not find `raw` in `std`
[INFO] [stdout]    | 
[INFO] [stdout]   ::: test-task-trlogic/src/system/web_app_container.rs:44:28
[INFO] [stdout]    |
[INFO] [stdout] 44 |             url_generator: crate::service_ref!(application.url_generator.get(application)? => &dyn UrlGeneratorService),
[INFO] [stdout]    |                            -------------------------------------------------------------------------------------------- in this macro invocation
[INFO] [stdout]    |
[INFO] [stdout]    = note: this error originates in the macro `crate::service_ref` (in Nightly builds, run with -Z macro-backtrace for more info)
[INFO] [stdout] 
[INFO] [stdout] 
[INFO] [stdout] error[E0433]: failed to resolve: could not find `raw` in `std`
[INFO] [stdout]   --> test-task-trlogic/src/domain/di/macros.rs:7:41
[INFO] [stdout]    |
[INFO] [stdout] 7  |             let trait_reference: ::std::raw::TraitObject = unsafe {
[INFO] [stdout]    |                                         ^^^ could not find `raw` in `std`
[INFO] [stdout]    | 
[INFO] [stdout]   ::: test-task-trlogic/src/system/web_app_container.rs:45:33
[INFO] [stdout]    |
[INFO] [stdout] 45 |             mime_type_detector: crate::service_ref!(application.mime_type_detector.get(application)? => &dyn MimeTypeDetectorService),
[INFO] [stdout]    |                                 ----------------------------------------------------------------------------------------------------- in this macro invocation
[INFO] [stdout]    |
[INFO] [stdout]    = note: this error originates in the macro `crate::service_ref` (in Nightly builds, run with -Z macro-backtrace for more info)
[INFO] [stdout] 
[INFO] [stdout] 
[INFO] [stdout] error[E0433]: failed to resolve: could not find `raw` in `std`
[INFO] [stdout]   --> test-task-trlogic/src/domain/di/macros.rs:7:41
[INFO] [stdout]    |
[INFO] [stdout] 7  |             let trait_reference: ::std::raw::TraitObject = unsafe {
[INFO] [stdout]    |                                         ^^^ could not find `raw` in `std`
[INFO] [stdout]    | 
[INFO] [stdout]   ::: test-task-trlogic/src/system/web_app_container.rs:46:30
[INFO] [stdout]    |
[INFO] [stdout] 46 |             image_converter: crate::service_ref!(application.image_converter.get(application)? => &dyn ImageConverterService),
[INFO] [stdout]    |                              ------------------------------------------------------------------------------------------------ in this macro invocation
[INFO] [stdout]    |
[INFO] [stdout]    = note: this error originates in the macro `crate::service_ref` (in Nightly builds, run with -Z macro-backtrace for more info)
[INFO] [stdout] 
[INFO] [stdout] 
[INFO] [stdout] error[E0433]: failed to resolve: could not find `raw` in `std`
[INFO] [stdout]   --> test-task-trlogic/src/domain/di/macros.rs:7:41
[INFO] [stdout]    |
[INFO] [stdout] 7  |             let trait_reference: ::std::raw::TraitObject = unsafe {
[INFO] [stdout]    |                                         ^^^ could not find `raw` in `std`
[INFO] [stdout]    | 
[INFO] [stdout]   ::: test-task-trlogic/src/system/app_container.rs:55:13
[INFO] [stdout]    |
[INFO] [stdout] 55 |             crate::service_ref!(self.filename_generator.get(self)? => &dyn FileNameGeneratorService),
[INFO] [stdout]    |             ---------------------------------------------------------------------------------------- in this macro invocation
[INFO] [stdout]    |
[INFO] [stdout]    = note: this error originates in the macro `crate::service_ref` (in Nightly builds, run with -Z macro-backtrace for more info)
[INFO] [stdout] 
[INFO] [stdout] 
[INFO] [stdout] error[E0554]: `#![feature]` may not be used on the stable release channel
[INFO] [stdout]  --> test-task-trlogic/src/main.rs:1:1
[INFO] [stdout]   |
[INFO] [stdout] 1 | #![feature(raw)]
[INFO] [stdout]   | ^^^^^^^^^^^^^^^^
[INFO] [stdout] 
[INFO] [stdout] 
[INFO] [stdout] error[E0433]: failed to resolve: could not find `raw` in `std`
[INFO] [stdout]   --> test-task-trlogic/src/domain/di/macros.rs:7:41
[INFO] [stdout]    |
[INFO] [stdout] 7  |             let trait_reference: ::std::raw::TraitObject = unsafe {
[INFO] [stdout]    |                                         ^^^ could not find `raw` in `std`
[INFO] [stdout]    | 
[INFO] [stdout]   ::: test-task-trlogic/src/system/web_app_container.rs:41:31
[INFO] [stdout]    |
[INFO] [stdout] 41 |             file_downloading: crate::service_ref!(application.file_downloading.get(application)? => &dyn FileDownloadingService),
[INFO] [stdout]    |                               -------------------------------------------------------------------------------------------------- in this macro invocation
[INFO] [stdout]    |
[INFO] [stdout]    = note: this error originates in the macro `crate::service_ref` (in Nightly builds, run with -Z macro-backtrace for more info)
[INFO] [stdout] 
[INFO] [stdout] 
[INFO] [stdout] error[E0433]: failed to resolve: could not find `raw` in `std`
[INFO] [stdout]   --> test-task-trlogic/src/domain/di/macros.rs:7:41
[INFO] [stdout]    |
[INFO] [stdout] 7  |             let trait_reference: ::std::raw::TraitObject = unsafe {
[INFO] [stdout]    |                                         ^^^ could not find `raw` in `std`
[INFO] [stdout]    | 
[INFO] [stdout]   ::: test-task-trlogic/src/system/web_app_container.rs:42:33
[INFO] [stdout]    |
[INFO] [stdout] 42 |             named_file_factory: crate::service_ref!(application.named_file_factory.get(application)? => &dyn NamedFileFactory),
[INFO] [stdout]    |                                 ---------------------------------------------------------------------------------------------- in this macro invocation
[INFO] [stdout]    |
[INFO] [stdout]    = note: this error originates in the macro `crate::service_ref` (in Nightly builds, run with -Z macro-backtrace for more info)
[INFO] [stdout] 
[INFO] [stdout] 
[INFO] [stdout] error[E0433]: failed to resolve: could not find `raw` in `std`
[INFO] [stdout]   --> test-task-trlogic/src/domain/di/macros.rs:7:41
[INFO] [stdout]    |
[INFO] [stdout] 7  |             let trait_reference: ::std::raw::TraitObject = unsafe {
[INFO] [stdout]    |                                         ^^^ could not find `raw` in `std`
[INFO] [stdout]    | 
[INFO] [stdout]   ::: test-task-trlogic/src/system/web_app_container.rs:43:30
[INFO] [stdout]    |
[INFO] [stdout] 43 |             file_repository: crate::service_ref!(application.file_repository.get(application)? => &dyn FileRepository),
[INFO] [stdout]    |                              ----------------------------------------------------------------------------------------- in this macro invocation
[INFO] [stdout]    |
[INFO] [stdout]    = note: this error originates in the macro `crate::service_ref` (in Nightly builds, run with -Z macro-backtrace for more info)
[INFO] [stdout] 
[INFO] [stdout] 
[INFO] [stdout] error[E0433]: failed to resolve: could not find `raw` in `std`
[INFO] [stdout]   --> test-task-trlogic/src/domain/di/macros.rs:7:41
[INFO] [stdout]    |
[INFO] [stdout] 7  |             let trait_reference: ::std::raw::TraitObject = unsafe {
[INFO] [stdout]    |                                         ^^^ could not find `raw` in `std`
[INFO] [stdout]    | 
[INFO] [stdout]   ::: test-task-trlogic/src/system/web_app_container.rs:44:28
[INFO] [stdout]    |
[INFO] [stdout] 44 |             url_generator: crate::service_ref!(application.url_generator.get(application)? => &dyn UrlGeneratorService),
[INFO] [stdout]    |                            -------------------------------------------------------------------------------------------- in this macro invocation
[INFO] [stdout]    |
[INFO] [stdout]    = note: this error originates in the macro `crate::service_ref` (in Nightly builds, run with -Z macro-backtrace for more info)
[INFO] [stdout] 
[INFO] [stdout] 
[INFO] [stdout] error[E0433]: failed to resolve: could not find `raw` in `std`
[INFO] [stdout]   --> test-task-trlogic/src/domain/di/macros.rs:7:41
[INFO] [stdout]    |
[INFO] [stdout] 7  |             let trait_reference: ::std::raw::TraitObject = unsafe {
[INFO] [stdout]    |                                         ^^^ could not find `raw` in `std`
[INFO] [stdout]    | 
[INFO] [stdout]   ::: test-task-trlogic/src/system/web_app_container.rs:45:33
[INFO] [stdout]    |
[INFO] [stdout] 45 |             mime_type_detector: crate::service_ref!(application.mime_type_detector.get(application)? => &dyn MimeTypeDetectorService),
[INFO] [stdout]    |                                 ----------------------------------------------------------------------------------------------------- in this macro invocation
[INFO] [stdout]    |
[INFO] [stdout]    = note: this error originates in the macro `crate::service_ref` (in Nightly builds, run with -Z macro-backtrace for more info)
[INFO] [stdout] 
[INFO] [stdout] 
[INFO] [stdout] error[E0433]: failed to resolve: could not find `raw` in `std`
[INFO] [stdout]   --> test-task-trlogic/src/domain/di/macros.rs:7:41
[INFO] [stdout]    |
[INFO] [stdout] 7  |             let trait_reference: ::std::raw::TraitObject = unsafe {
[INFO] [stdout]    |                                         ^^^ could not find `raw` in `std`
[INFO] [stdout]    | 
[INFO] [stdout]   ::: test-task-trlogic/src/system/web_app_container.rs:46:30
[INFO] [stdout]    |
[INFO] [stdout] 46 |             image_converter: crate::service_ref!(application.image_converter.get(application)? => &dyn ImageConverterService),
[INFO] [stdout]    |                              ------------------------------------------------------------------------------------------------ in this macro invocation
[INFO] [stdout]    |
[INFO] [stdout]    = note: this error originates in the macro `crate::service_ref` (in Nightly builds, run with -Z macro-backtrace for more info)
[INFO] [stdout] 
[INFO] [stdout] 
[INFO] [stdout] error[E0554]: `#![feature]` may not be used on the stable release channel
[INFO] [stdout]  --> test-task-trlogic/src/main.rs:1:1
[INFO] [stdout]   |
[INFO] [stdout] 1 | #![feature(raw)]
[INFO] [stdout]   | ^^^^^^^^^^^^^^^^
[INFO] [stdout] 
[INFO] [stdout] 
[INFO] [stdout] error: aborting due to 8 previous errors
[INFO] [stdout] 
[INFO] [stdout] 
[INFO] [stdout] Some errors have detailed explanations: E0433, E0554.
[INFO] [stdout] 
[INFO] [stdout] For more information about an error, try `rustc --explain E0433`.
[INFO] [stdout] 
[INFO] [stdout] error: aborting due to 8 previous errors
[INFO] [stdout] 
[INFO] [stdout] 
[INFO] [stdout] Some errors have detailed explanations: E0433, E0554.
[INFO] [stdout] 
[INFO] [stdout] For more information about an error, try `rustc --explain E0433`.
[INFO] [stdout] 
[INFO] [stderr] error: could not compile `test-task-trlogic` due to 9 previous errors
[INFO] [stderr] warning: build failed, waiting for other jobs to finish...
[INFO] [stderr] error: build failed
[INFO] running `Command { std: "docker" "inspect" "dd17882e0de88d3ba810d1509d50e3f06d4e69adc31ba8e6e03fd9ca963c8192", kill_on_drop: false }`
[INFO] running `Command { std: "docker" "rm" "-f" "dd17882e0de88d3ba810d1509d50e3f06d4e69adc31ba8e6e03fd9ca963c8192", kill_on_drop: false }`
[INFO] [stdout] dd17882e0de88d3ba810d1509d50e3f06d4e69adc31ba8e6e03fd9ca963c8192
